Build Information
Failed to build GoogleCloudIAPV1, reference 0.5.0 (e0821e), with Swift 6.2 for Android on 11 Oct 2026 21:19:31 UTC.
Build Command
bash -c docker run --pull=always --rm -v "checkouts-53886768-0":/host -w "$PWD" -e JAVA_HOME="/root/.sdkman/candidates/java/current" -e SPI_BUILD="1" -e SPI_PROCESSING="1" registry.gitlab.com/saguaro1/spi-images:android-6.2-latest swift build --swift-sdk aarch64-unknown-linux-android28 2>&1Build Log
========================================
RunAll
========================================
Builder version: 5.1.1
Interrupt handler set up.
========================================
Checkout
========================================
Clone URL: https://github.com/googleapis/swift-google-cloud-iap-v1.git
Reference: 0.5.0
Initialized empty Git repository in /host/spi-builder-workspace/.git/
hint: Using 'master' as the name for the initial branch. This default branch name
hint: is subject to change. To configure the initial branch name to use in all
hint: of your new repositories, which will suppress this warning, call:
hint:
hint: git config --global init.defaultBranch <name>
hint:
hint: Names commonly chosen instead of 'master' are 'main', 'trunk' and
hint: 'development'. The just-created branch can be renamed via this command:
hint:
hint: git branch -m <name>
From https://github.com/googleapis/swift-google-cloud-iap-v1
* tag 0.5.0 -> FETCH_HEAD
HEAD is now at e0821e2 chore: release circa 2026-10-07 (#1382)
Cloned https://github.com/googleapis/swift-google-cloud-iap-v1.git
Revision (git rev-parse @):
e0821e2c9becb875558ff420c5731e5781cdb1d0
SPI manifest file found: $PWD/.spi.yml
SUCCESS checkout https://github.com/googleapis/swift-google-cloud-iap-v1.git at 0.5.0
========================================
Build
========================================
Selected platform: android
Swift version: 6.2
Building package at path: $PWD
https://github.com/googleapis/swift-google-cloud-iap-v1.git
Running build ...
bash -c docker run --pull=always --rm -v "checkouts-53886768-0":/host -w "$PWD" -e JAVA_HOME="/root/.sdkman/candidates/java/current" -e SPI_BUILD="1" -e SPI_PROCESSING="1" registry.gitlab.com/saguaro1/spi-images:android-6.2-latest swift build --swift-sdk aarch64-unknown-linux-android28 2>&1
android-6.2-latest: Pulling from saguaro1/spi-images
Digest: sha256:a839c9ce201f1dacc8eb056626ec7ab0a1c6d53d7b77c83feda395f4507c51be
Status: Image is up to date for registry.gitlab.com/saguaro1/spi-images:android-6.2-latest
Fetching https://github.com/googleapis/swift-google-auth
Fetching https://github.com/apple/swift-log
Fetching https://github.com/googleapis/swift-google-gax
Fetching https://github.com/googleapis/swift-google-wkt
Fetching https://github.com/googleapis/swift-google-iam-v1
[1/1748] Fetching swift-google-gax
[36/10005] Fetching swift-google-gax, swift-log
[37/10711] Fetching swift-google-gax, swift-log, swift-google-iam-v1
[750/11734] Fetching swift-google-gax, swift-log, swift-google-iam-v1, swift-google-auth
[10844/12757] Fetching swift-google-gax, swift-log, swift-google-iam-v1, swift-google-auth, swift-google-wkt
Fetched https://github.com/googleapis/swift-google-auth from cache (0.51s)
[9868/11734] Fetching swift-google-gax, swift-log, swift-google-iam-v1, swift-google-wkt
Fetched https://github.com/googleapis/swift-google-gax from cache (0.59s)
[9301/9986] Fetching swift-log, swift-google-iam-v1, swift-google-wkt
Fetched https://github.com/googleapis/swift-google-wkt from cache (0.70s)
Fetched https://github.com/googleapis/swift-google-iam-v1 from cache (0.70s)
Fetched https://github.com/apple/swift-log from cache (0.70s)
Computing version for https://github.com/googleapis/swift-google-wkt
Computed https://github.com/googleapis/swift-google-wkt at 0.5.0 (0.86s)
Fetching https://github.com/swift-extras/swift-extras-base64
[1/954] Fetching swift-extras-base64
Fetched https://github.com/swift-extras/swift-extras-base64 from cache (0.40s)
Computing version for https://github.com/googleapis/swift-google-iam-v1
Computed https://github.com/googleapis/swift-google-iam-v1 at 0.5.0 (0.55s)
Fetching https://github.com/googleapis/swift-google-type
[1/437] Fetching swift-google-type
Fetched https://github.com/googleapis/swift-google-type from cache (0.34s)
Computing version for https://github.com/googleapis/swift-google-gax
Computed https://github.com/googleapis/swift-google-gax at 0.5.0 (0.51s)
Fetching https://github.com/swift-server/async-http-client.git
Fetching https://github.com/googleapis/swift-google-rpc
Fetching https://github.com/apple/swift-nio
[1/422] Fetching swift-google-rpc
Fetched https://github.com/googleapis/swift-google-rpc from cache (0.39s)
[1/16464] Fetching async-http-client
[16465/102838] Fetching async-http-client, swift-nio
Fetched https://github.com/swift-server/async-http-client.git from cache (3.46s)
Fetched https://github.com/apple/swift-nio from cache (3.49s)
Computing version for https://github.com/googleapis/swift-google-auth
Computed https://github.com/googleapis/swift-google-auth at 0.5.0 (3.65s)
Fetching https://github.com/apple/swift-system.git
Fetching https://github.com/vapor/jwt-kit.git
[1/7241] Fetching swift-system
Fetched https://github.com/apple/swift-system.git from cache (0.61s)
[1/10254] Fetching jwt-kit
Fetched https://github.com/vapor/jwt-kit.git from cache (0.96s)
Computing version for https://github.com/googleapis/swift-google-type
Computed https://github.com/googleapis/swift-google-type at 0.5.0 (1.11s)
Computing version for https://github.com/googleapis/swift-google-rpc
Computed https://github.com/googleapis/swift-google-rpc at 0.5.0 (0.15s)
Computing version for https://github.com/swift-extras/swift-extras-base64
Computed https://github.com/swift-extras/swift-extras-base64 at 1.2.0 (0.19s)
Computing version for https://github.com/swift-server/async-http-client.git
Computed https://github.com/swift-server/async-http-client.git at 1.36.2 (0.24s)
Fetching https://github.com/apple/swift-atomics.git
Fetching https://github.com/apple/swift-service-context.git
Fetching https://github.com/apple/swift-algorithms.git
Fetching https://github.com/apple/swift-nio-transport-services.git
Fetching https://github.com/apple/swift-configuration.git
[1/1501] Fetching swift-service-context
[17/5429] Fetching swift-service-context, swift-configuration
[135/7318] Fetching swift-service-context, swift-configuration, swift-atomics
[6119/10185] Fetching swift-service-context, swift-configuration, swift-atomics, swift-nio-transport-services
Fetching https://github.com/apple/swift-distributed-tracing.git
Fetched https://github.com/apple/swift-atomics.git from cache (0.49s)
[4410/8296] Fetching swift-service-context, swift-configuration, swift-nio-transport-services
Fetching https://github.com/apple/swift-nio-extras.git
Fetched https://github.com/apple/swift-configuration.git from cache (0.50s)
[1314/4368] Fetching swift-service-context, swift-nio-transport-services
Fetching https://github.com/apple/swift-nio-http2.git
Fetched https://github.com/apple/swift-nio-transport-services.git from cache (0.55s)
Fetching https://github.com/apple/swift-nio-ssl.git
[872/7665] Fetching swift-service-context, swift-algorithms
Fetched https://github.com/apple/swift-service-context.git from cache (0.62s)
[62/6164] Fetching swift-algorithms
[3330/12867] Fetching swift-algorithms, swift-nio-extras
[3331/29738] Fetching swift-algorithms, swift-nio-extras, swift-nio-ssl
[4433/36289] Fetching swift-algorithms, swift-nio-extras, swift-nio-ssl, swift-distributed-tracing
Fetched https://github.com/apple/swift-nio-extras.git from cache (0.56s)
[7815/29586] Fetching swift-algorithms, swift-nio-ssl, swift-distributed-tracing
Fetched https://github.com/apple/swift-algorithms.git from cache (1.06s)
[2213/23422] Fetching swift-nio-ssl, swift-distributed-tracing
[2214/35716] Fetching swift-nio-ssl, swift-distributed-tracing, swift-nio-http2
Fetched https://github.com/apple/swift-distributed-tracing.git from cache (0.96s)
[25623/29165] Fetching swift-nio-ssl, swift-nio-http2
Fetched https://github.com/apple/swift-nio-http2.git from cache (1.29s)
Fetched https://github.com/apple/swift-nio-ssl.git from cache (1.59s)
Computing version for https://github.com/apple/swift-service-context.git
Computed https://github.com/apple/swift-service-context.git at 1.3.0 (2.28s)
Computing version for https://github.com/apple/swift-algorithms.git
Computed https://github.com/apple/swift-algorithms.git at 1.2.1 (1.19s)
Fetching https://github.com/apple/swift-numerics.git
[1/6742] Fetching swift-numerics
Fetched https://github.com/apple/swift-numerics.git from cache (0.54s)
Computing version for https://github.com/apple/swift-log
Computed https://github.com/apple/swift-log at 1.16.1 (0.70s)
Computing version for https://github.com/apple/swift-distributed-tracing.git
Computed https://github.com/apple/swift-distributed-tracing.git at 1.5.0 (0.14s)
Computing version for https://github.com/apple/swift-atomics.git
Computed https://github.com/apple/swift-atomics.git at 1.3.1 (0.14s)
Computing version for https://github.com/apple/swift-numerics.git
Computed https://github.com/apple/swift-numerics.git at 1.1.1 (0.14s)
Computing version for https://github.com/apple/swift-nio
Computed https://github.com/apple/swift-nio at 2.104.0 (0.34s)
Fetching https://github.com/apple/swift-collections.git
[1/28703] Fetching swift-collections
Fetched https://github.com/apple/swift-collections.git from cache (1.85s)
Computing version for https://github.com/apple/swift-configuration.git
Computed https://github.com/apple/swift-configuration.git at 1.2.2 (2.66s)
Fetching https://github.com/swift-server/swift-service-lifecycle
[1/2867] Fetching swift-service-lifecycle
Fetched https://github.com/swift-server/swift-service-lifecycle from cache (0.54s)
Computing version for https://github.com/apple/swift-nio-transport-services.git
Computed https://github.com/apple/swift-nio-transport-services.git at 1.28.0 (0.70s)
Computing version for https://github.com/swift-server/swift-service-lifecycle
Computed https://github.com/swift-server/swift-service-lifecycle at 2.12.1 (0.15s)
Fetching https://github.com/apple/swift-async-algorithms.git
[1/6820] Fetching swift-async-algorithms
Fetched https://github.com/apple/swift-async-algorithms.git from cache (0.88s)
Computing version for https://github.com/apple/swift-async-algorithms.git
Computed https://github.com/apple/swift-async-algorithms.git at 1.1.7 (1.10s)
Computing version for https://github.com/apple/swift-collections.git
Computed https://github.com/apple/swift-collections.git at 1.7.2 (0.25s)
Computing version for https://github.com/apple/swift-nio-http2.git
Computed https://github.com/apple/swift-nio-http2.git at 1.46.0 (0.17s)
Computing version for https://github.com/vapor/jwt-kit.git
Computed https://github.com/vapor/jwt-kit.git at 5.7.1 (0.15s)
Fetching https://github.com/apple/swift-crypto.git
Fetching https://github.com/apple/swift-certificates.git
[1/18629] Fetching swift-crypto
[933/26242] Fetching swift-crypto, swift-certificates
Fetched https://github.com/apple/swift-certificates.git from cache (1.17s)
Fetched https://github.com/apple/swift-crypto.git from cache (1.19s)
Computing version for https://github.com/apple/swift-crypto.git
Computed https://github.com/apple/swift-crypto.git at 4.5.2 (1.79s)
Fetching https://github.com/apple/swift-asn1.git
[1/2009] Fetching swift-asn1
Fetched https://github.com/apple/swift-asn1.git from cache (0.44s)
Computing version for https://github.com/apple/swift-asn1.git
Computed https://github.com/apple/swift-asn1.git at 1.7.3 (0.62s)
Computing version for https://github.com/apple/swift-certificates.git
Computed https://github.com/apple/swift-certificates.git at 1.21.0 (0.21s)
Computing version for https://github.com/apple/swift-nio-ssl.git
Computed https://github.com/apple/swift-nio-ssl.git at 2.37.5 (0.19s)
Computing version for https://github.com/apple/swift-system.git
Computed https://github.com/apple/swift-system.git at 1.8.1 (0.18s)
Computing version for https://github.com/apple/swift-nio-extras.git
Computed https://github.com/apple/swift-nio-extras.git at 1.35.1 (0.27s)
Fetching https://github.com/apple/swift-http-types.git
Fetching https://github.com/apple/swift-http-structured-headers.git
[1/1253] Fetching swift-http-structured-headers
[1254/3192] Fetching swift-http-structured-headers, swift-http-types
Fetched https://github.com/apple/swift-http-structured-headers.git from cache (0.80s)
Fetched https://github.com/apple/swift-http-types.git from cache (0.80s)
Computing version for https://github.com/apple/swift-http-structured-headers.git
Computed https://github.com/apple/swift-http-structured-headers.git at 1.7.0 (0.96s)
Computing version for https://github.com/apple/swift-http-types.git
Computed https://github.com/apple/swift-http-types.git at 1.8.0 (0.18s)
Creating working copy for https://github.com/googleapis/swift-google-rpc
Working copy of https://github.com/googleapis/swift-google-rpc resolved at 0.5.0
Creating working copy for https://github.com/googleapis/swift-google-gax
Working copy of https://github.com/googleapis/swift-google-gax resolved at 0.5.0
Creating working copy for https://github.com/swift-server/swift-service-lifecycle
Working copy of https://github.com/swift-server/swift-service-lifecycle resolved at 2.12.1
Creating working copy for https://github.com/apple/swift-nio-http2.git
Working copy of https://github.com/apple/swift-nio-http2.git resolved at 1.46.0
Creating working copy for https://github.com/apple/swift-log
Working copy of https://github.com/apple/swift-log resolved at 1.16.1
Creating working copy for https://github.com/apple/swift-collections.git
Working copy of https://github.com/apple/swift-collections.git resolved at 1.7.2
Creating working copy for https://github.com/apple/swift-nio
Working copy of https://github.com/apple/swift-nio resolved at 2.104.0
Creating working copy for https://github.com/apple/swift-http-structured-headers.git
Working copy of https://github.com/apple/swift-http-structured-headers.git resolved at 1.7.0
Creating working copy for https://github.com/apple/swift-nio-ssl.git
Working copy of https://github.com/apple/swift-nio-ssl.git resolved at 2.37.5
Creating working copy for https://github.com/apple/swift-system.git
Working copy of https://github.com/apple/swift-system.git resolved at 1.8.1
Creating working copy for https://github.com/vapor/jwt-kit.git
Working copy of https://github.com/vapor/jwt-kit.git resolved at 5.7.1
Creating working copy for https://github.com/apple/swift-service-context.git
Working copy of https://github.com/apple/swift-service-context.git resolved at 1.3.0
Creating working copy for https://github.com/apple/swift-certificates.git
Working copy of https://github.com/apple/swift-certificates.git resolved at 1.21.0
Creating working copy for https://github.com/apple/swift-crypto.git
Working copy of https://github.com/apple/swift-crypto.git resolved at 4.5.2
Creating working copy for https://github.com/apple/swift-algorithms.git
Working copy of https://github.com/apple/swift-algorithms.git resolved at 1.2.1
Creating working copy for https://github.com/apple/swift-numerics.git
Working copy of https://github.com/apple/swift-numerics.git resolved at 1.1.1
Creating working copy for https://github.com/googleapis/swift-google-wkt
Working copy of https://github.com/googleapis/swift-google-wkt resolved at 0.5.0
Creating working copy for https://github.com/swift-server/async-http-client.git
Working copy of https://github.com/swift-server/async-http-client.git resolved at 1.36.2
Creating working copy for https://github.com/apple/swift-asn1.git
Working copy of https://github.com/apple/swift-asn1.git resolved at 1.7.3
Creating working copy for https://github.com/swift-extras/swift-extras-base64
Working copy of https://github.com/swift-extras/swift-extras-base64 resolved at 1.2.0
Creating working copy for https://github.com/googleapis/swift-google-iam-v1
Working copy of https://github.com/googleapis/swift-google-iam-v1 resolved at 0.5.0
Creating working copy for https://github.com/apple/swift-configuration.git
Working copy of https://github.com/apple/swift-configuration.git resolved at 1.2.2
Creating working copy for https://github.com/apple/swift-nio-extras.git
Working copy of https://github.com/apple/swift-nio-extras.git resolved at 1.35.1
Creating working copy for https://github.com/googleapis/swift-google-type
Working copy of https://github.com/googleapis/swift-google-type resolved at 0.5.0
Creating working copy for https://github.com/apple/swift-distributed-tracing.git
Working copy of https://github.com/apple/swift-distributed-tracing.git resolved at 1.5.0
Creating working copy for https://github.com/googleapis/swift-google-auth
Working copy of https://github.com/googleapis/swift-google-auth resolved at 0.5.0
Creating working copy for https://github.com/apple/swift-nio-transport-services.git
Working copy of https://github.com/apple/swift-nio-transport-services.git resolved at 1.28.0
Creating working copy for https://github.com/apple/swift-async-algorithms.git
Working copy of https://github.com/apple/swift-async-algorithms.git resolved at 1.1.7
Creating working copy for https://github.com/apple/swift-atomics.git
Working copy of https://github.com/apple/swift-atomics.git resolved at 1.3.1
Creating working copy for https://github.com/apple/swift-http-types.git
Working copy of https://github.com/apple/swift-http-types.git resolved at 1.8.0
Building for debugging...
[0/974] Write sources
[27/974] Compiling getentropy.cc
[28/974] Compiling _NumericsShims _NumericsShims.c
[29/974] Write sources
[33/974] Compiling _AtomicsShims.c
[33/974] Write sources
[66/974] Compiling CXKCPShims shims.c
[67/974] Compiling SimpleFIPS202.c
[68/974] Compiling pkcs7_x509.cc
[69/974] Compiling KeccakSponge.c
[70/974] Compiling KeccakHash.c
[71/974] Write swift-version--11D90AFD9DD3AB2.txt
[72/974] Compiling pkcs7.cc
[73/974] Compiling CSystem shims.c
[74/974] Compiling CNIOWindows shim.c
[75/982] Compiling pem_pk8.cc
[76/982] Compiling pem_x509.cc
[77/982] Compiling pem_xaux.cc
[78/982] Compiling pem_pkey.cc
[79/1037] Compiling KeccakP-1600-opt64.c
[81/1061] Emitting module _NIOBase64
[82/1061] Emitting module SystemPackage
[83/1066] Compiling SwiftASN1 ASN1Integer.swift
[84/1066] Compiling SwiftASN1 ASN1Null.swift
[85/1068] Compiling Logging Locks.swift
[86/1068] Compiling Logging LogEvent.swift
[87/1068] Compiling Logging LogHandler.swift
[88/1068] Compiling SwiftASN1 TimeUtilities.swift
[89/1068] Compiling SwiftASN1 UTCTime.swift
[92/1068] Emitting module _CertificateInternals
[93/1069] Compiling _CertificateInternals _TinyArray.swift
[94/1070] Compiling RealModule Real.swift
[95/1070] Compiling SwiftASN1 ASN1OctetString.swift
[96/1070] Compiling SwiftASN1 ASN1Strings.swift
[97/1070] Compiling SystemPackage SystemString.swift
[98/1070] Compiling SystemPackage Util+StringArray.swift
[99/1070] Compiling SystemPackage Util.swift
[100/1070] Compiling SystemPackage UtilConsumers.swift
[101/1070] Compiling SystemPackage WinSDK+Overlay.swift
[102/1070] Compiling ServiceContextModule ServiceContextKey.swift
[103/1070] Compiling Logging LoggingSystem.swift
[104/1070] Compiling _NIOBase64 Base64.swift
[105/1072] Compiling _NIODataStructures PriorityQueue.swift
[107/1072] Compiling Logging SwiftLogNoOpLogHandler.swift
[109/1072] Compiling RealModule RelaxedArithmetic.swift
[112/1072] Compiling Logging Logger+Attributes.swift
[114/1072] Compiling ServiceContextModule ServiceContext.swift
[115/1072] Emitting module ServiceContextModule
[116/1073] Compiling Logging MultiplexLogHandler.swift
[117/1073] Compiling Logging StreamLogHandler.swift
[118/1073] Emitting module RealModule
[119/1073] Compiling _NIODataStructures Heap.swift
[120/1073] Compiling RealModule RealFunctions.swift
[122/1073] Compiling RealModule Float80+Real.swift
[123/1073] Compiling RealModule Float16+Real.swift
[130/1107] Emitting module _NIODataStructures
[131/1107] Compiling _NIODataStructures _TinyArray.swift
[131/1108] Wrapping AST for _NIOBase64 for debugging
[133/1108] Wrapping AST for _CertificateInternals for debugging
[134/1111] Wrapping AST for ServiceContextModule for debugging
[136/1113] Compiling InternalCollectionsUtilities UnsafeMutablePointer+Extras.swift
[137/1113] Compiling InternalCollectionsUtilities UnsafeMutableRawBufferPointer+Extras.swift
[138/1113] Compiling InternalCollectionsUtilities UnsafePointer+Extras.swift
[139/1113] Compiling InternalCollectionsUtilities BorrowingIteratorProtocol+Equality.swift
[140/1113] Compiling InternalCollectionsUtilities BorrowingIteratorProtocol+Extras.swift
[141/1113] Compiling InternalCollectionsUtilities Debugging.swift
[142/1113] Compiling InternalCollectionsUtilities Descriptions.swift
[143/1113] Emitting module SwiftASN1
[144/1115] Compiling Logging Logger.swift
[145/1117] Compiling Logging Logger+With.swift
[145/1117] Wrapping AST for RealModule for debugging
[146/1117] Compiling CNIOWindows WSAStartup.c
[147/1117] Wrapping AST for _NIODataStructures for debugging
[148/1117] Compiling CNIOWASI CNIOWASI.c
[149/1117] Compiling CNIOPosix event_loop_id.c
[150/1117] Compiling CNIOOpenBSD shim.c
[152/1117] Compiling Instrumentation Instrument.swift
[152/1117] Compiling CNIOLinux liburing_shims.c
[154/1117] Compiling Instrumentation NoOpInstrument.swift
[155/1117] Compiling InternalCollectionsUtilities UnsafeRawBufferPointer+Extras.swift
[156/1117] Compiling InternalCollectionsUtilities _SortedCollection.swift
[157/1117] Compiling InternalCollectionsUtilities _UniqueCollection.swift
[158/1117] Emitting module Instrumentation
[158/1117] Compiling CNIOLinux shim.c
[160/1117] Compiling ExtrasBase64 Base32+Span.swift
[161/1117] Compiling Instrumentation MultiplexInstrument.swift
[161/1117] Compiling CNIOLLHTTP c_nio_http.c
[165/1117] Compiling CNIOLLHTTP c_nio_llhttp.c
[166/1117] Compiling CNIOFreeBSD shim.c
[167/1117] Compiling CNIOLLHTTP c_nio_api.c
[168/1117] Compiling CNIOExtrasZlib zutil.c
[170/1117] Compiling InternalCollectionsUtilities Strideable+LimitHelpers.swift
[171/1117] Compiling InternalCollectionsUtilities String+Padding.swift
[171/1117] Compiling CNIOExtrasZlib inftrees.c
[173/1117] Compiling InternalCollectionsUtilities MutableSpan+Extras.swift
[174/1117] Compiling InternalCollectionsUtilities OutputSpan+Extras.swift
[175/1117] Compiling InternalCollectionsUtilities RandomAccessCollection+Offsets.swift
[176/1117] Compiling InternalCollectionsUtilities Span+Extras.swift
[177/1117] Compiling InternalCollectionsUtilities Iterable+CopyContents.swift
[178/1117] Compiling InternalCollectionsUtilities Iterable+Equality.swift
[179/1117] Compiling InternalCollectionsUtilities LifetimeOverride.swift
[180/1117] Compiling InternalCollectionsUtilities MutableRef.swift
[181/1117] Compiling InternalCollectionsUtilities FixedWidthInteger+roundUpToPowerOfTwo.swift
[182/1117] Compiling InternalCollectionsUtilities Integer rank.swift
[183/1117] Compiling InternalCollectionsUtilities UInt+first and last set bit.swift
[184/1117] Compiling InternalCollectionsUtilities UInt+reversed.swift
[184/1117] Compiling CNIOExtrasZlib trees.c
[185/1117] Compiling CNIOExtrasZlib inflate.c
[186/1117] Compiling CNIOExtrasZlib inffast.c
[187/1117] Compiling CNIOExtrasZlib crc32.c
[188/1117] Compiling CNIOExtrasZlib adler32.c
[189/1117] Compiling CNIODarwin shim.c
[190/1117] Compiling CNIOExtrasZlib deflate.c
[191/1117] Compiling fiat_p256_adx_sqr.S
[192/1117] Compiling fiat_p256_adx_mul.S
[193/1117] Compiling fiat_curve25519_adx_square.S
[194/1117] Compiling fiat_curve25519_adx_mul.S
[196/1117] Emitting module InternalCollectionsUtilities
[196/1117] Compiling CNIOBoringSSLShims shims.c
[200/1117] Compiling InternalCollectionsUtilities TemporaryAllocation.swift
[201/1117] Compiling InternalCollectionsUtilities _UnsafeBitSet+Index.swift
[202/1117] Compiling InternalCollectionsUtilities _UnsafeBitSet+_Word.swift
[203/1117] Compiling InternalCollectionsUtilities _UnsafeBitSet.swift
[204/1117] Compiling InternalCollectionsUtilities UnsafeBufferPointer+Extras.swift
[205/1117] Compiling InternalCollectionsUtilities UnsafeMutableBufferPointer+Extras.swift
[211/1118] Emitting module Logging
[212/1118] Compiling Instrumentation InstrumentationSystem.swift
[213/1118] Compiling Instrumentation Locks.swift
[236/1132] Compiling SpanPreview OutputSpan+InputSpanHelpers.swift
[237/1132] Compiling SpanPreview MutableSpan+InputSpanHelpers.swift
[238/1132] Compiling SpanPreview InputSpan.swift
[239/1132] Emitting module SpanPreview
[240/1133] Wrapping AST for SwiftASN1 for debugging
[242/1133] Compiling Logging MetadataProvider.swift
[247/1134] Compiling SystemPackage Mocking.swift
[253/1134] Compiling SystemPackage RawBuffer.swift
[254/1134] Compiling SystemPackage Syscalls.swift
[255/1134] Compiling SystemPackage WindowsSyscallAdapters.swift
[256/1134] Compiling SystemPackage MachPort.swift
[257/1134] Compiling SystemPackage PlatformString.swift
[259/1135] Emitting module Tracing
[260/1135] Compiling Tracing NoOpTracer.swift
[261/1178] Wrapping AST for SpanPreview for debugging
[262/1178] Wrapping AST for Logging for debugging
[263/1178] Wrapping AST for SystemPackage for debugging
[265/1178] Compiling Tracing TracerProtocol.swift
[266/1178] Compiling Tracing WithTracer.swift
[267/1178] Compiling Tracing TracingTime.swift
[267/1178] Wrapping AST for InternalCollectionsUtilities for debugging
[268/1178] Compiling tls_method.cc
[269/1178] Wrapping AST for Instrumentation for debugging
[271/1178] Compiling Tracing Tracer.swift
[272/1178] Compiling Tracing TracerProtocol+Legacy.swift
[273/1178] Compiling Tracing SpanProtocol.swift
[274/1178] Compiling Tracing InstrumentationSystem+Tracing.swift
[275/1179] Compiling DequeModule UniqueDeque+Consumption.swift
[276/1179] Compiling DequeModule UniqueDeque+ContainerOperations.swift
[277/1179] Compiling DequeModule UniqueDeque+Deprecations.swift
[278/1179] Compiling DequeModule UniqueDeque+Descriptions.swift
[279/1179] Compiling DequeModule UniqueDeque+Equatable.swift
[280/1179] Compiling DequeModule UniqueDeque+Hashable.swift
[281/1179] Compiling DequeModule UniqueDeque+Initializers.swift
[282/1179] Compiling DequeModule UniqueDeque+Insertions.swift
[283/1179] Compiling DequeModule UniqueDeque+Iterable.swift
[284/1179] Compiling DequeModule UniqueDeque+Prepend.swift
[285/1179] Compiling DequeModule UniqueDeque+Removals.swift
[286/1184] Compiling tls_record.cc
[288/1184] Compiling DequeModule _DequeBuffer.swift
[289/1184] Compiling DequeModule _DequeBufferHeader.swift
[290/1184] Compiling DequeModule RigidDeque+Append.swift
[291/1184] Compiling DequeModule RigidDeque+Consumption.swift
[292/1184] Compiling DequeModule RigidDeque+ContainerOperations.swift
[293/1184] Compiling DequeModule RigidDeque+Deprecations.swift
[293/1184] Wrapping AST for Tracing for debugging
[295/1184] Compiling DequeModule RigidDeque+Prepend.swift
[296/1184] Compiling DequeModule RigidDeque+Removals.swift
[297/1184] Compiling DequeModule RigidDeque+Replacements.swift
[298/1184] Compiling DequeModule RigidDeque+Testing.swift
[299/1184] Compiling DequeModule RigidDeque.swift
[300/1184] Compiling DequeModule UniqueDeque+Append.swift
[301/1184] Compiling DequeModule RigidDeque+Descriptions.swift
[302/1184] Compiling DequeModule RigidDeque+Equatable.swift
[303/1184] Compiling DequeModule RigidDeque+Hashable.swift
[304/1184] Compiling DequeModule RigidDeque+Initializers.swift
[305/1184] Compiling DequeModule RigidDeque+Insertions.swift
[306/1184] Compiling DequeModule RigidDeque+Iterable.swift
[307/1184] Compiling DequeModule Deque+Codable.swift
[308/1184] Compiling DequeModule Deque+Collection.swift
[309/1184] Compiling DequeModule Deque+CustomReflectable.swift
[310/1184] Compiling DequeModule Deque+Descriptions.swift
[311/1184] Compiling DequeModule Deque+Equatable.swift
[312/1184] Compiling DequeModule Deque+ExpressibleByArrayLiteral.swift
[312/1184] Compiling tls13_server.cc
[313/1184] Compiling tls13_both.cc
[315/1184] Compiling DequeModule Deque+Extras.swift
[316/1184] Compiling DequeModule Deque+Hashable.swift
[317/1184] Compiling DequeModule Deque+Testing.swift
[318/1184] Compiling DequeModule Deque._Storage.swift
[319/1184] Compiling DequeModule Deque._UnsafeHandle.swift
[320/1184] Compiling DequeModule Deque.swift
[320/1184] Compiling tls13_enc.cc
[321/1184] Compiling ssl_x509.cc
[322/1184] Compiling t1_enc.cc
[323/1184] Compiling tls13_client.cc
[324/1184] Compiling ssl_transcript.cc
[325/1184] Compiling ssl_versions.cc
[327/1184] Emitting module DequeModule
[327/1184] Compiling ssl_stat.cc
[328/1184] Compiling ssl_session.cc
[329/1184] Compiling ssl_privkey.cc
[331/1184] Compiling DequeModule UniqueDeque+Replacements.swift
[332/1184] Compiling DequeModule UniqueDeque.swift
[333/1184] Compiling DequeModule _DequeSlot.swift
[334/1184] Compiling DequeModule _UnsafeDequeHandle.swift
[335/1184] Compiling DequeModule _UnsafeDequeSegments.swift
[336/1185] Compiling ssl_lib.cc
[337/1228] Compiling ssl_file.cc
[338/1228] Wrapping AST for DequeModule for debugging
[339/1228] Compiling ssl_key_share.cc
[341/1228] Compiling Configuration Deprecations.swift
[342/1228] Compiling Configuration ExpressibleByConfigInt.swift
[343/1228] Compiling Configuration ExpressibleByConfigString.swift
[344/1228] Compiling Configuration CLIKeyEncoder.swift
[345/1228] Compiling Configuration ConfigKeyEncoder.swift
[346/1228] Compiling Configuration DotSeparatorKeyDecoder.swift
[346/1233] Compiling ssl_credential.cc
[348/1233] Emitting module Configuration
[348/1233] Compiling ssl_buffer.cc
[350/1233] Compiling ExtrasBase64 Base32.swift
[351/1233] Compiling ExtrasBase64 Base64+Span.swift
[352/1233] Compiling ExtrasBase64 Base64.swift
[353/1233] Emitting module ExtrasBase64
[353/1234] Compiling ssl_cipher.cc
[355/1234] Compiling ssl_cert.cc
[357/1265] Compiling GoogleWKT WKTEnum.swift
[358/1265] Compiling GoogleWKT WKTEnumValue.swift
[359/1265] Compiling GoogleWKT WKTField.swift
[360/1265] Compiling GoogleWKT WKTMethod.swift
[361/1265] Compiling GoogleWKT WKTMixin.swift
[362/1265] Compiling GoogleWKT WKTOption.swift
[363/1265] Compiling GoogleWKT WKTFloatValue.swift
[364/1265] Compiling GoogleWKT WKTInt32Value.swift
[365/1265] Compiling GoogleWKT WKTInt64Value.swift
[366/1265] Compiling GoogleWKT WKTRecursive.swift
[367/1265] Compiling GoogleWKT WKTValue.swift
[368/1265] Compiling GoogleWKT WKTApi.swift
[368/1265] Compiling ssl_asn1.cc
[369/1265] Wrapping AST for ExtrasBase64 for debugging
[370/1265] Compiling ssl_aead_ctx.cc
[372/1265] Emitting module GoogleWKT
[372/1269] Compiling s3_lib.cc
[373/1269] Compiling s3_pkt.cc
[374/1269] Compiling s3_both.cc
[380/1269] Compiling GoogleWKT WKTStringValue.swift
[381/1269] Compiling GoogleWKT WKTTimestamp.swift
[382/1269] Compiling GoogleWKT WKTUInt32Value.swift
[383/1269] Compiling GoogleWKT WKTUInt64Value.swift
[384/1269] Compiling GoogleWKT AnyPackable.swift
[385/1269] Compiling GoogleWKT DecodeToDefault.swift
[386/1269] Compiling GoogleWKT DiscoveryBase64.swift
[387/1269] Compiling GoogleWKT ProtoJSONDecoder.swift
[388/1269] Compiling GoogleWKT ProtoJSONEncoder.swift
[397/1269] Compiling GoogleWKT UnknownFields.swift
[398/1269] Compiling GoogleWKT WKTAny.swift
[399/1269] Compiling GoogleWKT WKTAnyError.swift
[400/1269] Compiling GoogleWKT WKTBoolValue.swift
[401/1269] Compiling GoogleWKT WKTBytesValue.swift
[402/1269] Compiling GoogleWKT WKTDoubleValue.swift
[403/1269] Compiling GoogleWKT WKTDuration.swift
[404/1269] Compiling GoogleWKT WKTEmpty.swift
[405/1269] Compiling GoogleWKT WKTFieldMask.swift
[405/1269] Compiling handshake.cc
[407/1269] Compiling GoogleWKT WKTSourceContext.swift
[408/1269] Compiling GoogleWKT WKTSyntax.swift
[409/1269] Compiling GoogleWKT WKTType.swift
[410/1269] Compiling GoogleWKT PackageVersion.swift
[411/1270] Compiling handshake_server.cc
[412/1270] Compiling handshake_client.cc
[414/1288] Compiling Configuration SeparatorKeyEncoder.swift
[415/1288] Compiling Configuration MultiProvider.swift
[416/1288] Compiling Configuration CLIArgumentParser.swift
[417/1288] Compiling Configuration CLISnapshot.swift
[418/1288] Compiling Configuration CommandLineArgumentsProvider.swift
[419/1288] Compiling Configuration EnvironmentFileParser.swift
[420/1288] Compiling GoogleType CalendarPeriod.swift
[421/1288] Compiling GoogleType Color.swift
[422/1288] Compiling GoogleType Date.swift
[423/1288] Compiling GoogleType Money.swift
[424/1288] Compiling GoogleType Month.swift
[425/1288] Compiling GoogleType LatLng.swift
[426/1288] Compiling Configuration CombineLatestManyStorage.swift
[427/1288] Compiling Configuration AsyncSequences.swift
[428/1288] Compiling Configuration FoundationExtensions.swift
[429/1288] Compiling Configuration Span.swift
[430/1288] Compiling Configuration ConfigBytesFromStringDecoder.swift
[432/1288] Compiling GoogleType LocalizedText.swift
[435/1290] Compiling GoogleType PostalAddress.swift
[436/1290] Compiling GoogleType Quaternion.swift
[437/1290] Compiling GoogleType PackageVersion.swift
[438/1290] Compiling GoogleType PhoneNumber.swift
[439/1290] Compiling GoogleType Expr.swift
[440/1290] Compiling GoogleType Fraction.swift
[441/1290] Compiling GoogleType Interval.swift
[441/1290] Compiling handoff.cc
[442/1305] Compiling dtls_record.cc
[443/1305] Compiling GoogleRpc BadRequest.swift
[444/1305] Compiling GoogleRpc Code.swift
[445/1305] Compiling GoogleRpc DebugInfo.swift
[446/1305] Wrapping AST for GoogleWKT for debugging
[448/1305] Emitting module GoogleType
[449/1305] Compiling GoogleRpc HttpHeader.swift
[450/1305] Compiling GoogleRpc LocalizedMessage.swift
[451/1305] Compiling GoogleRpc PackageVersion.swift
[452/1305] Compiling GoogleType TimeOfDay.swift
[453/1305] Compiling GoogleType TimeZone.swift
[454/1306] Compiling d1_srtp.cc
[455/1306] Compiling extensions.cc
[457/1306] Compiling GoogleRpc RequestInfo.swift
[458/1306] Compiling GoogleRpc ResourceInfo.swift
[460/1308] Wrapping AST for GoogleType for debugging
[462/1308] Compiling GoogleRpc PreconditionFailure.swift
[463/1308] Compiling GoogleRpc QuotaFailure.swift
[468/1308] Compiling Configuration ConfigSnapshotReader+methods.swift
[469/1308] Compiling Configuration ConfigSnapshotReader.swift
[472/1308] Compiling GoogleRpc RetryInfo.swift
[473/1308] Compiling GoogleRpc Status.swift
[475/1308] Compiling encrypted_client_hello.cc
[479/1309] Compiling GoogleRpc ErrorInfo.swift
[482/1309] Compiling GoogleRpc Help.swift
[483/1309] Compiling md5-x86_64-linux.S
[485/1309] Emitting module GoogleRpc
[485/1309] Compiling md5-x86_64-apple.S
[487/1309] Compiling GoogleRpc HttpRequest.swift
[488/1309] Compiling GoogleRpc HttpResponse.swift
[488/1309] Compiling md5-586-linux.S
[489/1309] Wrapping AST for Configuration for debugging
[490/1309] Compiling dtls_method.cc
[491/1309] Compiling md5-586-apple.S
[492/1309] Compiling chacha20_poly1305_x86_64-linux.S
[493/1309] Compiling chacha20_poly1305_x86_64-apple.S
[494/1309] Compiling chacha20_poly1305_armv8-win.S
[495/1309] Compiling chacha20_poly1305_armv8-apple.S
[496/1309] Compiling chacha20_poly1305_armv8-linux.S
[497/1309] Compiling chacha-x86_64-linux.S
[500/1309] Compiling chacha-x86_64-apple.S
[501/1310] Compiling chacha-x86-linux.S
[503/1310] Compiling chacha-x86-apple.S
[504/1310] Compiling chacha-armv8-win.S
[505/1310] Compiling chacha-armv8-apple.S
[506/1310] Compiling chacha-armv8-linux.S
[507/1310] Wrapping AST for GoogleRpc for debugging
[508/1310] Compiling chacha-armv4-linux.S
[509/1310] Compiling aes128gcmsiv-x86_64-linux.S
[510/1310] Compiling aes128gcmsiv-x86_64-apple.S
[511/1310] Compiling x86_64-mont5-linux.S
[512/1310] Compiling x86_64-mont5-apple.S
[513/1310] Compiling x86_64-mont-linux.S
[514/1310] Compiling err_data.cc
[515/1310] Compiling x86_64-mont-apple.S
[516/1310] Compiling x86-mont-linux.S
[517/1310] Compiling x86-mont-apple.S
[518/1310] Compiling vpaes-x86_64-apple.S
[519/1310] Compiling vpaes-x86_64-linux.S
[520/1310] Compiling vpaes-x86-linux.S
[521/1310] Compiling vpaes-x86-apple.S
[522/1310] Compiling vpaes-armv8-win.S
[523/1310] Compiling vpaes-armv8-linux.S
[524/1310] Compiling vpaes-armv8-apple.S
[525/1310] Compiling vpaes-armv7-linux.S
[526/1310] Compiling sha512-x86_64-linux.S
[527/1310] Compiling sha512-x86_64-apple.S
[528/1310] Compiling sha512-armv8-win.S
[529/1310] Compiling sha512-armv8-apple.S
[530/1310] Compiling sha512-armv4-linux.S
[531/1310] Compiling d1_pkt.cc
[532/1310] Compiling sha512-586-linux.S
[533/1310] Compiling sha512-armv8-linux.S
[534/1310] Compiling sha512-586-apple.S
[534/1310] Compiling bio_ssl.cc
[536/1310] Compiling sha256-x86_64-linux.S
[537/1310] Compiling sha256-x86_64-apple.S
[538/1310] Compiling sha256-armv8-win.S
[539/1310] Compiling sha256-armv8-apple.S
[540/1310] Compiling sha256-armv8-linux.S
[541/1310] Compiling sha256-armv4-linux.S
[542/1310] Compiling sha256-586-linux.S
[543/1310] Compiling sha1-x86_64-linux.S
[544/1310] Compiling sha256-586-apple.S
[545/1310] Compiling sha1-armv8-win.S
[546/1310] Compiling sha1-x86_64-apple.S
[547/1310] Compiling sha1-armv4-large-linux.S
[548/1310] Compiling sha1-armv8-apple.S
[549/1310] Compiling sha1-586-linux.S
[550/1310] Compiling sha1-armv8-linux.S
[551/1310] Compiling sha1-586-apple.S
[552/1310] Compiling rsaz-avx2-apple.S
[553/1310] Compiling rsaz-avx2-linux.S
[554/1310] Compiling rdrand-x86_64-linux.S
[555/1310] Compiling rdrand-x86_64-apple.S
[556/1310] Compiling p256_beeu-x86_64-asm-linux.S
[557/1310] Compiling p256_beeu-x86_64-asm-apple.S
[558/1310] Compiling p256_beeu-armv8-asm-win.S
[559/1310] Compiling p256_beeu-armv8-asm-linux.S
[560/1310] Compiling p256_beeu-armv8-asm-apple.S
[561/1310] Compiling p256-x86_64-asm-linux.S
[562/1310] Compiling p256-x86_64-asm-apple.S
[563/1310] Compiling p256-armv8-asm-win.S
[564/1310] Compiling d1_lib.cc
[565/1310] Compiling p256-armv8-asm-apple.S
[565/1310] Compiling ghashv8-armv8-win.S
[565/1310] Compiling ghashv8-armv8-linux.S
[565/1310] Compiling p256-armv8-asm-linux.S
[569/1310] Compiling ghashv8-armv8-apple.S
[570/1310] Compiling ghashv8-armv7-linux.S
[571/1310] Compiling ghash-x86_64-linux.S
[572/1310] Compiling ghash-x86-linux.S
[573/1310] Compiling ghash-x86_64-apple.S
[574/1310] Compiling ghash-ssse3-x86_64-linux.S
[575/1310] Compiling ghash-x86-apple.S
[576/1310] Compiling ghash-ssse3-x86_64-apple.S
[577/1310] Compiling ghash-ssse3-x86-linux.S
[578/1310] Compiling ghash-ssse3-x86-apple.S
[579/1310] Compiling ghash-neon-armv8-win.S
[580/1310] Compiling ghash-neon-armv8-apple.S
[580/1310] Compiling ghash-neon-armv8-linux.S
[582/1310] Compiling ghash-armv4-linux.S
[582/1310] Compiling co-586-linux.S
[584/1310] Compiling co-586-apple.S
[585/1310] Compiling bn-armv8-win.S
[586/1310] Compiling bsaes-armv7-linux.S
[587/1310] Compiling bn-armv8-linux.S
[588/1310] Compiling bn-armv8-apple.S
[589/1310] Compiling bn-586-linux.S
[590/1310] Compiling bn-586-apple.S
[591/1310] Compiling armv8-mont-win.S
[592/1310] Compiling armv8-mont-apple.S
[593/1310] Compiling armv4-mont-linux.S
[594/1310] Compiling d1_both.cc
[595/1310] Compiling aesv8-gcm-armv8-win.S
[596/1310] Compiling armv8-mont-linux.S
[597/1310] Compiling aesv8-gcm-armv8-apple.S
[598/1310] Compiling aesv8-armv8-win.S
[599/1310] Compiling aesv8-gcm-armv8-linux.S
[600/1310] Compiling aesv8-armv8-linux.S
[600/1310] Compiling aesv8-armv8-apple.S
[602/1310] Compiling aesv8-armv7-linux.S
[603/1310] Compiling aesni-x86_64-linux.S
[604/1310] Compiling aesni-x86_64-apple.S
[605/1310] Compiling aesni-x86-linux.S
[606/1310] Compiling aesni-gcm-x86_64-linux.S
[607/1310] Compiling aesni-x86-apple.S
[608/1310] Compiling aesni-gcm-x86_64-apple.S
[609/1310] Compiling aes-gcm-avx2-x86_64-apple.S
[610/1310] Compiling aes-gcm-avx2-x86_64-linux.S
[611/1310] Compiling aes-gcm-avx10-x86_64-apple.S
[612/1310] Compiling aes-gcm-avx10-x86_64-linux.S
[613/1310] Compiling x_sig.cc
[614/1310] Compiling x_val.cc
[615/1310] Compiling x_x509a.cc
[616/1310] Compiling x_spki.cc
[616/1310] Compiling x_req.cc
[617/1310] Compiling x_x509.cc
[618/1310] Compiling x_pubkey.cc
[620/1310] Compiling x_name.cc
[621/1310] Compiling x_exten.cc
[622/1310] Compiling x509spki.cc
[622/1310] Compiling x_algor.cc
[624/1310] Compiling x_attrib.cc
[625/1310] Compiling x509rset.cc
[626/1310] Compiling x_crl.cc
[627/1310] Compiling x509name.cc
[628/1310] Compiling x_all.cc
[629/1310] Compiling x509_txt.cc
[630/1310] Compiling x509cset.cc
[631/1310] Compiling x509_vpm.cc
[632/1310] Compiling x509_v3.cc
[633/1310] Compiling x509_trs.cc
[634/1310] Compiling x509_set.cc
[635/1310] Compiling x509_vfy.cc
[636/1310] Compiling x509_req.cc
[637/1310] Compiling x509_obj.cc
[638/1310] Compiling x509_def.cc
[639/1310] Compiling x509_ext.cc
[640/1310] Compiling x509_lu.cc
[641/1310] Compiling x509_d2.cc
[642/1310] Compiling x509.cc
[643/1310] Compiling x509_att.cc
[644/1310] Compiling x509_cmp.cc
[645/1310] Compiling v3_skey.cc
[646/1310] Compiling v3_prn.cc
[647/1310] Compiling v3_purp.cc
[648/1310] Compiling v3_utl.cc
[648/1310] Compiling v3_ocsp.cc
[650/1310] Compiling v3_pmaps.cc
[651/1310] Compiling v3_pcons.cc
[652/1310] Compiling v3_ncons.cc
[653/1310] Compiling v3_int.cc
[654/1310] Compiling v3_lib.cc
[655/1310] Compiling v3_ia5.cc
[656/1310] Compiling v3_info.cc
[657/1310] Compiling v3_genn.cc
[657/1310] Compiling v3_extku.cc
[659/1310] Compiling v3_enum.cc
[660/1310] Compiling v3_crld.cc
[661/1310] Compiling v3_cpols.cc
[662/1310] Compiling v3_bitst.cc
[662/1310] Compiling v3_bcons.cc
[664/1310] Compiling v3_conf.cc
[665/1310] Compiling v3_akeya.cc
[666/1310] Compiling v3_alt.cc
[666/1310] Compiling v3_akey.cc
[668/1310] Compiling t_x509a.cc
[669/1310] Compiling i2d_pr.cc
[670/1310] Compiling t_crl.cc
[671/1310] Compiling t_req.cc
[672/1310] Compiling t_x509.cc
[673/1310] Compiling rsa_pss.cc
[674/1310] Compiling policy.cc
[675/1310] Compiling name_print.cc
[676/1310] Compiling by_file.cc
[677/1310] Compiling by_dir.cc
[678/1310] Compiling asn1_gen.cc
[678/1310] Compiling trust_token.cc
[678/1310] Compiling a_sign.cc
[680/1310] Compiling voprf.cc
[682/1310] Compiling a_verify.cc
[683/1310] Compiling algorithm.cc
[684/1310] Compiling a_digest.cc
[685/1310] Compiling thread.cc
[686/1310] Compiling thread_win.cc
[687/1310] Compiling thread_none.cc
[688/1310] Compiling thread_pthread.cc
[689/1310] Compiling stack.cc
[690/1310] Compiling slhdsa.cc
[691/1310] Compiling pmbtoken.cc
[692/1310] Compiling spake2plus.cc
[693/1310] Compiling sha256.cc
[694/1310] Compiling sha512.cc
[695/1310] Compiling siphash.cc
[696/1310] Compiling sha1.cc
[697/1310] Compiling rsa_print.cc
[698/1310] Compiling rsa_extra.cc
[699/1310] Compiling rsa_crypt.cc
[700/1310] Compiling rc4.cc
[701/1310] Compiling refcount.cc
[702/1310] Compiling windows.cc
[703/1310] Compiling urandom.cc
[704/1310] Compiling trusty.cc
[705/1310] Compiling rsa_asn1.cc
[706/1310] Compiling rand.cc
[707/1310] Compiling poly1305_arm_asm.S
[708/1310] Compiling passive.cc
[709/1310] Compiling ios.cc
[710/1310] Compiling forkunsafe.cc
[711/1310] Compiling deterministic.cc
[712/1310] Compiling fork_detect.cc
[713/1310] Compiling poly1305_vec.cc
[714/1310] Compiling poly1305_arm.cc
[715/1310] Compiling pool.cc
[716/1310] Compiling poly1305.cc
[717/1310] Compiling pkcs8.cc
[718/1310] Compiling pem_oth.cc
[719/1310] Compiling p5_pbev2.cc
[720/1310] Compiling pkcs8_x509.cc
[721/1310] Compiling pem_lib.cc
[722/1310] Compiling pem_info.cc
[723/1310] Compiling obj_xref.cc
[724/1310] Compiling pem_all.cc
[725/1310] Compiling mlkem.cc
[726/1310] Compiling mldsa.cc
[727/1310] Compiling poly_rq_mul.S
[728/1310] Compiling mem.cc
[729/1310] Compiling fips_shared_support.cc
[730/1310] Compiling md5.cc
[731/1310] Compiling md4.cc
[732/1310] Compiling lhash.cc
[733/1310] Compiling obj.cc
[734/1310] Compiling kyber.cc
[735/1310] Compiling ex_data.cc
[736/1310] Compiling sign.cc
[737/1310] Compiling scrypt.cc
[738/1310] Compiling hpke.cc
[739/1310] Compiling hrss.cc
[740/1310] Compiling print.cc
[741/1310] Compiling pbkdf.cc
[742/1310] Compiling p_x25519.cc
[743/1310] Compiling p_x25519_asn1.cc
[744/1310] Compiling p_rsa_asn1.cc
[745/1310] Compiling p_hkdf.cc
[746/1310] Compiling p_rsa.cc
[747/1310] Compiling p_ed25519.cc
[748/1310] Compiling p_ed25519_asn1.cc
[749/1310] Compiling p_ec.cc
[750/1310] Compiling p_ec_asn1.cc
[751/1310] Compiling p_dh_asn1.cc
[752/1310] Compiling p_dh.cc
[753/1310] Compiling evp_ctx.cc
[754/1310] Compiling p_dsa_asn1.cc
[755/1310] Compiling evp_asn1.cc
[756/1310] Compiling evp.cc
[757/1310] Compiling err.cc
[758/1310] Compiling engine.cc
[759/1310] Compiling ecdh.cc
[760/1310] Compiling hash_to_curve.cc
[760/1310] Compiling ecdsa_asn1.cc
[762/1310] Compiling ec_derive.cc
[763/1310] Compiling dsa.cc
[764/1310] Compiling dsa_asn1.cc
[765/1310] Compiling ec_asn1.cc
[766/1310] Compiling bcm.cc
[767/1310] Compiling params.cc
[768/1310] Compiling x25519-asm-arm.S
[769/1310] Compiling digest_extra.cc
[770/1310] Compiling des.cc
[771/1310] Compiling dh_asn1.cc
[772/1310] Compiling curve25519_64_adx.cc
[773/1310] Compiling cpu_intel.cc
[774/1310] Compiling spake25519.cc
[774/1310] Compiling crypto.cc
[776/1310] Compiling cpu_arm_linux.cc
[777/1310] Compiling curve25519.cc
[778/1310] Compiling cpu_arm_freebsd.cc
[779/1310] Compiling cpu_aarch64_win.cc
[780/1310] Compiling cpu_aarch64_sysreg.cc
[781/1310] Compiling cpu_aarch64_openbsd.cc
[782/1310] Compiling cpu_aarch64_linux.cc
[783/1310] Compiling cpu_aarch64_fuchsia.cc
[784/1310] Compiling cpu_aarch64_apple.cc
[785/1310] Compiling tls_cbc.cc
[786/1310] Compiling conf.cc
[787/1310] Compiling get_cipher.cc
[788/1310] Compiling e_tls.cc
[789/1310] Compiling e_rc4.cc
[790/1310] Compiling e_null.cc
[791/1310] Compiling e_rc2.cc
[792/1310] Compiling e_des.cc
[793/1310] Compiling e_chacha20poly1305.cc
[794/1310] Compiling e_aesgcmsiv.cc
[795/1310] Compiling e_aesctrhmac.cc
[796/1310] Compiling derive_key.cc
[797/1310] Compiling chacha.cc
[798/1310] Compiling unicode.cc
[799/1310] Compiling buf.cc
[800/1310] Compiling cbb.cc
[801/1310] Compiling cbs.cc
[802/1310] Compiling ber.cc
[803/1310] Compiling asn1_compat.cc
[804/1310] Compiling bn_asn1.cc
[805/1310] Compiling convert.cc
[806/1310] Compiling blake2.cc
[807/1310] Compiling socket_helper.cc
[808/1310] Compiling socket.cc
[809/1310] Compiling printf.cc
[810/1310] Compiling pair.cc
[811/1310] Compiling hexdump.cc
[812/1310] Compiling fd.cc
[813/1310] Compiling file.cc
[813/1310] Compiling errno.cc
[815/1310] Compiling connect.cc
[816/1310] Compiling bio_mem.cc
[817/1310] Compiling bio.cc
[818/1310] Compiling base64.cc
[819/1310] Compiling tasn_fre.cc
[820/1310] Compiling tasn_utl.cc
[820/1310] Compiling tasn_typ.cc
[822/1310] Compiling tasn_enc.cc
[823/1310] Compiling posix_time.cc
[824/1310] Compiling tasn_new.cc
[825/1310] Compiling f_string.cc
[826/1310] Compiling tasn_dec.cc
[827/1310] Compiling asn_pack.cc
[828/1310] Compiling asn1_par.cc
[829/1310] Compiling f_int.cc
[830/1310] Compiling asn1_lib.cc
[831/1310] Compiling a_utctm.cc
[832/1310] Compiling a_time.cc
[833/1310] Compiling a_type.cc
[834/1310] Compiling a_octet.cc
[835/1310] Compiling a_strnid.cc
[836/1310] Compiling a_strex.cc
[837/1310] Compiling a_object.cc
[838/1310] Compiling a_i2d_fp.cc
[839/1310] Compiling a_dup.cc
[840/1310] Compiling a_mbstr.cc
[841/1310] Compiling CGoogleGaxCRC32C CGoogleGaxCRC32C.c
[842/1310] Compiling a_d2i_fp.cc
[843/1310] Compiling a_int.cc
[844/1310] Compiling a_gentm.cc
[845/1310] Compiling fiat_p256_adx_sqr.S
[846/1310] Compiling fiat_p256_adx_mul.S
[847/1310] Compiling fiat_curve25519_adx_square.S
[848/1310] Compiling md5-x86_64-linux.S
[848/1310] Compiling fiat_curve25519_adx_mul.S
[850/1310] Compiling md5-x86_64-apple.S
[851/1310] Compiling md5-586-linux.S
[851/1310] Compiling md5-586-apple.S
[853/1310] Compiling a_bitstr.cc
[854/1310] Compiling chacha20_poly1305_x86_64-linux.S
[855/1310] Compiling chacha20_poly1305_x86_64-apple.S
[856/1310] Compiling chacha20_poly1305_armv8-win.S
[857/1310] Compiling chacha20_poly1305_armv8-apple.S
[858/1310] Compiling chacha-x86_64-linux.S
[859/1310] Compiling chacha20_poly1305_armv8-linux.S
[860/1310] Compiling chacha-x86_64-apple.S
[861/1310] Compiling chacha-x86-linux.S
[862/1310] Compiling CCryptoBoringSSLShims shims.c
[863/1310] Compiling chacha-armv8-win.S
[864/1310] Compiling chacha-x86-apple.S
[865/1310] Compiling a_bool.cc
[866/1310] Compiling chacha-armv8-apple.S
[867/1310] Compiling chacha-armv4-linux.S
[868/1310] Compiling chacha-armv8-linux.S
[869/1310] Compiling aes128gcmsiv-x86_64-apple.S
[870/1310] Compiling aes128gcmsiv-x86_64-linux.S
[871/1310] Compiling x86_64-mont5-linux.S
[872/1310] Compiling x86_64-mont5-apple.S
[873/1310] Compiling x86_64-mont-linux.S
[874/1310] Compiling x86_64-mont-apple.S
[875/1310] Compiling x86-mont-linux.S
[876/1310] Compiling x86-mont-apple.S
[877/1310] Compiling vpaes-x86_64-linux.S
[878/1310] Compiling vpaes-x86_64-apple.S
[879/1310] Compiling vpaes-x86-linux.S
[880/1310] Compiling vpaes-x86-apple.S
[881/1310] Compiling vpaes-armv8-win.S
[882/1310] Compiling vpaes-armv8-linux.S
[883/1310] Compiling vpaes-armv7-linux.S
[884/1310] Compiling vpaes-armv8-apple.S
[885/1310] Compiling sha512-x86_64-linux.S
[886/1310] Compiling sha512-x86_64-apple.S
[887/1310] Compiling sha512-armv8-win.S
[888/1310] Compiling sha512-armv8-apple.S
[889/1310] Compiling sha512-armv4-linux.S
[890/1310] Compiling sha512-586-linux.S
[890/1310] Compiling sha512-armv8-linux.S
[892/1310] Compiling sha512-586-apple.S
[893/1310] Compiling err_data.cc
[894/1310] Compiling sha256-x86_64-apple.S
[895/1310] Compiling sha256-x86_64-linux.S
[896/1310] Compiling sha256-armv8-win.S
[897/1310] Compiling sha256-armv8-apple.S
[898/1310] Compiling sha256-armv4-linux.S
[899/1310] Compiling sha256-586-linux.S
[900/1310] Compiling sha256-586-apple.S
[901/1310] Compiling sha256-armv8-linux.S
[902/1310] Compiling sha1-x86_64-apple.S
[903/1310] Compiling sha1-x86_64-linux.S
[904/1310] Compiling sha1-armv8-win.S
[905/1310] Compiling sha1-armv8-apple.S
[906/1310] Compiling sha1-armv4-large-linux.S
[907/1310] Compiling sha1-armv8-linux.S
[908/1310] Compiling sha1-586-linux.S
[909/1310] Compiling rsaz-avx2-linux.S
[909/1310] Compiling sha1-586-apple.S
[911/1310] Compiling rsaz-avx2-apple.S
[912/1310] Compiling rdrand-x86_64-apple.S
[913/1310] Compiling rdrand-x86_64-linux.S
[914/1310] Compiling p256_beeu-x86_64-asm-apple.S
[915/1310] Compiling p256_beeu-armv8-asm-win.S
[916/1310] Compiling p256_beeu-x86_64-asm-linux.S
[917/1310] Compiling p256_beeu-armv8-asm-linux.S
[918/1310] Compiling p256_beeu-armv8-asm-apple.S
[919/1310] Compiling p256-x86_64-asm-apple.S
[920/1310] Compiling p256-x86_64-asm-linux.S
[921/1310] Compiling p256-armv8-asm-win.S
[922/1310] Compiling p256-armv8-asm-apple.S
[923/1310] Compiling p256-armv8-asm-linux.S
[924/1310] Compiling ghashv8-armv8-win.S
[925/1310] Compiling ghashv8-armv8-linux.S
[926/1310] Compiling ghashv8-armv8-apple.S
[927/1310] Compiling ghashv8-armv7-linux.S
[928/1310] Compiling ghash-x86_64-apple.S
[929/1310] Compiling ghash-x86_64-linux.S
[930/1310] Compiling ghash-ssse3-x86_64-apple.S
[931/1310] Compiling ghash-x86-apple.S
[932/1310] Compiling ghash-ssse3-x86_64-linux.S
[933/1310] Compiling ghash-x86-linux.S
[934/1310] Compiling ghash-ssse3-x86-linux.S
[935/1310] Compiling ghash-ssse3-x86-apple.S
[936/1310] Compiling ghash-neon-armv8-win.S
[937/1310] Compiling ghash-neon-armv8-linux.S
[938/1310] Compiling ghash-neon-armv8-apple.S
[939/1310] Compiling ghash-armv4-linux.S
[940/1310] Compiling co-586-linux.S
[941/1310] Compiling bsaes-armv7-linux.S
[942/1310] Compiling co-586-apple.S
[943/1310] Compiling bn-armv8-win.S
[944/1310] Compiling bn-armv8-linux.S
[945/1310] Compiling bn-armv8-apple.S
[946/1310] Compiling bn-586-linux.S
[947/1310] Compiling bn-586-apple.S
[948/1310] Compiling armv8-mont-win.S
[949/1310] Compiling armv8-mont-apple.S
[950/1310] Compiling armv4-mont-linux.S
[951/1310] Compiling armv8-mont-linux.S
[952/1310] Compiling aesv8-gcm-armv8-win.S
[953/1310] Compiling aesv8-gcm-armv8-apple.S
[954/1310] Compiling aesv8-armv8-win.S
[955/1310] Compiling aesv8-armv8-linux.S
[956/1310] Compiling aesv8-armv7-linux.S
[957/1310] Compiling aesv8-gcm-armv8-linux.S
[958/1310] Compiling aesv8-armv8-apple.S
[959/1310] Compiling aesni-x86_64-linux.S
[960/1310] Compiling aesni-x86_64-apple.S
[961/1310] Compiling aesni-gcm-x86_64-linux.S
[962/1310] Compiling aesni-x86-apple.S
[963/1310] Compiling aesni-gcm-x86_64-apple.S
[963/1310] Compiling aesni-x86-linux.S
[965/1310] Compiling aes-gcm-avx512-x86_64-linux.S
[966/1310] Compiling aes-gcm-avx512-x86_64-apple.S
[967/1310] Compiling aes-gcm-avx2-x86_64-linux.S
[968/1310] Compiling aes-gcm-avx2-x86_64-apple.S
[969/1310] Compiling xwing.cc
[970/1310] Compiling x_x509a.cc
[971/1310] Compiling x_sig.cc
[972/1310] Compiling x_x509.cc
[973/1310] Compiling x_spki.cc
[974/1310] Compiling x_req.cc
[975/1310] Compiling c-nioatomics.c
[976/1310] Compiling x_pubkey.cc
[977/1310] Compiling x_exten.cc
[978/1310] Compiling x_name.cc
[979/1310] Compiling x_crl.cc
[980/1310] Compiling c-atomics.c
[981/1310] Compiling x_all.cc
[982/1310] Compiling x_attrib.cc
[984/1317] Compiling NIOConcurrencyHelpers NIOThreadPoolWorkAvailable.swift
[985/1317] Compiling NIOConcurrencyHelpers NIOLockedValueBox.swift
[985/1317] Compiling x_algor.cc
[987/1317] Compiling NIOConcurrencyHelpers NIOLock.swift
[987/1317] Compiling x509spki.cc
[989/1317] Compiling NIOConcurrencyHelpers NIOAtomic.swift
[990/1317] Emitting module NIOConcurrencyHelpers
[990/1317] Compiling x509rset.cc
[992/1317] Compiling NIOConcurrencyHelpers atomics.swift
[993/1317] Compiling NIOConcurrencyHelpers lock.swift
[993/1317] Compiling x509_vpm.cc
[995/1318] Compiling x509_vfy.cc
[996/1318] Compiling x509name.cc
[997/1318] Wrapping AST for NIOConcurrencyHelpers for debugging
[998/1318] Compiling x509cset.cc
[999/1318] Compiling x509_v3.cc
[1000/1318] Compiling x509_txt.cc
[1001/1318] Compiling x509_trs.cc
[1002/1318] Compiling x509_set.cc
[1003/1318] Compiling x509_obj.cc
[1004/1318] Compiling x509_req.cc
[1005/1318] Compiling x509_lu.cc
[1006/1318] Compiling x509_ext.cc
[1007/1318] Compiling x509_def.cc
[1008/1318] Compiling x509_d2.cc
[1009/1318] Compiling x509_cmp.cc
[1010/1318] Compiling x509_att.cc
[1011/1318] Compiling x509.cc
[1012/1318] Compiling v3_skey.cc
[1013/1318] Compiling v3_utl.cc
[1014/1318] Compiling v3_purp.cc
[1015/1318] Compiling v3_prn.cc
[1016/1318] Compiling v3_pmaps.cc
[1017/1318] Compiling v3_pcons.cc
[1018/1318] Compiling v3_ocsp.cc
[1019/1318] Compiling v3_ncons.cc
[1020/1318] Compiling v3_int.cc
[1021/1318] Compiling v3_lib.cc
[1022/1318] Compiling v3_info.cc
[1023/1318] Compiling v3_ia5.cc
[1024/1318] Compiling v3_genn.cc
[1025/1318] Compiling v3_extku.cc
[1026/1318] Compiling v3_enum.cc
[1027/1318] Compiling v3_crld.cc
[1028/1318] Compiling v3_cpols.cc
[1029/1318] Compiling v3_conf.cc
[1030/1318] Compiling v3_bitst.cc
[1031/1318] Compiling v3_bcons.cc
[1032/1318] Compiling v3_alt.cc
[1033/1318] Compiling v3_akeya.cc
[1034/1318] Compiling v3_akey.cc
[1035/1318] Compiling t_x509a.cc
[1036/1318] Compiling t_x509.cc
[1037/1318] Compiling t_req.cc
[1038/1318] Compiling t_crl.cc
[1039/1318] Compiling rsa_pss.cc
[1040/1318] Compiling i2d_pr.cc
[1041/1318] Compiling policy.cc
[1042/1318] Compiling name_print.cc
[1043/1318] Compiling by_file.cc
[1044/1318] Compiling by_dir.cc
[1045/1318] Compiling algorithm.cc
[1046/1318] Compiling asn1_gen.cc
[1047/1318] Compiling a_verify.cc
[1048/1318] Compiling a_sign.cc
[1049/1318] Compiling a_digest.cc
[1050/1318] Compiling voprf.cc
[1051/1318] Compiling thread_win.cc
[1052/1318] Compiling thread_pthread.cc
[1053/1318] Compiling trust_token.cc
[1054/1318] Compiling thread_none.cc
[1055/1318] Compiling thread.cc
[1056/1318] Compiling pmbtoken.cc
[1057/1318] Compiling stack.cc
[1058/1318] Compiling siphash.cc
[1059/1318] Compiling sha256.cc
[1060/1318] Compiling sha512.cc
[1061/1318] Compiling slhdsa.cc
[1062/1318] Compiling sha1.cc
[1062/1318] Compiling spake2plus.cc
[1064/1318] Compiling rsa_print.cc
[1065/1318] Compiling rsa_extra.cc
[1066/1318] Compiling refcount.cc
[1067/1318] Compiling rsa_crypt.cc
[1068/1318] Compiling rc4.cc
[1069/1318] Compiling windows.cc
[1070/1318] Compiling trusty.cc
[1071/1318] Compiling urandom.cc
[1072/1318] Compiling rand.cc
[1073/1318] Compiling rsa_asn1.cc
[1074/1318] Compiling passive.cc
[1075/1318] Compiling ios.cc
[1076/1318] Compiling getentropy.cc
[1077/1318] Compiling poly1305_arm_asm.S
[1078/1318] Compiling forkunsafe.cc
[1079/1318] Compiling fork_detect.cc
[1080/1318] Compiling deterministic.cc
[1081/1318] Compiling poly1305_vec.cc
[1082/1318] Compiling pool.cc
[1083/1318] Compiling poly1305_arm.cc
[1084/1318] Compiling poly1305.cc
[1085/1318] Compiling pkcs8_x509.cc
[1086/1318] Compiling pkcs8.cc
[1087/1318] Compiling p5_pbev2.cc
[1088/1318] Compiling pkcs7_x509.cc
[1089/1318] Compiling pkcs7.cc
[1090/1318] Compiling pem_xaux.cc
[1091/1318] Compiling pem_x509.cc
[1092/1318] Compiling pem_pkey.cc
[1093/1318] Compiling mlkem.cc
[1094/1318] Compiling pem_pk8.cc
[1095/1318] Compiling pem_oth.cc
[1096/1318] Compiling pem_lib.cc
[1097/1318] Compiling pem_info.cc
[1098/1318] Compiling obj_xref.cc
[1099/1318] Compiling pem_all.cc
[1100/1318] Compiling obj.cc
[1101/1318] Compiling poly_rq_mul.S
[1102/1318] Compiling mldsa.cc
[1103/1318] Compiling mem.cc
[1104/1318] Compiling fips_shared_support.cc
[1105/1318] Compiling lhash.cc
[1106/1318] Compiling md5.cc
[1107/1318] Compiling md4.cc
[1108/1318] Compiling kyber.cc
[1109/1318] Compiling fuzzer_mode.cc
[1110/1318] Compiling ex_data.cc
[1111/1318] Compiling hrss.cc
[1112/1318] Compiling hpke.cc
[1113/1318] Compiling scrypt.cc
[1114/1318] Compiling pbkdf.cc
[1115/1318] Compiling print.cc
[1116/1318] Compiling sign.cc
[1117/1318] Compiling p_x25519.cc
[1118/1318] Compiling p_x25519_asn1.cc
[1119/1318] Compiling p_rsa_asn1.cc
[1120/1318] Compiling p_rsa.cc
[1121/1318] Compiling p_ed25519.cc
[1121/1318] Compiling p_hkdf.cc
[1123/1318] Compiling p_ed25519_asn1.cc
[1124/1318] Compiling p_ec.cc
[1125/1318] Compiling p_ec_asn1.cc
[1126/1318] Compiling p_dsa_asn1.cc
[1127/1318] Compiling p_dh.cc
[1128/1318] Compiling p_dh_asn1.cc
[1129/1318] Compiling evp_ctx.cc
[1130/1318] Compiling evp_asn1.cc
[1131/1318] Compiling err.cc
[1132/1318] Compiling ecdsa_p1363.cc
[1133/1318] Compiling engine.cc
[1134/1318] Compiling evp.cc
[1135/1318] Compiling ecdh.cc
[1136/1318] Compiling ecdsa_asn1.cc
[1137/1318] Compiling ec_derive.cc
[1138/1318] Compiling hash_to_curve.cc
[1139/1318] Compiling dsa.cc
[1140/1318] Compiling ec_asn1.cc
[1141/1318] Compiling dsa_asn1.cc
[1142/1318] Compiling digest_extra.cc
[1143/1318] Compiling x25519-asm-arm.S
[1144/1318] Compiling curve25519_64_adx.cc
[1145/1318] Compiling params.cc
[1146/1318] Compiling dh_asn1.cc
[1147/1318] Compiling des.cc
[1148/1318] Compiling spake25519.cc
[1149/1318] Compiling curve25519.cc
[1150/1318] Compiling cpu_intel.cc
[1151/1318] Compiling crypto.cc
[1152/1318] Compiling cpu_arm_linux.cc
[1153/1318] Compiling cpu_arm_freebsd.cc
[1154/1318] Compiling cpu_aarch64_win.cc
[1155/1318] Compiling cpu_aarch64_sysreg.cc
[1156/1318] Compiling cpu_aarch64_linux.cc
[1157/1318] Compiling cpu_aarch64_openbsd.cc
[1158/1318] Compiling cpu_aarch64_fuchsia.cc
[1159/1318] Compiling cpu_aarch64_apple.cc
[1160/1318] Compiling conf.cc
[1161/1318] Compiling get_cipher.cc
[1162/1318] Compiling tls_cbc.cc
[1163/1318] Compiling e_tls.cc
[1164/1318] Compiling e_rc4.cc
[1165/1318] Compiling cms.cc
[1166/1318] Compiling e_rc2.cc
[1167/1318] Compiling e_null.cc
[1168/1318] Compiling e_des.cc
[1169/1318] Compiling e_chacha20poly1305.cc
[1170/1318] Compiling e_aesgcmsiv.cc
[1171/1318] Compiling e_aeseax.cc
[1172/1318] Compiling e_aesctrhmac.cc
[1173/1318] Compiling derive_key.cc
[1174/1318] Compiling chacha.cc
[1175/1318] Compiling unicode.cc
[1176/1318] Compiling buf.cc
[1177/1318] Compiling sqrt.cc
[1178/1318] Compiling cbs.cc
[1179/1318] Compiling cbb.cc
[1180/1318] Compiling ber.cc
[1181/1318] Compiling asn1_compat.cc
[1182/1318] Compiling exponentiation.cc
[1183/1318] Compiling div.cc
[1184/1318] Compiling blake2.cc
[1185/1318] Compiling hexdump.cc
[1185/1318] Compiling printf.cc
[1187/1318] Compiling pair.cc
[1188/1318] Compiling bn_asn1.cc
[1189/1318] Compiling convert.cc
[1190/1318] Compiling file.cc
[1191/1318] Compiling errno.cc
[1192/1318] Compiling fd.cc
[1193/1318] Compiling bio_mem.cc
[1194/1318] Compiling bio.cc
[1195/1318] Compiling base64.cc
[1196/1318] Compiling tasn_typ.cc
[1197/1318] Compiling tasn_utl.cc
[1198/1318] Compiling tasn_fre.cc
[1199/1318] Compiling tasn_enc.cc
[1200/1318] Compiling posix_time.cc
[1201/1318] Compiling tasn_new.cc
[1202/1318] Compiling tasn_dec.cc
[1203/1318] Compiling f_string.cc
[1204/1318] Compiling f_int.cc
[1205/1318] Compiling asn_pack.cc
[1206/1318] Compiling asn1_par.cc
[1207/1318] Compiling asn1_lib.cc
[1208/1318] Compiling a_utctm.cc
[1209/1318] Compiling bcm.cc
[1210/1318] Compiling a_octet.cc
[1211/1318] Compiling a_time.cc
[1212/1318] Compiling a_type.cc
[1213/1318] Compiling a_strnid.cc
[1214/1318] Compiling a_strex.cc
[1215/1318] Compiling a_i2d_fp.cc
[1216/1318] Compiling a_dup.cc
[1217/1318] Compiling a_mbstr.cc
[1218/1318] Compiling CAsyncHTTPClient CAsyncHTTPClient.c
[1219/1318] Write sources
[1220/1318] Compiling a_d2i_fp.cc
[1221/1318] Write sources
[1223/1318] Compiling a_object.cc
[1224/1318] Compiling a_int.cc
[1225/1361] Compiling a_gentm.cc
[1226/1361] Compiling a_bool.cc
[1227/1361] Compiling aes.cc
[1229/1361] Compiling Algorithms RandomSample.swift
[1230/1361] Compiling Algorithms Reductions.swift
[1231/1361] Compiling Algorithms Keyed.swift
[1232/1361] Compiling Algorithms MinMax.swift
[1233/1361] Compiling Algorithms Combinations.swift
[1234/1361] Compiling Algorithms Joined.swift
[1234/1363] Compiling a_bitstr.cc
[1236/1371] Compiling Algorithms Compacted.swift
[1237/1371] Compiling Algorithms Cycle.swift
[1238/1371] Compiling Algorithms EitherSequence.swift
[1239/1371] Compiling Atomics IntegerOperations.swift
[1240/1371] Compiling Atomics Unmanaged extensions.swift
[1244/1371] Compiling Algorithms FirstNonNil.swift
[1245/1374] Compiling Algorithms Split.swift
[1246/1374] Compiling Algorithms Stride.swift
[1247/1374] Compiling Algorithms Suffix.swift
[1249/1374] Compiling Algorithms Permutations.swift
[1250/1374] Compiling Algorithms Product.swift
[1257/1374] Compiling Algorithms Trim.swift
[1258/1374] Compiling Algorithms Unique.swift
[1259/1374] Compiling Algorithms Windows.swift
[1260/1374] Compiling CryptoBoringWrapper RandomBytes.swift
[1261/1374] Compiling Algorithms FlattenCollection.swift
[1262/1374] Compiling Algorithms Grouped.swift
[1263/1374] Compiling Algorithms Indexed.swift
[1264/1374] Compiling Algorithms Intersperse.swift
[1265/1374] Compiling CryptoBoringWrapper FiniteFieldArithmeticContext.swift
[1266/1374] Compiling CryptoBoringWrapper BoringSSLAEAD.swift
[1267/1374] Emitting module CryptoBoringWrapper
[1268/1374] Compiling Algorithms AdjacentPairs.swift
[1269/1374] Compiling Algorithms Chain.swift
[1270/1374] Compiling Algorithms Chunked.swift
[1272/1374] Compiling CryptoBoringWrapper CryptoKitErrors_boring.swift
[1273/1374] Compiling CryptoBoringWrapper EllipticCurvePoint.swift
[1274/1374] Compiling CryptoBoringWrapper EllipticCurve.swift
[1275/1374] Compiling CryptoBoringWrapper ArbitraryPrecisionInteger.swift
[1276/1375] Wrapping AST for CryptoBoringWrapper for debugging
[1278/1381] Emitting module Atomics
[1281/1385] Compiling Crypto ECDH_boring.swift
[1282/1386] Compiling Crypto DH.swift
[1284/1387] Compiling Crypto XWing_boring.swift
[1285/1387] Compiling Crypto KEM-Errors.swift
[1286/1387] Compiling Crypto KEM.swift
[1287/1460] Wrapping AST for Atomics for debugging
[1289/1469] Emitting module Algorithms
[1290/1525] Wrapping AST for Algorithms for debugging
[1292/1525] Compiling NIOCore NIOCoreSendableMetatype.swift
[1293/1525] Compiling NIOCore NIODecodedAsyncSequence.swift
[1294/1525] Compiling NIOCore NIOLoopBound.swift
[1295/1525] Compiling NIOCore NIOPooledRecvBufferAllocator.swift
[1296/1525] Compiling NIOCore NIOScheduledCallback.swift
[1297/1525] Compiling NIOCore NIOSendable.swift
[1298/1525] Compiling NIOCore NIOSplitLinesMessageDecoder.swift
[1299/1525] Compiling NIOCore NIOTransportAccessibleChannelCore.swift
[1300/1525] Compiling NIOCore RecvByteBufferAllocator.swift
[1301/1533] Compiling NIOCore AsyncChannelHandler.swift
[1302/1533] Compiling NIOCore AsyncChannelInboundStream.swift
[1303/1533] Compiling NIOCore AsyncChannelOutboundWriter.swift
[1304/1533] Compiling NIOCore NIOAsyncSequenceProducer.swift
[1305/1533] Compiling NIOCore NIOAsyncSequenceProducerStrategies.swift
[1306/1533] Compiling NIOCore NIOAsyncWriter.swift
[1307/1533] Compiling NIOCore EventLoopFuture+Deprecated.swift
[1308/1533] Compiling NIOCore EventLoopFuture+WithEventLoop.swift
[1309/1533] Compiling NIOCore EventLoopFuture.swift
[1310/1533] Compiling NIOCore FileDescriptor.swift
[1311/1533] Compiling NIOCore FileHandle.swift
[1312/1533] Compiling NIOCore FileRegion.swift
[1313/1544] Emitting module Crypto
[1314/1544] Compiling NIOCore IPProtocol.swift
[1315/1544] Compiling NIOCore IntegerBitPacking.swift
[1316/1544] Compiling NIOCore IntegerTypes.swift
[1317/1544] Compiling NIOCore Interfaces.swift
[1318/1544] Compiling NIOCore Linux.swift
[1319/1544] Compiling NIOCore MarkedCircularBuffer.swift
[1320/1544] Compiling NIOCore MulticastChannel.swift
[1321/1544] Compiling NIOCore NIOAny.swift
[1322/1544] Compiling NIOCore NIOCloseOnErrorHandler.swift
[1323/1544] Compiling NIOCore GlobalSingletons.swift
[1324/1544] Compiling NIOCore IO.swift
[1325/1544] Compiling NIOCore IOData.swift
[1326/1544] Compiling NIOCore ByteBuffer-multi-int.swift
[1327/1544] Compiling NIOCore ByteBuffer-quicBinaryEncodingStrategy.swift
[1328/1544] Compiling NIOCore ByteBuffer-views.swift
[1329/1544] Compiling NIOCore Channel.swift
[1330/1544] Compiling NIOCore ChannelHandler.swift
[1331/1544] Compiling NIOCore ChannelHandlers.swift
[1332/1544] Compiling NIOCore ChannelInvoker.swift
[1333/1544] Compiling NIOCore ChannelOption.swift
[1334/1544] Compiling NIOCore ChannelPipeline.swift
[1344/1544] Compiling Crypto Signature.swift
[1345/1544] Compiling Crypto CryptoKitErrors_boring.swift
[1346/1544] Compiling Crypto Optional+withUnsafeBytes_boring.swift
[1347/1544] Compiling Crypto RNG_boring.swift
[1348/1544] Compiling Crypto SafeCompare_boring.swift
[1349/1544] Compiling Crypto Zeroization_boring.swift
[1350/1544] Compiling Crypto _CryptoModuleAnchor.swift
[1351/1544] Compiling Crypto PrettyBytes.swift
[1352/1544] Compiling Crypto SafeCompare.swift
[1353/1544] Compiling Crypto SecureBytes.swift
[1354/1544] Compiling Crypto Zeroization.swift
[1358/1544] Compiling NIOCore SingleStepByteToMessageDecoder.swift
[1359/1544] Compiling NIOCore SocketAddresses.swift
[1360/1544] Compiling NIOCore SocketOptionProvider.swift
[1361/1544] Compiling NIOCore SystemCallHelpers.swift
[1362/1544] Compiling NIOCore TimeAmount+Duration.swift
[1363/1544] Compiling NIOCore TypeAssistedChannelHandler.swift
[1364/1544] Compiling NIOCore UniversalBootstrapSupport.swift
[1365/1544] Compiling NIOCore Utilities.swift
[1366/1544] Compiling Crypto HPKE-KexKeyDerivation.swift
[1367/1544] Compiling Crypto MACFunctions.swift
[1368/1544] Compiling Crypto MessageAuthenticationCode.swift
[1369/1544] Compiling Crypto AES.swift
[1370/1544] Compiling Crypto ECDSASignature_boring.swift
[1371/1544] Compiling Crypto ECDSA_boring.swift
[1372/1544] Compiling Crypto EdDSA_boring.swift
[1373/1544] Compiling Crypto MLDSA_boring.swift
[1374/1544] Compiling Crypto MLDSA_wrapper.swift
[1375/1544] Compiling Crypto ECDSA.swift
[1376/1544] Compiling Crypto Ed25519.swift
[1377/1544] Compiling Crypto MLDSA.swift
[1390/1544] Compiling NIOCore CircularBuffer.swift
[1391/1544] Compiling NIOCore Codec.swift
[1392/1544] Compiling NIOCore ConvenienceOptionSupport.swift
[1393/1544] Compiling NIOCore DeadChannel.swift
[1394/1544] Compiling NIOCore DispatchQueue+WithFuture.swift
[1395/1544] Compiling NIOCore EventLoop+Deprecated.swift
[1396/1544] Compiling NIOCore EventLoop+SerialExecutor.swift
[1397/1544] Compiling NIOCore EventLoop.swift
[1398/1544] Compiling NIOCore EventLoopFuture+AssumeIsolated.swift
[1411/1544] Compiling NIOCore NIOThrowingAsyncSequenceProducer.swift
[1412/1544] Compiling NIOCore BSDSocketAPI.swift
[1413/1544] Compiling NIOCore ByteBuffer-aux.swift
[1414/1544] Compiling NIOCore ByteBuffer-binaryEncodedLengthPrefix.swift
[1415/1544] Compiling NIOCore ByteBuffer-conversions.swift
[1416/1544] Compiling NIOCore ByteBuffer-core.swift
[1417/1544] Compiling NIOCore ByteBuffer-hex.swift
[1418/1544] Compiling NIOCore ByteBuffer-int.swift
[1419/1544] Compiling NIOCore ByteBuffer-lengthPrefix.swift
[1420/1544] Compiling NIOCore AddressedEnvelope.swift
[1421/1544] Compiling NIOCore AsyncAwaitSupport.swift
[1422/1544] Compiling NIOCore AsyncChannel.swift
[1449/1545] Wrapping AST for Crypto for debugging
[1451/1607] Compiling CryptoExtras Data+Extensions.swift
[1452/1607] Compiling CryptoExtras DigestType.swift
[1453/1607] Compiling CryptoExtras Error.swift
[1454/1607] Compiling CryptoExtras I2OSP.swift
[1455/1607] Compiling CryptoExtras IntegerEncoding.swift
[1456/1607] Compiling CryptoExtras PEMDocument.swift
[1457/1607] Compiling CryptoExtras PrettyBytes.swift
[1458/1607] Compiling CryptoExtras SubjectPublicKeyInfo.swift
[1459/1615] Emitting module CryptoExtras
[1460/1615] Compiling CryptoExtras PKCS8DERRepresentation.swift
[1461/1615] Compiling CryptoExtras PKCS8PrivateKey.swift
[1462/1615] Compiling CryptoExtras RFC8410AlgorithmIdentifier.swift
[1463/1615] Compiling CryptoExtras ECToolbox_boring.swift
[1464/1615] Compiling CryptoExtras ECToolbox.swift
[1465/1615] Compiling CryptoExtras HashToField.swift
[1466/1615] Compiling CryptoExtras KDF.swift
[1467/1615] Compiling CryptoExtras PBKDF2_boring.swift
[1468/1615] Compiling CryptoExtras PBKDF2_commoncrypto.swift
[1469/1615] Compiling CryptoExtras PBKDF2.swift
[1470/1615] Compiling CryptoExtras Scrypt_boring.swift
[1471/1615] Compiling CryptoExtras Scrypt.swift
[1472/1615] Compiling CryptoExtras OPRF.swift
[1473/1615] Compiling CryptoExtras OPRFClient.swift
[1474/1615] Compiling CryptoExtras OPRFServer.swift
[1475/1615] Compiling CryptoExtras VOPRF+API.swift
[1476/1615] Compiling CryptoExtras VOPRFClient.swift
[1477/1615] Compiling CryptoExtras VOPRFServer.swift
[1478/1615] Compiling CryptoExtras ThreadOps.swift
[1479/1615] Compiling CryptoExtras ThreadPosix.swift
[1480/1615] Compiling CryptoExtras ThreadSpecific.swift
[1481/1615] Compiling CryptoExtras ThreadWindows.swift
[1482/1615] Compiling CryptoExtras DLEQ.swift
[1483/1615] Compiling CryptoExtras Prover.swift
[1484/1615] Compiling CryptoExtras Verifier.swift
[1485/1615] Compiling CryptoExtras ZKPToolbox.swift
[1486/1615] Compiling CryptoExtras AES_CBC.swift
[1487/1615] Compiling CryptoExtras AES_CFB.swift
[1488/1615] Compiling CryptoExtras AES_CTR.swift
[1489/1615] Compiling CryptoExtras AES_GCM_SIV.swift
[1490/1615] Compiling CryptoExtras Block Function.swift
[1491/1615] Compiling CryptoExtras AES_CBC_boring.swift
[1492/1615] Compiling CryptoExtras AES_CFB_boring.swift
[1493/1615] Compiling CryptoExtras AES_CTR_boring.swift
[1494/1615] Compiling CryptoExtras AES_GCM_SIV_boring.swift
[1495/1615] Compiling CryptoExtras CMAC.swift
[1496/1615] Compiling CryptoExtras ARC+API.swift
[1497/1615] Compiling CryptoExtras ARC.swift
[1498/1615] Compiling CryptoExtras ARCCredential.swift
[1499/1615] Compiling CryptoExtras ARCEncoding.swift
[1500/1615] Compiling CryptoExtras ARCPrecredential.swift
[1501/1615] Compiling CryptoExtras ARCPresentation.swift
[1502/1615] Compiling CryptoExtras ARCRequest.swift
[1503/1615] Compiling CryptoExtras ARCResponse.swift
[1504/1615] Compiling CryptoExtras BoringSSLPassphraseCallbackManager.swift
[1505/1615] Compiling CryptoExtras RSA+BlindSigning.swift
[1506/1615] Compiling CryptoExtras RSA.swift
[1507/1615] Compiling CryptoExtras RSA_boring.swift
[1508/1615] Compiling CryptoExtras Reexport.swift
[1509/1615] Compiling CryptoExtras Zeroization_boring.swift
[1510/1615] Compiling CryptoExtras BoringSSLHelpers.swift
[1511/1615] Compiling CryptoExtras CryptoKitErrors_boring.swift
[1512/1615] Compiling CryptoExtras ARCServer.swift
[1513/1615] Compiling CryptoExtras ChaCha20CTR_boring.swift
[1514/1615] Compiling CryptoExtras ChaCha20CTR.swift
[1515/1615] Compiling CryptoExtras BoringSSLSHA512256Context.swift
[1516/1615] Compiling CryptoExtras BoringSSLSHA512256HashFunction.swift
[1517/1615] Compiling CryptoExtras SHA512256.swift
[1518/1615] Compiling CryptoExtras SHA512256Digest.swift
[1519/1615] Compiling CryptoExtras Curve25519+PEM.swift
[1520/1615] Compiling CryptoExtras ObjectIdentifier.swift
[1521/1616] Wrapping AST for CryptoExtras for debugging
[1523/1618] Emitting module _CryptoExtras
[1524/1618] Compiling _CryptoExtras Exports.swift
[1525/1619] Wrapping AST for _CryptoExtras for debugging
[1527/1668] Emitting module NIOCore
[1528/1714] Compiling X509 DNBuilder.swift
[1529/1714] Compiling X509 NameConstraints.swift
[1530/1714] Compiling X509 SubjectAlternativeName.swift
[1531/1714] Compiling X509 SubjectKeyIdentifier.swift
[1532/1714] Compiling X509 Extension.swift
[1533/1714] Compiling X509 Extensions.swift
[1534/1714] Compiling X509 ExtensionsBuilder.swift
[1535/1714] Compiling X509 GeneralName.swift
[1536/1714] Compiling X509 Lock.swift
[1537/1722] Wrapping AST for NIOCore for debugging
[1539/1772] Compiling NIOFoundationEssentialsCompat Codable+ByteBuffer.swift
[1540/1772] Compiling NIOFoundationEssentialsCompat ByteBuffer-foundation.swift
[1541/1772] Emitting module NIOFoundationEssentialsCompat
[1542/1773] Wrapping AST for NIOFoundationEssentialsCompat for debugging
[1544/1773] Compiling NIOEmbedded AsyncTestingEventLoop.swift
[1545/1773] Compiling NIOEmbedded Embedded.swift
[1546/1773] Emitting module NIOEmbedded
[1547/1773] Compiling NIOEmbedded AsyncTestingChannel.swift
[1548/1774] Wrapping AST for NIOEmbedded for debugging
[1550/1774] Compiling NIOPosix BSDSocketAPICommon.swift
[1551/1774] Compiling NIOPosix BSDSocketAPIPosix.swift
[1552/1774] Compiling NIOPosix BSDSocketAPIWindows.swift
[1553/1774] Compiling NIOPosix BaseSocket.swift
[1554/1774] Compiling NIOPosix BaseSocketChannel+AccessibleTransport.swift
[1555/1774] Compiling NIOPosix BaseSocketChannel+SocketOptionProvider.swift
[1556/1774] Compiling NIOPosix BaseSocketChannel.swift
[1557/1774] Compiling NIOPosix BaseStreamSocketChannel.swift
[1558/1774] Compiling NIOPosix Bootstrap.swift
[1559/1774] Compiling NIOPosix ControlMessage.swift
[1560/1774] Compiling NIOPosix DatagramVectorReadManager.swift
[1561/1774] Compiling NIOPosix Errors+Any.swift
[1562/1774] Compiling NIOPosix FileDescriptor.swift
[1563/1774] Compiling NIOPosix GetaddrinfoResolver.swift
[1564/1787] Compiling X509 OneOfPolicies.swift
[1565/1787] Compiling X509 PolicyBuilder.swift
[1566/1787] Compiling X509 BasicConstraintsPolicy.swift
[1567/1787] Compiling X509 DNSNames.swift
[1568/1787] Compiling X509 ExpiryPolicy.swift
[1569/1787] Compiling X509 IPConstraints.swift
[1570/1787] Compiling X509 NameConstraintsPolicy.swift
[1571/1787] Compiling X509 RFC5280Policy.swift
[1572/1787] Compiling X509 URIConstraints.swift
[1573/1787] Compiling X509 VersionPolicy.swift
[1574/1787] Compiling X509 ServerIdentityPolicy.swift
[1575/1787] Compiling X509 TrustRootLoading.swift
[1576/1787] Compiling X509 UnverifiedChain.swift
[1577/1787] Compiling X509 PKCS8PrivateKey.swift
[1578/1787] Compiling X509 PromiseAndFuture.swift
[1579/1787] Compiling X509 RDNAttribute.swift
[1580/1787] Compiling X509 RandomNumberGenerator+bytes.swift
[1581/1787] Compiling X509 RelativeDistinguishedName.swift
[1582/1787] Compiling X509 SEC1PrivateKey.swift
[1583/1787] Compiling X509 SecKeyWrapper.swift
[1584/1787] Compiling X509 Signature.swift
[1585/1787] Compiling X509 SignatureAlgorithm.swift
[1586/1787] Compiling X509 AllOfPolicies.swift
[1587/1787] Compiling X509 AnyPolicy.swift
[1588/1787] Compiling X509 CertificateStore.swift
[1589/1787] Compiling X509 CustomCertificateStore.swift
[1590/1787] Compiling X509 OCSPExtensionID.swift
[1591/1787] Compiling X509 OCSPNonce.swift
[1592/1787] Compiling X509 OCSPPolicy.swift
[1593/1787] Compiling X509 OCSPRequest.swift
[1594/1787] Compiling X509 OCSPResponse.swift
[1595/1787] Compiling X509 OCSPResponseBytes.swift
[1596/1787] Compiling X509 OCSPResponseData.swift
[1597/1787] Compiling X509 OCSPResponseStatus.swift
[1598/1787] Compiling X509 OCSPSignature.swift
[1599/1787] Compiling X509 OCSPSingleRequest.swift
[1600/1787] Compiling X509 OCSPSingleResponse.swift
[1601/1787] Compiling X509 OCSPTBSRequest.swift
[1602/1787] Compiling X509 OCSPVersion.swift
[1603/1787] Compiling NIOPosix SelectorWSAPoll.swift
[1604/1787] Compiling NIOPosix ServerSocket.swift
[1605/1787] Compiling NIOPosix Socket.swift
[1606/1787] Compiling NIOPosix SocketChannel.swift
[1607/1787] Compiling NIOPosix SocketProtocols.swift
[1608/1787] Compiling NIOPosix StructuredConcurrencyHelpers.swift
[1609/1787] Compiling NIOPosix System.swift
[1617/1787] Emitting module NIOPosix
[1618/1794] Compiling NIOPosix Selectable.swift
[1619/1794] Compiling NIOPosix SelectableChannel.swift
[1620/1794] Compiling NIOPosix SelectableEventLoop.swift
[1621/1794] Compiling NIOPosix SelectorEpoll.swift
[1622/1794] Compiling NIOPosix SelectorGeneric.swift
[1623/1794] Compiling NIOPosix SelectorKqueue.swift
[1624/1794] Compiling NIOPosix SelectorUring.swift
[1625/1794] Compiling NIOPosix PipeChannel.swift
[1626/1794] Compiling NIOPosix PipePair.swift
[1627/1794] Compiling NIOPosix Pool.swift
[1628/1794] Compiling NIOPosix PosixSingletons+ConcurrencyTakeOver.swift
[1629/1794] Compiling NIOPosix PosixSingletons.swift
[1630/1794] Compiling NIOPosix RawSocketBootstrap.swift
[1631/1794] Compiling NIOPosix Resolver.swift
[1645/1794] Compiling NIOPosix HappyEyeballs.swift
[1646/1794] Compiling NIOPosix IO.swift
[1647/1794] Compiling NIOPosix IntegerBitPacking.swift
[1648/1794] Compiling NIOPosix IntegerTypes.swift
[1649/1794] Compiling NIOPosix Linux.swift
[1650/1794] Compiling NIOPosix LinuxCPUSet.swift
[1651/1794] Compiling NIOPosix LinuxUring.swift
[1652/1794] Compiling NIOPosix MultiThreadedEventLoopGroup.swift
[1653/1794] Compiling NIOPosix NIOPosixSendableMetatype.swift
[1654/1794] Compiling NIOPosix NIORandomizedDNSResolver.swift
[1655/1794] Compiling NIOPosix NIOThreadPool.swift
[1656/1794] Compiling NIOPosix NonBlockingFileIO.swift
[1657/1794] Compiling NIOPosix PendingDatagramWritesManager.swift
[1658/1794] Compiling NIOPosix PendingWritesManager.swift
[1667/1794] Compiling NIOPosix Thread.swift
[1668/1794] Compiling NIOPosix ThreadPosix.swift
[1669/1794] Compiling NIOPosix ThreadWindows.swift
[1670/1794] Compiling NIOPosix Utilities.swift
[1671/1794] Compiling NIOPosix VsockAddress.swift
[1672/1794] Compiling NIOPosix VsockChannelEvents.swift
[1686/1794] Compiling NIOPosix Windows.swift
[1687/1794] Emitting module X509
[1702/1795] Wrapping AST for NIOPosix for debugging
[1704/1797] Emitting module NIO
[1705/1797] Compiling NIO Exports.swift
[1706/1798] Wrapping AST for NIO for debugging
[1708/1837] Compiling NIOSOCKS SelectedAuthenticationMethod.swift
[1709/1838] Emitting module NIOFoundationCompat
[1710/1838] Compiling NIOTLS TLSEvents.swift
[1711/1838] Compiling NIOTLS NIOTypedApplicationProtocolNegotiationHandler.swift
[1712/1838] Compiling NIOFoundationCompat WaitSpinningRunLoop.swift
[1713/1838] Compiling NIOFoundationCompat Exports.swift
[1714/1838] Compiling NIOFoundationCompat JSONSerialization+ByteBuffer.swift
[1715/1838] Compiling NIOSOCKS SOCKSResponse.swift
[1716/1838] Compiling NIOSOCKS ClientStateMachine.swift
[1718/1839] Compiling NIOSOCKS ServerStateMachine.swift
[1718/1839] Wrapping AST for NIOFoundationCompat for debugging
[1720/1839] Emitting module NIOSOCKS
[1721/1839] Compiling NIOSOCKS Messages.swift
[1722/1839] Compiling NIOSOCKS SOCKSRequest.swift
[1723/1839] Compiling X509 ValidatedCertificateChain.swift
[1724/1839] Compiling X509 VerificationDiagnostic.swift
[1725/1839] Compiling X509 Verifier.swift
[1726/1839] Compiling X509 VerifierPolicy.swift
[1727/1839] Compiling X509 AlgorithmIdentifier.swift
[1728/1839] Compiling X509 ECDSASignature.swift
[1729/1839] Compiling X509 RSAPKCS1PublicKey.swift
[1730/1839] Compiling X509 SubjectPublicKeyInfo.swift
[1731/1839] Compiling X509 TBSCertificate.swift
[1732/1839] Compiling X509 Time.swift
[1733/1839] Compiling X509 TimeCalculations.swift
[1734/1839] Compiling X509 Validity.swift
[1735/1839] Compiling X509 X509SendableMetatype.swift
[1736/1839] Compiling NIOSOCKS Errors.swift
[1737/1839] Compiling NIOSOCKS Helpers.swift
[1738/1839] Compiling NIOSOCKS SOCKSClientHandler.swift
[1739/1839] Compiling NIOSOCKS SOCKSServerHandshakeHandler.swift
[1740/1839] Compiling NIOSOCKS AuthenticationMethod.swift
[1741/1839] Compiling NIOSOCKS ClientGreeting.swift
[1743/1841] Wrapping AST for NIOSOCKS for debugging
[1745/1841] Emitting module NIOTLS
[1746/1841] Compiling NIOTLS ApplicationProtocolNegotiationHandler.swift
[1747/1841] Compiling NIOTLS ProtocolNegotiationHandlerStateMachine.swift
[1748/1841] Compiling NIOTLS SNIHandler.swift
[1748/1842] Wrapping AST for X509 for debugging
[1751/1847] Emitting module NIOHTTP1
[1751/1897] Wrapping AST for NIOTLS for debugging
[1753/1941] Compiling NIOSSL SSLCallbacks.swift
[1754/1941] Compiling NIOSSL SSLCertificate.swift
[1755/1941] Compiling NIOSSL SSLCertificateExtensions.swift
[1756/1941] Compiling NIOSSL SSLCertificateName.swift
[1757/1941] Compiling NIOSSL ObjectIdentifier.swift
[1758/1941] Compiling NIOSSL PosixPort.swift
[1763/1941] Compiling NIOSSL SSLConnection.swift
[1764/1941] Compiling NIOSSL SSLPrivateKey.swift
[1765/1941] Compiling NIOSSL SSLPublicKey.swift
[1766/1941] Compiling NIOSSL SecurityFrameworkCertificateVerification.swift
[1767/1950] Emitting module JWTKit
[1768/1950] Compiling NIOSSL LinuxCABundle.swift
[1769/1950] Compiling NIOSSL NIOSSLClientHandler.swift
[1772/1950] Compiling NIOSSL FreeBSDCABundle.swift
[1773/1950] Compiling NIOSSL IdentityVerification.swift
[1774/1950] Compiling JWTKit MLDSAType.swift
[1775/1950] Compiling JWTKit JWTKeyCollection+UnsecuredNone.swift
[1776/1950] Compiling JWTKit UnsecuredNoneSigner.swift
[1777/1950] Compiling JWTKit JWTKeyCollection+RSA.swift
[1778/1950] Compiling JWTKit RSA.swift
[1779/1950] Compiling JWTKit RSAError.swift
[1780/1950] Compiling JWTKit RSASigner.swift
[1781/1950] Compiling JWTKit Base64URL.swift
[1782/1950] Compiling JWTKit CryptoSigner.swift
[1783/1950] Compiling NIOSSL AndroidCABundle.swift
[1784/1950] Compiling NIOSSL ByteBufferBIO.swift
[1785/1950] Compiling NIOSSL CustomPrivateKey.swift
[1786/1950] Compiling NIOSSL NIOSSLHandler+Configuration.swift
[1787/1950] Compiling NIOSSL NIOSSLHandler.swift
[1788/1950] Compiling NIOSSL NIOSSLServerHandler.swift
[1789/1950] Compiling JWTKit JWTSerializer.swift
[1790/1950] Compiling JWTKit JWTSigner.swift
[1791/1950] Compiling JWTKit JWTKeyCollection+MLDSA.swift
[1792/1950] Compiling JWTKit MLDSA.swift
[1793/1950] Compiling JWTKit MLDSA65+MLDSAKey.swift
[1794/1950] Compiling JWTKit MLDSA87+MLDSAKey.swift
[1795/1950] Compiling JWTKit MLDSAError.swift
[1796/1950] Compiling JWTKit MLDSAKey.swift
[1797/1950] Compiling JWTKit MLDSASigner.swift
[1800/1951] Wrapping AST for NIOHTTP1 for debugging
[1802/1968] Compiling NIOHPACK DynamicHeaderTable.swift
[1803/1968] Compiling NIOHPACK HPACKDecoder.swift
[1804/1968] Compiling NIOHPACK HPACKEncoder.swift
[1805/1968] Compiling NIOHPACK HPACKErrors.swift
[1806/1968] Compiling NIOHPACK HPACKHeader.swift
[1807/1968] Compiling NIOHPACK HeaderTables.swift
[1812/1968] Compiling JWTKit HMAC.swift
[1813/1968] Compiling JWTKit HMACError.swift
[1814/1968] Compiling JWTKit HMACSigner.swift
[1815/1968] Compiling JWTKit JWTKeyCollection+HMAC.swift
[1816/1968] Compiling JWTKit Insecure.swift
[1817/1968] Compiling JWTKit JWK.swift
[1818/1968] Compiling JWTKit JWKIdentifier.swift
[1819/1968] Compiling JWTKit JWKS.swift
[1820/1968] Compiling JWTKit JWKSigner.swift
[1821/1968] Compiling JWTKit JWTAlgorithm.swift
[1822/1968] Compiling JWTKit JWTError.swift
[1823/1968] Compiling JWTKit JWTHeader+CommonFields.swift
[1824/1968] Compiling JWTKit JWTHeader.swift
[1825/1968] Compiling JWTKit JWTHeaderField.swift
[1826/1968] Compiling JWTKit JWTKeyCollection.swift
[1827/1968] Compiling JWTKit JWTParser+MandatoryVerificationFields.swift
[1828/1968] Compiling JWTKit JWTParser.swift
[1829/1968] Compiling JWTKit JWTPayload.swift
[1830/1968] Compiling NIOSSL String+unsafeUninitializedCapacity.swift
[1831/1968] Compiling NIOSSL SSLContext.swift
[1832/1968] Compiling NIOSSL SSLErrors.swift
[1833/1968] Compiling NIOSSL SSLInit.swift
[1834/1968] Compiling NIOSSL SSLPKCS12Bundle.swift
[1835/1968] Compiling NIOSSL SubjectAlternativeName.swift
[1836/1968] Compiling NIOSSL NIOSSLSecureBytes.swift
[1837/1968] Compiling NIOSSL RNG.swift
[1838/1968] Compiling NIOSSL SafeCompare.swift
[1839/1968] Compiling JWTKit ECDSASigner.swift
[1840/1968] Compiling NIOHPACK IntegerCoding.swift
[1841/1968] Compiling NIOHPACK IndexedHeaderTable.swift
[1846/1973] Emitting module NIOHTTPCompression
[1847/1973] Compiling NIOHPACK HuffmanTables.swift
[1856/1973] Compiling NIOHTTPCompression HTTPRequestCompressor.swift
[1857/1973] Compiling NIOHTTPCompression HTTPResponseCompressor.swift
[1858/1973] Compiling NIOHTTPCompression HTTPDecompressor.swift
[1859/1973] Compiling NIOHPACK StaticHeaderTable.swift
[1860/1973] Compiling NIOHTTPCompression HTTPCompression.swift
[1861/1973] Compiling NIOHTTPCompression HTTPDecompression.swift
[1863/1974] Compiling NIOHPACK HuffmanCoding.swift
[1873/1974] Emitting module NIOSSL
[1873/1974] Wrapping AST for NIOHTTPCompression for debugging
[1875/1974] Emitting module NIOHPACK
[1891/1975] Compiling JWTKit CustomizedJSONCoders.swift
[1892/1975] Compiling JWTKit Utilities.swift
[1893/1975] Compiling JWTKit AppleIdentityToken.swift
[1894/1975] Compiling JWTKit FirebaseAuthIdentityToken.swift
[1895/1975] Compiling JWTKit GoogleIdentityToken.swift
[1896/1975] Compiling JWTKit MicrosoftIdentityToken.swift
[1897/1975] Compiling JWTKit EmptyPolicy.swift
[1898/1975] Compiling JWTKit ValidationTimePayload.swift
[1899/1975] Compiling JWTKit X5CVerifier.swift
[1900/1976] Wrapping AST for NIOHPACK for debugging
[1901/2039] Wrapping AST for JWTKit for debugging
[1903/2039] Compiling NIOHTTP2 HTTP2CommonInboundStreamMultiplexer.swift
[1904/2039] Compiling NIOHTTP2 HTTP2ConnectionStateChange.swift
[1905/2039] Compiling NIOHTTP2 HTTP2Error.swift
[1906/2039] Compiling NIOHTTP2 HTTP2ErrorCode.swift
[1907/2040] Wrapping AST for NIOSSL for debugging
[1909/2040] Emitting module NIOHTTP2
[1910/2048] Compiling NIOHTTP2 DOSHeuristics.swift
[1911/2048] Compiling NIOHTTP2 Error+Any.swift
[1912/2048] Compiling NIOHTTP2 ConcurrentStreamBuffer.swift
[1913/2048] Compiling NIOHTTP2 ControlFrameBuffer.swift
[1914/2048] Compiling NIOHTTP2 OutboundFlowControlBuffer.swift
[1915/2048] Compiling NIOHTTP2 OutboundFrameBuffer.swift
[1916/2048] Compiling NIOHTTP2 GlitchesMonitor.swift
[1917/2048] Compiling NIOHTTP2 HPACKHeaders+Validation.swift
[1918/2048] Compiling NIOHTTP2 HTTP2ChannelHandler+InboundStreamMultiplexer.swift
[1919/2048] Compiling NIOHTTP2 ConnectionStateMachine.swift
[1920/2048] Compiling NIOHTTP2 ConnectionStreamsState.swift
[1921/2048] Compiling NIOHTTP2 MayReceiveFrames.swift
[1922/2048] Compiling NIOHTTP2 ReceivingDataState.swift
[1923/2048] Compiling NIOHTTP2 ReceivingGoAwayState.swift
[1924/2048] Compiling NIOHTTP2 ReceivingHeadersState.swift
[1925/2048] Compiling NIOHTTP2 ReceivingPushPromiseState.swift
[1926/2048] Compiling NIOHTTP2 ReceivingRstStreamState.swift
[1927/2048] Compiling NIOHTTP2 ReceivingWindowUpdateState.swift
[1928/2048] Compiling NIOHTTP2 NIOHTTP2ServerConnectionManagementHandler.swift
[1929/2048] Compiling NIOHTTP2 StreamChannelFlowController.swift
[1930/2048] Compiling NIOHTTP2 StreamChannelList.swift
[1931/2048] Compiling NIOHTTP2 StreamMap.swift
[1932/2048] Compiling NIOHTTP2 StreamStateMachine.swift
[1933/2048] Compiling NIOHTTP2 Timer.swift
[1934/2048] Compiling NIOHTTP2 UnsafeTransfer.swift
[1935/2048] Compiling NIOHTTP2 WatermarkedFlowController.swift
[1936/2048] Compiling NIOHTTP2 HasFlowControlWindows.swift
[1937/2048] Compiling NIOHTTP2 HasLocalSettings.swift
[1938/2048] Compiling NIOHTTP2 HasRemoteSettings.swift
[1939/2048] Compiling NIOHTTP2 LocallyQuiescingState.swift
[1940/2048] Compiling NIOHTTP2 QuiescingState.swift
[1941/2048] Compiling NIOHTTP2 RemotelyQuiescingState.swift
[1942/2048] Compiling NIOHTTP2 SendAndReceiveGoawayState.swift
[1943/2048] Compiling NIOHTTP2 StateMachineResult.swift
[1944/2048] Compiling NIOHTTP2 ContentLengthVerifier.swift
[1945/2048] Compiling NIOHTTP2 MaySendFrames.swift
[1946/2048] Compiling NIOHTTP2 SendingDataState.swift
[1947/2048] Compiling NIOHTTP2 SendingGoawayState.swift
[1948/2048] Compiling NIOHTTP2 SendingHeadersState.swift
[1949/2048] Compiling NIOHTTP2 SendingPushPromiseState.swift
[1950/2048] Compiling NIOHTTP2 SendingRstStreamState.swift
[1951/2048] Compiling NIOHTTP2 SendingWindowUpdateState.swift
[1952/2048] Compiling NIOHTTP2 HTTP2SettingsState.swift
[1953/2048] Compiling NIOHTTP2 HasExtendedConnectSettings.swift
[1954/2048] Compiling NIOHTTP2 HTTP2FrameParser.swift
[1955/2048] Compiling NIOHTTP2 HTTP2PingData.swift
[1956/2048] Compiling NIOHTTP2 HTTP2PipelineHelpers.swift
[1957/2048] Compiling NIOHTTP2 HTTP2Settings.swift
[1958/2048] Compiling NIOHTTP2 HTTP2Stream.swift
[1959/2048] Compiling NIOHTTP2 HTTP2StreamChannel+OutboundStreamMultiplexer.swift
[1960/2048] Compiling NIOHTTP2 HTTP2StreamChannel.swift
[1961/2048] Compiling NIOHTTP2 HTTP2StreamDelegate.swift
[1962/2048] Compiling NIOHTTP2 HTTP2StreamID.swift
[1963/2048] Compiling NIOHTTP2 HTTP2StreamMultiplexer.swift
[1964/2048] Compiling NIOHTTP2 HTTP2ToHTTP1Codec.swift
[1965/2048] Compiling NIOHTTP2 HTTP2UserEvents.swift
[1966/2048] Compiling NIOHTTP2 InboundEventBuffer.swift
[1967/2048] Compiling NIOHTTP2 InboundWindowManager.swift
[1968/2048] Compiling NIOHTTP2 MultiplexerAbstractChannel.swift
[1969/2048] Compiling NIOHTTP2 NIOHTTP2FrameDelegate.swift
[1970/2048] Compiling NIOHTTP2 NIOHTTP2ServerConnectionManagementHandler+StateMachine.swift
[1971/2048] Compiling NIOHTTP2 HTTP2ChannelHandler+InlineStreamMultiplexer.swift
[1972/2048] Compiling NIOHTTP2 HTTP2ChannelHandler.swift
[1977/2048] Compiling NIOHTTP2 HTTP2FlowControlWindow.swift
[1978/2048] Compiling NIOHTTP2 HTTP2Frame.swift
[1979/2048] Compiling NIOHTTP2 HTTP2FrameEncoder.swift
[1980/2049] Wrapping AST for NIOHTTP2 for debugging
[1982/2113] Emitting module AsyncHTTPClient
[1983/2121] Compiling AsyncHTTPClient AnyAsyncSequence.swift
[1984/2121] Compiling AsyncHTTPClient AnyAsyncSequenceProucerDelete.swift
[1985/2121] Compiling AsyncHTTPClient AsyncLazySequence.swift
[1986/2121] Compiling AsyncHTTPClient HTTPClient+execute.swift
[1987/2121] Compiling AsyncHTTPClient HTTPClient+shutdown.swift
[1988/2121] Compiling AsyncHTTPClient HTTPClient+tracing.swift
[1989/2121] Compiling AsyncHTTPClient HTTPClientRequest+Prepared.swift
[1990/2121] Compiling AsyncHTTPClient HTTPClientRequest+auth.swift
[1991/2121] Compiling AsyncHTTPClient HTTPClientRequest.swift
[1992/2121] Compiling AsyncHTTPClient HTTPClientResponse.swift
[1993/2121] Compiling AsyncHTTPClient SingleIteratorPrecondition.swift
[1994/2121] Compiling AsyncHTTPClient Transaction+StateMachine.swift
[1995/2121] Compiling AsyncHTTPClient Transaction.swift
[1996/2121] Compiling AsyncHTTPClient Base64.swift
[1997/2121] Compiling AsyncHTTPClient BasicAuth.swift
[1998/2121] Compiling AsyncHTTPClient BestEffortHashableTLSConfiguration.swift
[1999/2121] Compiling AsyncHTTPClient Configuration+BrowserLike.swift
[2000/2121] Compiling AsyncHTTPClient ConnectionPool.swift
[2001/2121] Compiling AsyncHTTPClient LRUCache.swift
[2002/2121] Compiling AsyncHTTPClient NIOLoopBound+Execute.swift
[2003/2121] Compiling AsyncHTTPClient NWErrorHandler.swift
[2004/2121] Compiling AsyncHTTPClient NWWaitingHandler.swift
[2005/2121] Compiling AsyncHTTPClient TLSConfiguration.swift
[2006/2121] Compiling AsyncHTTPClient RedirectState.swift
[2007/2121] Compiling AsyncHTTPClient RequestBag+StateMachine.swift
[2008/2121] Compiling AsyncHTTPClient RequestBag+Tracing.swift
[2009/2121] Compiling AsyncHTTPClient RequestBag.swift
[2010/2121] Compiling AsyncHTTPClient HTTP1ProxyConnectHandler.swift
[2011/2121] Compiling AsyncHTTPClient SOCKSEventsHandler.swift
[2012/2121] Compiling AsyncHTTPClient TLSEventsHandler.swift
[2013/2121] Compiling AsyncHTTPClient HTTP1ClientChannelHandler.swift
[2014/2121] Compiling AsyncHTTPClient HTTP1Connection.swift
[2015/2121] Compiling AsyncHTTPClient HTTP1ConnectionStateMachine.swift
[2016/2121] Compiling AsyncHTTPClient HTTP2ClientRequestHandler.swift
[2017/2121] Compiling AsyncHTTPClient HTTP2Connection.swift
[2018/2121] Compiling AsyncHTTPClient HTTP2IdleHandler.swift
[2019/2121] Compiling AsyncHTTPClient RequestValidation.swift
[2020/2121] Compiling AsyncHTTPClient SSLContextCache.swift
[2021/2121] Compiling AsyncHTTPClient Scheme.swift
[2022/2121] Compiling AsyncHTTPClient Singleton.swift
[2023/2121] Compiling AsyncHTTPClient StringConvertibleInstances.swift
[2024/2121] Compiling AsyncHTTPClient StructuredConcurrencyHelpers.swift
[2025/2121] Compiling AsyncHTTPClient TracingSupport.swift
[2026/2121] Compiling AsyncHTTPClient Utils.swift
[2027/2121] Compiling AsyncHTTPClient HTTPConnectionEvent.swift
[2028/2121] Compiling AsyncHTTPClient HTTPConnectionPool+Factory.swift
[2029/2121] Compiling AsyncHTTPClient HTTPConnectionPool+Manager.swift
[2030/2121] Compiling AsyncHTTPClient HTTPConnectionPool.swift
[2031/2121] Compiling AsyncHTTPClient HTTPExecutableRequest.swift
[2032/2121] Compiling AsyncHTTPClient HTTPRequestStateMachine+Demand.swift
[2033/2121] Compiling AsyncHTTPClient HTTPRequestStateMachine.swift
[2034/2121] Compiling AsyncHTTPClient RequestBodyLength.swift
[2035/2121] Compiling AsyncHTTPClient RequestFramingMetadata.swift
[2036/2121] Compiling AsyncHTTPClient RequestOptions.swift
[2037/2121] Compiling AsyncHTTPClient HTTPConnectionPool+Backoff.swift
[2038/2121] Compiling AsyncHTTPClient HTTPConnectionPool+HTTP1Connections.swift
[2039/2121] Compiling AsyncHTTPClient HTTPConnectionPool+HTTP1StateMachine.swift
[2040/2121] Compiling AsyncHTTPClient HTTPConnectionPool+HTTP2Connections.swift
[2041/2121] Compiling AsyncHTTPClient HTTPConnectionPool+HTTP2StateMachine.swift
[2042/2121] Compiling AsyncHTTPClient HTTPConnectionPool+RequestQueue.swift
[2043/2121] Compiling AsyncHTTPClient HTTPConnectionPool+StateMachine.swift
[2044/2121] Compiling AsyncHTTPClient ConnectionTarget.swift
[2045/2121] Compiling AsyncHTTPClient DeconstructedURL.swift
[2046/2121] Compiling AsyncHTTPClient FileDownloadDelegate.swift
[2047/2121] Compiling AsyncHTTPClient FoundationExtensions.swift
[2048/2121] Compiling AsyncHTTPClient HTTPClient+HTTPCookie.swift
[2049/2121] Compiling AsyncHTTPClient HTTPClient+Proxy.swift
[2050/2121] Compiling AsyncHTTPClient HTTPClient+StructuredConcurrency.swift
[2051/2121] Compiling AsyncHTTPClient HTTPClient.swift
[2052/2121] Compiling AsyncHTTPClient HTTPClientConfiguration+SwiftConfiguration.swift
[2053/2121] Compiling AsyncHTTPClient HTTPHandler.swift
[2054/2122] Wrapping AST for AsyncHTTPClient for debugging
[2056/2145] Emitting module GoogleAuth
[2057/2148] Compiling GoogleAuth CredentialParserRegistry.swift
[2058/2148] Compiling GoogleAuth Credentials.swift
[2059/2148] Compiling GoogleAuth CredentialsError.swift
[2060/2148] Compiling GoogleAuth AnonymousCredentials.swift
[2061/2148] Compiling GoogleAuth ApiKeyCredentials.swift
[2062/2148] Compiling GoogleAuth ExternalAccountCredentials.swift
[2063/2148] Compiling GoogleAuth ServiceAccountCredentials.swift
[2064/2148] Compiling GoogleAuth ServiceAccountData.swift
[2065/2148] Compiling GoogleAuth ServiceAccountTokenProvider.swift
[2066/2148] Compiling GoogleAuth ADC.swift
[2067/2148] Compiling GoogleAuth ADCPath.swift
[2068/2148] Compiling GoogleAuth ADCResolver.swift
[2069/2148] Compiling GoogleAuth AuthHeaders.swift
[2070/2148] Compiling GoogleAuth SubjectTokenProvider.swift
[2071/2148] Compiling GoogleAuth MDSAccessTokenProvider.swift
[2072/2148] Compiling GoogleAuth MDSCredentials.swift
[2073/2148] Compiling GoogleAuth UserAccountData.swift
[2074/2148] Compiling GoogleAuth UserAccountTokenProvider.swift
[2075/2148] Compiling GoogleAuth UserCredentials.swift
[2076/2148] Compiling GoogleAuth AuthHTTPClient.swift
[2077/2148] Compiling GoogleAuth AuthHTTPError.swift
[2078/2148] Compiling GoogleAuth RetryEngine.swift
[2079/2148] Compiling GoogleAuth STSHandler.swift
[2080/2148] Compiling GoogleAuth TokenCache.swift
[2081/2148] Compiling GoogleAuth PackageVersion.swift
[2082/2149] Wrapping AST for GoogleAuth for debugging
[2084/2207] Compiling GoogleGax Pagination.swift
/host/spi-builder-workspace/.build/checkouts/swift-google-gax/Sources/GoogleGax/Pagination.swift:44:22: error: cannot convert '@Sendable (String) async throws -> (response: ResponseType, items: [Item], nextToken: String)' to 'nonisolated(nonsending) @Sendable (String) async throws -> (response: ResponseType, items: [Item], nextToken: String)' because crossing of an isolation boundary requires parameter and result types to conform to 'Sendable' protocol
42 | ) where ResponseType: _PaginatedResponse<Item> {
43 | self.initialPageToken = initialPageToken ?? ""
44 | self.fetchPage = { token in
| |- error: cannot convert '@Sendable (String) async throws -> (response: ResponseType, items: [Item], nextToken: String)' to 'nonisolated(nonsending) @Sendable (String) async throws -> (response: ResponseType, items: [Item], nextToken: String)' because crossing of an isolation boundary requires parameter and result types to conform to 'Sendable' protocol
| `- note: type 'Item' does not conform to 'Sendable' protocol
45 | let response = try await listRpc(token)
46 | return (response, response._getPaginatedItems(), response._nextPageToken())
[2085/2207] Compiling GoogleGax PollingBackoffPolicy.swift
/host/spi-builder-workspace/.build/checkouts/swift-google-gax/Sources/GoogleGax/Pagination.swift:44:22: error: cannot convert '@Sendable (String) async throws -> (response: ResponseType, items: [Item], nextToken: String)' to 'nonisolated(nonsending) @Sendable (String) async throws -> (response: ResponseType, items: [Item], nextToken: String)' because crossing of an isolation boundary requires parameter and result types to conform to 'Sendable' protocol
42 | ) where ResponseType: _PaginatedResponse<Item> {
43 | self.initialPageToken = initialPageToken ?? ""
44 | self.fetchPage = { token in
| |- error: cannot convert '@Sendable (String) async throws -> (response: ResponseType, items: [Item], nextToken: String)' to 'nonisolated(nonsending) @Sendable (String) async throws -> (response: ResponseType, items: [Item], nextToken: String)' because crossing of an isolation boundary requires parameter and result types to conform to 'Sendable' protocol
| `- note: type 'Item' does not conform to 'Sendable' protocol
45 | let response = try await listRpc(token)
46 | return (response, response._getPaginatedItems(), response._nextPageToken())
[2086/2207] Compiling GoogleGax PollingErrorPolicy.swift
/host/spi-builder-workspace/.build/checkouts/swift-google-gax/Sources/GoogleGax/Pagination.swift:44:22: error: cannot convert '@Sendable (String) async throws -> (response: ResponseType, items: [Item], nextToken: String)' to 'nonisolated(nonsending) @Sendable (String) async throws -> (response: ResponseType, items: [Item], nextToken: String)' because crossing of an isolation boundary requires parameter and result types to conform to 'Sendable' protocol
42 | ) where ResponseType: _PaginatedResponse<Item> {
43 | self.initialPageToken = initialPageToken ?? ""
44 | self.fetchPage = { token in
| |- error: cannot convert '@Sendable (String) async throws -> (response: ResponseType, items: [Item], nextToken: String)' to 'nonisolated(nonsending) @Sendable (String) async throws -> (response: ResponseType, items: [Item], nextToken: String)' because crossing of an isolation boundary requires parameter and result types to conform to 'Sendable' protocol
| `- note: type 'Item' does not conform to 'Sendable' protocol
45 | let response = try await listRpc(token)
46 | return (response, response._getPaginatedItems(), response._nextPageToken())
[2087/2207] Compiling GoogleGax PollingResult.swift
/host/spi-builder-workspace/.build/checkouts/swift-google-gax/Sources/GoogleGax/Pagination.swift:44:22: error: cannot convert '@Sendable (String) async throws -> (response: ResponseType, items: [Item], nextToken: String)' to 'nonisolated(nonsending) @Sendable (String) async throws -> (response: ResponseType, items: [Item], nextToken: String)' because crossing of an isolation boundary requires parameter and result types to conform to 'Sendable' protocol
42 | ) where ResponseType: _PaginatedResponse<Item> {
43 | self.initialPageToken = initialPageToken ?? ""
44 | self.fetchPage = { token in
| |- error: cannot convert '@Sendable (String) async throws -> (response: ResponseType, items: [Item], nextToken: String)' to 'nonisolated(nonsending) @Sendable (String) async throws -> (response: ResponseType, items: [Item], nextToken: String)' because crossing of an isolation boundary requires parameter and result types to conform to 'Sendable' protocol
| `- note: type 'Item' does not conform to 'Sendable' protocol
45 | let response = try await listRpc(token)
46 | return (response, response._getPaginatedItems(), response._nextPageToken())
[2088/2207] Compiling GoogleGax PollingState.swift
/host/spi-builder-workspace/.build/checkouts/swift-google-gax/Sources/GoogleGax/Pagination.swift:44:22: error: cannot convert '@Sendable (String) async throws -> (response: ResponseType, items: [Item], nextToken: String)' to 'nonisolated(nonsending) @Sendable (String) async throws -> (response: ResponseType, items: [Item], nextToken: String)' because crossing of an isolation boundary requires parameter and result types to conform to 'Sendable' protocol
42 | ) where ResponseType: _PaginatedResponse<Item> {
43 | self.initialPageToken = initialPageToken ?? ""
44 | self.fetchPage = { token in
| |- error: cannot convert '@Sendable (String) async throws -> (response: ResponseType, items: [Item], nextToken: String)' to 'nonisolated(nonsending) @Sendable (String) async throws -> (response: ResponseType, items: [Item], nextToken: String)' because crossing of an isolation boundary requires parameter and result types to conform to 'Sendable' protocol
| `- note: type 'Item' does not conform to 'Sendable' protocol
45 | let response = try await listRpc(token)
46 | return (response, response._getPaginatedItems(), response._nextPageToken())
[2089/2207] Compiling GoogleGax ProtobufConversionError.swift
/host/spi-builder-workspace/.build/checkouts/swift-google-gax/Sources/GoogleGax/Pagination.swift:44:22: error: cannot convert '@Sendable (String) async throws -> (response: ResponseType, items: [Item], nextToken: String)' to 'nonisolated(nonsending) @Sendable (String) async throws -> (response: ResponseType, items: [Item], nextToken: String)' because crossing of an isolation boundary requires parameter and result types to conform to 'Sendable' protocol
42 | ) where ResponseType: _PaginatedResponse<Item> {
43 | self.initialPageToken = initialPageToken ?? ""
44 | self.fetchPage = { token in
| |- error: cannot convert '@Sendable (String) async throws -> (response: ResponseType, items: [Item], nextToken: String)' to 'nonisolated(nonsending) @Sendable (String) async throws -> (response: ResponseType, items: [Item], nextToken: String)' because crossing of an isolation boundary requires parameter and result types to conform to 'Sendable' protocol
| `- note: type 'Item' does not conform to 'Sendable' protocol
45 | let response = try await listRpc(token)
46 | return (response, response._getPaginatedItems(), response._nextPageToken())
[2090/2207] Compiling GoogleGax QueryParameter.swift
/host/spi-builder-workspace/.build/checkouts/swift-google-gax/Sources/GoogleGax/Pagination.swift:44:22: error: cannot convert '@Sendable (String) async throws -> (response: ResponseType, items: [Item], nextToken: String)' to 'nonisolated(nonsending) @Sendable (String) async throws -> (response: ResponseType, items: [Item], nextToken: String)' because crossing of an isolation boundary requires parameter and result types to conform to 'Sendable' protocol
42 | ) where ResponseType: _PaginatedResponse<Item> {
43 | self.initialPageToken = initialPageToken ?? ""
44 | self.fetchPage = { token in
| |- error: cannot convert '@Sendable (String) async throws -> (response: ResponseType, items: [Item], nextToken: String)' to 'nonisolated(nonsending) @Sendable (String) async throws -> (response: ResponseType, items: [Item], nextToken: String)' because crossing of an isolation boundary requires parameter and result types to conform to 'Sendable' protocol
| `- note: type 'Item' does not conform to 'Sendable' protocol
45 | let response = try await listRpc(token)
46 | return (response, response._getPaginatedItems(), response._nextPageToken())
[2091/2207] Compiling GoogleGax RequestError.swift
/host/spi-builder-workspace/.build/checkouts/swift-google-gax/Sources/GoogleGax/Pagination.swift:44:22: error: cannot convert '@Sendable (String) async throws -> (response: ResponseType, items: [Item], nextToken: String)' to 'nonisolated(nonsending) @Sendable (String) async throws -> (response: ResponseType, items: [Item], nextToken: String)' because crossing of an isolation boundary requires parameter and result types to conform to 'Sendable' protocol
42 | ) where ResponseType: _PaginatedResponse<Item> {
43 | self.initialPageToken = initialPageToken ?? ""
44 | self.fetchPage = { token in
| |- error: cannot convert '@Sendable (String) async throws -> (response: ResponseType, items: [Item], nextToken: String)' to 'nonisolated(nonsending) @Sendable (String) async throws -> (response: ResponseType, items: [Item], nextToken: String)' because crossing of an isolation boundary requires parameter and result types to conform to 'Sendable' protocol
| `- note: type 'Item' does not conform to 'Sendable' protocol
45 | let response = try await listRpc(token)
46 | return (response, response._getPaginatedItems(), response._nextPageToken())
[2092/2215] Compiling GoogleGax AIP194+PollingErrorPolicy.swift
[2093/2215] Compiling GoogleGax AIP194+RetryPolicy.swift
[2094/2215] Compiling GoogleGax AIP194.swift
[2095/2215] Compiling GoogleGax AdaptiveThrottler.swift
[2096/2215] Compiling GoogleGax AlwaysPoll.swift
[2097/2215] Compiling GoogleGax AlwaysRetry.swift
[2098/2215] Compiling GoogleGax ApiClientHeader.swift
[2099/2215] Compiling GoogleGax BackoffPolicy.swift
[2100/2215] Compiling GoogleGax BasePollingErrorPolicy.swift
[2101/2215] Compiling GoogleGax LimitedAttemptCount+PollingErrorPolicy.swift
[2102/2215] Compiling GoogleGax LimitedAttemptCount+RetryPolicy.swift
[2103/2215] Compiling GoogleGax LimitedAttemptCount.swift
[2104/2215] Compiling GoogleGax LimitedElapsedTime+PollingErrorPolicy.swift
[2105/2215] Compiling GoogleGax LimitedElapsedTime+RetryPolicy.swift
[2106/2215] Compiling GoogleGax LimitedElapsedTime.swift
[2107/2215] Compiling GoogleGax LongRunningOperations.swift
[2108/2215] Compiling GoogleGax NeverRetry.swift
[2109/2215] Emitting module GoogleGax
[2110/2215] Compiling GoogleGax ContinueOnIO.swift
[2111/2215] Compiling GoogleGax CredentialsProtocol.swift
[2112/2215] Compiling GoogleGax ErrorWrapper.swift
[2113/2215] Compiling GoogleGax ExponentialBackoff+BackoffPolicy.swift
[2114/2215] Compiling GoogleGax ExponentialBackoff+PollingBackoffPolicy.swift
[2115/2215] Compiling GoogleGax ExponentialBackoff.swift
[2116/2215] Compiling GoogleGax HTTPClient.swift
[2117/2215] Compiling GoogleGax HTTPClientHolder.swift
[2118/2215] Compiling GoogleGax BaseRetryPolicy.swift
[2119/2215] Compiling GoogleGax BindingError.swift
[2120/2215] Compiling GoogleGax CRC32C.swift
[2121/2215] Compiling GoogleGax CircuitBreaker.swift
[2122/2215] Compiling GoogleGax ClientError.swift
[2123/2215] Compiling GoogleGax ClientOptions.swift
[2124/2215] Compiling GoogleGax ContinueOnIO+PollingErrorPolicy.swift
[2125/2215] Compiling GoogleGax ContinueOnIO+RetryPolicy.swift
[2126/2215] Compiling GoogleGax RequestOptions.swift
[2127/2215] Compiling GoogleGax RetryLoop.swift
[2128/2215] Compiling GoogleGax RetryPolicy.swift
[2129/2215] Compiling GoogleGax RetryResult.swift
[2130/2215] Compiling GoogleGax RetryState.swift
[2131/2215] Compiling GoogleGax RetryThrottler.swift
[2132/2215] Compiling GoogleGax RetryThrottlerError.swift
[2133/2215] Compiling GoogleGax RoutingMatcher.swift
[2134/2215] Compiling GoogleGax HTTPClientProtocol.swift
[2135/2215] Compiling GoogleGax HTTPClientRequest.swift
[2136/2215] Compiling GoogleGax HTTPClientResponse.swift
[2137/2215] Compiling GoogleGax HTTPHeaders.swift
[2138/2215] Compiling GoogleGax HTTPResponseBody.swift
[2139/2215] Compiling GoogleGax HeaderNames.swift
[2140/2215] Compiling GoogleGax Host.swift
[2141/2215] Compiling GoogleGax InProgressResult.swift
[2142/2215] Compiling GoogleGax ServiceError.swift
[2143/2215] Compiling GoogleGax StatusDetail.swift
[2144/2215] Compiling GoogleGax StrictIdempotency.swift
[2145/2215] Compiling GoogleGax ThrottleResult.swift
[2146/2215] Compiling GoogleGax TooManyRequests+PollingErrorPolicy.swift
[2147/2215] Compiling GoogleGax TooManyRequests+RetryPolicy.swift
[2148/2215] Compiling GoogleGax TooManyRequests.swift
[2149/2215] Compiling GoogleGax PackageVersion.swift
BUILD FAILURE 6.2 android