The Swift Package Index logo.Swift Package Index

Build Information

Failed to build ZeroMQSwift, reference 1.1.2 (e087b1), with Swift 6.4 for macOS (SPM) on 16 Sep 2026 18:09:55 UTC.

Build Command

env DEVELOPER_DIR=/Applications/Xcode-27.0.0-Release.Candidate.app xcrun swift build --arch arm64

Build Log

========================================
RunAll
========================================
Builder version: 5.1.0
Interrupt handler set up.
========================================
Checkout
========================================
Clone URL: https://github.com/evolution-app/zeromqswift.git
Reference: 1.1.2
Initialized empty Git repository in /Users/admin/builder/spi-builder-workspace/.git/
From https://github.com/evolution-app/zeromqswift
 * tag               1.1.2      -> FETCH_HEAD
HEAD is now at e087b18 added guard to unwrap the value converted on String(data:,encoding:)
Cloned https://github.com/evolution-app/zeromqswift.git
Revision (git rev-parse @):
e087b1865514b71c42434002e4f4c7821fbc8857
SUCCESS checkout https://github.com/evolution-app/zeromqswift.git at 1.1.2
========================================
Build
========================================
Selected platform:         macosSpm
Swift version:             6.4
Building package at path:  $PWD
https://github.com/evolution-app/zeromqswift.git
Running build ...
env DEVELOPER_DIR=/Applications/Xcode-27.0.0-Release.Candidate.app xcrun swift build --arch arm64
Building for debugging...
[Constructing description]
[Planning deferred tasks]
[44 / 86]
Fetching https://github.com/evolution-app/ZeroMQ.git
[1/421] Fetching zeromq
Fetched https://github.com/evolution-app/ZeroMQ.git (1.37s)
Computing version for https://github.com/evolution-app/ZeroMQ.git
Computed https://github.com/evolution-app/ZeroMQ.git at 1.1.1 (2.07s)
Fetching https://github.com/unnamedd/CZeroMQ.git
[1/80] Fetching czeromq
Fetched https://github.com/unnamedd/CZeroMQ.git (0.88s)
Computing version for https://github.com/unnamedd/CZeroMQ.git
Computed https://github.com/unnamedd/CZeroMQ.git at 1.0.4 (1.57s)
Creating working copy for https://github.com/unnamedd/CZeroMQ.git
Working copy of https://github.com/unnamedd/CZeroMQ.git resolved at 1.0.4
Creating working copy for https://github.com/evolution-app/ZeroMQ.git
Working copy of https://github.com/evolution-app/ZeroMQ.git resolved at 1.1.1
warning: 'czeromq': ignoring declared target(s) 'CZeroMQ' in the system package
warning: 'czeromq': ignoring declared target(s) 'CZeroMQ' in the system package
warning: 'czeromq': failed to retrieve search paths with pkg-config; maybe pkg-config is not installed
warning: 'czeromq': you may be able to install libzmq using your system-packager:
    brew install zmq
error: SwiftCompile normal arm64 failed with a nonzero exit code. Command line:     cd /Users/admin/builder

<module-includes>:1:9: note: in file included from <module-includes>:1:
1 | #import "./zmqinclude.h"
  |         `- note: in file included from <module-includes>:1:
2 |
/Users/admin/builder/spi-builder-workspace/.build/checkouts/CZeroMQ/./zmqinclude.h:1:9: error: 'zmq.h' file not found
1 | #import <zmq.h>
  |         `- error: 'zmq.h' file not found
2 |
/Users/admin/builder/spi-builder-workspace/.build/checkouts/ZeroMQ/Sources/ZeroMQKit/CURVE.swift:25:8: error: could not build Objective-C module 'CZeroMQ'
23 | // SOFTWARE.
24 |
25 | import CZeroMQ
   |        `- error: could not build Objective-C module 'CZeroMQ'
26 |
27 | public func CURVEKeyPair() throws -> (publicKey: String, secretKey: String) {
Failed frontend command:
/Applications/Xcode-27.0.0-Release.Candidate.app/Contents/Developer/Toolchains/XcodeDefault.xctoolchain/usr/bin/swift-frontend -frontend -emit-module -experimental-skip-non-inlinable-function-bodies-without-types /Users/admin/builder/spi-builder-workspace/.build/checkouts/ZeroMQ/Sources/ZeroMQKit/CURVE.swift /Users/admin/builder/spi-builder-workspace/.build/checkouts/ZeroMQ/Sources/ZeroMQKit/Context.swift /Users/admin/builder/spi-builder-workspace/.build/checkouts/ZeroMQ/Sources/ZeroMQKit/Error.swift /Users/admin/builder/spi-builder-workspace/.build/checkouts/ZeroMQ/Sources/ZeroMQKit/Message.swift /Users/admin/builder/spi-builder-workspace/.build/checkouts/ZeroMQ/Sources/ZeroMQKit/Poller.swift /Users/admin/builder/spi-builder-workspace/.build/checkouts/ZeroMQ/Sources/ZeroMQKit/Proxy.swift /Users/admin/builder/spi-builder-workspace/.build/checkouts/ZeroMQ/Sources/ZeroMQKit/Socket.swift -target arm64-apple-macos12.0 -Xllvm -aarch64-use-tbi -enable-objc-interop -stack-check -sdk /Applications/Xcode-27.0.0-Release.Candidate.app/Contents/Developer/Platforms/MacOSX.platform/Developer/SDKs/MacOSX27.0.sdk -I /Users/admin/builder/spi-builder-workspace/.build/out/Products/Debug -Isystem /Applications/Xcode-27.0.0-Release.Candidate.app/Contents/Developer/Platforms/MacOSX.platform/Developer/usr/lib -F /Users/admin/builder/spi-builder-workspace/.build/out/Products/Debug -F /Applications/Xcode-27.0.0-Release.Candidate.app/Contents/Developer/Platforms/MacOSX.platform/Developer/Library/Frameworks -module-cache-path /Users/admin/builder/spi-builder-workspace/.build/out/ModuleCache.noindex -color-diagnostics -Xcc -fcolor-diagnostics -enable-testing -g -debug-info-format\=dwarf -dwarf-version\=4 -suppress-warnings -swift-version 4 -Onone -D SWIFT_PACKAGE -D DEBUG -D SWIFT_MODULE_RESOURCE_BUNDLE_UNAVAILABLE -D Xcode -serialize-debugging-options -enable-experimental-feature DebugDescriptionMacro -empty-abi-descriptor -plugin-path /Applications/Xcode-27.0.0-Release.Candidate.app/Contents/Developer/Toolchains/XcodeDefault.xctoolchain/usr/lib/swift/host/plugins/testing -validate-clang-modules-once -clang-build-session-file /Users/admin/builder/spi-builder-workspace/.build/out/ModuleCache.noindex/Session.modulevalidation -Xcc -working-directory -Xcc /Users/admin/builder -enable-anonymous-context-mangled-names -file-compilation-dir /Users/admin/builder -Xcc -fmodule-map-file\=/Users/admin/builder/spi-builder-workspace/.build/checkouts/CZeroMQ/module.modulemap -Xcc -D_LIBCPP_HARDENING_MODE\=_LIBCPP_HARDENING_MODE_DEBUG -Xcc -ivfsstatcache -Xcc /Users/admin/builder/spi-builder-workspace/.build/out/SDKStatCaches.noindex/macosx27.0-26A425-80c5bbf1d171475443272936d42f90a36a22442a12e9d48fe1a705f55a1adfc4.sdkstatcache -Xcc -fmodules-prune-interval\=86400 -Xcc -fmodules-prune-after\=345600 -Xcc -I/Users/admin/builder/spi-builder-workspace/.build/out/Products/Debug/include -Xcc -I/Users/admin/builder/spi-builder-workspace/.build/out/Intermediates.noindex/ZeroMQ.build/Debug/ZeroMQKit-t.build/DerivedSources-normal/arm64 -Xcc -I/Users/admin/builder/spi-builder-workspace/.build/out/Intermediates.noindex/ZeroMQ.build/Debug/ZeroMQKit-t.build/DerivedSources/arm64 -Xcc -I/Users/admin/builder/spi-builder-workspace/.build/out/Intermediates.noindex/ZeroMQ.build/Debug/ZeroMQKit-t.build/DerivedSources -Xcc -DSWIFT_PACKAGE -Xcc -DDEBUG\=1 -no-auto-bridging-header-chaining -module-name ZeroMQKit -const-gather-protocols-file /Users/admin/builder/spi-builder-workspace/.build/out/Intermediates.noindex/ZeroMQ.build/Debug/ZeroMQKit-t.build/Objects-normal/arm64/ZeroMQKit_const_extract_protocols.json -disable-clang-spi -target-sdk-version 27.0 -target-sdk-name macosx27.0 -external-plugin-path /Applications/Xcode-27.0.0-Release.Candidate.app/Contents/Developer/Platforms/MacOSX.platform/Developer/usr/lib/swift/host/plugins\#/Applications/Xcode-27.0.0-Release.Candidate.app/Contents/Developer/Platforms/MacOSX.platform/Developer/usr/bin/swift-plugin-server -external-plugin-path /Applications/Xcode-27.0.0-Release.Candidate.app/Contents/Developer/Platforms/MacOSX.platform/Developer/usr/local/lib/swift/host/plugins\#/Applications/Xcode-27.0.0-Release.Candidate.app/Contents/Developer/Platforms/MacOSX.platform/Developer/usr/bin/swift-plugin-server -in-process-plugin-server-path /Applications/Xcode-27.0.0-Release.Candidate.app/Contents/Developer/Toolchains/XcodeDefault.xctoolchain/usr/lib/swift/host/libSwiftInProcPluginServer.dylib -plugin-path /Applications/Xcode-27.0.0-Release.Candidate.app/Contents/Developer/Toolchains/XcodeDefault.xctoolchain/usr/lib/swift/host/plugins -plugin-path /Applications/Xcode-27.0.0-Release.Candidate.app/Contents/Developer/Toolchains/XcodeDefault.xctoolchain/usr/local/lib/swift/host/plugins -emit-module-doc-path /Users/admin/builder/spi-builder-workspace/.build/out/Intermediates.noindex/ZeroMQ.build/Debug/ZeroMQKit-t.build/Objects-normal/arm64/ZeroMQKit.swiftdoc -emit-module-source-info-path /Users/admin/builder/spi-builder-workspace/.build/out/Intermediates.noindex/ZeroMQ.build/Debug/ZeroMQKit-t.build/Objects-normal/arm64/ZeroMQKit.swiftsourceinfo -emit-objc-header-path /Users/admin/builder/spi-builder-workspace/.build/out/Intermediates.noindex/ZeroMQ.build/Debug/ZeroMQKit-t.build/Objects-normal/arm64/ZeroMQKit-Swift.h -serialize-diagnostics-path /Users/admin/builder/spi-builder-workspace/.build/out/Intermediates.noindex/ZeroMQ.build/Debug/ZeroMQKit-t.build/Objects-normal/arm64/ZeroMQKit-primary-emit-module.dia -emit-dependencies-path /Users/admin/builder/spi-builder-workspace/.build/out/Intermediates.noindex/ZeroMQ.build/Debug/ZeroMQKit-t.build/Objects-normal/arm64/ZeroMQKit-primary-emit-module.d -parse-as-library -o /Users/admin/builder/spi-builder-workspace/.build/out/Intermediates.noindex/ZeroMQ.build/Debug/ZeroMQKit-t.build/Objects-normal/arm64/ZeroMQKit.swiftmodule -emit-abi-descriptor-path /Users/admin/builder/spi-builder-workspace/.build/out/Intermediates.noindex/ZeroMQ.build/Debug/ZeroMQKit-t.build/Objects-normal/arm64/ZeroMQKit.abi.json
error: Build failed
BUILD FAILURE 6.4 macosSpm