Build Information
Failed to build OpenAI, reference main (15ecf9), with Swift 6.4 for watchOS using Xcode 27.0 on 23 Sep 2026 05:05:16 UTC.
Build Command
env DEVELOPER_DIR=/Applications/Xcode-27.0.0-Release.Candidate.app xcrun xcodebuild -IDEClonedSourcePackagesDirPathOverride=$PWD/.dependencies -skipMacroValidation -skipPackagePluginValidation -derivedDataPath $PWD/.derivedData build -scheme OpenAI -destination generic/platform=watchOSBuild Log
ClangStatCache /Applications/Xcode-27.0.0-Release.Candidate.app/Contents/Developer/Toolchains/XcodeDefault.xctoolchain/usr/bin/clang-stat-cache /Applications/Xcode-27.0.0-Release.Candidate.app/Contents/Developer/Platforms/MacOSX.platform/Developer/SDKs/MacOSX27.0.sdk /Users/admin/builder/spi-builder-workspace/.derivedData/SDKStatCaches.noindex/macosx27.0-26A425-e829b21a6f8c9b70876ba0858053c0446a22442a12e9d48fe1a705f55a1adfc4.sdkstatcache
cd /Users/admin/builder/spi-builder-workspace/.swiftpm/xcode
/Applications/Xcode-27.0.0-Release.Candidate.app/Contents/Developer/Toolchains/XcodeDefault.xctoolchain/usr/bin/clang-stat-cache /Applications/Xcode-27.0.0-Release.Candidate.app/Contents/Developer/Platforms/MacOSX.platform/Developer/SDKs/MacOSX27.0.sdk -o /Users/admin/builder/spi-builder-workspace/.derivedData/SDKStatCaches.noindex/macosx27.0-26A425-e829b21a6f8c9b70876ba0858053c0446a22442a12e9d48fe1a705f55a1adfc4.sdkstatcache
SwiftDriver OpenAI normal arm64_32 com.apple.xcode.tools.swift.compiler (in target 'OpenAI' from project 'OpenAI')
cd /Users/admin/builder/spi-builder-workspace/.swiftpm/xcode
builtin-SwiftDriver -- /Applications/Xcode-27.0.0-Release.Candidate.app/Contents/Developer/Toolchains/XcodeDefault.xctoolchain/usr/bin/swiftc -parse-as-library -module-name OpenAI -Onone @/Users/admin/builder/spi-builder-workspace/.derivedData/Build/Intermediates.noindex/OpenAI.build/Debug-watchos/OpenAI-t.build/Objects-normal/arm64_32/OpenAI.SwiftFileList -DSWIFT_PACKAGE -DDEBUG -DSWIFT_MODULE_RESOURCE_BUNDLE_UNAVAILABLE -DXcode -plugin-path /Applications/Xcode-27.0.0-Release.Candidate.app/Contents/Developer/Toolchains/XcodeDefault.xctoolchain/usr/lib/swift/host/plugins/testing -enable-experimental-feature DebugDescriptionMacro -sdk /Applications/Xcode-27.0.0-Release.Candidate.app/Contents/Developer/Platforms/WatchOS.platform/Developer/SDKs/WatchOS27.0.sdk -target arm64_32-apple-watchos10.0 -g -module-cache-path /Users/admin/builder/spi-builder-workspace/.derivedData/ModuleCache.noindex -Xfrontend -serialize-debugging-options -enable-testing -index-store-path /Users/admin/builder/spi-builder-workspace/.derivedData/Index.noindex/DataStore -Xcc -D_LIBCPP_HARDENING_MODE\=_LIBCPP_HARDENING_MODE_DEBUG -swift-version 6 -I /Users/admin/builder/spi-builder-workspace/.derivedData/Build/Products/Debug-watchos -Isystem /Applications/Xcode-27.0.0-Release.Candidate.app/Contents/Developer/Platforms/WatchOS.platform/Developer/usr/lib -F /Users/admin/builder/spi-builder-workspace/.derivedData/Build/Products/Debug-watchos/PackageFrameworks -F /Users/admin/builder/spi-builder-workspace/.derivedData/Build/Products/Debug-watchos -F /Applications/Xcode-27.0.0-Release.Candidate.app/Contents/Developer/Platforms/WatchOS.platform/Developer/Library/Frameworks -F /Applications/Xcode-27.0.0-Release.Candidate.app/Contents/Developer/Platforms/WatchOS.platform/Developer/SDKs/WatchOS27.0.sdk/Developer/Library/Frameworks -Xfrontend -load-plugin-executable -Xfrontend /Users/admin/builder/spi-builder-workspace/.derivedData/Build/Products/Debug/MacroPlugin\#MacroPlugin -c -j10 -enable-batch-mode -incremental -Xcc -ivfsstatcache -Xcc /Users/admin/builder/spi-builder-workspace/.derivedData/SDKStatCaches.noindex/watchos27.0-24R360-e829b21a6f8c9b70876ba0858053c04477534ef55a1706bf4c1112bbb242f0a2.sdkstatcache -output-file-map /Users/admin/builder/spi-builder-workspace/.derivedData/Build/Intermediates.noindex/OpenAI.build/Debug-watchos/OpenAI-t.build/Objects-normal/arm64_32/OpenAI-OutputFileMap.json -save-temps -no-color-diagnostics -explicit-module-build -module-cache-path /Users/admin/builder/spi-builder-workspace/.derivedData/Build/Intermediates.noindex/SwiftExplicitPrecompiledModules -clang-scanner-module-cache-path /Users/admin/builder/spi-builder-workspace/.derivedData/ModuleCache.noindex -sdk-module-cache-path /Users/admin/builder/spi-builder-workspace/.derivedData/SDKExplicitPrecompiledModules -emit-dependencies -emit-module -emit-module-path /Users/admin/builder/spi-builder-workspace/.derivedData/Build/Intermediates.noindex/OpenAI.build/Debug-watchos/OpenAI-t.build/Objects-normal/arm64_32/OpenAI.swiftmodule -serialize-diagnostics -dependency-scan-serialize-diagnostics-path /Users/admin/builder/spi-builder-workspace/.derivedData/Build/Intermediates.noindex/OpenAI.build/Debug-watchos/OpenAI-t.build/Objects-normal/arm64_32/OpenAI-dependency-scan.dia -validate-clang-modules-once -clang-build-session-file /Users/admin/builder/spi-builder-workspace/.derivedData/ModuleCache.noindex/Session.modulevalidation -Xcc -fmodules-prune-interval\=86400 -Xcc -fmodules-prune-after\=345600 -package-name spi_builder_workspace -emit-const-values -const-gather-protocols-list /Users/admin/builder/spi-builder-workspace/.derivedData/Build/Intermediates.noindex/OpenAI.build/Debug-watchos/OpenAI-t.build/Objects-normal/arm64_32/OpenAI_const_extract_protocols.json -Xcc -I/Users/admin/builder/spi-builder-workspace/.derivedData/Build/Products/Debug-watchos/include -Xcc -I/Users/admin/builder/spi-builder-workspace/.derivedData/Build/Intermediates.noindex/OpenAI.build/Debug-watchos/OpenAI-t.build/DerivedSources-normal/arm64_32 -Xcc -I/Users/admin/builder/spi-builder-workspace/.derivedData/Build/Intermediates.noindex/OpenAI.build/Debug-watchos/OpenAI-t.build/DerivedSources/arm64_32 -Xcc -I/Users/admin/builder/spi-builder-workspace/.derivedData/Build/Intermediates.noindex/OpenAI.build/Debug-watchos/OpenAI-t.build/DerivedSources -Xcc -DSWIFT_PACKAGE -Xcc -DDEBUG\=1 -emit-objc-header -emit-objc-header-path /Users/admin/builder/spi-builder-workspace/.derivedData/Build/Intermediates.noindex/OpenAI.build/Debug-watchos/OpenAI-t.build/Objects-normal/arm64_32/OpenAI-Swift.h -working-directory /Users/admin/builder/spi-builder-workspace/.swiftpm/xcode -experimental-emit-module-separately -disable-cmo
SwiftDriver OpenAI normal arm64 com.apple.xcode.tools.swift.compiler (in target 'OpenAI' from project 'OpenAI')
cd /Users/admin/builder/spi-builder-workspace/.swiftpm/xcode
builtin-SwiftDriver -- /Applications/Xcode-27.0.0-Release.Candidate.app/Contents/Developer/Toolchains/XcodeDefault.xctoolchain/usr/bin/swiftc -parse-as-library -module-name OpenAI -Onone @/Users/admin/builder/spi-builder-workspace/.derivedData/Build/Intermediates.noindex/OpenAI.build/Debug-watchos/OpenAI-t.build/Objects-normal/arm64/OpenAI.SwiftFileList -DSWIFT_PACKAGE -DDEBUG -DSWIFT_MODULE_RESOURCE_BUNDLE_UNAVAILABLE -DXcode -plugin-path /Applications/Xcode-27.0.0-Release.Candidate.app/Contents/Developer/Toolchains/XcodeDefault.xctoolchain/usr/lib/swift/host/plugins/testing -enable-experimental-feature DebugDescriptionMacro -sdk /Applications/Xcode-27.0.0-Release.Candidate.app/Contents/Developer/Platforms/WatchOS.platform/Developer/SDKs/WatchOS27.0.sdk -target arm64-apple-watchos10.0 -g -module-cache-path /Users/admin/builder/spi-builder-workspace/.derivedData/ModuleCache.noindex -Xfrontend -serialize-debugging-options -enable-testing -index-store-path /Users/admin/builder/spi-builder-workspace/.derivedData/Index.noindex/DataStore -Xcc -D_LIBCPP_HARDENING_MODE\=_LIBCPP_HARDENING_MODE_DEBUG -swift-version 6 -I /Users/admin/builder/spi-builder-workspace/.derivedData/Build/Products/Debug-watchos -Isystem /Applications/Xcode-27.0.0-Release.Candidate.app/Contents/Developer/Platforms/WatchOS.platform/Developer/usr/lib -F /Users/admin/builder/spi-builder-workspace/.derivedData/Build/Products/Debug-watchos/PackageFrameworks -F /Users/admin/builder/spi-builder-workspace/.derivedData/Build/Products/Debug-watchos -F /Applications/Xcode-27.0.0-Release.Candidate.app/Contents/Developer/Platforms/WatchOS.platform/Developer/Library/Frameworks -F /Applications/Xcode-27.0.0-Release.Candidate.app/Contents/Developer/Platforms/WatchOS.platform/Developer/SDKs/WatchOS27.0.sdk/Developer/Library/Frameworks -Xfrontend -load-plugin-executable -Xfrontend /Users/admin/builder/spi-builder-workspace/.derivedData/Build/Products/Debug/MacroPlugin\#MacroPlugin -c -j10 -enable-batch-mode -incremental -Xcc -ivfsstatcache -Xcc /Users/admin/builder/spi-builder-workspace/.derivedData/SDKStatCaches.noindex/watchos27.0-24R360-e829b21a6f8c9b70876ba0858053c04477534ef55a1706bf4c1112bbb242f0a2.sdkstatcache -output-file-map /Users/admin/builder/spi-builder-workspace/.derivedData/Build/Intermediates.noindex/OpenAI.build/Debug-watchos/OpenAI-t.build/Objects-normal/arm64/OpenAI-OutputFileMap.json -save-temps -no-color-diagnostics -explicit-module-build -module-cache-path /Users/admin/builder/spi-builder-workspace/.derivedData/Build/Intermediates.noindex/SwiftExplicitPrecompiledModules -clang-scanner-module-cache-path /Users/admin/builder/spi-builder-workspace/.derivedData/ModuleCache.noindex -sdk-module-cache-path /Users/admin/builder/spi-builder-workspace/.derivedData/SDKExplicitPrecompiledModules -emit-dependencies -emit-module -emit-module-path /Users/admin/builder/spi-builder-workspace/.derivedData/Build/Intermediates.noindex/OpenAI.build/Debug-watchos/OpenAI-t.build/Objects-normal/arm64/OpenAI.swiftmodule -serialize-diagnostics -dependency-scan-serialize-diagnostics-path /Users/admin/builder/spi-builder-workspace/.derivedData/Build/Intermediates.noindex/OpenAI.build/Debug-watchos/OpenAI-t.build/Objects-normal/arm64/OpenAI-dependency-scan.dia -validate-clang-modules-once -clang-build-session-file /Users/admin/builder/spi-builder-workspace/.derivedData/ModuleCache.noindex/Session.modulevalidation -Xcc -fmodules-prune-interval\=86400 -Xcc -fmodules-prune-after\=345600 -package-name spi_builder_workspace -emit-const-values -const-gather-protocols-list /Users/admin/builder/spi-builder-workspace/.derivedData/Build/Intermediates.noindex/OpenAI.build/Debug-watchos/OpenAI-t.build/Objects-normal/arm64/OpenAI_const_extract_protocols.json -Xcc -I/Users/admin/builder/spi-builder-workspace/.derivedData/Build/Products/Debug-watchos/include -Xcc -I/Users/admin/builder/spi-builder-workspace/.derivedData/Build/Intermediates.noindex/OpenAI.build/Debug-watchos/OpenAI-t.build/DerivedSources-normal/arm64 -Xcc -I/Users/admin/builder/spi-builder-workspace/.derivedData/Build/Intermediates.noindex/OpenAI.build/Debug-watchos/OpenAI-t.build/DerivedSources/arm64 -Xcc -I/Users/admin/builder/spi-builder-workspace/.derivedData/Build/Intermediates.noindex/OpenAI.build/Debug-watchos/OpenAI-t.build/DerivedSources -Xcc -DSWIFT_PACKAGE -Xcc -DDEBUG\=1 -emit-objc-header -emit-objc-header-path /Users/admin/builder/spi-builder-workspace/.derivedData/Build/Intermediates.noindex/OpenAI.build/Debug-watchos/OpenAI-t.build/Objects-normal/arm64/OpenAI-Swift.h -working-directory /Users/admin/builder/spi-builder-workspace/.swiftpm/xcode -experimental-emit-module-separately -disable-cmo
SwiftDriver HelperCoders normal arm64 com.apple.xcode.tools.swift.compiler (in target 'HelperCoders' from project 'MetaCodable')
cd /Users/admin/builder/spi-builder-workspace/.swiftpm/xcode
builtin-SwiftDriver -- /Applications/Xcode-27.0.0-Release.Candidate.app/Contents/Developer/Toolchains/XcodeDefault.xctoolchain/usr/bin/swiftc -parse-as-library -module-name HelperCoders -Onone @/Users/admin/builder/spi-builder-workspace/.derivedData/Build/Intermediates.noindex/MetaCodable.build/Debug-watchos/HelperCoders-t.build/Objects-normal/arm64/HelperCoders.SwiftFileList -DSWIFT_PACKAGE -DDEBUG -DSWIFT_MODULE_RESOURCE_BUNDLE_UNAVAILABLE -DXcode -plugin-path /Applications/Xcode-27.0.0-Release.Candidate.app/Contents/Developer/Toolchains/XcodeDefault.xctoolchain/usr/lib/swift/host/plugins/testing -enable-experimental-feature DebugDescriptionMacro -sdk /Applications/Xcode-27.0.0-Release.Candidate.app/Contents/Developer/Platforms/WatchOS.platform/Developer/SDKs/WatchOS27.0.sdk -target arm64-apple-watchos9.0 -g -module-cache-path /Users/admin/builder/spi-builder-workspace/.derivedData/ModuleCache.noindex -Xfrontend -serialize-debugging-options -enable-testing -suppress-warnings -index-store-path /Users/admin/builder/spi-builder-workspace/.derivedData/Index.noindex/DataStore -Xcc -D_LIBCPP_HARDENING_MODE\=_LIBCPP_HARDENING_MODE_DEBUG -swift-version 6 -I /Users/admin/builder/spi-builder-workspace/.derivedData/Build/Products/Debug-watchos -Isystem /Applications/Xcode-27.0.0-Release.Candidate.app/Contents/Developer/Platforms/WatchOS.platform/Developer/usr/lib -F /Users/admin/builder/spi-builder-workspace/.derivedData/Build/Products/Debug-watchos/PackageFrameworks -F /Users/admin/builder/spi-builder-workspace/.derivedData/Build/Products/Debug-watchos -F /Applications/Xcode-27.0.0-Release.Candidate.app/Contents/Developer/Platforms/WatchOS.platform/Developer/Library/Frameworks -F /Applications/Xcode-27.0.0-Release.Candidate.app/Contents/Developer/Platforms/WatchOS.platform/Developer/SDKs/WatchOS27.0.sdk/Developer/Library/Frameworks -Xfrontend -load-plugin-executable -Xfrontend /Users/admin/builder/spi-builder-workspace/.derivedData/Build/Products/Debug/MacroPlugin\#MacroPlugin -c -j10 -enable-batch-mode -incremental -Xcc -ivfsstatcache -Xcc /Users/admin/builder/spi-builder-workspace/.derivedData/SDKStatCaches.noindex/watchos27.0-24R360-e829b21a6f8c9b70876ba0858053c04477534ef55a1706bf4c1112bbb242f0a2.sdkstatcache -output-file-map /Users/admin/builder/spi-builder-workspace/.derivedData/Build/Intermediates.noindex/MetaCodable.build/Debug-watchos/HelperCoders-t.build/Objects-normal/arm64/HelperCoders-OutputFileMap.json -save-temps -no-color-diagnostics -explicit-module-build -module-cache-path /Users/admin/builder/spi-builder-workspace/.derivedData/Build/Intermediates.noindex/SwiftExplicitPrecompiledModules -clang-scanner-module-cache-path /Users/admin/builder/spi-builder-workspace/.derivedData/ModuleCache.noindex -sdk-module-cache-path /Users/admin/builder/spi-builder-workspace/.derivedData/SDKExplicitPrecompiledModules -emit-dependencies -emit-module -emit-module-path /Users/admin/builder/spi-builder-workspace/.derivedData/Build/Intermediates.noindex/MetaCodable.build/Debug-watchos/HelperCoders-t.build/Objects-normal/arm64/HelperCoders.swiftmodule -serialize-diagnostics -dependency-scan-serialize-diagnostics-path /Users/admin/builder/spi-builder-workspace/.derivedData/Build/Intermediates.noindex/MetaCodable.build/Debug-watchos/HelperCoders-t.build/Objects-normal/arm64/HelperCoders-dependency-scan.dia -user-module-version 1.6.1 -validate-clang-modules-once -clang-build-session-file /Users/admin/builder/spi-builder-workspace/.derivedData/ModuleCache.noindex/Session.modulevalidation -Xcc -fmodules-prune-interval\=86400 -Xcc -fmodules-prune-after\=345600 -package-name metacodable -emit-const-values -const-gather-protocols-list /Users/admin/builder/spi-builder-workspace/.derivedData/Build/Intermediates.noindex/MetaCodable.build/Debug-watchos/HelperCoders-t.build/Objects-normal/arm64/HelperCoders_const_extract_protocols.json -Xcc -I/Users/admin/builder/spi-builder-workspace/.derivedData/Build/Products/Debug-watchos/include -Xcc -I/Users/admin/builder/spi-builder-workspace/.derivedData/Build/Intermediates.noindex/MetaCodable.build/Debug-watchos/HelperCoders-t.build/DerivedSources-normal/arm64 -Xcc -I/Users/admin/builder/spi-builder-workspace/.derivedData/Build/Intermediates.noindex/MetaCodable.build/Debug-watchos/HelperCoders-t.build/DerivedSources/arm64 -Xcc -I/Users/admin/builder/spi-builder-workspace/.derivedData/Build/Intermediates.noindex/MetaCodable.build/Debug-watchos/HelperCoders-t.build/DerivedSources -Xcc -DSWIFT_PACKAGE -Xcc -DDEBUG\=1 -emit-objc-header -emit-objc-header-path /Users/admin/builder/spi-builder-workspace/.derivedData/Build/Intermediates.noindex/MetaCodable.build/Debug-watchos/HelperCoders-t.build/Objects-normal/arm64/HelperCoders-Swift.h -working-directory /Users/admin/builder/spi-builder-workspace/.swiftpm/xcode -experimental-emit-module-separately -disable-cmo
SwiftDriver HelperCoders normal arm64_32 com.apple.xcode.tools.swift.compiler (in target 'HelperCoders' from project 'MetaCodable')
cd /Users/admin/builder/spi-builder-workspace/.swiftpm/xcode
builtin-SwiftDriver -- /Applications/Xcode-27.0.0-Release.Candidate.app/Contents/Developer/Toolchains/XcodeDefault.xctoolchain/usr/bin/swiftc -parse-as-library -module-name HelperCoders -Onone @/Users/admin/builder/spi-builder-workspace/.derivedData/Build/Intermediates.noindex/MetaCodable.build/Debug-watchos/HelperCoders-t.build/Objects-normal/arm64_32/HelperCoders.SwiftFileList -DSWIFT_PACKAGE -DDEBUG -DSWIFT_MODULE_RESOURCE_BUNDLE_UNAVAILABLE -DXcode -plugin-path /Applications/Xcode-27.0.0-Release.Candidate.app/Contents/Developer/Toolchains/XcodeDefault.xctoolchain/usr/lib/swift/host/plugins/testing -enable-experimental-feature DebugDescriptionMacro -sdk /Applications/Xcode-27.0.0-Release.Candidate.app/Contents/Developer/Platforms/WatchOS.platform/Developer/SDKs/WatchOS27.0.sdk -target arm64_32-apple-watchos9.0 -g -module-cache-path /Users/admin/builder/spi-builder-workspace/.derivedData/ModuleCache.noindex -Xfrontend -serialize-debugging-options -enable-testing -suppress-warnings -index-store-path /Users/admin/builder/spi-builder-workspace/.derivedData/Index.noindex/DataStore -Xcc -D_LIBCPP_HARDENING_MODE\=_LIBCPP_HARDENING_MODE_DEBUG -swift-version 6 -I /Users/admin/builder/spi-builder-workspace/.derivedData/Build/Products/Debug-watchos -Isystem /Applications/Xcode-27.0.0-Release.Candidate.app/Contents/Developer/Platforms/WatchOS.platform/Developer/usr/lib -F /Users/admin/builder/spi-builder-workspace/.derivedData/Build/Products/Debug-watchos/PackageFrameworks -F /Users/admin/builder/spi-builder-workspace/.derivedData/Build/Products/Debug-watchos -F /Applications/Xcode-27.0.0-Release.Candidate.app/Contents/Developer/Platforms/WatchOS.platform/Developer/Library/Frameworks -F /Applications/Xcode-27.0.0-Release.Candidate.app/Contents/Developer/Platforms/WatchOS.platform/Developer/SDKs/WatchOS27.0.sdk/Developer/Library/Frameworks -Xfrontend -load-plugin-executable -Xfrontend /Users/admin/builder/spi-builder-workspace/.derivedData/Build/Products/Debug/MacroPlugin\#MacroPlugin -c -j10 -enable-batch-mode -incremental -Xcc -ivfsstatcache -Xcc /Users/admin/builder/spi-builder-workspace/.derivedData/SDKStatCaches.noindex/watchos27.0-24R360-e829b21a6f8c9b70876ba0858053c04477534ef55a1706bf4c1112bbb242f0a2.sdkstatcache -output-file-map /Users/admin/builder/spi-builder-workspace/.derivedData/Build/Intermediates.noindex/MetaCodable.build/Debug-watchos/HelperCoders-t.build/Objects-normal/arm64_32/HelperCoders-OutputFileMap.json -save-temps -no-color-diagnostics -explicit-module-build -module-cache-path /Users/admin/builder/spi-builder-workspace/.derivedData/Build/Intermediates.noindex/SwiftExplicitPrecompiledModules -clang-scanner-module-cache-path /Users/admin/builder/spi-builder-workspace/.derivedData/ModuleCache.noindex -sdk-module-cache-path /Users/admin/builder/spi-builder-workspace/.derivedData/SDKExplicitPrecompiledModules -emit-dependencies -emit-module -emit-module-path /Users/admin/builder/spi-builder-workspace/.derivedData/Build/Intermediates.noindex/MetaCodable.build/Debug-watchos/HelperCoders-t.build/Objects-normal/arm64_32/HelperCoders.swiftmodule -serialize-diagnostics -dependency-scan-serialize-diagnostics-path /Users/admin/builder/spi-builder-workspace/.derivedData/Build/Intermediates.noindex/MetaCodable.build/Debug-watchos/HelperCoders-t.build/Objects-normal/arm64_32/HelperCoders-dependency-scan.dia -user-module-version 1.6.1 -validate-clang-modules-once -clang-build-session-file /Users/admin/builder/spi-builder-workspace/.derivedData/ModuleCache.noindex/Session.modulevalidation -Xcc -fmodules-prune-interval\=86400 -Xcc -fmodules-prune-after\=345600 -package-name metacodable -emit-const-values -const-gather-protocols-list /Users/admin/builder/spi-builder-workspace/.derivedData/Build/Intermediates.noindex/MetaCodable.build/Debug-watchos/HelperCoders-t.build/Objects-normal/arm64_32/HelperCoders_const_extract_protocols.json -Xcc -I/Users/admin/builder/spi-builder-workspace/.derivedData/Build/Products/Debug-watchos/include -Xcc -I/Users/admin/builder/spi-builder-workspace/.derivedData/Build/Intermediates.noindex/MetaCodable.build/Debug-watchos/HelperCoders-t.build/DerivedSources-normal/arm64_32 -Xcc -I/Users/admin/builder/spi-builder-workspace/.derivedData/Build/Intermediates.noindex/MetaCodable.build/Debug-watchos/HelperCoders-t.build/DerivedSources/arm64_32 -Xcc -I/Users/admin/builder/spi-builder-workspace/.derivedData/Build/Intermediates.noindex/MetaCodable.build/Debug-watchos/HelperCoders-t.build/DerivedSources -Xcc -DSWIFT_PACKAGE -Xcc -DDEBUG\=1 -emit-objc-header -emit-objc-header-path /Users/admin/builder/spi-builder-workspace/.derivedData/Build/Intermediates.noindex/MetaCodable.build/Debug-watchos/HelperCoders-t.build/Objects-normal/arm64_32/HelperCoders-Swift.h -working-directory /Users/admin/builder/spi-builder-workspace/.swiftpm/xcode -experimental-emit-module-separately -disable-cmo
SwiftDriver\ Compilation HelperCoders normal arm64_32 com.apple.xcode.tools.swift.compiler (in target 'HelperCoders' from project 'MetaCodable')
cd /Users/admin/builder/spi-builder-workspace/.swiftpm/xcode
builtin-Swift-Compilation -- /Applications/Xcode-27.0.0-Release.Candidate.app/Contents/Developer/Toolchains/XcodeDefault.xctoolchain/usr/bin/swiftc -parse-as-library -module-name HelperCoders -Onone @/Users/admin/builder/spi-builder-workspace/.derivedData/Build/Intermediates.noindex/MetaCodable.build/Debug-watchos/HelperCoders-t.build/Objects-normal/arm64_32/HelperCoders.SwiftFileList -DSWIFT_PACKAGE -DDEBUG -DSWIFT_MODULE_RESOURCE_BUNDLE_UNAVAILABLE -DXcode -plugin-path /Applications/Xcode-27.0.0-Release.Candidate.app/Contents/Developer/Toolchains/XcodeDefault.xctoolchain/usr/lib/swift/host/plugins/testing -enable-experimental-feature DebugDescriptionMacro -sdk /Applications/Xcode-27.0.0-Release.Candidate.app/Contents/Developer/Platforms/WatchOS.platform/Developer/SDKs/WatchOS27.0.sdk -target arm64_32-apple-watchos9.0 -g -module-cache-path /Users/admin/builder/spi-builder-workspace/.derivedData/ModuleCache.noindex -Xfrontend -serialize-debugging-options -enable-testing -suppress-warnings -index-store-path /Users/admin/builder/spi-builder-workspace/.derivedData/Index.noindex/DataStore -Xcc -D_LIBCPP_HARDENING_MODE\=_LIBCPP_HARDENING_MODE_DEBUG -swift-version 6 -I /Users/admin/builder/spi-builder-workspace/.derivedData/Build/Products/Debug-watchos -Isystem /Applications/Xcode-27.0.0-Release.Candidate.app/Contents/Developer/Platforms/WatchOS.platform/Developer/usr/lib -F /Users/admin/builder/spi-builder-workspace/.derivedData/Build/Products/Debug-watchos/PackageFrameworks -F /Users/admin/builder/spi-builder-workspace/.derivedData/Build/Products/Debug-watchos -F /Applications/Xcode-27.0.0-Release.Candidate.app/Contents/Developer/Platforms/WatchOS.platform/Developer/Library/Frameworks -F /Applications/Xcode-27.0.0-Release.Candidate.app/Contents/Developer/Platforms/WatchOS.platform/Developer/SDKs/WatchOS27.0.sdk/Developer/Library/Frameworks -Xfrontend -load-plugin-executable -Xfrontend /Users/admin/builder/spi-builder-workspace/.derivedData/Build/Products/Debug/MacroPlugin\#MacroPlugin -c -j10 -enable-batch-mode -incremental -Xcc -ivfsstatcache -Xcc /Users/admin/builder/spi-builder-workspace/.derivedData/SDKStatCaches.noindex/watchos27.0-24R360-e829b21a6f8c9b70876ba0858053c04477534ef55a1706bf4c1112bbb242f0a2.sdkstatcache -output-file-map /Users/admin/builder/spi-builder-workspace/.derivedData/Build/Intermediates.noindex/MetaCodable.build/Debug-watchos/HelperCoders-t.build/Objects-normal/arm64_32/HelperCoders-OutputFileMap.json -save-temps -no-color-diagnostics -explicit-module-build -module-cache-path /Users/admin/builder/spi-builder-workspace/.derivedData/Build/Intermediates.noindex/SwiftExplicitPrecompiledModules -clang-scanner-module-cache-path /Users/admin/builder/spi-builder-workspace/.derivedData/ModuleCache.noindex -sdk-module-cache-path /Users/admin/builder/spi-builder-workspace/.derivedData/SDKExplicitPrecompiledModules -emit-dependencies -emit-module -emit-module-path /Users/admin/builder/spi-builder-workspace/.derivedData/Build/Intermediates.noindex/MetaCodable.build/Debug-watchos/HelperCoders-t.build/Objects-normal/arm64_32/HelperCoders.swiftmodule -serialize-diagnostics -dependency-scan-serialize-diagnostics-path /Users/admin/builder/spi-builder-workspace/.derivedData/Build/Intermediates.noindex/MetaCodable.build/Debug-watchos/HelperCoders-t.build/Objects-normal/arm64_32/HelperCoders-dependency-scan.dia -user-module-version 1.6.1 -validate-clang-modules-once -clang-build-session-file /Users/admin/builder/spi-builder-workspace/.derivedData/ModuleCache.noindex/Session.modulevalidation -Xcc -fmodules-prune-interval\=86400 -Xcc -fmodules-prune-after\=345600 -package-name metacodable -emit-const-values -const-gather-protocols-list /Users/admin/builder/spi-builder-workspace/.derivedData/Build/Intermediates.noindex/MetaCodable.build/Debug-watchos/HelperCoders-t.build/Objects-normal/arm64_32/HelperCoders_const_extract_protocols.json -Xcc -I/Users/admin/builder/spi-builder-workspace/.derivedData/Build/Products/Debug-watchos/include -Xcc -I/Users/admin/builder/spi-builder-workspace/.derivedData/Build/Intermediates.noindex/MetaCodable.build/Debug-watchos/HelperCoders-t.build/DerivedSources-normal/arm64_32 -Xcc -I/Users/admin/builder/spi-builder-workspace/.derivedData/Build/Intermediates.noindex/MetaCodable.build/Debug-watchos/HelperCoders-t.build/DerivedSources/arm64_32 -Xcc -I/Users/admin/builder/spi-builder-workspace/.derivedData/Build/Intermediates.noindex/MetaCodable.build/Debug-watchos/HelperCoders-t.build/DerivedSources -Xcc -DSWIFT_PACKAGE -Xcc -DDEBUG\=1 -emit-objc-header -emit-objc-header-path /Users/admin/builder/spi-builder-workspace/.derivedData/Build/Intermediates.noindex/MetaCodable.build/Debug-watchos/HelperCoders-t.build/Objects-normal/arm64_32/HelperCoders-Swift.h -working-directory /Users/admin/builder/spi-builder-workspace/.swiftpm/xcode -experimental-emit-module-separately -disable-cmo
SwiftDriver\ Compilation HelperCoders normal arm64 com.apple.xcode.tools.swift.compiler (in target 'HelperCoders' from project 'MetaCodable')
cd /Users/admin/builder/spi-builder-workspace/.swiftpm/xcode
builtin-Swift-Compilation -- /Applications/Xcode-27.0.0-Release.Candidate.app/Contents/Developer/Toolchains/XcodeDefault.xctoolchain/usr/bin/swiftc -parse-as-library -module-name HelperCoders -Onone @/Users/admin/builder/spi-builder-workspace/.derivedData/Build/Intermediates.noindex/MetaCodable.build/Debug-watchos/HelperCoders-t.build/Objects-normal/arm64/HelperCoders.SwiftFileList -DSWIFT_PACKAGE -DDEBUG -DSWIFT_MODULE_RESOURCE_BUNDLE_UNAVAILABLE -DXcode -plugin-path /Applications/Xcode-27.0.0-Release.Candidate.app/Contents/Developer/Toolchains/XcodeDefault.xctoolchain/usr/lib/swift/host/plugins/testing -enable-experimental-feature DebugDescriptionMacro -sdk /Applications/Xcode-27.0.0-Release.Candidate.app/Contents/Developer/Platforms/WatchOS.platform/Developer/SDKs/WatchOS27.0.sdk -target arm64-apple-watchos9.0 -g -module-cache-path /Users/admin/builder/spi-builder-workspace/.derivedData/ModuleCache.noindex -Xfrontend -serialize-debugging-options -enable-testing -suppress-warnings -index-store-path /Users/admin/builder/spi-builder-workspace/.derivedData/Index.noindex/DataStore -Xcc -D_LIBCPP_HARDENING_MODE\=_LIBCPP_HARDENING_MODE_DEBUG -swift-version 6 -I /Users/admin/builder/spi-builder-workspace/.derivedData/Build/Products/Debug-watchos -Isystem /Applications/Xcode-27.0.0-Release.Candidate.app/Contents/Developer/Platforms/WatchOS.platform/Developer/usr/lib -F /Users/admin/builder/spi-builder-workspace/.derivedData/Build/Products/Debug-watchos/PackageFrameworks -F /Users/admin/builder/spi-builder-workspace/.derivedData/Build/Products/Debug-watchos -F /Applications/Xcode-27.0.0-Release.Candidate.app/Contents/Developer/Platforms/WatchOS.platform/Developer/Library/Frameworks -F /Applications/Xcode-27.0.0-Release.Candidate.app/Contents/Developer/Platforms/WatchOS.platform/Developer/SDKs/WatchOS27.0.sdk/Developer/Library/Frameworks -Xfrontend -load-plugin-executable -Xfrontend /Users/admin/builder/spi-builder-workspace/.derivedData/Build/Products/Debug/MacroPlugin\#MacroPlugin -c -j10 -enable-batch-mode -incremental -Xcc -ivfsstatcache -Xcc /Users/admin/builder/spi-builder-workspace/.derivedData/SDKStatCaches.noindex/watchos27.0-24R360-e829b21a6f8c9b70876ba0858053c04477534ef55a1706bf4c1112bbb242f0a2.sdkstatcache -output-file-map /Users/admin/builder/spi-builder-workspace/.derivedData/Build/Intermediates.noindex/MetaCodable.build/Debug-watchos/HelperCoders-t.build/Objects-normal/arm64/HelperCoders-OutputFileMap.json -save-temps -no-color-diagnostics -explicit-module-build -module-cache-path /Users/admin/builder/spi-builder-workspace/.derivedData/Build/Intermediates.noindex/SwiftExplicitPrecompiledModules -clang-scanner-module-cache-path /Users/admin/builder/spi-builder-workspace/.derivedData/ModuleCache.noindex -sdk-module-cache-path /Users/admin/builder/spi-builder-workspace/.derivedData/SDKExplicitPrecompiledModules -emit-dependencies -emit-module -emit-module-path /Users/admin/builder/spi-builder-workspace/.derivedData/Build/Intermediates.noindex/MetaCodable.build/Debug-watchos/HelperCoders-t.build/Objects-normal/arm64/HelperCoders.swiftmodule -serialize-diagnostics -dependency-scan-serialize-diagnostics-path /Users/admin/builder/spi-builder-workspace/.derivedData/Build/Intermediates.noindex/MetaCodable.build/Debug-watchos/HelperCoders-t.build/Objects-normal/arm64/HelperCoders-dependency-scan.dia -user-module-version 1.6.1 -validate-clang-modules-once -clang-build-session-file /Users/admin/builder/spi-builder-workspace/.derivedData/ModuleCache.noindex/Session.modulevalidation -Xcc -fmodules-prune-interval\=86400 -Xcc -fmodules-prune-after\=345600 -package-name metacodable -emit-const-values -const-gather-protocols-list /Users/admin/builder/spi-builder-workspace/.derivedData/Build/Intermediates.noindex/MetaCodable.build/Debug-watchos/HelperCoders-t.build/Objects-normal/arm64/HelperCoders_const_extract_protocols.json -Xcc -I/Users/admin/builder/spi-builder-workspace/.derivedData/Build/Products/Debug-watchos/include -Xcc -I/Users/admin/builder/spi-builder-workspace/.derivedData/Build/Intermediates.noindex/MetaCodable.build/Debug-watchos/HelperCoders-t.build/DerivedSources-normal/arm64 -Xcc -I/Users/admin/builder/spi-builder-workspace/.derivedData/Build/Intermediates.noindex/MetaCodable.build/Debug-watchos/HelperCoders-t.build/DerivedSources/arm64 -Xcc -I/Users/admin/builder/spi-builder-workspace/.derivedData/Build/Intermediates.noindex/MetaCodable.build/Debug-watchos/HelperCoders-t.build/DerivedSources -Xcc -DSWIFT_PACKAGE -Xcc -DDEBUG\=1 -emit-objc-header -emit-objc-header-path /Users/admin/builder/spi-builder-workspace/.derivedData/Build/Intermediates.noindex/MetaCodable.build/Debug-watchos/HelperCoders-t.build/Objects-normal/arm64/HelperCoders-Swift.h -working-directory /Users/admin/builder/spi-builder-workspace/.swiftpm/xcode -experimental-emit-module-separately -disable-cmo
SwiftEmitModule normal arm64_32 Emitting\ module\ for\ OpenAI (in target 'OpenAI' from project 'OpenAI')
dyld[1336]: Symbol not found: _swift_initBorrow
Referenced from: <EC1B44AB-9176-36DF-9987-50AC74F684E0> /Users/admin/builder/spi-builder-workspace/.derivedData/Build/Products/Debug/MacroPlugin
Expected in: <83794FB3-DE9B-3D23-AB5E-2C1D5D30F134> /usr/lib/swift/libswiftCore.dylib
/Users/admin/builder/spi-builder-workspace/src/Models/Config.swift:9:49: error: external macro implementation type 'MacroPlugin.CodingKeys' could not be found for macro 'CodingKeys'; '/Users/admin/builder/spi-builder-workspace/.derivedData/Build/Products/Debug/MacroPlugin' produced malformed response
7 | /// Configuration options for [reasoning models](https://platform.openai.com/docs/guides/reasoning).
8 | /// Only available for o-series models.
9 | @Codable @CodingKeys(.snake_case) public struct ReasoningConfig: Equatable, Hashable, Sendable {
| `- error: external macro implementation type 'MacroPlugin.CodingKeys' could not be found for macro 'CodingKeys'; '/Users/admin/builder/spi-builder-workspace/.derivedData/Build/Products/Debug/MacroPlugin' produced malformed response
10 | /// Constrains effort on reasoning for [reasoning models](https://platform.openai.com/docs/guides/reasoning).
11 | ///
MetaCodable.CodingKeys:2:30: note: 'CodingKeys' declared here
1 | @available(swift 5.9)
2 | @attached(peer) public macro CodingKeys(_ strategy: MetaCodable.CodingKeyNameStrategy) = #externalMacro(module: "MacroPlugin", type: "CodingKeys")
| `- note: 'CodingKeys' declared here
/Users/admin/builder/spi-builder-workspace/src/Models/Config.swift:9:49: error: external macro implementation type 'MacroPlugin.Codable' could not be found for macro 'Codable(commonStrategies:)'; '/Users/admin/builder/spi-builder-workspace/.derivedData/Build/Products/Debug/MacroPlugin' produced malformed response
7 | /// Configuration options for [reasoning models](https://platform.openai.com/docs/guides/reasoning).
8 | /// Only available for o-series models.
9 | @Codable @CodingKeys(.snake_case) public struct ReasoningConfig: Equatable, Hashable, Sendable {
| `- error: external macro implementation type 'MacroPlugin.Codable' could not be found for macro 'Codable(commonStrategies:)'; '/Users/admin/builder/spi-builder-workspace/.derivedData/Build/Products/Debug/MacroPlugin' produced malformed response
10 | /// Constrains effort on reasoning for [reasoning models](https://platform.openai.com/docs/guides/reasoning).
11 | ///
MetaCodable.Codable:2:278: note: 'Codable(commonStrategies:)' declared here
1 | @available(swift 5.9)
2 | @attached(extension, conformances: Decodable, Encodable, names: named(CodingKeys), named(DecodingKeys), named(init(from:)), named(encode(to:))) @attached(member, conformances: Decodable, Encodable, names: named(CodingKeys), named(init(from:)), named(encode(to:))) public macro Codable(commonStrategies: [MetaCodable.CodableCommonStrategy] = []) = #externalMacro(module: "MacroPlugin", type: "Codable")
| `- note: 'Codable(commonStrategies:)' declared here
/Users/admin/builder/spi-builder-workspace/src/Models/Config.swift:9:49: error: external macro implementation type 'MacroPlugin.Codable' could not be found for macro 'Codable(commonStrategies:)'; '/Users/admin/builder/spi-builder-workspace/.derivedData/Build/Products/Debug/MacroPlugin' produced malformed response
7 | /// Configuration options for [reasoning models](https://platform.openai.com/docs/guides/reasoning).
8 | /// Only available for o-series models.
9 | @Codable @CodingKeys(.snake_case) public struct ReasoningConfig: Equatable, Hashable, Sendable {
| `- error: external macro implementation type 'MacroPlugin.Codable' could not be found for macro 'Codable(commonStrategies:)'; '/Users/admin/builder/spi-builder-workspace/.derivedData/Build/Products/Debug/MacroPlugin' produced malformed response
10 | /// Constrains effort on reasoning for [reasoning models](https://platform.openai.com/docs/guides/reasoning).
11 | ///
MetaCodable.Codable:2:278: note: 'Codable(commonStrategies:)' declared here
1 | @available(swift 5.9)
2 | @attached(extension, conformances: Decodable, Encodable, names: named(CodingKeys), named(DecodingKeys), named(init(from:)), named(encode(to:))) @attached(member, conformances: Decodable, Encodable, names: named(CodingKeys), named(init(from:)), named(encode(to:))) public macro Codable(commonStrategies: [MetaCodable.CodableCommonStrategy] = []) = #externalMacro(module: "MacroPlugin", type: "Codable")
| `- note: 'Codable(commonStrategies:)' declared here
/Users/admin/builder/spi-builder-workspace/src/Models/Config.swift:56:66: error: external macro implementation type 'MacroPlugin.Codable' could not be found for macro 'Codable(commonStrategies:)'; '/Users/admin/builder/spi-builder-workspace/.derivedData/Build/Products/Debug/MacroPlugin' produced malformed response
54 | public struct TextConfig: Equatable, Hashable, Codable, Sendable {
55 | /// An object specifying the format that the model must output.
56 | @Codable @CodedAt("type") @CodingKeys(.snake_case) public enum Format: Equatable, Hashable, Sendable {
| `- error: external macro implementation type 'MacroPlugin.Codable' could not be found for macro 'Codable(commonStrategies:)'; '/Users/admin/builder/spi-builder-workspace/.derivedData/Build/Products/Debug/MacroPlugin' produced malformed response
57 | /// Used to generate text responses.
58 | case text
MetaCodable.Codable:2:278: note: 'Codable(commonStrategies:)' declared here
1 | @available(swift 5.9)
2 | @attached(extension, conformances: Decodable, Encodable, names: named(CodingKeys), named(DecodingKeys), named(init(from:)), named(encode(to:))) @attached(member, conformances: Decodable, Encodable, names: named(CodingKeys), named(init(from:)), named(encode(to:))) public macro Codable(commonStrategies: [MetaCodable.CodableCommonStrategy] = []) = #externalMacro(module: "MacroPlugin", type: "Codable")
| `- note: 'Codable(commonStrategies:)' declared here
/Users/admin/builder/spi-builder-workspace/src/Models/Config.swift:56:66: error: external macro implementation type 'MacroPlugin.CodingKeys' could not be found for macro 'CodingKeys'; '/Users/admin/builder/spi-builder-workspace/.derivedData/Build/Products/Debug/MacroPlugin' produced malformed response
54 | public struct TextConfig: Equatable, Hashable, Codable, Sendable {
55 | /// An object specifying the format that the model must output.
56 | @Codable @CodedAt("type") @CodingKeys(.snake_case) public enum Format: Equatable, Hashable, Sendable {
| `- error: external macro implementation type 'MacroPlugin.CodingKeys' could not be found for macro 'CodingKeys'; '/Users/admin/builder/spi-builder-workspace/.derivedData/Build/Products/Debug/MacroPlugin' produced malformed response
57 | /// Used to generate text responses.
58 | case text
MetaCodable.CodingKeys:2:30: note: 'CodingKeys' declared here
1 | @available(swift 5.9)
2 | @attached(peer) public macro CodingKeys(_ strategy: MetaCodable.CodingKeyNameStrategy) = #externalMacro(module: "MacroPlugin", type: "CodingKeys")
| `- note: 'CodingKeys' declared here
/Users/admin/builder/spi-builder-workspace/src/Models/Config.swift:56:66: error: external macro implementation type 'MacroPlugin.CodedAt' could not be found for macro 'CodedAt'; '/Users/admin/builder/spi-builder-workspace/.derivedData/Build/Products/Debug/MacroPlugin' produced malformed response
54 | public struct TextConfig: Equatable, Hashable, Codable, Sendable {
55 | /// An object specifying the format that the model must output.
56 | @Codable @CodedAt("type") @CodingKeys(.snake_case) public enum Format: Equatable, Hashable, Sendable {
| `- error: external macro implementation type 'MacroPlugin.CodedAt' could not be found for macro 'CodedAt'; '/Users/admin/builder/spi-builder-workspace/.derivedData/Build/Products/Debug/MacroPlugin' produced malformed response
57 | /// Used to generate text responses.
58 | case text
MetaCodable.CodedAt:2:30: note: 'CodedAt' declared here
1 | @available(swift 5.9)
2 | @attached(peer) public macro CodedAt(_ path: StaticString...) = #externalMacro(module: "MacroPlugin", type: "CodedAt")
| `- note: 'CodedAt' declared here
/Users/admin/builder/spi-builder-workspace/src/Models/Config.swift:54:15: error: type 'TextConfig' does not conform to protocol 'Decodable'
52 | /// - [Text inputs and outputs](https://platform.openai.com/docs/guides/text)
53 | /// - [Structured Outputs](https://platform.openai.com/docs/guides/structured-outputs)
54 | public struct TextConfig: Equatable, Hashable, Codable, Sendable {
| `- error: type 'TextConfig' does not conform to protocol 'Decodable'
55 | /// An object specifying the format that the model must output.
56 | @Codable @CodedAt("type") @CodingKeys(.snake_case) public enum Format: Equatable, Hashable, Sendable {
:
105 |
106 | /// An object specifying the format that the model must output.
107 | public var format: Format
| `- note: cannot automatically synthesize 'Decodable' because 'Format' does not conform to 'Decodable'
108 |
109 | /// Creates a new `TextConfig` instance.
Swift.Decodable.init:2:1: note: protocol requires initializer 'init(from:)' with type 'Decodable'
1 | protocol Decodable {
2 | init(from decoder: any Decoder) throws}
| `- note: protocol requires initializer 'init(from:)' with type 'Decodable'
3 |
/Users/admin/builder/spi-builder-workspace/src/Models/Config.swift:65:10: error: external macro implementation type 'MacroPlugin.CodedAs' could not be found for macro 'CodedAs'; '/Users/admin/builder/spi-builder-workspace/.derivedData/Build/Products/Debug/MacroPlugin' produced malformed response
63 | /// - Parameter strict: Whether to enable strict schema adherence when generating the output. If set to `true`, the model will always follow the exact schema defined in the schema field. Only a subset of JSON Schema is supported when `strict` is `true`.
64 | @CodedAs("json_schema")
65 | case jsonSchema(
| `- error: external macro implementation type 'MacroPlugin.CodedAs' could not be found for macro 'CodedAs'; '/Users/admin/builder/spi-builder-workspace/.derivedData/Build/Products/Debug/MacroPlugin' produced malformed response
66 | schema: JSONSchema,
67 | description: String? = nil,
MetaCodable.CodedAs:2:30: note: 'CodedAs' declared here
1 | @available(swift 5.9)
2 | @attached(peer) public macro CodedAs<T>(_ values: T, _: T...) = #externalMacro(module: "MacroPlugin", type: "CodedAs") where T : Decodable, T : Encodable, T : Equatable
| `- note: 'CodedAs' declared here
/Users/admin/builder/spi-builder-workspace/src/Models/Config.swift:77:10: error: external macro implementation type 'MacroPlugin.CodedAs' could not be found for macro 'CodedAs'; '/Users/admin/builder/spi-builder-workspace/.derivedData/Build/Products/Debug/MacroPlugin' produced malformed response
75 | /// Note that the model will not generate JSON without a system or user message instructing it to do so.
76 | @CodedAs("json_object")
77 | case jsonObject
| `- error: external macro implementation type 'MacroPlugin.CodedAs' could not be found for macro 'CodedAs'; '/Users/admin/builder/spi-builder-workspace/.derivedData/Build/Products/Debug/MacroPlugin' produced malformed response
78 |
79 | @CodedAs("json_schema")
MetaCodable.CodedAs:2:30: note: 'CodedAs' declared here
1 | @available(swift 5.9)
2 | @attached(peer) public macro CodedAs<T>(_ values: T, _: T...) = #externalMacro(module: "MacroPlugin", type: "CodedAs") where T : Decodable, T : Encodable, T : Equatable
| `- note: 'CodedAs' declared here
/Users/admin/builder/spi-builder-workspace/src/Models/Config.swift:80:10: error: external macro implementation type 'MacroPlugin.CodedAs' could not be found for macro 'CodedAs'; '/Users/admin/builder/spi-builder-workspace/.derivedData/Build/Products/Debug/MacroPlugin' produced malformed response
78 |
79 | @CodedAs("json_schema")
80 | case generationSchema(
| `- error: external macro implementation type 'MacroPlugin.CodedAs' could not be found for macro 'CodedAs'; '/Users/admin/builder/spi-builder-workspace/.derivedData/Build/Products/Debug/MacroPlugin' produced malformed response
81 | schema: GenerationSchema,
82 | description: String? = nil,
MetaCodable.CodedAs:2:30: note: 'CodedAs' declared here
1 | @available(swift 5.9)
2 | @attached(peer) public macro CodedAs<T>(_ values: T, _: T...) = #externalMacro(module: "MacroPlugin", type: "CodedAs") where T : Decodable, T : Encodable, T : Equatable
| `- note: 'CodedAs' declared here
/Users/admin/builder/spi-builder-workspace/src/Models/Config.swift:81:15: error: 'GenerationSchema' is only available in watchOS 27.0 or newer
54 | public struct TextConfig: Equatable, Hashable, Codable, Sendable {
55 | /// An object specifying the format that the model must output.
56 | @Codable @CodedAt("type") @CodingKeys(.snake_case) public enum Format: Equatable, Hashable, Sendable {
| `- note: add '@available' attribute to enclosing enum
57 | /// Used to generate text responses.
58 | case text
:
79 | @CodedAs("json_schema")
80 | case generationSchema(
81 | schema: GenerationSchema,
| `- error: 'GenerationSchema' is only available in watchOS 27.0 or newer
82 | description: String? = nil,
83 | name: String,
/Users/admin/builder/spi-builder-workspace/src/Models/Config.swift:54:15: error: type 'TextConfig' does not conform to protocol 'Encodable'
52 | /// - [Text inputs and outputs](https://platform.openai.com/docs/guides/text)
53 | /// - [Structured Outputs](https://platform.openai.com/docs/guides/structured-outputs)
54 | public struct TextConfig: Equatable, Hashable, Codable, Sendable {
| `- error: type 'TextConfig' does not conform to protocol 'Encodable'
55 | /// An object specifying the format that the model must output.
56 | @Codable @CodedAt("type") @CodingKeys(.snake_case) public enum Format: Equatable, Hashable, Sendable {
:
105 |
106 | /// An object specifying the format that the model must output.
107 | public var format: Format
| `- note: cannot automatically synthesize 'Encodable' because 'Format' does not conform to 'Encodable'
108 |
109 | /// Creates a new `TextConfig` instance.
Swift.Encodable.encode:2:6: note: protocol requires function 'encode(to:)' with type 'Encodable'
1 | protocol Encodable {
2 | func encode(to encoder: any Encoder) throws}
| `- note: protocol requires function 'encode(to:)' with type 'Encodable'
3 |
SwiftCompile normal arm64_32 (in target 'OpenAI' from project 'OpenAI')
cd /Users/admin/builder/spi-builder-workspace/.swiftpm/xcode
/Users/admin/builder/spi-builder-workspace/src/Models/Event.swift:5:64: error: external macro implementation type 'MacroPlugin.CodingKeys' could not be found for macro 'CodingKeys'; '/Users/admin/builder/spi-builder-workspace/.derivedData/Build/Products/Debug/MacroPlugin' produced malformed response
3 |
4 | /// A streaming event emitted by the Responses API
5 | @Codable @CodedAt("type") @CodingKeys(.snake_case) public enum Event: Equatable, Sendable {
| `- error: external macro implementation type 'MacroPlugin.CodingKeys' could not be found for macro 'CodingKeys'; '/Users/admin/builder/spi-builder-workspace/.derivedData/Build/Products/Debug/MacroPlugin' produced malformed response
6 | /// An event that is emitted when a response is created.
7 | ///
MetaCodable.CodingKeys:2:30: note: 'CodingKeys' declared here
1 | @available(swift 5.9)
2 | @attached(peer) public macro CodingKeys(_ strategy: MetaCodable.CodingKeyNameStrategy) = #externalMacro(module: "MacroPlugin", type: "CodingKeys")
| `- note: 'CodingKeys' declared here
/Users/admin/builder/spi-builder-workspace/src/Models/Event.swift:5:64: error: external macro implementation type 'MacroPlugin.CodedAt' could not be found for macro 'CodedAt'; '/Users/admin/builder/spi-builder-workspace/.derivedData/Build/Products/Debug/MacroPlugin' produced malformed response
3 |
4 | /// A streaming event emitted by the Responses API
5 | @Codable @CodedAt("type") @CodingKeys(.snake_case) public enum Event: Equatable, Sendable {
| `- error: external macro implementation type 'MacroPlugin.CodedAt' could not be found for macro 'CodedAt'; '/Users/admin/builder/spi-builder-workspace/.derivedData/Build/Products/Debug/MacroPlugin' produced malformed response
6 | /// An event that is emitted when a response is created.
7 | ///
MetaCodable.CodedAt:2:30: note: 'CodedAt' declared here
1 | @available(swift 5.9)
2 | @attached(peer) public macro CodedAt(_ path: StaticString...) = #externalMacro(module: "MacroPlugin", type: "CodedAt")
| `- note: 'CodedAt' declared here
/Users/admin/builder/spi-builder-workspace/src/Models/Event.swift:10:7: error: external macro implementation type 'MacroPlugin.CodedAs' could not be found for macro 'CodedAs'; '/Users/admin/builder/spi-builder-workspace/.derivedData/Build/Products/Debug/MacroPlugin' produced malformed response
8 | /// - Parameter response: The response that was created.
9 | @CodedAs("response.created")
10 | case responseCreated(response: Response)
| `- error: external macro implementation type 'MacroPlugin.CodedAs' could not be found for macro 'CodedAs'; '/Users/admin/builder/spi-builder-workspace/.derivedData/Build/Products/Debug/MacroPlugin' produced malformed response
11 |
12 | /// Emitted when the response is in progress.
MetaCodable.CodedAs:2:30: note: 'CodedAs' declared here
1 | @available(swift 5.9)
2 | @attached(peer) public macro CodedAs<T>(_ values: T, _: T...) = #externalMacro(module: "MacroPlugin", type: "CodedAs") where T : Decodable, T : Encodable, T : Equatable
| `- note: 'CodedAs' declared here
/Users/admin/builder/spi-builder-workspace/src/Models/Event.swift:5:64: error: external macro implementation type 'MacroPlugin.Codable' could not be found for macro 'Codable(commonStrategies:)'; '/Users/admin/builder/spi-builder-workspace/.derivedData/Build/Products/Debug/MacroPlugin' produced malformed response
3 |
4 | /// A streaming event emitted by the Responses API
5 | @Codable @CodedAt("type") @CodingKeys(.snake_case) public enum Event: Equatable, Sendable {
| `- error: external macro implementation type 'MacroPlugin.Codable' could not be found for macro 'Codable(commonStrategies:)'; '/Users/admin/builder/spi-builder-workspace/.derivedData/Build/Products/Debug/MacroPlugin' produced malformed response
6 | /// An event that is emitted when a response is created.
7 | ///
MetaCodable.Codable:2:278: note: 'Codable(commonStrategies:)' declared here
1 | @available(swift 5.9)
2 | @attached(extension, conformances: Decodable, Encodable, names: named(CodingKeys), named(DecodingKeys), named(init(from:)), named(encode(to:))) @attached(member, conformances: Decodable, Encodable, names: named(CodingKeys), named(init(from:)), named(encode(to:))) public macro Codable(commonStrategies: [MetaCodable.CodableCommonStrategy] = []) = #externalMacro(module: "MacroPlugin", type: "Codable")
| `- note: 'Codable(commonStrategies:)' declared here
/Users/admin/builder/spi-builder-workspace/src/Models/Event.swift:16:7: error: external macro implementation type 'MacroPlugin.CodedAs' could not be found for macro 'CodedAs'; '/Users/admin/builder/spi-builder-workspace/.derivedData/Build/Products/Debug/MacroPlugin' produced malformed response
14 | /// - Parameter response: The response that is in progress.
15 | @CodedAs("response.in_progress")
16 | case responseInProgress(response: Response)
| `- error: external macro implementation type 'MacroPlugin.CodedAs' could not be found for macro 'CodedAs'; '/Users/admin/builder/spi-builder-workspace/.derivedData/Build/Products/Debug/MacroPlugin' produced malformed response
17 |
18 | /// Emitted when the model response is complete.
MetaCodable.CodedAs:2:30: note: 'CodedAs' declared here
1 | @available(swift 5.9)
2 | @attached(peer) public macro CodedAs<T>(_ values: T, _: T...) = #externalMacro(module: "MacroPlugin", type: "CodedAs") where T : Decodable, T : Encodable, T : Equatable
| `- note: 'CodedAs' declared here
/Users/admin/builder/spi-builder-workspace/src/Models/Event.swift:22:7: error: external macro implementation type 'MacroPlugin.CodedAs' could not be found for macro 'CodedAs'; '/Users/admin/builder/spi-builder-workspace/.derivedData/Build/Products/Debug/MacroPlugin' produced malformed response
20 | /// - Parameter response: The response that is completed.
21 | @CodedAs("response.completed")
22 | case responseCompleted(response: Response)
| `- error: external macro implementation type 'MacroPlugin.CodedAs' could not be found for macro 'CodedAs'; '/Users/admin/builder/spi-builder-workspace/.derivedData/Build/Products/Debug/MacroPlugin' produced malformed response
23 |
24 | /// An event that is emitted when a response fails.
MetaCodable.CodedAs:2:30: note: 'CodedAs' declared here
1 | @available(swift 5.9)
2 | @attached(peer) public macro CodedAs<T>(_ values: T, _: T...) = #externalMacro(module: "MacroPlugin", type: "CodedAs") where T : Decodable, T : Encodable, T : Equatable
| `- note: 'CodedAs' declared here
/Users/admin/builder/spi-builder-workspace/src/Models/Event.swift:28:7: error: external macro implementation type 'MacroPlugin.CodedAs' could not be found for macro 'CodedAs'; '/Users/admin/builder/spi-builder-workspace/.derivedData/Build/Products/Debug/MacroPlugin' produced malformed response
26 | /// - Parameter response: The response that failed.
27 | @CodedAs("response.failed")
28 | case responseFailed(response: Response)
| `- error: external macro implementation type 'MacroPlugin.CodedAs' could not be found for macro 'CodedAs'; '/Users/admin/builder/spi-builder-workspace/.derivedData/Build/Products/Debug/MacroPlugin' produced malformed response
29 |
30 | /// An event that is emitted when a response finishes as incomplete.
MetaCodable.CodedAs:2:30: note: 'CodedAs' declared here
1 | @available(swift 5.9)
2 | @attached(peer) public macro CodedAs<T>(_ values: T, _: T...) = #externalMacro(module: "MacroPlugin", type: "CodedAs") where T : Decodable, T : Encodable, T : Equatable
| `- note: 'CodedAs' declared here
/Users/admin/builder/spi-builder-workspace/src/Models/Event.swift:34:7: error: external macro implementation type 'MacroPlugin.CodedAs' could not be found for macro 'CodedAs'; '/Users/admin/builder/spi-builder-workspace/.derivedData/Build/Products/Debug/MacroPlugin' produced malformed response
32 | /// - Parameter response: The response that is incomplete.
33 | @CodedAs("response.incomplete")
34 | case responseIncomplete(response: Response)
| `- error: external macro implementation type 'MacroPlugin.CodedAs' could not be found for macro 'CodedAs'; '/Users/admin/builder/spi-builder-workspace/.derivedData/Build/Products/Debug/MacroPlugin' produced malformed response
35 |
36 | /// Emitted when a response is queued and waiting to be processed.
MetaCodable.CodedAs:2:30: note: 'CodedAs' declared here
1 | @available(swift 5.9)
2 | @attached(peer) public macro CodedAs<T>(_ values: T, _: T...) = #externalMacro(module: "MacroPlugin", type: "CodedAs") where T : Decodable, T : Encodable, T : Equatable
| `- note: 'CodedAs' declared here
SwiftCompile normal arm64_32 Compiling\ AsyncBytes+collect.swift,\ Collection+safeAccess.swift /Users/admin/builder/spi-builder-workspace/src/Extensions/AsyncBytes+collect.swift /Users/admin/builder/spi-builder-workspace/src/Extensions/Collection+safeAccess.swift (in target 'OpenAI' from project 'OpenAI')
SwiftCompile normal arm64_32 /Users/admin/builder/spi-builder-workspace/src/Extensions/AsyncBytes+collect.swift (in target 'OpenAI' from project 'OpenAI')
cd /Users/admin/builder/spi-builder-workspace/.swiftpm/xcode
builtin-SwiftPerFileCompile AsyncBytes+collect.swift
SwiftCompile normal arm64_32 /Users/admin/builder/spi-builder-workspace/src/Extensions/Collection+safeAccess.swift (in target 'OpenAI' from project 'OpenAI')
cd /Users/admin/builder/spi-builder-workspace/.swiftpm/xcode
builtin-SwiftPerFileCompile Collection+safeAccess.swift
SwiftCompile normal arm64_32 Compiling\ File.swift,\ Input.swift /Users/admin/builder/spi-builder-workspace/src/Models/File.swift /Users/admin/builder/spi-builder-workspace/src/Models/Input.swift (in target 'OpenAI' from project 'OpenAI')
SwiftCompile normal arm64_32 /Users/admin/builder/spi-builder-workspace/src/Models/File.swift (in target 'OpenAI' from project 'OpenAI')
cd /Users/admin/builder/spi-builder-workspace/.swiftpm/xcode
builtin-SwiftPerFileCompile File.swift
SwiftCompile normal arm64_32 /Users/admin/builder/spi-builder-workspace/src/Models/Input.swift (in target 'OpenAI' from project 'OpenAI')
cd /Users/admin/builder/spi-builder-workspace/.swiftpm/xcode
builtin-SwiftPerFileCompile Input.swift
dyld[1331]: Symbol not found: _swift_initBorrow
Referenced from: <EC1B44AB-9176-36DF-9987-50AC74F684E0> /Users/admin/builder/spi-builder-workspace/.derivedData/Build/Products/Debug/MacroPlugin
Expected in: <83794FB3-DE9B-3D23-AB5E-2C1D5D30F134> /usr/lib/swift/libswiftCore.dylib
/Users/admin/builder/spi-builder-workspace/src/Models/File.swift:5:49: error: external macro implementation type 'MacroPlugin.CodingKeys' could not be found for macro 'CodingKeys'; '/Users/admin/builder/spi-builder-workspace/.derivedData/Build/Products/Debug/MacroPlugin' produced malformed response
3 | import HelperCoders
4 |
5 | @Codable @CodingKeys(.snake_case) public struct File: Equatable, Hashable, Sendable {
| `- error: external macro implementation type 'MacroPlugin.CodingKeys' could not be found for macro 'CodingKeys'; '/Users/admin/builder/spi-builder-workspace/.derivedData/Build/Products/Debug/MacroPlugin' produced malformed response
6 | public struct Upload: Equatable, Hashable, Sendable {
7 | /// The name of the file
MetaCodable.CodingKeys:2:30: note: 'CodingKeys' declared here
1 | @available(swift 5.9)
2 | @attached(peer) public macro CodingKeys(_ strategy: MetaCodable.CodingKeyNameStrategy) = #externalMacro(module: "MacroPlugin", type: "CodingKeys")
| `- note: 'CodingKeys' declared here
/Users/admin/builder/spi-builder-workspace/src/Models/File.swift:5:49: error: external macro implementation type 'MacroPlugin.Codable' could not be found for macro 'Codable(commonStrategies:)'; '/Users/admin/builder/spi-builder-workspace/.derivedData/Build/Products/Debug/MacroPlugin' produced malformed response
3 | import HelperCoders
4 |
5 | @Codable @CodingKeys(.snake_case) public struct File: Equatable, Hashable, Sendable {
| `- error: external macro implementation type 'MacroPlugin.Codable' could not be found for macro 'Codable(commonStrategies:)'; '/Users/admin/builder/spi-builder-workspace/.derivedData/Build/Products/Debug/MacroPlugin' produced malformed response
6 | public struct Upload: Equatable, Hashable, Sendable {
7 | /// The name of the file
MetaCodable.Codable:2:278: note: 'Codable(commonStrategies:)' declared here
1 | @available(swift 5.9)
2 | @attached(extension, conformances: Decodable, Encodable, names: named(CodingKeys), named(DecodingKeys), named(init(from:)), named(encode(to:))) @attached(member, conformances: Decodable, Encodable, names: named(CodingKeys), named(init(from:)), named(encode(to:))) public macro Codable(commonStrategies: [MetaCodable.CodableCommonStrategy] = []) = #externalMacro(module: "MacroPlugin", type: "Codable")
| `- note: 'Codable(commonStrategies:)' declared here
/Users/admin/builder/spi-builder-workspace/src/Models/File.swift:65:13: error: external macro implementation type 'MacroPlugin.CodedBy' could not be found for macro 'CodedBy'; '/Users/admin/builder/spi-builder-workspace/.derivedData/Build/Products/Debug/MacroPlugin' produced malformed response
63 | /// The `Date` when the file was created.
64 | @CodedBy(Since1970DateCoder())
65 | public var createdAt: Date
| `- error: external macro implementation type 'MacroPlugin.CodedBy' could not be found for macro 'CodedBy'; '/Users/admin/builder/spi-builder-workspace/.derivedData/Build/Products/Debug/MacroPlugin' produced malformed response
66 |
67 | /// The `Date` when the file will expire.
MetaCodable.CodedBy:2:30: note: 'CodedBy' declared here
1 | @available(swift 5.9)
2 | @attached(peer) public macro CodedBy<T>(_ helper: T) = #externalMacro(module: "MacroPlugin", type: "CodedBy") where T : MetaCodable.HelperCoder
| `- note: 'CodedBy' declared here
/Users/admin/builder/spi-builder-workspace/src/Models/File.swift:69:13: error: external macro implementation type 'MacroPlugin.CodedBy' could not be found for macro 'CodedBy'; '/Users/admin/builder/spi-builder-workspace/.derivedData/Build/Products/Debug/MacroPlugin' produced malformed response
67 | /// The `Date` when the file will expire.
68 | @CodedBy(Since1970DateCoder())
69 | public var expiresAt: Date?
| `- error: external macro implementation type 'MacroPlugin.CodedBy' could not be found for macro 'CodedBy'; '/Users/admin/builder/spi-builder-workspace/.derivedData/Build/Products/Debug/MacroPlugin' produced malformed response
70 |
71 | /// The current status of the file
MetaCodable.CodedBy:2:30: note: 'CodedBy' declared here
1 | @available(swift 5.9)
2 | @attached(peer) public macro CodedBy<T>(_ helper: T) = #externalMacro(module: "MacroPlugin", type: "CodedBy") where T : MetaCodable.HelperCoder
| `- note: 'CodedBy' declared here
/Users/admin/builder/spi-builder-workspace/src/Models/File.swift:5:49: error: external macro implementation type 'MacroPlugin.Codable' could not be found for macro 'Codable(commonStrategies:)'; '/Users/admin/builder/spi-builder-workspace/.derivedData/Build/Products/Debug/MacroPlugin' produced malformed response
3 | import HelperCoders
4 |
5 | @Codable @CodingKeys(.snake_case) public struct File: Equatable, Hashable, Sendable {
| `- error: external macro implementation type 'MacroPlugin.Codable' could not be found for macro 'Codable(commonStrategies:)'; '/Users/admin/builder/spi-builder-workspace/.derivedData/Build/Products/Debug/MacroPlugin' produced malformed response
6 | public struct Upload: Equatable, Hashable, Sendable {
7 | /// The name of the file
MetaCodable.Codable:2:278: note: 'Codable(commonStrategies:)' declared here
1 | @available(swift 5.9)
2 | @attached(extension, conformances: Decodable, Encodable, names: named(CodingKeys), named(DecodingKeys), named(init(from:)), named(encode(to:))) @attached(member, conformances: Decodable, Encodable, names: named(CodingKeys), named(init(from:)), named(encode(to:))) public macro Codable(commonStrategies: [MetaCodable.CodableCommonStrategy] = []) = #externalMacro(module: "MacroPlugin", type: "Codable")
| `- note: 'Codable(commonStrategies:)' declared here
SwiftCompile normal arm64_32 Compiling\ Request.swift,\ Response.swift /Users/admin/builder/spi-builder-workspace/src/Models/Request.swift /Users/admin/builder/spi-builder-workspace/src/Models/Response.swift (in target 'OpenAI' from project 'OpenAI')
dyld[1332]: Symbol not found: _swift_initBorrow
Referenced from: <EC1B44AB-9176-36DF-9987-50AC74F684E0> /Users/admin/builder/spi-builder-workspace/.derivedData/Build/Products/Debug/MacroPlugin
Expected in: <83794FB3-DE9B-3D23-AB5E-2C1D5D30F134> /usr/lib/swift/libswiftCore.dylib
/Users/admin/builder/spi-builder-workspace/src/Models/Request.swift:5:49: error: external macro implementation type 'MacroPlugin.CodingKeys' could not be found for macro 'CodingKeys'; '/Users/admin/builder/spi-builder-workspace/.derivedData/Build/Products/Debug/MacroPlugin' produced malformed response
3 |
4 | /// A request to the OpenAI Response API.
5 | @Codable @CodingKeys(.snake_case) public struct Request: Equatable, Hashable, Sendable {
| `- error: external macro implementation type 'MacroPlugin.CodingKeys' could not be found for macro 'CodingKeys'; '/Users/admin/builder/spi-builder-workspace/.derivedData/Build/Products/Debug/MacroPlugin' produced malformed response
6 | /// Additional output data to include in the model response.
7 | public enum Include: String, Equatable, Hashable, Codable, Sendable {
MetaCodable.CodingKeys:2:30: note: 'CodingKeys' declared here
1 | @available(swift 5.9)
2 | @attached(peer) public macro CodingKeys(_ strategy: MetaCodable.CodingKeyNameStrategy) = #externalMacro(module: "MacroPlugin", type: "CodingKeys")
| `- note: 'CodingKeys' declared here
/Users/admin/builder/spi-builder-workspace/src/Models/Request.swift:5:49: error: external macro implementation type 'MacroPlugin.Codable' could not be found for macro 'Codable(commonStrategies:)'; '/Users/admin/builder/spi-builder-workspace/.derivedData/Build/Products/Debug/MacroPlugin' produced malformed response
3 |
4 | /// A request to the OpenAI Response API.
5 | @Codable @CodingKeys(.snake_case) public struct Request: Equatable, Hashable, Sendable {
| `- error: external macro implementation type 'MacroPlugin.Codable' could not be found for macro 'Codable(commonStrategies:)'; '/Users/admin/builder/spi-builder-workspace/.derivedData/Build/Products/Debug/MacroPlugin' produced malformed response
6 | /// Additional output data to include in the model response.
7 | public enum Include: String, Equatable, Hashable, Codable, Sendable {
MetaCodable.Codable:2:278: note: 'Codable(commonStrategies:)' declared here
1 | @available(swift 5.9)
2 | @attached(extension, conformances: Decodable, Encodable, names: named(CodingKeys), named(DecodingKeys), named(init(from:)), named(encode(to:))) @attached(member, conformances: Decodable, Encodable, names: named(CodingKeys), named(init(from:)), named(encode(to:))) public macro Codable(commonStrategies: [MetaCodable.CodableCommonStrategy] = []) = #externalMacro(module: "MacroPlugin", type: "Codable")
| `- note: 'Codable(commonStrategies:)' declared here
/Users/admin/builder/spi-builder-workspace/src/Models/Request.swift:5:49: error: external macro implementation type 'MacroPlugin.Codable' could not be found for macro 'Codable(commonStrategies:)'; '/Users/admin/builder/spi-builder-workspace/.derivedData/Build/Products/Debug/MacroPlugin' produced malformed response
3 |
4 | /// A request to the OpenAI Response API.
5 | @Codable @CodingKeys(.snake_case) public struct Request: Equatable, Hashable, Sendable {
| `- error: external macro implementation type 'MacroPlugin.Codable' could not be found for macro 'Codable(commonStrategies:)'; '/Users/admin/builder/spi-builder-workspace/.derivedData/Build/Products/Debug/MacroPlugin' produced malformed response
6 | /// Additional output data to include in the model response.
7 | public enum Include: String, Equatable, Hashable, Codable, Sendable {
MetaCodable.Codable:2:278: note: 'Codable(commonStrategies:)' declared here
1 | @available(swift 5.9)
2 | @attached(extension, conformances: Decodable, Encodable, names: named(CodingKeys), named(DecodingKeys), named(init(from:)), named(encode(to:))) @attached(member, conformances: Decodable, Encodable, names: named(CodingKeys), named(init(from:)), named(encode(to:))) public macro Codable(commonStrategies: [MetaCodable.CodableCommonStrategy] = []) = #externalMacro(module: "MacroPlugin", type: "Codable")
| `- note: 'Codable(commonStrategies:)' declared here
/Users/admin/builder/spi-builder-workspace/src/Models/Config.swift:56:66: error: external macro implementation type 'MacroPlugin.Codable' could not be found for macro 'Codable(commonStrategies:)'; '/Users/admin/builder/spi-builder-workspace/.derivedData/Build/Products/Debug/MacroPlugin' produced malformed response
54 | public struct TextConfig: Equatable, Hashable, Codable, Sendable {
55 | /// An object specifying the format that the model must output.
56 | @Codable @CodedAt("type") @CodingKeys(.snake_case) public enum Format: Equatable, Hashable, Sendable {
| `- error: external macro implementation type 'MacroPlugin.Codable' could not be found for macro 'Codable(commonStrategies:)'; '/Users/admin/builder/spi-builder-workspace/.derivedData/Build/Products/Debug/MacroPlugin' produced malformed response
57 | /// Used to generate text responses.
58 | case text
MetaCodable.Codable:2:278: note: 'Codable(commonStrategies:)' declared here
1 | @available(swift 5.9)
2 | @attached(extension, conformances: Decodable, Encodable, names: named(CodingKeys), named(DecodingKeys), named(init(from:)), named(encode(to:))) @attached(member, conformances: Decodable, Encodable, names: named(CodingKeys), named(init(from:)), named(encode(to:))) public macro Codable(commonStrategies: [MetaCodable.CodableCommonStrategy] = []) = #externalMacro(module: "MacroPlugin", type: "Codable")
| `- note: 'Codable(commonStrategies:)' declared here
/Users/admin/builder/spi-builder-workspace/src/Models/Input.swift:5:32: error: external macro implementation type 'MacroPlugin.Codable' could not be found for macro 'Codable(commonStrategies:)'; '/Users/admin/builder/spi-builder-workspace/.derivedData/Build/Products/Debug/MacroPlugin' produced malformed response
3 |
4 | /// Text, image, or file inputs to the model, used to generate a response.
5 | @Codable @UnTagged public enum Input: Equatable, Hashable, Sendable {
| `- error: external macro implementation type 'MacroPlugin.Codable' could not be found for macro 'Codable(commonStrategies:)'; '/Users/admin/builder/spi-builder-workspace/.derivedData/Build/Products/Debug/MacroPlugin' produced malformed response
6 | /// A list of items used to generate a model response.
7 | @Codable @CodingKeys(.snake_case) public struct ItemList: Equatable, Hashable, Sendable {
MetaCodable.Codable:2:278: note: 'Codable(commonStrategies:)' declared here
1 | @available(swift 5.9)
2 | @attached(extension, conformances: Decodable, Encodable, names: named(CodingKeys), named(DecodingKeys), named(init(from:)), named(encode(to:))) @attached(member, conformances: Decodable, Encodable, names: named(CodingKeys), named(init(from:)), named(encode(to:))) public macro Codable(commonStrategies: [MetaCodable.CodableCommonStrategy] = []) = #externalMacro(module: "MacroPlugin", type: "Codable")
| `- note: 'Codable(commonStrategies:)' declared here
SwiftCompile normal arm64_32 /Users/admin/builder/spi-builder-workspace/src/Models/Request.swift (in target 'OpenAI' from project 'OpenAI')
cd /Users/admin/builder/spi-builder-workspace/.swiftpm/xcode
builtin-SwiftPerFileCompile Request.swift
SwiftCompile normal arm64_32 /Users/admin/builder/spi-builder-workspace/src/Models/Response.swift (in target 'OpenAI' from project 'OpenAI')
cd /Users/admin/builder/spi-builder-workspace/.swiftpm/xcode
builtin-SwiftPerFileCompile Response.swift
/Users/admin/builder/spi-builder-workspace/src/Models/Config.swift:9:49: error: external macro implementation type 'MacroPlugin.Codable' could not be found for macro 'Codable(commonStrategies:)'; '/Users/admin/builder/spi-builder-workspace/.derivedData/Build/Products/Debug/MacroPlugin' produced malformed response
7 | /// Configuration options for [reasoning models](https://platform.openai.com/docs/guides/reasoning).
8 | /// Only available for o-series models.
9 | @Codable @CodingKeys(.snake_case) public struct ReasoningConfig: Equatable, Hashable, Sendable {
| `- error: external macro implementation type 'MacroPlugin.Codable' could not be found for macro 'Codable(commonStrategies:)'; '/Users/admin/builder/spi-builder-workspace/.derivedData/Build/Products/Debug/MacroPlugin' produced malformed response
10 | /// Constrains effort on reasoning for [reasoning models](https://platform.openai.com/docs/guides/reasoning).
11 | ///
MetaCodable.Codable:2:278: note: 'Codable(commonStrategies:)' declared here
1 | @available(swift 5.9)
2 | @attached(extension, conformances: Decodable, Encodable, names: named(CodingKeys), named(DecodingKeys), named(init(from:)), named(encode(to:))) @attached(member, conformances: Decodable, Encodable, names: named(CodingKeys), named(init(from:)), named(encode(to:))) public macro Codable(commonStrategies: [MetaCodable.CodableCommonStrategy] = []) = #externalMacro(module: "MacroPlugin", type: "Codable")
| `- note: 'Codable(commonStrategies:)' declared here
/Users/admin/builder/spi-builder-workspace/src/Models/Tool.swift:12:64: error: external macro implementation type 'MacroPlugin.Codable' could not be found for macro 'Codable(commonStrategies:)'; '/Users/admin/builder/spi-builder-workspace/.derivedData/Build/Products/Debug/MacroPlugin' produced malformed response
10 | /// - **Built-in tools**: Tools that are provided by OpenAI that extend the model's capabilities, like [web search](https://platform.openai.com/docs/guides/tools-web-search) or [file search](https://platform.openai.com/docs/guides/tools-file-search). Learn more about [built-in tools](https://platform.openai.com/docs/guides/tools).
11 | /// - **Function calls (custom tools)**: Functions that are defined by you, enabling the model to call your own code. Learn more about [function calling](https://platform.openai.com/docs/guides/function-calling).
12 | @Codable @CodedAt("type") @CodingKeys(.snake_case) public enum Tool: Equatable, Hashable, Sendable {
| `- error: external macro implementation type 'MacroPlugin.Codable' could not be found for macro 'Codable(commonStrategies:)'; '/Users/admin/builder/spi-builder-workspace/.derivedData/Build/Products/Debug/MacroPlugin' produced malformed response
13 | public enum Choice: Equatable, Hashable, Sendable {
14 | /// The model will not call any tool and instead generates a message.
MetaCodable.Codable:2:278: note: 'Codable(commonStrategies:)' declared here
1 | @available(swift 5.9)
2 | @attached(extension, conformances: Decodable, Encodable, names: named(CodingKeys), named(DecodingKeys), named(init(from:)), named(encode(to:))) @attached(member, conformances: Decodable, Encodable, names: named(CodingKeys), named(init(from:)), named(encode(to:))) public macro Codable(commonStrategies: [MetaCodable.CodableCommonStrategy] = []) = #externalMacro(module: "MacroPlugin", type: "Codable")
| `- note: 'Codable(commonStrategies:)' declared here
/Users/admin/builder/spi-builder-workspace/src/Models/Config.swift:56:66: error: external macro implementation type 'MacroPlugin.CodingKeys' could not be found for macro 'CodingKeys'; '/Users/admin/builder/spi-builder-workspace/.derivedData/Build/Products/Debug/MacroPlugin' produced malformed response
54 | public struct TextConfig: Equatable, Hashable, Codable, Sendable {
55 | /// An object specifying the format that the model must output.
56 | @Codable @CodedAt("type") @CodingKeys(.snake_case) public enum Format: Equatable, Hashable, Sendable {
| `- error: external macro implementation type 'MacroPlugin.CodingKeys' could not be found for macro 'CodingKeys'; '/Users/admin/builder/spi-builder-workspace/.derivedData/Build/Products/Debug/MacroPlugin' produced malformed response
57 | /// Used to generate text responses.
58 | case text
MetaCodable.CodingKeys:2:30: note: 'CodingKeys' declared here
1 | @available(swift 5.9)
2 | @attached(peer) public macro CodingKeys(_ strategy: MetaCodable.CodingKeyNameStrategy) = #externalMacro(module: "MacroPlugin", type: "CodingKeys")
| `- note: 'CodingKeys' declared here
/Users/admin/builder/spi-builder-workspace/src/Models/Config.swift:56:66: error: external macro implementation type 'MacroPlugin.CodedAt' could not be found for macro 'CodedAt'; '/Users/admin/builder/spi-builder-workspace/.derivedData/Build/Products/Debug/MacroPlugin' produced malformed response
54 | public struct TextConfig: Equatable, Hashable, Codable, Sendable {
55 | /// An object specifying the format that the model must output.
56 | @Codable @CodedAt("type") @CodingKeys(.snake_case) public enum Format: Equatable, Hashable, Sendable {
| `- error: external macro implementation type 'MacroPlugin.CodedAt' could not be found for macro 'CodedAt'; '/Users/admin/builder/spi-builder-workspace/.derivedData/Build/Products/Debug/MacroPlugin' produced malformed response
57 | /// Used to generate text responses.
58 | case text
MetaCodable.CodedAt:2:30: note: 'CodedAt' declared here
1 | @available(swift 5.9)
2 | @attached(peer) public macro CodedAt(_ path: StaticString...) = #externalMacro(module: "MacroPlugin", type: "CodedAt")
| `- note: 'CodedAt' declared here
/Users/admin/builder/spi-builder-workspace/src/Models/Config.swift:9:49: error: external macro implementation type 'MacroPlugin.Codable' could not be found for macro 'Codable(commonStrategies:)'; '/Users/admin/builder/spi-builder-workspace/.derivedData/Build/Products/Debug/MacroPlugin' produced malformed response
7 | /// Configuration options for [reasoning models](https://platform.openai.com/docs/guides/reasoning).
8 | /// Only available for o-series models.
9 | @Codable @CodingKeys(.snake_case) public struct ReasoningConfig: Equatable, Hashable, Sendable {
| `- error: external macro implementation type 'MacroPlugin.Codable' could not be found for macro 'Codable(commonStrategies:)'; '/Users/admin/builder/spi-builder-workspace/.derivedData/Build/Products/Debug/MacroPlugin' produced malformed response
10 | /// Constrains effort on reasoning for [reasoning models](https://platform.openai.com/docs/guides/reasoning).
11 | ///
MetaCodable.Codable:2:278: note: 'Codable(commonStrategies:)' declared here
1 | @available(swift 5.9)
2 | @attached(extension, conformances: Decodable, Encodable, names: named(CodingKeys), named(DecodingKeys), named(init(from:)), named(encode(to:))) @attached(member, conformances: Decodable, Encodable, names: named(CodingKeys), named(init(from:)), named(encode(to:))) public macro Codable(commonStrategies: [MetaCodable.CodableCommonStrategy] = []) = #externalMacro(module: "MacroPlugin", type: "Codable")
| `- note: 'Codable(commonStrategies:)' declared here
SwiftCompile normal arm64_32 Compiling\ Message.swift,\ Model.swift /Users/admin/builder/spi-builder-workspace/src/Models/Message.swift /Users/admin/builder/spi-builder-workspace/src/Models/Model.swift (in target 'OpenAI' from project 'OpenAI')
dyld[1338]: Symbol not found: _swift_initBorrow
Referenced from: <EC1B44AB-9176-36DF-9987-50AC74F684E0> /Users/admin/builder/spi-builder-workspace/.derivedData/Build/Products/Debug/MacroPlugin
Expected in: <83794FB3-DE9B-3D23-AB5E-2C1D5D30F134> /usr/lib/swift/libswiftCore.dylib
/Users/admin/builder/spi-builder-workspace/src/Models/Config.swift:56:66: error: external macro implementation type 'MacroPlugin.Codable' could not be found for macro 'Codable(commonStrategies:)'; '/Users/admin/builder/spi-builder-workspace/.derivedData/Build/Products/Debug/MacroPlugin' produced malformed response
54 | public struct TextConfig: Equatable, Hashable, Codable, Sendable {
55 | /// An object specifying the format that the model must output.
56 | @Codable @CodedAt("type") @CodingKeys(.snake_case) public enum Format: Equatable, Hashable, Sendable {
| `- error: external macro implementation type 'MacroPlugin.Codable' could not be found for macro 'Codable(commonStrategies:)'; '/Users/admin/builder/spi-builder-workspace/.derivedData/Build/Products/Debug/MacroPlugin' produced malformed response
57 | /// Used to generate text responses.
58 | case text
MetaCodable.Codable:2:278: note: 'Codable(commonStrategies:)' declared here
1 | @available(swift 5.9)
2 | @attached(extension, conformances: Decodable, Encodable, names: named(CodingKeys), named(DecodingKeys), named(init(from:)), named(encode(to:))) @attached(member, conformances: Decodable, Encodable, names: named(CodingKeys), named(init(from:)), named(encode(to:))) public macro Codable(commonStrategies: [MetaCodable.CodableCommonStrategy] = []) = #externalMacro(module: "MacroPlugin", type: "Codable")
| `- note: 'Codable(commonStrategies:)' declared here
/Users/admin/builder/spi-builder-workspace/src/Models/Item.swift:109:66: error: external macro implementation type 'MacroPlugin.Codable' could not be found for macro 'Codable(commonStrategies:)'; '/Users/admin/builder/spi-builder-workspace/.derivedData/Build/Products/Debug/MacroPlugin' produced malformed response
107 | @Codable @CodedAt("type") @CodingKeys(.snake_case) public enum Output: Equatable, Hashable, Sendable {
108 | /// The content of the output message.
109 | @Codable @CodedAt("type") @CodingKeys(.snake_case) public enum Content: Equatable, Hashable, Sendable {
| `- error: external macro implementation type 'MacroPlugin.Codable' could not be found for macro 'Codable(commonStrategies:)'; '/Users/admin/builder/spi-builder-workspace/.derivedData/Build/Products/Debug/MacroPlugin' produced malformed response
110 | /// An annotation of the text output.
111 | @Codable @CodedAt("type") @CodingKeys(.snake_case) public enum Annotation: Equatable, Hashable, Sendable {
MetaCodable.Codable:2:278: note: 'Codable(commonStrategies:)' declared here
1 | @available(swift 5.9)
2 | @attached(extension, conformances: Decodable, Encodable, names: named(CodingKeys), named(DecodingKeys), named(init(from:)), named(encode(to:))) @attached(member, conformances: Decodable, Encodable, names: named(CodingKeys), named(init(from:)), named(encode(to:))) public macro Codable(commonStrategies: [MetaCodable.CodableCommonStrategy] = []) = #externalMacro(module: "MacroPlugin", type: "Codable")
| `- note: 'Codable(commonStrategies:)' declared here
/Users/admin/builder/spi-builder-workspace/src/Models/Input.swift:42:33: error: external macro implementation type 'MacroPlugin.Codable' could not be found for macro 'Codable(commonStrategies:)'; '/Users/admin/builder/spi-builder-workspace/.derivedData/Build/Products/Debug/MacroPlugin' produced malformed response
40 |
41 | /// Text, image, or audio input to the model, used to generate a response. Can also contain previous assistant responses.
42 | @Codable @UnTagged public enum Content: Equatable, Hashable, Sendable {
| `- error: external macro implementation type 'MacroPlugin.Codable' could not be found for macro 'Codable(commonStrategies:)'; '/Users/admin/builder/spi-builder-workspace/.derivedData/Build/Products/Debug/MacroPlugin' produced malformed response
43 | /// Text, image, or audio input to the model, used to generate a response. Can also contain previous assistant responses.
44 | @Codable @CodedAt("type") @CodingKeys(.snake_case) public enum ContentItem: Equatable, Hashable, Sendable {
MetaCodable.Codable:2:278: note: 'Codable(commonStrategies:)' declared here
1 | @available(swift 5.9)
2 | @attached(extension, conformances: Decodable, Encodable, names: named(CodingKeys), named(DecodingKeys), named(init(from:)), named(encode(to:))) @attached(member, conformances: Decodable, Encodable, names: named(CodingKeys), named(init(from:)), named(encode(to:))) public macro Codable(commonStrategies: [MetaCodable.CodableCommonStrategy] = []) = #externalMacro(module: "MacroPlugin", type: "Codable")
| `- note: 'Codable(commonStrategies:)' declared here
/Users/admin/builder/spi-builder-workspace/src/Models/Input.swift:44:66: error: external macro implementation type 'MacroPlugin.Codable' could not be found for macro 'Codable(commonStrategies:)'; '/Users/admin/builder/spi-builder-workspace/.derivedData/Build/Products/Debug/MacroPlugin' produced malformed response
42 | @Codable @UnTagged public enum Content: Equatable, Hashable, Sendable {
43 | /// Text, image, or audio input to the model, used to generate a response. Can also contain previous assistant responses.
44 | @Codable @CodedAt("type") @CodingKeys(.snake_case) public enum ContentItem: Equatable, Hashable, Sendable {
| `- error: external macro implementation type 'MacroPlugin.Codable' could not be found for macro 'Codable(commonStrategies:)'; '/Users/admin/builder/spi-builder-workspace/.derivedData/Build/Products/Debug/MacroPlugin' produced malformed response
45 | /// The detail level of the image sent to the model.
46 | public enum ImageDetail: String, CaseIterable, Equatable, Hashable, Codable, Sendable {
MetaCodable.Codable:2:278: note: 'Codable(commonStrategies:)' declared here
1 | @available(swift 5.9)
2 | @attached(extension, conformances: Decodable, Encodable, names: named(CodingKeys), named(DecodingKeys), named(init(from:)), named(encode(to:))) @attached(member, conformances: Decodable, Encodable, names: named(CodingKeys), named(init(from:)), named(encode(to:))) public macro Codable(commonStrategies: [MetaCodable.CodableCommonStrategy] = []) = #externalMacro(module: "MacroPlugin", type: "Codable")
| `- note: 'Codable(commonStrategies:)' declared here
SwiftCompile normal arm64_32 /Users/admin/builder/spi-builder-workspace/src/Models/Message.swift (in target 'OpenAI' from project 'OpenAI')
cd /Users/admin/builder/spi-builder-workspace/.swiftpm/xcode
builtin-SwiftPerFileCompile Message.swift
SwiftCompile normal arm64_32 /Users/admin/builder/spi-builder-workspace/src/Models/Model.swift (in target 'OpenAI' from project 'OpenAI')
cd /Users/admin/builder/spi-builder-workspace/.swiftpm/xcode
builtin-SwiftPerFileCompile Model.swift
SwiftCompile normal arm64_32 Compiling\ JSONEncoder+string.swift,\ URL+appendOptionalQueryItems.swift /Users/admin/builder/spi-builder-workspace/src/Extensions/JSONEncoder+string.swift /Users/admin/builder/spi-builder-workspace/src/Extensions/URL+appendOptionalQueryItems.swift (in target 'OpenAI' from project 'OpenAI')
SwiftCompile normal arm64_32 /Users/admin/builder/spi-builder-workspace/src/Extensions/JSONEncoder+string.swift (in target 'OpenAI' from project 'OpenAI')
cd /Users/admin/builder/spi-builder-workspace/.swiftpm/xcode
builtin-SwiftPerFileCompile JSONEncoder+string.swift
SwiftCompile normal arm64_32 /Users/admin/builder/spi-builder-workspace/src/Extensions/URL+appendOptionalQueryItems.swift (in target 'OpenAI' from project 'OpenAI')
cd /Users/admin/builder/spi-builder-workspace/.swiftpm/xcode
builtin-SwiftPerFileCompile URL+appendOptionalQueryItems.swift
SwiftCompile normal arm64_32 Compiling\ Config.swift,\ Event.swift /Users/admin/builder/spi-builder-workspace/src/Models/Config.swift /Users/admin/builder/spi-builder-workspace/src/Models/Event.swift (in target 'OpenAI' from project 'OpenAI')
dyld[1335]: Symbol not found: _swift_initBorrow
Referenced from: <EC1B44AB-9176-36DF-9987-50AC74F684E0> /Users/admin/builder/spi-builder-workspace/.derivedData/Build/Products/Debug/MacroPlugin
Expected in: <83794FB3-DE9B-3D23-AB5E-2C1D5D30F134> /usr/lib/swift/libswiftCore.dylib
/Users/admin/builder/spi-builder-workspace/src/Models/Config.swift:9:49: error: external macro implementation type 'MacroPlugin.CodingKeys' could not be found for macro 'CodingKeys'; '/Users/admin/builder/spi-builder-workspace/.derivedData/Build/Products/Debug/MacroPlugin' produced malformed response
7 | /// Configuration options for [reasoning models](https://platform.openai.com/docs/guides/reasoning).
8 | /// Only available for o-series models.
9 | @Codable @CodingKeys(.snake_case) public struct ReasoningConfig: Equatable, Hashable, Sendable {
| `- error: external macro implementation type 'MacroPlugin.CodingKeys' could not be found for macro 'CodingKeys'; '/Users/admin/builder/spi-builder-workspace/.derivedData/Build/Products/Debug/MacroPlugin' produced malformed response
10 | /// Constrains effort on reasoning for [reasoning models](https://platform.openai.com/docs/guides/reasoning).
11 | ///
MetaCodable.CodingKeys:2:30: note: 'CodingKeys' declared here
1 | @available(swift 5.9)
2 | @attached(peer) public macro CodingKeys(_ strategy: MetaCodable.CodingKeyNameStrategy) = #externalMacro(module: "MacroPlugin", type: "CodingKeys")
| `- note: 'CodingKeys' declared here
/Users/admin/builder/spi-builder-workspace/src/Models/Config.swift:9:49: error: external macro implementation type 'MacroPlugin.Codable' could not be found for macro 'Codable(commonStrategies:)'; '/Users/admin/builder/spi-builder-workspace/.derivedData/Build/Products/Debug/MacroPlugin' produced malformed response
7 | /// Configuration options for [reasoning models](https://platform.openai.com/docs/guides/reasoning).
8 | /// Only available for o-series models.
9 | @Codable @CodingKeys(.snake_case) public struct ReasoningConfig: Equatable, Hashable, Sendable {
| `- error: external macro implementation type 'MacroPlugin.Codable' could not be found for macro 'Codable(commonStrategies:)'; '/Users/admin/builder/spi-builder-workspace/.derivedData/Build/Products/Debug/MacroPlugin' produced malformed response
10 | /// Constrains effort on reasoning for [reasoning models](https://platform.openai.com/docs/guides/reasoning).
11 | ///
MetaCodable.Codable:2:278: note: 'Codable(commonStrategies:)' declared here
1 | @available(swift 5.9)
2 | @attached(extension, conformances: Decodable, Encodable, names: named(CodingKeys), named(DecodingKeys), named(init(from:)), named(encode(to:))) @attached(member, conformances: Decodable, Encodable, names: named(CodingKeys), named(init(from:)), named(encode(to:))) public macro Codable(commonStrategies: [MetaCodable.CodableCommonStrategy] = []) = #externalMacro(module: "MacroPlugin", type: "Codable")
| `- note: 'Codable(commonStrategies:)' declared here
/Users/admin/builder/spi-builder-workspace/src/Models/Config.swift:9:49: error: external macro implementation type 'MacroPlugin.Codable' could not be found for macro 'Codable(commonStrategies:)'; '/Users/admin/builder/spi-builder-workspace/.derivedData/Build/Products/Debug/MacroPlugin' produced malformed response
7 | /// Configuration options for [reasoning models](https://platform.openai.com/docs/guides/reasoning).
8 | /// Only available for o-series models.
9 | @Codable @CodingKeys(.snake_case) public struct ReasoningConfig: Equatable, Hashable, Sendable {
| `- error: external macro implementation type 'MacroPlugin.Codable' could not be found for macro 'Codable(commonStrategies:)'; '/Users/admin/builder/spi-builder-workspace/.derivedData/Build/Products/Debug/MacroPlugin' produced malformed response
10 | /// Constrains effort on reasoning for [reasoning models](https://platform.openai.com/docs/guides/reasoning).
11 | ///
MetaCodable.Codable:2:278: note: 'Codable(commonStrategies:)' declared here
1 | @available(swift 5.9)
2 | @attached(extension, conformances: Decodable, Encodable, names: named(CodingKeys), named(DecodingKeys), named(init(from:)), named(encode(to:))) @attached(member, conformances: Decodable, Encodable, names: named(CodingKeys), named(init(from:)), named(encode(to:))) public macro Codable(commonStrategies: [MetaCodable.CodableCommonStrategy] = []) = #externalMacro(module: "MacroPlugin", type: "Codable")
| `- note: 'Codable(commonStrategies:)' declared here
/Users/admin/builder/spi-builder-workspace/src/Models/Config.swift:56:66: error: external macro implementation type 'MacroPlugin.Codable' could not be found for macro 'Codable(commonStrategies:)'; '/Users/admin/builder/spi-builder-workspace/.derivedData/Build/Products/Debug/MacroPlugin' produced malformed response
54 | public struct TextConfig: Equatable, Hashable, Codable, Sendable {
55 | /// An object specifying the format that the model must output.
56 | @Codable @CodedAt("type") @CodingKeys(.snake_case) public enum Format: Equatable, Hashable, Sendable {
| `- error: external macro implementation type 'MacroPlugin.Codable' could not be found for macro 'Codable(commonStrategies:)'; '/Users/admin/builder/spi-builder-workspace/.derivedData/Build/Products/Debug/MacroPlugin' produced malformed response
57 | /// Used to generate text responses.
58 | case text
MetaCodable.Codable:2:278: note: 'Codable(commonStrategies:)' declared here
1 | @available(swift 5.9)
2 | @attached(extension, conformances: Decodable, Encodable, names: named(CodingKeys), named(DecodingKeys), named(init(from:)), named(encode(to:))) @attached(member, conformances: Decodable, Encodable, names: named(CodingKeys), named(init(from:)), named(encode(to:))) public macro Codable(commonStrategies: [MetaCodable.CodableCommonStrategy] = []) = #externalMacro(module: "MacroPlugin", type: "Codable")
| `- note: 'Codable(commonStrategies:)' declared here
/Users/admin/builder/spi-builder-workspace/src/Models/Config.swift:56:66: error: external macro implementation type 'MacroPlugin.CodingKeys' could not be found for macro 'CodingKeys'; '/Users/admin/builder/spi-builder-workspace/.derivedData/Build/Products/Debug/MacroPlugin' produced malformed response
54 | public struct TextConfig: Equatable, Hashable, Codable, Sendable {
55 | /// An object specifying the format that the model must output.
56 | @Codable @CodedAt("type") @CodingKeys(.snake_case) public enum Format: Equatable, Hashable, Sendable {
| `- error: external macro implementation type 'MacroPlugin.CodingKeys' could not be found for macro 'CodingKeys'; '/Users/admin/builder/spi-builder-workspace/.derivedData/Build/Products/Debug/MacroPlugin' produced malformed response
57 | /// Used to generate text responses.
58 | case text
MetaCodable.CodingKeys:2:30: note: 'CodingKeys' declared here
1 | @available(swift 5.9)
2 | @attached(peer) public macro CodingKeys(_ strategy: MetaCodable.CodingKeyNameStrategy) = #externalMacro(module: "MacroPlugin", type: "CodingKeys")
| `- note: 'CodingKeys' declared here
SwiftCompile normal arm64_32 /Users/admin/builder/spi-builder-workspace/src/Models/Config.swift (in target 'OpenAI' from project 'OpenAI')
cd /Users/admin/builder/spi-builder-workspace/.swiftpm/xcode
builtin-SwiftPerFileCompile Config.swift
SwiftCompile normal arm64_32 /Users/admin/builder/spi-builder-workspace/src/Models/Event.swift (in target 'OpenAI' from project 'OpenAI')
cd /Users/admin/builder/spi-builder-workspace/.swiftpm/xcode
builtin-SwiftPerFileCompile Event.swift
/Users/admin/builder/spi-builder-workspace/src/Models/Config.swift:56:66: error: external macro implementation type 'MacroPlugin.CodedAt' could not be found for macro 'CodedAt'; '/Users/admin/builder/spi-builder-workspace/.derivedData/Build/Products/Debug/MacroPlugin' produced malformed response
54 | public struct TextConfig: Equatable, Hashable, Codable, Sendable {
55 | /// An object specifying the format that the model must output.
56 | @Codable @CodedAt("type") @CodingKeys(.snake_case) public enum Format: Equatable, Hashable, Sendable {
| `- error: external macro implementation type 'MacroPlugin.CodedAt' could not be found for macro 'CodedAt'; '/Users/admin/builder/spi-builder-workspace/.derivedData/Build/Products/Debug/MacroPlugin' produced malformed response
57 | /// Used to generate text responses.
58 | case text
MetaCodable.CodedAt:2:30: note: 'CodedAt' declared here
1 | @available(swift 5.9)
2 | @attached(peer) public macro CodedAt(_ path: StaticString...) = #externalMacro(module: "MacroPlugin", type: "CodedAt")
| `- note: 'CodedAt' declared here
/Users/admin/builder/spi-builder-workspace/src/Models/Config.swift:54:15: error: type 'TextConfig' does not conform to protocol 'Decodable'
52 | /// - [Text inputs and outputs](https://platform.openai.com/docs/guides/text)
53 | /// - [Structured Outputs](https://platform.openai.com/docs/guides/structured-outputs)
54 | public struct TextConfig: Equatable, Hashable, Codable, Sendable {
| `- error: type 'TextConfig' does not conform to protocol 'Decodable'
55 | /// An object specifying the format that the model must output.
56 | @Codable @CodedAt("type") @CodingKeys(.snake_case) public enum Format: Equatable, Hashable, Sendable {
:
105 |
106 | /// An object specifying the format that the model must output.
107 | public var format: Format
| `- note: cannot automatically synthesize 'Decodable' because 'Format' does not conform to 'Decodable'
108 |
109 | /// Creates a new `TextConfig` instance.
Swift.Decodable.init:2:1: note: protocol requires initializer 'init(from:)' with type 'Decodable'
1 | protocol Decodable {
2 | init(from decoder: any Decoder) throws}
| `- note: protocol requires initializer 'init(from:)' with type 'Decodable'
3 |
/Users/admin/builder/spi-builder-workspace/src/Models/Config.swift:65:10: error: external macro implementation type 'MacroPlugin.CodedAs' could not be found for macro 'CodedAs'; '/Users/admin/builder/spi-builder-workspace/.derivedData/Build/Products/Debug/MacroPlugin' produced malformed response
63 | /// - Parameter strict: Whether to enable strict schema adherence when generating the output. If set to `true`, the model will always follow the exact schema defined in the schema field. Only a subset of JSON Schema is supported when `strict` is `true`.
64 | @CodedAs("json_schema")
65 | case jsonSchema(
| `- error: external macro implementation type 'MacroPlugin.CodedAs' could not be found for macro 'CodedAs'; '/Users/admin/builder/spi-builder-workspace/.derivedData/Build/Products/Debug/MacroPlugin' produced malformed response
66 | schema: JSONSchema,
67 | description: String? = nil,
MetaCodable.CodedAs:2:30: note: 'CodedAs' declared here
1 | @available(swift 5.9)
2 | @attached(peer) public macro CodedAs<T>(_ values: T, _: T...) = #externalMacro(module: "MacroPlugin", type: "CodedAs") where T : Decodable, T : Encodable, T : Equatable
| `- note: 'CodedAs' declared here
/Users/admin/builder/spi-builder-workspace/src/Models/Config.swift:77:10: error: external macro implementation type 'MacroPlugin.CodedAs' could not be found for macro 'CodedAs'; '/Users/admin/builder/spi-builder-workspace/.derivedData/Build/Products/Debug/MacroPlugin' produced malformed response
75 | /// Note that the model will not generate JSON without a system or user message instructing it to do so.
76 | @CodedAs("json_object")
77 | case jsonObject
| `- error: external macro implementation type 'MacroPlugin.CodedAs' could not be found for macro 'CodedAs'; '/Users/admin/builder/spi-builder-workspace/.derivedData/Build/Products/Debug/MacroPlugin' produced malformed response
78 |
79 | @CodedAs("json_schema")
MetaCodable.CodedAs:2:30: note: 'CodedAs' declared here
1 | @available(swift 5.9)
2 | @attached(peer) public macro CodedAs<T>(_ values: T, _: T...) = #externalMacro(module: "MacroPlugin", type: "CodedAs") where T : Decodable, T : Encodable, T : Equatable
| `- note: 'CodedAs' declared here
/Users/admin/builder/spi-builder-workspace/src/Models/Config.swift:80:10: error: external macro implementation type 'MacroPlugin.CodedAs' could not be found for macro 'CodedAs'; '/Users/admin/builder/spi-builder-workspace/.derivedData/Build/Products/Debug/MacroPlugin' produced malformed response
78 |
79 | @CodedAs("json_schema")
80 | case generationSchema(
| `- error: external macro implementation type 'MacroPlugin.CodedAs' could not be found for macro 'CodedAs'; '/Users/admin/builder/spi-builder-workspace/.derivedData/Build/Products/Debug/MacroPlugin' produced malformed response
81 | schema: GenerationSchema,
82 | description: String? = nil,
MetaCodable.CodedAs:2:30: note: 'CodedAs' declared here
1 | @available(swift 5.9)
2 | @attached(peer) public macro CodedAs<T>(_ values: T, _: T...) = #externalMacro(module: "MacroPlugin", type: "CodedAs") where T : Decodable, T : Encodable, T : Equatable
| `- note: 'CodedAs' declared here
/Users/admin/builder/spi-builder-workspace/src/Models/Config.swift:81:15: error: 'GenerationSchema' is only available in watchOS 27.0 or newer
54 | public struct TextConfig: Equatable, Hashable, Codable, Sendable {
55 | /// An object specifying the format that the model must output.
56 | @Codable @CodedAt("type") @CodingKeys(.snake_case) public enum Format: Equatable, Hashable, Sendable {
| `- note: add '@available' attribute to enclosing enum
57 | /// Used to generate text responses.
58 | case text
:
79 | @CodedAs("json_schema")
80 | case generationSchema(
81 | schema: GenerationSchema,
| `- error: 'GenerationSchema' is only available in watchOS 27.0 or newer
82 | description: String? = nil,
83 | name: String,
SwiftCompile normal arm64_32 Compiling\ Item.swift,\ JSONSchema.swift /Users/admin/builder/spi-builder-workspace/src/Models/Item.swift /Users/admin/builder/spi-builder-workspace/src/Models/JSONSchema.swift (in target 'OpenAI' from project 'OpenAI')
dyld[1333]: Symbol not found: _swift_initBorrow
Referenced from: <EC1B44AB-9176-36DF-9987-50AC74F684E0> /Users/admin/builder/spi-builder-workspace/.derivedData/Build/Products/Debug/MacroPlugin
Expected in: <83794FB3-DE9B-3D23-AB5E-2C1D5D30F134> /usr/lib/swift/libswiftCore.dylib
/Users/admin/builder/spi-builder-workspace/src/Models/Item.swift:11:65: error: external macro implementation type 'MacroPlugin.CodingKeys' could not be found for macro 'CodingKeys'; '/Users/admin/builder/spi-builder-workspace/.derivedData/Build/Products/Debug/MacroPlugin' produced malformed response
9 | ///
10 | /// Can contain text, images, and audio inputs, as well as previous assistant responses and tool call outputs.
11 | @Codable @CodedAt("type") @CodingKeys(.snake_case) public enum Input: Equatable, Hashable, Sendable {
| `- error: external macro implementation type 'MacroPlugin.CodingKeys' could not be found for macro 'CodingKeys'; '/Users/admin/builder/spi-builder-workspace/.derivedData/Build/Products/Debug/MacroPlugin' produced malformed response
12 | /// A message input to the model with a role indicating instruction following hierarchy.
13 | ///
MetaCodable.CodingKeys:2:30: note: 'CodingKeys' declared here
1 | @available(swift 5.9)
2 | @attached(peer) public macro CodingKeys(_ strategy: MetaCodable.CodingKeyNameStrategy) = #externalMacro(module: "MacroPlugin", type: "CodingKeys")
| `- note: 'CodingKeys' declared here
/Users/admin/builder/spi-builder-workspace/src/Models/Item.swift:11:65: error: external macro implementation type 'MacroPlugin.CodedAt' could not be found for macro 'CodedAt'; '/Users/admin/builder/spi-builder-workspace/.derivedData/Build/Products/Debug/MacroPlugin' produced malformed response
9 | ///
10 | /// Can contain text, images, and audio inputs, as well as previous assistant responses and tool call outputs.
11 | @Codable @CodedAt("type") @CodingKeys(.snake_case) public enum Input: Equatable, Hashable, Sendable {
| `- error: external macro implementation type 'MacroPlugin.CodedAt' could not be found for macro 'CodedAt'; '/Users/admin/builder/spi-builder-workspace/.derivedData/Build/Products/Debug/MacroPlugin' produced malformed response
12 | /// A message input to the model with a role indicating instruction following hierarchy.
13 | ///
MetaCodable.CodedAt:2:30: note: 'CodedAt' declared here
1 | @available(swift 5.9)
2 | @attached(peer) public macro CodedAt(_ path: StaticString...) = #externalMacro(module: "MacroPlugin", type: "CodedAt")
| `- note: 'CodedAt' declared here
/Users/admin/builder/spi-builder-workspace/src/Models/Item.swift:16:8: error: external macro implementation type 'MacroPlugin.CodedAs' could not be found for macro 'CodedAs'; '/Users/admin/builder/spi-builder-workspace/.derivedData/Build/Products/Debug/MacroPlugin' produced malformed response
14 | /// Instructions given with the `Developer` or `System` role take precedence over instructions given with the `User` role.
15 | @CodedAs("message")
16 | case inputMessage(Message.Input)
| `- error: external macro implementation type 'MacroPlugin.CodedAs' could not be found for macro 'CodedAs'; '/Users/admin/builder/spi-builder-workspace/.derivedData/Build/Products/Debug/MacroPlugin' produced malformed response
17 |
18 | /// An output message from the model.
MetaCodable.CodedAs:2:30: note: 'CodedAs' declared here
1 | @available(swift 5.9)
2 | @attached(peer) public macro CodedAs<T>(_ values: T, _: T...) = #externalMacro(module: "MacroPlugin", type: "CodedAs") where T : Decodable, T : Encodable, T : Equatable
| `- note: 'CodedAs' declared here
/Users/admin/builder/spi-builder-workspace/src/Models/Item.swift:11:65: error: external macro implementation type 'MacroPlugin.Codable' could not be found for macro 'Codable(commonStrategies:)'; '/Users/admin/builder/spi-builder-workspace/.derivedData/Build/Products/Debug/MacroPlugin' produced malformed response
9 | ///
10 | /// Can contain text, images, and audio inputs, as well as previous assistant responses and tool call outputs.
11 | @Codable @CodedAt("type") @CodingKeys(.snake_case) public enum Input: Equatable, Hashable, Sendable {
| `- error: external macro implementation type 'MacroPlugin.Codable' could not be found for macro 'Codable(commonStrategies:)'; '/Users/admin/builder/spi-builder-workspace/.derivedData/Build/Products/Debug/MacroPlugin' produced malformed response
12 | /// A message input to the model with a role indicating instruction following hierarchy.
13 | ///
MetaCodable.Codable:2:278: note: 'Codable(commonStrategies:)' declared here
1 | @available(swift 5.9)
2 | @attached(extension, conformances: Decodable, Encodable, names: named(CodingKeys), named(DecodingKeys), named(init(from:)), named(encode(to:))) @attached(member, conformances: Decodable, Encodable, names: named(CodingKeys), named(init(from:)), named(encode(to:))) public macro Codable(commonStrategies: [MetaCodable.CodableCommonStrategy] = []) = #externalMacro(module: "MacroPlugin", type: "Codable")
| `- note: 'Codable(commonStrategies:)' declared here
/Users/admin/builder/spi-builder-workspace/src/Models/Item.swift:20:8: error: external macro implementation type 'MacroPlugin.CodedAs' could not be found for macro 'CodedAs'; '/Users/admin/builder/spi-builder-workspace/.derivedData/Build/Products/Debug/MacroPlugin' produced malformed response
18 | /// An output message from the model.
19 | @CodedAs("message")
20 | case outputMessage(Message.Output)
| `- error: external macro implementation type 'MacroPlugin.CodedAs' could not be found for macro 'CodedAs'; '/Users/admin/builder/spi-builder-workspace/.derivedData/Build/Products/Debug/MacroPlugin' produced malformed response
21 |
22 | /// The results of a file search tool call.
MetaCodable.CodedAs:2:30: note: 'CodedAs' declared here
1 | @available(swift 5.9)
2 | @attached(peer) public macro CodedAs<T>(_ values: T, _: T...) = #externalMacro(module: "MacroPlugin", type: "CodedAs") where T : Decodable, T : Encodable, T : Equatable
| `- note: 'CodedAs' declared here
/Users/admin/builder/spi-builder-workspace/src/Models/Item.swift:26:8: error: external macro implementation type 'MacroPlugin.CodedAs' could not be found for macro 'CodedAs'; '/Users/admin/builder/spi-builder-workspace/.derivedData/Build/Products/Debug/MacroPlugin' produced malformed response
24 | /// See the [file search guide](https://platform.openai.com/docs/guides/tools-file-search) for more information.
25 | @CodedAs("file_search_call")
26 | case fileSearch(Item.FileSearchCall)
| `- error: external macro implementation type 'MacroPlugin.CodedAs' could not be found for macro 'CodedAs'; '/Users/admin/builder/spi-builder-workspace/.derivedData/Build/Products/Debug/MacroPlugin' produced malformed response
27 |
28 | /// A tool call to a computer use tool.
MetaCodable.CodedAs:2:30: note: 'CodedAs' declared here
1 | @available(swift 5.9)
2 | @attached(peer) public macro CodedAs<T>(_ values: T, _: T...) = #externalMacro(module: "MacroPlugin", type: "CodedAs") where T : Decodable, T : Encodable, T : Equatable
| `- note: 'CodedAs' declared here
/Users/admin/builder/spi-builder-workspace/src/Models/Item.swift:32:8: error: external macro implementation type 'MacroPlugin.CodedAs' could not be found for macro 'CodedAs'; '/Users/admin/builder/spi-builder-workspace/.derivedData/Build/Products/Debug/MacroPlugin' produced malformed response
30 | /// See the [computer use guide](https://platform.openai.com/docs/guides/tools-computer-use) for more information.
31 | @CodedAs("computer_call")
32 | case computerToolCall(Item.ComputerToolCall)
| `- error: external macro implementation type 'MacroPlugin.CodedAs' could not be found for macro 'CodedAs'; '/Users/admin/builder/spi-builder-workspace/.derivedData/Build/Products/Debug/MacroPlugin' produced malformed response
33 |
34 | /// The output of a computer tool call.
MetaCodable.CodedAs:2:30: note: 'CodedAs' declared here
1 | @available(swift 5.9)
2 | @attached(peer) public macro CodedAs<T>(_ values: T, _: T...) = #externalMacro(module: "MacroPlugin", type: "CodedAs") where T : Decodable, T : Encodable, T : Equatable
| `- note: 'CodedAs' declared here
/Users/admin/builder/spi-builder-workspace/src/Models/Item.swift:36:8: error: external macro implementation type 'MacroPlugin.CodedAs' could not be found for macro 'CodedAs'; '/Users/admin/builder/spi-builder-workspace/.derivedData/Build/Products/Debug/MacroPlugin' produced malformed response
34 | /// The output of a computer tool call.
35 | @CodedAs("computer_call_output")
36 | case computerToolCallOutput(Item.ComputerToolCallOutput)
| `- error: external macro implementation type 'MacroPlugin.CodedAs' could not be found for macro 'CodedAs'; '/Users/admin/builder/spi-builder-workspace/.derivedData/Build/Products/Debug/MacroPlugin' produced malformed response
37 |
38 | /// A tool call to run a web search.
MetaCodable.CodedAs:2:30: note: 'CodedAs' declared here
1 | @available(swift 5.9)
2 | @attached(peer) public macro CodedAs<T>(_ values: T, _: T...) = #externalMacro(module: "MacroPlugin", type: "CodedAs") where T : Decodable, T : Encodable, T : Equatable
| `- note: 'CodedAs' declared here
/Users/admin/builder/spi-builder-workspace/src/Models/Item.swift:42:8: error: external macro implementation type 'MacroPlugin.CodedAs' could not be found for macro 'CodedAs'; '/Users/admin/builder/spi-builder-workspace/.derivedData/Build/Products/Debug/MacroPlugin' produced malformed response
40 | /// See the [web search guide](https://platform.openai.com/docs/guides/tools-web-search) for more information.
41 | @CodedAs("web_search_call")
42 | case webSearchCall(Item.WebSearchCall)
| `- error: external macro implementation type 'MacroPlugin.CodedAs' could not be found for macro 'CodedAs'; '/Users/admin/builder/spi-builder-workspace/.derivedData/Build/Products/Debug/MacroPlugin' produced malformed response
43 |
44 | /// A tool call to run a function.
MetaCodable.CodedAs:2:30: note: 'CodedAs' declared here
1 | @available(swift 5.9)
2 | @attached(peer) public macro CodedAs<T>(_ values: T, _: T...) = #externalMacro(module: "MacroPlugin", type: "CodedAs") where T : Decodable, T : Encodable, T : Equatable
| `- note: 'CodedAs' declared here
/Users/admin/builder/spi-builder-workspace/src/Models/Item.swift:48:8: error: external macro implementation type 'MacroPlugin.CodedAs' could not be found for macro 'CodedAs'; '/Users/admin/builder/spi-builder-workspace/.derivedData/Build/Products/Debug/MacroPlugin' produced malformed response
46 | /// See the [function calling guide](https://platform.openai.com/docs/guides/function-calling) for more information.
47 | @CodedAs("function_call")
48 | case functionCall(Item.FunctionCall)
| `- error: external macro implementation type 'MacroPlugin.CodedAs' could not be found for macro 'CodedAs'; '/Users/admin/builder/spi-builder-workspace/.derivedData/Build/Products/Debug/MacroPlugin' produced malformed response
49 |
50 | /// The output of a function tool call.
MetaCodable.CodedAs:2:30: note: 'CodedAs' declared here
1 | @available(swift 5.9)
2 | @attached(peer) public macro CodedAs<T>(_ values: T, _: T...) = #externalMacro(module: "MacroPlugin", type: "CodedAs") where T : Decodable, T : Encodable, T : Equatable
| `- note: 'CodedAs' declared here
/Users/admin/builder/spi-builder-workspace/src/Models/Item.swift:52:8: error: external macro implementation type 'MacroPlugin.CodedAs' could not be found for macro 'CodedAs'; '/Users/admin/builder/spi-builder-workspace/.derivedData/Build/Products/Debug/MacroPlugin' produced malformed response
50 | /// The output of a function tool call.
51 | @CodedAs("function_call_output")
52 | case functionCallOutput(Item.FunctionCallOutput)
| `- error: external macro implementation type 'MacroPlugin.CodedAs' could not be found for macro 'CodedAs'; '/Users/admin/builder/spi-builder-workspace/.derivedData/Build/Products/Debug/MacroPlugin' produced malformed response
53 |
54 | /// A description of the chain of thought used by a reasoning model while generating a response.
MetaCodable.CodedAs:2:30: note: 'CodedAs' declared here
1 | @available(swift 5.9)
2 | @attached(peer) public macro CodedAs<T>(_ values: T, _: T...) = #externalMacro(module: "MacroPlugin", type: "CodedAs") where T : Decodable, T : Encodable, T : Equatable
| `- note: 'CodedAs' declared here
/Users/admin/builder/spi-builder-workspace/src/Models/Item.swift:59:8: error: external macro implementation type 'MacroPlugin.CodedAs' could not be found for macro 'CodedAs'; '/Users/admin/builder/spi-builder-workspace/.derivedData/Build/Products/Debug/MacroPlugin' produced malformed response
57 | /// An image generation request made by the model.
58 | @CodedAs("image_generation_call")
59 | case imageGenerationCall(Item.ImageGenerationCall)
| `- error: external macro implementation type 'MacroPlugin.CodedAs' could not be found for macro 'CodedAs'; '/Users/admin/builder/spi-builder-workspace/.derivedData/Build/Products/Debug/MacroPlugin' produced malformed response
60 |
61 | /// A tool call to run code.
MetaCodable.CodedAs:2:30: note: 'CodedAs' declared here
1 | @available(swift 5.9)
2 | @attached(peer) public macro CodedAs<T>(_ values: T, _: T...) = #externalMacro(module: "MacroPlugin", type: "CodedAs") where T : Decodable, T : Encodable, T : Equatable
| `- note: 'CodedAs' declared here
/Users/admin/builder/spi-builder-workspace/src/Models/Item.swift:63:8: error: external macro implementation type 'MacroPlugin.CodedAs' could not be found for macro 'CodedAs'; '/Users/admin/builder/spi-builder-workspace/.derivedData/Build/Products/Debug/MacroPlugin' produced malformed response
61 | /// A tool call to run code.
62 | @CodedAs("code_interpreter_call")
63 | case codeInterpreterCall(Item.CodeInterpreterCall)
| `- error: external macro implementation type 'MacroPlugin.CodedAs' could not be found for macro 'CodedAs'; '/Users/admin/builder/spi-builder-workspace/.derivedData/Build/Products/Debug/MacroPlugin' produced malformed response
64 |
65 | /// A tool call to run a command on the local shell.
MetaCodable.CodedAs:2:30: note: 'CodedAs' declared here
1 | @available(swift 5.9)
2 | @attached(peer) public macro CodedAs<T>(_ values: T, _: T...) = #externalMacro(module: "MacroPlugin", type: "CodedAs") where T : Decodable, T : Encodable, T : Equatable
| `- note: 'CodedAs' declared here
/Users/admin/builder/spi-builder-workspace/src/Models/Item.swift:67:8: error: external macro implementation type 'MacroPlugin.CodedAs' could not be found for macro 'CodedAs'; '/Users/admin/builder/spi-builder-workspace/.derivedData/Build/Products/Debug/MacroPlugin' produced malformed response
65 | /// A tool call to run a command on the local shell.
66 | @CodedAs("local_shell_call")
67 | case localShellCall(Item.LocalShellCall)
| `- error: external macro implementation type 'MacroPlugin.CodedAs' could not be found for macro 'CodedAs'; '/Users/admin/builder/spi-builder-workspace/.derivedData/Build/Products/Debug/MacroPlugin' produced malformed response
68 |
69 | /// The output of a local shell tool call.
MetaCodable.CodedAs:2:30: note: 'CodedAs' declared here
1 | @available(swift 5.9)
2 | @attached(peer) public macro CodedAs<T>(_ values: T, _: T...) = #externalMacro(module: "MacroPlugin", type: "CodedAs") where T : Decodable, T : Encodable, T : Equatable
| `- note: 'CodedAs' declared here
/Users/admin/builder/spi-builder-workspace/src/Models/Item.swift:71:8: error: external macro implementation type 'MacroPlugin.CodedAs' could not be found for macro 'CodedAs'; '/Users/admin/builder/spi-builder-workspace/.derivedData/Build/Products/Debug/MacroPlugin' produced malformed response
69 | /// The output of a local shell tool call.
70 | @CodedAs("local_shell_call_output")
71 | case localShellCallOutput(Item.LocalShellCallOutput)
| `- error: external macro implementation type 'MacroPlugin.CodedAs' could not be found for macro 'CodedAs'; '/Users/admin/builder/spi-builder-workspace/.derivedData/Build/Products/Debug/MacroPlugin' produced malformed response
72 |
73 | /// A list of tools available on an MCP server.
MetaCodable.CodedAs:2:30: note: 'CodedAs' declared here
1 | @available(swift 5.9)
2 | @attached(peer) public macro CodedAs<T>(_ values: T, _: T...) = #externalMacro(module: "MacroPlugin", type: "CodedAs") where T : Decodable, T : Encodable, T : Equatable
| `- note: 'CodedAs' declared here
/Users/admin/builder/spi-builder-workspace/src/Models/Item.swift:75:8: error: external macro implementation type 'MacroPlugin.CodedAs' could not be found for macro 'CodedAs'; '/Users/admin/builder/spi-builder-workspace/.derivedData/Build/Products/Debug/MacroPlugin' produced malformed response
73 | /// A list of tools available on an MCP server.
74 | @CodedAs("mcp_list_tools")
75 | case mcpListTools(Item.MCPListTools)
| `- error: external macro implementation type 'MacroPlugin.CodedAs' could not be found for macro 'CodedAs'; '/Users/admin/builder/spi-builder-workspace/.derivedData/Build/Products/Debug/MacroPlugin' produced malformed response
76 |
77 | /// A request for human approval of a tool invocation.
MetaCodable.CodedAs:2:30: note: 'CodedAs' declared here
1 | @available(swift 5.9)
2 | @attached(peer) public macro CodedAs<T>(_ values: T, _: T...) = #externalMacro(module: "MacroPlugin", type: "CodedAs") where T : Decodable, T : Encodable, T : Equatable
| `- note: 'CodedAs' declared here
/Users/admin/builder/spi-builder-workspace/src/Models/Item.swift:79:8: error: external macro implementation type 'MacroPlugin.CodedAs' could not be found for macro 'CodedAs'; '/Users/admin/builder/spi-builder-workspace/.derivedData/Build/Products/Debug/MacroPlugin' produced malformed response
77 | /// A request for human approval of a tool invocation.
78 | @CodedAs("mcp_approval_request")
79 | case mcpApprovalRequest(Item.MCPApprovalRequest)
| `- error: external macro implementation type 'MacroPlugin.CodedAs' could not be found for macro 'CodedAs'; '/Users/admin/builder/spi-builder-workspace/.derivedData/Build/Products/Debug/MacroPlugin' produced malformed response
80 |
81 | /// A response to an MCP approval request.
MetaCodable.CodedAs:2:30: note: 'CodedAs' declared here
1 | @available(swift 5.9)
2 | @attached(peer) public macro CodedAs<T>(_ values: T, _: T...) = #externalMacro(module: "MacroPlugin", type: "CodedAs") where T : Decodable, T : Encodable, T : Equatable
| `- note: 'CodedAs' declared here
/Users/admin/builder/spi-builder-workspace/src/Models/Item.swift:83:8: error: external macro implementation type 'MacroPlugin.CodedAs' could not be found for macro 'CodedAs'; '/Users/admin/builder/spi-builder-workspace/.derivedData/Build/Products/Debug/MacroPlugin' produced malformed response
81 | /// A response to an MCP approval request.
82 | @CodedAs("mcp_approval_response")
83 | case mcpApprovalResponse(Item.MCPApprovalResponse)
| `- error: external macro implementation type 'MacroPlugin.CodedAs' could not be found for macro 'CodedAs'; '/Users/admin/builder/spi-builder-workspace/.derivedData/Build/Products/Debug/MacroPlugin' produced malformed response
84 |
85 | /// An invocation of a tool on an MCP server.
MetaCodable.CodedAs:2:30: note: 'CodedAs' declared here
1 | @available(swift 5.9)
2 | @attached(peer) public macro CodedAs<T>(_ values: T, _: T...) = #externalMacro(module: "MacroPlugin", type: "CodedAs") where T : Decodable, T : Encodable, T : Equatable
| `- note: 'CodedAs' declared here
/Users/admin/builder/spi-builder-workspace/src/Models/Item.swift:87:8: error: external macro implementation type 'MacroPlugin.CodedAs' could not be found for macro 'CodedAs'; '/Users/admin/builder/spi-builder-workspace/.derivedData/Build/Products/Debug/MacroPlugin' produced malformed response
85 | /// An invocation of a tool on an MCP server.
86 | @CodedAs("mcp_call")
87 | case mcpToolCall(Item.MCPToolCall)
| `- error: external macro implementation type 'MacroPlugin.CodedAs' could not be found for macro 'CodedAs'; '/Users/admin/builder/spi-builder-workspace/.derivedData/Build/Products/Debug/MacroPlugin' produced malformed response
88 |
89 | /// The text content of the input.
MetaCodable.CodedAs:2:30: note: 'CodedAs' declared here
1 | @available(swift 5.9)
2 | @attached(peer) public macro CodedAs<T>(_ values: T, _: T...) = #externalMacro(module: "MacroPlugin", type: "CodedAs") where T : Decodable, T : Encodable, T : Equatable
| `- note: 'CodedAs' declared here
/Users/admin/builder/spi-builder-workspace/src/Models/Item.swift:928:25: error: external macro implementation type 'MacroPlugin.Codable' could not be found for macro 'Codable(commonStrategies:)'; '/Users/admin/builder/spi-builder-workspace/.derivedData/Build/Products/Debug/MacroPlugin' produced malformed response
926 | }
927 |
928 | @Codable public struct MCPToolCall: Equatable, Hashable, Sendable {
| `- error: external macro implementation type 'MacroPlugin.Codable' could not be found for macro 'Codable(commonStrategies:)'; '/Users/admin/builder/spi-builder-workspace/.derivedData/Build/Products/Debug/MacroPlugin' produced malformed response
929 | /// The unique ID of the tool call.
930 | public var id: String
MetaCodable.Codable:2:278: note: 'Codable(commonStrategies:)' declared here
1 | @available(swift 5.9)
2 | @attached(extension, conformances: Decodable, Encodable, names: named(CodingKeys), named(DecodingKeys), named(init(from:)), named(encode(to:))) @attached(member, conformances: Decodable, Encodable, names: named(CodingKeys), named(init(from:)), named(encode(to:))) public macro Codable(commonStrategies: [MetaCodable.CodableCommonStrategy] = []) = #externalMacro(module: "MacroPlugin", type: "Codable")
| `- note: 'Codable(commonStrategies:)' declared here
/Users/admin/builder/spi-builder-workspace/src/Models/Item.swift:933:39: error: external macro implementation type 'MacroPlugin.CodedAs' could not be found for macro 'CodedAs'; '/Users/admin/builder/spi-builder-workspace/.derivedData/Build/Products/Debug/MacroPlugin' produced malformed response
931 |
932 | /// The label of the MCP server running the tool.
933 | @CodedAs("server_label") public var server: String
| `- error: external macro implementation type 'MacroPlugin.CodedAs' could not be found for macro 'CodedAs'; '/Users/admin/builder/spi-builder-workspace/.derivedData/Build/Products/Debug/MacroPlugin' produced malformed response
934 |
935 | /// The name of the tool that was run.
MetaCodable.CodedAs:2:30: note: 'CodedAs' declared here
1 | @available(swift 5.9)
2 | @attached(peer) public macro CodedAs<T>(_ values: T, _: T...) = #externalMacro(module: "MacroPlugin", type: "CodedAs") where T : Decodable, T : Encodable, T : Equatable
| `- note: 'CodedAs' declared here
/Users/admin/builder/spi-builder-workspace/src/Models/Item.swift:1083:50: error: external macro implementation type 'MacroPlugin.Codable' could not be found for macro 'Codable(commonStrategies:)'; '/Users/admin/builder/spi-builder-workspace/.derivedData/Build/Products/Debug/MacroPlugin' produced malformed response
1081 | }
1082 |
1083 | @Codable @CodingKeys(.snake_case) public struct MCPApprovalResponse: Equatable, Hashable, Sendable {
| `- error: external macro implementation type 'MacroPlugin.Codable' could not be found for macro 'Codable(commonStrategies:)'; '/Users/admin/builder/spi-builder-workspace/.derivedData/Build/Products/Debug/MacroPlugin' produced malformed response
1084 | /// The unique ID of the approval response
1085 | public var id: String?
MetaCodable.Codable:2:278: note: 'Codable(commonStrategies:)' declared here
1 | @available(swift 5.9)
2 | @attached(extension, conformances: Decodable, Encodable, names: named(CodingKeys), named(DecodingKeys), named(init(from:)), named(encode(to:))) @attached(member, conformances: Decodable, Encodable, names: named(CodingKeys), named(init(from:)), named(encode(to:))) public macro Codable(commonStrategies: [MetaCodable.CodableCommonStrategy] = []) = #externalMacro(module: "MacroPlugin", type: "Codable")
| `- note: 'Codable(commonStrategies:)' declared here
/Users/admin/builder/spi-builder-workspace/src/Models/Item.swift:1056:25: error: external macro implementation type 'MacroPlugin.Codable' could not be found for macro 'Codable(commonStrategies:)'; '/Users/admin/builder/spi-builder-workspace/.derivedData/Build/Products/Debug/MacroPlugin' produced malformed response
1054 | }
1055 |
1056 | @Codable public struct MCPApprovalRequest: Equatable, Hashable, Sendable {
| `- error: external macro implementation type 'MacroPlugin.Codable' could not be found for macro 'Codable(commonStrategies:)'; '/Users/admin/builder/spi-builder-workspace/.derivedData/Build/Products/Debug/MacroPlugin' produced malformed response
1057 | /// The unique ID of the approval request.
1058 | public var id: String
MetaCodable.Codable:2:278: note: 'Codable(commonStrategies:)' declared here
1 | @available(swift 5.9)
2 | @attached(extension, conformances: Decodable, Encodable, names: named(CodingKeys), named(DecodingKeys), named(init(from:)), named(encode(to:))) @attached(member, conformances: Decodable, Encodable, names: named(CodingKeys), named(init(from:)), named(encode(to:))) public macro Codable(commonStrategies: [MetaCodable.CodableCommonStrategy] = []) = #externalMacro(module: "MacroPlugin", type: "Codable")
| `- note: 'Codable(commonStrategies:)' declared here
/Users/admin/builder/spi-builder-workspace/src/Models/Item.swift:1061:39: error: external macro implementation type 'MacroPlugin.CodedAs' could not be found for macro 'CodedAs'; '/Users/admin/builder/spi-builder-workspace/.derivedData/Build/Products/Debug/MacroPlugin' produced malformed response
1059 |
1060 | /// The label of the MCP server making the request.
1061 | @CodedAs("server_label") public var server: String
| `- error: external macro implementation type 'MacroPlugin.CodedAs' could not be found for macro 'CodedAs'; '/Users/admin/builder/spi-builder-workspace/.derivedData/Build/Products/Debug/MacroPlugin' produced malformed response
1062 |
1063 | /// The name of the tool to run.
MetaCodable.CodedAs:2:30: note: 'CodedAs' declared here
1 | @available(swift 5.9)
2 | @attached(peer) public macro CodedAs<T>(_ values: T, _: T...) = #externalMacro(module: "MacroPlugin", type: "CodedAs") where T : Decodable, T : Encodable, T : Equatable
| `- note: 'CodedAs' declared here
/Users/admin/builder/spi-builder-workspace/src/Models/Item.swift:965:25: error: external macro implementation type 'MacroPlugin.Codable' could not be found for macro 'Codable(commonStrategies:)'; '/Users/admin/builder/spi-builder-workspace/.derivedData/Build/Products/Debug/MacroPlugin' produced malformed response
963 | }
964 |
965 | @Codable public struct MCPListTools: Equatable, Hashable, Sendable {
| `- error: external macro implementation type 'MacroPlugin.Codable' could not be found for macro 'Codable(commonStrategies:)'; '/Users/admin/builder/spi-builder-workspace/.derivedData/Build/Products/Debug/MacroPlugin' produced malformed response
966 | @Codable @CodingKeys(.snake_case) public struct MCPTool: Equatable, Hashable, Sendable {
967 | /// Additional annotations about the tool.
MetaCodable.Codable:2:278: note: 'Codable(commonStrategies:)' declared here
1 | @available(swift 5.9)
2 | @attached(extension, conformances: Decodable, Encodable, names: named(CodingKeys), named(DecodingKeys), named(init(from:)), named(encode(to:))) @attached(member, conformances: Decodable, Encodable, names: named(CodingKeys), named(init(from:)), named(encode(to:))) public macro Codable(commonStrategies: [MetaCodable.CodableCommonStrategy] = []) = #externalMacro(module: "MacroPlugin", type: "Codable")
| `- note: 'Codable(commonStrategies:)' declared here
/Users/admin/builder/spi-builder-workspace/src/Models/Item.swift:966:51: error: external macro implementation type 'MacroPlugin.CodingKeys' could not be found for macro 'CodingKeys'; '/Users/admin/builder/spi-builder-workspace/.derivedData/Build/Products/Debug/MacroPlugin' produced malformed response
964 |
965 | @Codable public struct MCPListTools: Equatable, Hashable, Sendable {
966 | @Codable @CodingKeys(.snake_case) public struct MCPTool: Equatable, Hashable, Sendable {
| `- error: external macro implementation type 'MacroPlugin.CodingKeys' could not be found for macro 'CodingKeys'; '/Users/admin/builder/spi-builder-workspace/.derivedData/Build/Products/Debug/MacroPlugin' produced malformed response
967 | /// Additional annotations about the tool.
968 | public struct Annotations: Equatable, Hashable, Codable, Sendable {
MetaCodable.CodingKeys:2:30: note: 'CodingKeys' declared here
1 | @available(swift 5.9)
2 | @attached(peer) public macro CodingKeys(_ strategy: MetaCodable.CodingKeyNameStrategy) = #externalMacro(module: "MacroPlugin", type: "CodingKeys")
| `- note: 'CodingKeys' declared here
/Users/admin/builder/spi-builder-workspace/src/Models/Item.swift:1034:39: error: external macro implementation type 'MacroPlugin.CodedAs' could not be found for macro 'CodedAs'; '/Users/admin/builder/spi-builder-workspace/.derivedData/Build/Products/Debug/MacroPlugin' produced malformed response
1032 |
1033 | /// The label of the MCP server.
1034 | @CodedAs("server_label") public var server: String
| `- error: external macro implementation type 'MacroPlugin.CodedAs' could not be found for macro 'CodedAs'; '/Users/admin/builder/spi-builder-workspace/.derivedData/Build/Products/Debug/MacroPlugin' produced malformed response
1035 |
1036 | /// The tools available on the server.
MetaCodable.CodedAs:2:30: note: 'CodedAs' declared here
1 | @available(swift 5.9)
2 | @attached(peer) public macro CodedAs<T>(_ values: T, _: T...) = #externalMacro(module: "MacroPlugin", type: "CodedAs") where T : Decodable, T : Encodable, T : Equatable
| `- note: 'CodedAs' declared here
/Users/admin/builder/spi-builder-workspace/src/Models/Item.swift:966:51: error: external macro implementation type 'MacroPlugin.Codable' could not be found for macro 'Codable(commonStrategies:)'; '/Users/admin/builder/spi-builder-workspace/.derivedData/Build/Products/Debug/MacroPlugin' produced malformed response
964 |
965 | @Codable public struct MCPListTools: Equatable, Hashable, Sendable {
966 | @Codable @CodingKeys(.snake_case) public struct MCPTool: Equatable, Hashable, Sendable {
| `- error: external macro implementation type 'MacroPlugin.Codable' could not be found for macro 'Codable(commonStrategies:)'; '/Users/admin/builder/spi-builder-workspace/.derivedData/Build/Products/Debug/MacroPlugin' produced malformed response
967 | /// Additional annotations about the tool.
968 | public struct Annotations: Equatable, Hashable, Codable, Sendable {
MetaCodable.Codable:2:278: note: 'Codable(commonStrategies:)' declared here
1 | @available(swift 5.9)
2 | @attached(extension, conformances: Decodable, Encodable, names: named(CodingKeys), named(DecodingKeys), named(init(from:)), named(encode(to:))) @attached(member, conformances: Decodable, Encodable, names: named(CodingKeys), named(init(from:)), named(encode(to:))) public macro Codable(commonStrategies: [MetaCodable.CodableCommonStrategy] = []) = #externalMacro(module: "MacroPlugin", type: "Codable")
| `- note: 'Codable(commonStrategies:)' declared here
/Users/admin/builder/spi-builder-workspace/src/Models/Item.swift:900:50: error: external macro implementation type 'MacroPlugin.Codable' could not be found for macro 'Codable(commonStrategies:)'; '/Users/admin/builder/spi-builder-workspace/.derivedData/Build/Products/Debug/MacroPlugin' produced malformed response
898 |
899 | /// The output of a local shell tool call.
900 | @Codable @CodingKeys(.snake_case) public struct LocalShellCallOutput: Equatable, Hashable, Sendable {
| `- error: external macro implementation type 'MacroPlugin.Codable' could not be found for macro 'Codable(commonStrategies:)'; '/Users/admin/builder/spi-builder-workspace/.derivedData/Build/Products/Debug/MacroPlugin' produced malformed response
901 | /// The status of the item.
902 | public enum Status: String, CaseIterable, Equatable, Hashable, Codable, Sendable {
MetaCodable.Codable:2:278: note: 'Codable(commonStrategies:)' declared here
1 | @available(swift 5.9)
2 | @attached(extension, conformances: Decodable, Encodable, names: named(CodingKeys), named(DecodingKeys), named(init(from:)), named(encode(to:))) @attached(member, conformances: Decodable, Encodable, names: named(CodingKeys), named(init(from:)), named(encode(to:))) public macro Codable(commonStrategies: [MetaCodable.CodableCommonStrategy] = []) = #externalMacro(module: "MacroPlugin", type: "Codable")
| `- note: 'Codable(commonStrategies:)' declared here
/Users/admin/builder/spi-builder-workspace/src/Models/Item.swift:835:50: error: external macro implementation type 'MacroPlugin.Codable' could not be found for macro 'Codable(commonStrategies:)'; '/Users/admin/builder/spi-builder-workspace/.derivedData/Build/Products/Debug/MacroPlugin' produced malformed response
833 | }
834 |
835 | @Codable @CodingKeys(.snake_case) public struct LocalShellCall: Equatable, Hashable, Sendable {
| `- error: external macro implementation type 'MacroPlugin.Codable' could not be found for macro 'Codable(commonStrategies:)'; '/Users/admin/builder/spi-builder-workspace/.derivedData/Build/Products/Debug/MacroPlugin' produced malformed response
836 | public enum Status: String, CaseIterable, Equatable, Hashable, Codable, Sendable {
837 | case completed, incomplete
MetaCodable.Codable:2:278: note: 'Codable(commonStrategies:)' declared here
1 | @available(swift 5.9)
2 | @attached(extension, conformances: Decodable, Encodable, names: named(CodingKeys), named(DecodingKeys), named(init(from:)), named(encode(to:))) @attached(member, conformances: Decodable, Encodable, names: named(CodingKeys), named(init(from:)), named(encode(to:))) public macro Codable(commonStrategies: [MetaCodable.CodableCommonStrategy] = []) = #externalMacro(module: "MacroPlugin", type: "Codable")
| `- note: 'Codable(commonStrategies:)' declared here
/Users/admin/builder/spi-builder-workspace/src/Models/Item.swift:841:26: error: external macro implementation type 'MacroPlugin.Codable' could not be found for macro 'Codable(commonStrategies:)'; '/Users/admin/builder/spi-builder-workspace/.derivedData/Build/Products/Debug/MacroPlugin' produced malformed response
839 | }
840 |
841 | @Codable public struct Action: Equatable, Hashable, Sendable {
| `- error: external macro implementation type 'MacroPlugin.Codable' could not be found for macro 'Codable(commonStrategies:)'; '/Users/admin/builder/spi-builder-workspace/.derivedData/Build/Products/Debug/MacroPlugin' produced malformed response
842 | /// The command to run.
843 | public var command: [String]
MetaCodable.Codable:2:278: note: 'Codable(commonStrategies:)' declared here
1 | @available(swift 5.9)
2 | @attached(extension, conformances: Decodable, Encodable, names: named(CodingKeys), named(DecodingKeys), named(init(from:)), named(encode(to:))) @attached(member, conformances: Decodable, Encodable, names: named(CodingKeys), named(init(from:)), named(encode(to:))) public macro Codable(commonStrategies: [MetaCodable.CodableCommonStrategy] = []) = #externalMacro(module: "MacroPlugin", type: "Codable")
| `- note: 'Codable(commonStrategies:)' declared here
/Users/admin/builder/spi-builder-workspace/src/Models/Item.swift:849:38: error: external macro implementation type 'MacroPlugin.CodedAt' could not be found for macro 'CodedAt'; '/Users/admin/builder/spi-builder-workspace/.derivedData/Build/Products/Debug/MacroPlugin' produced malformed response
847 |
848 | /// Optional timeout in milliseconds for the command.
849 | @CodedAt("timeout_ms") public var timeout: TimeInterval?
| `- error: external macro implementation type 'MacroPlugin.CodedAt' could not be found for macro 'CodedAt'; '/Users/admin/builder/spi-builder-workspace/.derivedData/Build/Products/Debug/MacroPlugin' produced malformed response
850 |
851 | /// Optional user to run the command as.
MetaCodable.CodedAt:2:30: note: 'CodedAt' declared here
1 | @available(swift 5.9)
2 | @attached(peer) public macro CodedAt(_ path: StaticString...) = #externalMacro(module: "MacroPlugin", type: "CodedAt")
| `- note: 'CodedAt' declared here
/Users/admin/builder/spi-builder-workspace/src/Models/Item.swift:787:50: error: external macro implementation type 'MacroPlugin.Codable' could not be found for macro 'Codable(commonStrategies:)'; '/Users/admin/builder/spi-builder-workspace/.derivedData/Build/Products/Debug/MacroPlugin' produced malformed response
785 |
786 | /// A tool call to run code.
787 | @Codable @CodingKeys(.snake_case) public struct CodeInterpreterCall: Equatable, Hashable, Sendable {
| `- error: external macro implementation type 'MacroPlugin.Codable' could not be found for macro 'Codable(commonStrategies:)'; '/Users/admin/builder/spi-builder-workspace/.derivedData/Build/Products/Debug/MacroPlugin' produced malformed response
788 | public enum Status: String, CaseIterable, Equatable, Hashable, Codable, Sendable {
789 | case completed, incomplete, interpreting, failed
MetaCodable.Codable:2:278: note: 'Codable(commonStrategies:)' declared here
1 | @available(swift 5.9)
2 | @attached(extension, conformances: Decodable, Encodable, names: named(CodingKeys), named(DecodingKeys), named(init(from:)), named(encode(to:))) @attached(member, conformances: Decodable, Encodable, names: named(CodingKeys), named(init(from:)), named(encode(to:))) public macro Codable(commonStrategies: [MetaCodable.CodableCommonStrategy] = []) = #externalMacro(module: "MacroPlugin", type: "Codable")
| `- note: 'Codable(commonStrategies:)' declared here
/Users/admin/builder/spi-builder-workspace/src/Models/Item.swift:794:41: error: external macro implementation type 'MacroPlugin.CodedAt' could not be found for macro 'CodedAt'; '/Users/admin/builder/spi-builder-workspace/.derivedData/Build/Products/Debug/MacroPlugin' produced malformed response
792 |
793 | /// The outputs generated by the code interpreter, such as logs or images.
794 | @Codable @CodedAt("type") public enum Output: Equatable, Hashable, Sendable {
| `- error: external macro implementation type 'MacroPlugin.CodedAt' could not be found for macro 'CodedAt'; '/Users/admin/builder/spi-builder-workspace/.derivedData/Build/Products/Debug/MacroPlugin' produced malformed response
795 | /// The logs output from the code interpreter.
796 | /// - Parameter logs: The logs output from the code interpreter.
MetaCodable.CodedAt:2:30: note: 'CodedAt' declared here
1 | @available(swift 5.9)
2 | @attached(peer) public macro CodedAt(_ path: StaticString...) = #externalMacro(module: "MacroPlugin", type: "CodedAt")
| `- note: 'CodedAt' declared here
/Users/admin/builder/spi-builder-workspace/src/Models/Item.swift:794:41: error: external macro implementation type 'MacroPlugin.Codable' could not be found for macro 'Codable(commonStrategies:)'; '/Users/admin/builder/spi-builder-workspace/.derivedData/Build/Products/Debug/MacroPlugin' produced malformed response
792 |
793 | /// The outputs generated by the code interpreter, such as logs or images.
794 | @Codable @CodedAt("type") public enum Output: Equatable, Hashable, Sendable {
| `- error: external macro implementation type 'MacroPlugin.Codable' could not be found for macro 'Codable(commonStrategies:)'; '/Users/admin/builder/spi-builder-workspace/.derivedData/Build/Products/Debug/MacroPlugin' produced malformed response
795 | /// The logs output from the code interpreter.
796 | /// - Parameter logs: The logs output from the code interpreter.
MetaCodable.Codable:2:278: note: 'Codable(commonStrategies:)' declared here
1 | @available(swift 5.9)
2 | @attached(extension, conformances: Decodable, Encodable, names: named(CodingKeys), named(DecodingKeys), named(init(from:)), named(encode(to:))) @attached(member, conformances: Decodable, Encodable, names: named(CodingKeys), named(init(from:)), named(encode(to:))) public macro Codable(commonStrategies: [MetaCodable.CodableCommonStrategy] = []) = #externalMacro(module: "MacroPlugin", type: "Codable")
| `- note: 'Codable(commonStrategies:)' declared here
/Users/admin/builder/spi-builder-workspace/src/Models/Item.swift:690:50: error: external macro implementation type 'MacroPlugin.Codable' could not be found for macro 'Codable(commonStrategies:)'; '/Users/admin/builder/spi-builder-workspace/.derivedData/Build/Products/Debug/MacroPlugin' produced malformed response
688 |
689 | /// A description of the chain of thought used by a reasoning model while generating a response.
690 | @Codable @CodingKeys(.snake_case) public struct Reasoning: Equatable, Hashable, Sendable {
| `- error: external macro implementation type 'MacroPlugin.Codable' could not be found for macro 'Codable(commonStrategies:)'; '/Users/admin/builder/spi-builder-workspace/.derivedData/Build/Products/Debug/MacroPlugin' produced malformed response
691 | /// Reasoning text contents.
692 | @Codable @CodedAt("type") public enum Summary: Equatable, Hashable, Sendable {
MetaCodable.Codable:2:278: note: 'Codable(commonStrategies:)' declared here
1 | @available(swift 5.9)
2 | @attached(extension, conformances: Decodable, Encodable, names: named(CodingKeys), named(DecodingKeys), named(init(from:)), named(encode(to:))) @attached(member, conformances: Decodable, Encodable, names: named(CodingKeys), named(init(from:)), named(encode(to:))) public macro Codable(commonStrategies: [MetaCodable.CodableCommonStrategy] = []) = #externalMacro(module: "MacroPlugin", type: "Codable")
| `- note: 'Codable(commonStrategies:)' declared here
/Users/admin/builder/spi-builder-workspace/src/Models/Item.swift:692:41: error: external macro implementation type 'MacroPlugin.CodedAt' could not be found for macro 'CodedAt'; '/Users/admin/builder/spi-builder-workspace/.derivedData/Build/Products/Debug/MacroPlugin' produced malformed response
690 | @Codable @CodingKeys(.snake_case) public struct Reasoning: Equatable, Hashable, Sendable {
691 | /// Reasoning text contents.
692 | @Codable @CodedAt("type") public enum Summary: Equatable, Hashable, Sendable {
| `- error: external macro implementation type 'MacroPlugin.CodedAt' could not be found for macro 'CodedAt'; '/Users/admin/builder/spi-builder-workspace/.derivedData/Build/Products/Debug/MacroPlugin' produced malformed response
693 | /// A short summary of the reasoning used by the model when generating the response.
694 | @CodedAs("summary_text")
MetaCodable.CodedAt:2:30: note: 'CodedAt' declared here
1 | @available(swift 5.9)
2 | @attached(peer) public macro CodedAt(_ path: StaticString...) = #externalMacro(module: "MacroPlugin", type: "CodedAt")
| `- note: 'CodedAt' declared here
/Users/admin/builder/spi-builder-workspace/src/Models/Item.swift:692:41: error: external macro implementation type 'MacroPlugin.Codable' could not be found for macro 'Codable(commonStrategies:)'; '/Users/admin/builder/spi-builder-workspace/.derivedData/Build/Products/Debug/MacroPlugin' produced malformed response
690 | @Codable @CodingKeys(.snake_case) public struct Reasoning: Equatable, Hashable, Sendable {
691 | /// Reasoning text contents.
692 | @Codable @CodedAt("type") public enum Summary: Equatable, Hashable, Sendable {
| `- error: external macro implementation type 'MacroPlugin.Codable' could not be found for macro 'Codable(commonStrategies:)'; '/Users/admin/builder/spi-builder-workspace/.derivedData/Build/Products/Debug/MacroPlugin' produced malformed response
693 | /// A short summary of the reasoning used by the model when generating the response.
694 | @CodedAs("summary_text")
MetaCodable.Codable:2:278: note: 'Codable(commonStrategies:)' declared here
1 | @available(swift 5.9)
2 | @attached(extension, conformances: Decodable, Encodable, names: named(CodingKeys), named(DecodingKeys), named(init(from:)), named(encode(to:))) @attached(member, conformances: Decodable, Encodable, names: named(CodingKeys), named(init(from:)), named(encode(to:))) public macro Codable(commonStrategies: [MetaCodable.CodableCommonStrategy] = []) = #externalMacro(module: "MacroPlugin", type: "Codable")
| `- note: 'Codable(commonStrategies:)' declared here
/Users/admin/builder/spi-builder-workspace/src/Models/Item.swift:391:50: error: external macro implementation type 'MacroPlugin.Codable' could not be found for macro 'Codable(commonStrategies:)'; '/Users/admin/builder/spi-builder-workspace/.derivedData/Build/Products/Debug/MacroPlugin' produced malformed response
389 | ///
390 | /// See the [function calling guide](https://platform.openai.com/docs/guides/function-calling) for more information.
391 | @Codable @CodingKeys(.snake_case) public struct FunctionCallOutput: Equatable, Hashable, Sendable {
| `- error: external macro implementation type 'MacroPlugin.Codable' could not be found for macro 'Codable(commonStrategies:)'; '/Users/admin/builder/spi-builder-workspace/.derivedData/Build/Products/Debug/MacroPlugin' produced malformed response
392 | /// The unique ID of the function tool call output. Populated when this item is returned via API.
393 | public var id: String?
MetaCodable.Codable:2:278: note: 'Codable(commonStrategies:)' declared here
1 | @available(swift 5.9)
2 | @attached(extension, conformances: Decodable, Encodable, names: named(CodingKeys), named(DecodingKeys), named(init(from:)), named(encode(to:))) @attached(member, conformances: Decodable, Encodable, names: named(CodingKeys), named(init(from:)), named(encode(to:))) public macro Codable(commonStrategies: [MetaCodable.CodableCommonStrategy] = []) = #externalMacro(module: "MacroPlugin", type: "Codable")
| `- note: 'Codable(commonStrategies:)' declared here
/Users/admin/builder/spi-builder-workspace/src/Models/Item.swift:346:50: error: external macro implementation type 'MacroPlugin.Codable' could not be found for macro 'Codable(commonStrategies:)'; '/Users/admin/builder/spi-builder-workspace/.derivedData/Build/Products/Debug/MacroPlugin' produced malformed response
344 | ///
345 | /// See the [function calling guide](https://platform.openai.com/docs/guides/function-calling) for more information.
346 | @Codable @CodingKeys(.snake_case) public struct FunctionCall: Equatable, Hashable, Sendable {
| `- error: external macro implementation type 'MacroPlugin.Codable' could not be found for macro 'Codable(commonStrategies:)'; '/Users/admin/builder/spi-builder-workspace/.derivedData/Build/Products/Debug/MacroPlugin' produced malformed response
347 | /// The status of the function call.
348 | ///
MetaCodable.Codable:2:278: note: 'Codable(commonStrategies:)' declared here
1 | @available(swift 5.9)
2 | @attached(extension, conformances: Decodable, Encodable, names: named(CodingKeys), named(DecodingKeys), named(init(from:)), named(encode(to:))) @attached(member, conformances: Decodable, Encodable, names: named(CodingKeys), named(init(from:)), named(encode(to:))) public macro Codable(commonStrategies: [MetaCodable.CodableCommonStrategy] = []) = #externalMacro(module: "MacroPlugin", type: "Codable")
| `- note: 'Codable(commonStrategies:)' declared here
/Users/admin/builder/spi-builder-workspace/src/Models/Item.swift:429:41: error: external macro implementation type 'MacroPlugin.CodedAt' could not be found for macro 'CodedAt'; '/Users/admin/builder/spi-builder-workspace/.derivedData/Build/Products/Debug/MacroPlugin' produced malformed response
427 | }
428 |
429 | @Codable @CodedAt("type") public enum Action: Equatable, Hashable, Sendable {
| `- error: external macro implementation type 'MacroPlugin.CodedAt' could not be found for macro 'CodedAt'; '/Users/admin/builder/spi-builder-workspace/.derivedData/Build/Products/Debug/MacroPlugin' produced malformed response
430 | /// Performs a web search query.
431 | /// - Parameter query: The search query.
MetaCodable.CodedAt:2:30: note: 'CodedAt' declared here
1 | @available(swift 5.9)
2 | @attached(peer) public macro CodedAt(_ path: StaticString...) = #externalMacro(module: "MacroPlugin", type: "CodedAt")
| `- note: 'CodedAt' declared here
/Users/admin/builder/spi-builder-workspace/src/Models/Item.swift:429:41: error: external macro implementation type 'MacroPlugin.Codable' could not be found for macro 'Codable(commonStrategies:)'; '/Users/admin/builder/spi-builder-workspace/.derivedData/Build/Products/Debug/MacroPlugin' produced malformed response
427 | }
428 |
429 | @Codable @CodedAt("type") public enum Action: Equatable, Hashable, Sendable {
| `- error: external macro implementation type 'MacroPlugin.Codable' could not be found for macro 'Codable(commonStrategies:)'; '/Users/admin/builder/spi-builder-workspace/.derivedData/Build/Products/Debug/MacroPlugin' produced malformed response
430 | /// Performs a web search query.
431 | /// - Parameter query: The search query.
MetaCodable.Codable:2:278: note: 'Codable(commonStrategies:)' declared here
1 | @available(swift 5.9)
2 | @attached(extension, conformances: Decodable, Encodable, names: named(CodingKeys), named(DecodingKeys), named(init(from:)), named(encode(to:))) @attached(member, conformances: Decodable, Encodable, names: named(CodingKeys), named(init(from:)), named(encode(to:))) public macro Codable(commonStrategies: [MetaCodable.CodableCommonStrategy] = []) = #externalMacro(module: "MacroPlugin", type: "Codable")
| `- note: 'Codable(commonStrategies:)' declared here
/Users/admin/builder/spi-builder-workspace/src/Models/Item.swift:639:50: error: external macro implementation type 'MacroPlugin.Codable' could not be found for macro 'Codable(commonStrategies:)'; '/Users/admin/builder/spi-builder-workspace/.derivedData/Build/Products/Debug/MacroPlugin' produced malformed response
637 |
638 | /// The output of a computer use call.
639 | @Codable @CodingKeys(.snake_case) public struct ComputerToolCallOutput: Equatable, Hashable, Sendable {
| `- error: external macro implementation type 'MacroPlugin.Codable' could not be found for macro 'Codable(commonStrategies:)'; '/Users/admin/builder/spi-builder-workspace/.derivedData/Build/Products/Debug/MacroPlugin' produced malformed response
640 | /// A computer screenshot image used with the computer use tool.
641 | @Codable @CodedAt("type") @CodingKeys(.snake_case) public enum Output: Equatable, Hashable, Sendable {
MetaCodable.Codable:2:278: note: 'Codable(commonStrategies:)' declared here
1 | @available(swift 5.9)
2 | @attached(extension, conformances: Decodable, Encodable, names: named(CodingKeys), named(DecodingKeys), named(init(from:)), named(encode(to:))) @attached(member, conformances: Decodable, Encodable, names: named(CodingKeys), named(init(from:)), named(encode(to:))) public macro Codable(commonStrategies: [MetaCodable.CodableCommonStrategy] = []) = #externalMacro(module: "MacroPlugin", type: "Codable")
| `- note: 'Codable(commonStrategies:)' declared here
/Users/admin/builder/spi-builder-workspace/src/Models/Item.swift:641:66: error: external macro implementation type 'MacroPlugin.CodingKeys' could not be found for macro 'CodingKeys'; '/Users/admin/builder/spi-builder-workspace/.derivedData/Build/Products/Debug/MacroPlugin' produced malformed response
639 | @Codable @CodingKeys(.snake_case) public struct ComputerToolCallOutput: Equatable, Hashable, Sendable {
640 | /// A computer screenshot image used with the computer use tool.
641 | @Codable @CodedAt("type") @CodingKeys(.snake_case) public enum Output: Equatable, Hashable, Sendable {
| `- error: external macro implementation type 'MacroPlugin.CodingKeys' could not be found for macro 'CodingKeys'; '/Users/admin/builder/spi-builder-workspace/.derivedData/Build/Products/Debug/MacroPlugin' produced malformed response
642 | /// A computer screenshot image used with the computer use tool.
643 | /// - Parameter fileId: The identifier of an uploaded file that contains the screenshot.
MetaCodable.CodingKeys:2:30: note: 'CodingKeys' declared here
1 | @available(swift 5.9)
2 | @attached(peer) public macro CodingKeys(_ strategy: MetaCodable.CodingKeyNameStrategy) = #externalMacro(module: "MacroPlugin", type: "CodingKeys")
| `- note: 'CodingKeys' declared here
/Users/admin/builder/spi-builder-workspace/src/Models/Item.swift:641:66: error: external macro implementation type 'MacroPlugin.CodedAt' could not be found for macro 'CodedAt'; '/Users/admin/builder/spi-builder-workspace/.derivedData/Build/Products/Debug/MacroPlugin' produced malformed response
639 | @Codable @CodingKeys(.snake_case) public struct ComputerToolCallOutput: Equatable, Hashable, Sendable {
640 | /// A computer screenshot image used with the computer use tool.
641 | @Codable @CodedAt("type") @CodingKeys(.snake_case) public enum Output: Equatable, Hashable, Sendable {
| `- error: external macro implementation type 'MacroPlugin.CodedAt' could not be found for macro 'CodedAt'; '/Users/admin/builder/spi-builder-workspace/.derivedData/Build/Products/Debug/MacroPlugin' produced malformed response
642 | /// A computer screenshot image used with the computer use tool.
643 | /// - Parameter fileId: The identifier of an uploaded file that contains the screenshot.
MetaCodable.CodedAt:2:30: note: 'CodedAt' declared here
1 | @available(swift 5.9)
2 | @attached(peer) public macro CodedAt(_ path: StaticString...) = #externalMacro(module: "MacroPlugin", type: "CodedAt")
| `- note: 'CodedAt' declared here
/Users/admin/builder/spi-builder-workspace/src/Models/Item.swift:641:66: error: external macro implementation type 'MacroPlugin.Codable' could not be found for macro 'Codable(commonStrategies:)'; '/Users/admin/builder/spi-builder-workspace/.derivedData/Build/Products/Debug/MacroPlugin' produced malformed response
639 | @Codable @CodingKeys(.snake_case) public struct ComputerToolCallOutput: Equatable, Hashable, Sendable {
640 | /// A computer screenshot image used with the computer use tool.
641 | @Codable @CodedAt("type") @CodingKeys(.snake_case) public enum Output: Equatable, Hashable, Sendable {
| `- error: external macro implementation type 'MacroPlugin.Codable' could not be found for macro 'Codable(commonStrategies:)'; '/Users/admin/builder/spi-builder-workspace/.derivedData/Build/Products/Debug/MacroPlugin' produced malformed response
642 | /// A computer screenshot image used with the computer use tool.
643 | /// - Parameter fileId: The identifier of an uploaded file that contains the screenshot.
MetaCodable.Codable:2:278: note: 'Codable(commonStrategies:)' declared here
1 | @available(swift 5.9)
2 | @attached(extension, conformances: Decodable, Encodable, names: named(CodingKeys), named(DecodingKeys), named(init(from:)), named(encode(to:))) @attached(member, conformances: Decodable, Encodable, names: named(CodingKeys), named(init(from:)), named(encode(to:))) public macro Codable(commonStrategies: [MetaCodable.CodableCommonStrategy] = []) = #externalMacro(module: "MacroPlugin", type: "Codable")
| `- note: 'Codable(commonStrategies:)' declared here
/Users/admin/builder/spi-builder-workspace/src/Models/Item.swift:471:50: error: external macro implementation type 'MacroPlugin.Codable' could not be found for macro 'Codable(commonStrategies:)'; '/Users/admin/builder/spi-builder-workspace/.derivedData/Build/Products/Debug/MacroPlugin' produced malformed response
469 | ///
470 | /// See the [computer action guide](https://platform.openai.com/docs/guides/tools-computer-use) for more information.
471 | @Codable @CodingKeys(.snake_case) public struct ComputerToolCall: Equatable, Hashable, Sendable {
| `- error: external macro implementation type 'MacroPlugin.Codable' could not be found for macro 'Codable(commonStrategies:)'; '/Users/admin/builder/spi-builder-workspace/.derivedData/Build/Products/Debug/MacroPlugin' produced malformed response
472 | /// The action of the computer call.
473 | ///
MetaCodable.Codable:2:278: note: 'Codable(commonStrategies:)' declared here
1 | @available(swift 5.9)
2 | @attached(extension, conformances: Decodable, Encodable, names: named(CodingKeys), named(DecodingKeys), named(init(from:)), named(encode(to:))) @attached(member, conformances: Decodable, Encodable, names: named(CodingKeys), named(init(from:)), named(encode(to:))) public macro Codable(commonStrategies: [MetaCodable.CodableCommonStrategy] = []) = #externalMacro(module: "MacroPlugin", type: "Codable")
| `- note: 'Codable(commonStrategies:)' declared here
/Users/admin/builder/spi-builder-workspace/src/Models/Item.swift:475:66: error: external macro implementation type 'MacroPlugin.CodingKeys' could not be found for macro 'CodingKeys'; '/Users/admin/builder/spi-builder-workspace/.derivedData/Build/Products/Debug/MacroPlugin' produced malformed response
473 | ///
474 | /// See the [computer action guide](https://platform.openai.com/docs/guides/tools-computer-use) for more information.
475 | @Codable @CodedAt("type") @CodingKeys(.snake_case) public enum Action: Equatable, Hashable, Sendable {
| `- error: external macro implementation type 'MacroPlugin.CodingKeys' could not be found for macro 'CodingKeys'; '/Users/admin/builder/spi-builder-workspace/.derivedData/Build/Products/Debug/MacroPlugin' produced malformed response
476 | /// A click action.
477 | ///
MetaCodable.CodingKeys:2:30: note: 'CodingKeys' declared here
1 | @available(swift 5.9)
2 | @attached(peer) public macro CodingKeys(_ strategy: MetaCodable.CodingKeyNameStrategy) = #externalMacro(module: "MacroPlugin", type: "CodingKeys")
| `- note: 'CodingKeys' declared here
/Users/admin/builder/spi-builder-workspace/src/Models/Item.swift:475:66: error: external macro implementation type 'MacroPlugin.CodedAt' could not be found for macro 'CodedAt'; '/Users/admin/builder/spi-builder-workspace/.derivedData/Build/Products/Debug/MacroPlugin' produced malformed response
473 | ///
474 | /// See the [computer action guide](https://platform.openai.com/docs/guides/tools-computer-use) for more information.
475 | @Codable @CodedAt("type") @CodingKeys(.snake_case) public enum Action: Equatable, Hashable, Sendable {
| `- error: external macro implementation type 'MacroPlugin.CodedAt' could not be found for macro 'CodedAt'; '/Users/admin/builder/spi-builder-workspace/.derivedData/Build/Products/Debug/MacroPlugin' produced malformed response
476 | /// A click action.
477 | ///
MetaCodable.CodedAt:2:30: note: 'CodedAt' declared here
1 | @available(swift 5.9)
2 | @attached(peer) public macro CodedAt(_ path: StaticString...) = #externalMacro(module: "MacroPlugin", type: "CodedAt")
| `- note: 'CodedAt' declared here
SwiftCompile normal arm64_32 /Users/admin/builder/spi-builder-workspace/src/Models/Item.swift (in target 'OpenAI' from project 'OpenAI')
cd /Users/admin/builder/spi-builder-workspace/.swiftpm/xcode
builtin-SwiftPerFileCompile Item.swift
SwiftCompile normal arm64_32 /Users/admin/builder/spi-builder-workspace/src/Models/JSONSchema.swift (in target 'OpenAI' from project 'OpenAI')
cd /Users/admin/builder/spi-builder-workspace/.swiftpm/xcode
builtin-SwiftPerFileCompile JSONSchema.swift
SwiftCompile normal arm64_32 Compiling\ WebhookEvent.swift /Users/admin/builder/spi-builder-workspace/src/Models/WebhookEvent.swift (in target 'OpenAI' from project 'OpenAI')
dyld[1334]: Symbol not found: _swift_initBorrow
Referenced from: <EC1B44AB-9176-36DF-9987-50AC74F684E0> /Users/admin/builder/spi-builder-workspace/.derivedData/Build/Products/Debug/MacroPlugin
Expected in: <83794FB3-DE9B-3D23-AB5E-2C1D5D30F134> /usr/lib/swift/libswiftCore.dylib
/Users/admin/builder/spi-builder-workspace/src/Models/WebhookEvent.swift:6:49: error: external macro implementation type 'MacroPlugin.CodingKeys' could not be found for macro 'CodingKeys'; '/Users/admin/builder/spi-builder-workspace/.derivedData/Build/Products/Debug/MacroPlugin' produced malformed response
4 |
5 | /// A webhook event corresponding to an update from the Responses API.
6 | @Codable @CodingKeys(.snake_case) public struct WebhookEvent: Equatable, Hashable, Sendable {
| `- error: external macro implementation type 'MacroPlugin.CodingKeys' could not be found for macro 'CodingKeys'; '/Users/admin/builder/spi-builder-workspace/.derivedData/Build/Products/Debug/MacroPlugin' produced malformed response
7 | /// Event data payload.
8 | public struct EventData: Equatable, Hashable, Codable, Sendable {
MetaCodable.CodingKeys:2:30: note: 'CodingKeys' declared here
1 | @available(swift 5.9)
2 | @attached(peer) public macro CodingKeys(_ strategy: MetaCodable.CodingKeyNameStrategy) = #externalMacro(module: "MacroPlugin", type: "CodingKeys")
| `- note: 'CodingKeys' declared here
/Users/admin/builder/spi-builder-workspace/src/Models/WebhookEvent.swift:6:49: error: external macro implementation type 'MacroPlugin.Codable' could not be found for macro 'Codable(commonStrategies:)'; '/Users/admin/builder/spi-builder-workspace/.derivedData/Build/Products/Debug/MacroPlugin' produced malformed response
4 |
5 | /// A webhook event corresponding to an update from the Responses API.
6 | @Codable @CodingKeys(.snake_case) public struct WebhookEvent: Equatable, Hashable, Sendable {
| `- error: external macro implementation type 'MacroPlugin.Codable' could not be found for macro 'Codable(commonStrategies:)'; '/Users/admin/builder/spi-builder-workspace/.derivedData/Build/Products/Debug/MacroPlugin' produced malformed response
7 | /// Event data payload.
8 | public struct EventData: Equatable, Hashable, Codable, Sendable {
MetaCodable.Codable:2:278: note: 'Codable(commonStrategies:)' declared here
1 | @available(swift 5.9)
2 | @attached(extension, conformances: Decodable, Encodable, names: named(CodingKeys), named(DecodingKeys), named(init(from:)), named(encode(to:))) @attached(member, conformances: Decodable, Encodable, names: named(CodingKeys), named(init(from:)), named(encode(to:))) public macro Codable(commonStrategies: [MetaCodable.CodableCommonStrategy] = []) = #externalMacro(module: "MacroPlugin", type: "Codable")
| `- note: 'Codable(commonStrategies:)' declared here
/Users/admin/builder/spi-builder-workspace/src/Models/WebhookEvent.swift:28:13: error: external macro implementation type 'MacroPlugin.CodedBy' could not be found for macro 'CodedBy'; '/Users/admin/builder/spi-builder-workspace/.derivedData/Build/Products/Debug/MacroPlugin' produced malformed response
26 | /// The date when the model response was completed.
27 | @CodedBy(Since1970DateCoder())
28 | public var createdAt: Date
| `- error: external macro implementation type 'MacroPlugin.CodedBy' could not be found for macro 'CodedBy'; '/Users/admin/builder/spi-builder-workspace/.derivedData/Build/Products/Debug/MacroPlugin' produced malformed response
29 |
30 | /// Event data payload.
MetaCodable.CodedBy:2:30: note: 'CodedBy' declared here
1 | @available(swift 5.9)
2 | @attached(peer) public macro CodedBy<T>(_ helper: T) = #externalMacro(module: "MacroPlugin", type: "CodedBy") where T : MetaCodable.HelperCoder
| `- note: 'CodedBy' declared here
/Users/admin/builder/spi-builder-workspace/src/Models/WebhookEvent.swift:6:49: error: external macro implementation type 'MacroPlugin.Codable' could not be found for macro 'Codable(commonStrategies:)'; '/Users/admin/builder/spi-builder-workspace/.derivedData/Build/Products/Debug/MacroPlugin' produced malformed response
4 |
5 | /// A webhook event corresponding to an update from the Responses API.
6 | @Codable @CodingKeys(.snake_case) public struct WebhookEvent: Equatable, Hashable, Sendable {
| `- error: external macro implementation type 'MacroPlugin.Codable' could not be found for macro 'Codable(commonStrategies:)'; '/Users/admin/builder/spi-builder-workspace/.derivedData/Build/Products/Debug/MacroPlugin' produced malformed response
7 | /// Event data payload.
8 | public struct EventData: Equatable, Hashable, Codable, Sendable {
MetaCodable.Codable:2:278: note: 'Codable(commonStrategies:)' declared here
1 | @available(swift 5.9)
2 | @attached(extension, conformances: Decodable, Encodable, names: named(CodingKeys), named(DecodingKeys), named(init(from:)), named(encode(to:))) @attached(member, conformances: Decodable, Encodable, names: named(CodingKeys), named(init(from:)), named(encode(to:))) public macro Codable(commonStrategies: [MetaCodable.CodableCommonStrategy] = []) = #externalMacro(module: "MacroPlugin", type: "Codable")
| `- note: 'Codable(commonStrategies:)' declared here
/Users/admin/builder/spi-builder-workspace/src/Models/Config.swift:56:66: error: external macro implementation type 'MacroPlugin.Codable' could not be found for macro 'Codable(commonStrategies:)'; '/Users/admin/builder/spi-builder-workspace/.derivedData/Build/Products/Debug/MacroPlugin' produced malformed response
54 | public struct TextConfig: Equatable, Hashable, Codable, Sendable {
55 | /// An object specifying the format that the model must output.
56 | @Codable @CodedAt("type") @CodingKeys(.snake_case) public enum Format: Equatable, Hashable, Sendable {
| `- error: external macro implementation type 'MacroPlugin.Codable' could not be found for macro 'Codable(commonStrategies:)'; '/Users/admin/builder/spi-builder-workspace/.derivedData/Build/Products/Debug/MacroPlugin' produced malformed response
57 | /// Used to generate text responses.
58 | case text
MetaCodable.Codable:2:278: note: 'Codable(commonStrategies:)' declared here
1 | @available(swift 5.9)
2 | @attached(extension, conformances: Decodable, Encodable, names: named(CodingKeys), named(DecodingKeys), named(init(from:)), named(encode(to:))) @attached(member, conformances: Decodable, Encodable, names: named(CodingKeys), named(init(from:)), named(encode(to:))) public macro Codable(commonStrategies: [MetaCodable.CodableCommonStrategy] = []) = #externalMacro(module: "MacroPlugin", type: "Codable")
| `- note: 'Codable(commonStrategies:)' declared here
Failed frontend command:
/Applications/Xcode-27.0.0-Release.Candidate.app/Contents/Developer/Toolchains/XcodeDefault.xctoolchain/usr/bin/swift-frontend -frontend -c /Users/admin/builder/spi-builder-workspace/src/Extensions/AsyncBytes+collect.swift /Users/admin/builder/spi-builder-workspace/src/Extensions/Collection+safeAccess.swift /Users/admin/builder/spi-builder-workspace/src/Extensions/JSONEncoder+string.swift /Users/admin/builder/spi-builder-workspace/src/Extensions/URL+appendOptionalQueryItems.swift /Users/admin/builder/spi-builder-workspace/src/Models/Config.swift /Users/admin/builder/spi-builder-workspace/src/Models/Event.swift /Users/admin/builder/spi-builder-workspace/src/Models/File.swift /Users/admin/builder/spi-builder-workspace/src/Models/Input.swift /Users/admin/builder/spi-builder-workspace/src/Models/Item.swift /Users/admin/builder/spi-builder-workspace/src/Models/JSONSchema.swift /Users/admin/builder/spi-builder-workspace/src/Models/Message.swift /Users/admin/builder/spi-builder-workspace/src/Models/Model.swift /Users/admin/builder/spi-builder-workspace/src/Models/Request.swift /Users/admin/builder/spi-builder-workspace/src/Models/Response.swift /Users/admin/builder/spi-builder-workspace/src/Models/Tool.swift -primary-file /Users/admin/builder/spi-builder-workspace/src/Models/WebhookEvent.swift /Users/admin/builder/spi-builder-workspace/src/Protocol/Schemable.swift /Users/admin/builder/spi-builder-workspace/src/Support/MultiPartData.swift -emit-dependencies-path /Users/admin/builder/spi-builder-workspace/.derivedData/Build/Intermediates.noindex/OpenAI.build/Debug-watchos/OpenAI-t.build/Objects-normal/arm64_32/WebhookEvent.d -emit-const-values-path /Users/admin/builder/spi-builder-workspace/.derivedData/Build/Intermediates.noindex/OpenAI.build/Debug-watchos/OpenAI-t.build/Objects-normal/arm64_32/WebhookEvent.swiftconstvalues -emit-reference-dependencies-path /Users/admin/builder/spi-builder-workspace/.derivedData/Build/Intermediates.noindex/OpenAI.build/Debug-watchos/OpenAI-t.build/Objects-normal/arm64_32/WebhookEvent.swiftdeps -serialize-diagnostics-path /Users/admin/builder/spi-builder-workspace/.derivedData/Build/Intermediates.noindex/OpenAI.build/Debug-watchos/OpenAI-t.build/Objects-normal/arm64_32/WebhookEvent.dia -target arm64_32-apple-watchos10.0 -disable-cross-import-overlay-search -load-resolved-plugin /Applications/Xcode-27.0.0-Release.Candidate.app/Contents/Developer/Platforms/WatchOS.platform/Developer/usr/lib/swift/host/plugins/libFoundationMacros.dylib\#/Applications/Xcode-27.0.0-Release.Candidate.app/Contents/Developer/Platforms/WatchOS.platform/Developer/usr/bin/swift-plugin-server\#FoundationMacros -load-resolved-plugin /Applications/Xcode-27.0.0-Release.Candidate.app/Contents/Developer/Platforms/WatchOS.platform/Developer/usr/lib/swift/host/plugins/libFoundationModelsMacros.dylib\#/Applications/Xcode-27.0.0-Release.Candidate.app/Contents/Developer/Platforms/WatchOS.platform/Developer/usr/bin/swift-plugin-server\#FoundationModelsMacros -load-resolved-plugin \#/Users/admin/builder/spi-builder-workspace/.derivedData/Build/Products/Debug/MacroPlugin\#MacroPlugin -load-resolved-plugin /Applications/Xcode-27.0.0-Release.Candidate.app/Contents/Developer/Platforms/WatchOS.platform/Developer/usr/lib/swift/host/plugins/libObservationMacros.dylib\#/Applications/Xcode-27.0.0-Release.Candidate.app/Contents/Developer/Platforms/WatchOS.platform/Developer/usr/bin/swift-plugin-server\#ObservationMacros -load-resolved-plugin /Applications/Xcode-27.0.0-Release.Candidate.app/Contents/Developer/Platforms/WatchOS.platform/Developer/usr/lib/swift/host/plugins/libSwiftMacros.dylib\#/Applications/Xcode-27.0.0-Release.Candidate.app/Contents/Developer/Platforms/WatchOS.platform/Developer/usr/bin/swift-plugin-server\#SwiftMacros -disable-implicit-swift-modules -Xcc -fno-implicit-modules -Xcc -fno-implicit-module-maps -explicit-swift-module-map-file /Users/admin/builder/spi-builder-workspace/.derivedData/Build/Intermediates.noindex/OpenAI.build/Debug-watchos/OpenAI-t.build/Objects-normal/arm64_32/OpenAI-dependencies-1.json -enable-objc-interop -sdk /Applications/Xcode-27.0.0-Release.Candidate.app/Contents/Developer/Platforms/WatchOS.platform/Developer/SDKs/WatchOS27.0.sdk -I /Users/admin/builder/spi-builder-workspace/.derivedData/Build/Products/Debug-watchos -Isystem /Applications/Xcode-27.0.0-Release.Candidate.app/Contents/Developer/Platforms/WatchOS.platform/Developer/usr/lib -F /Users/admin/builder/spi-builder-workspace/.derivedData/Build/Products/Debug-watchos/PackageFrameworks -F /Users/admin/builder/spi-builder-workspace/.derivedData/Build/Products/Debug-watchos -F /Applications/Xcode-27.0.0-Release.Candidate.app/Contents/Developer/Platforms/WatchOS.platform/Developer/Library/Frameworks -F /Applications/Xcode-27.0.0-Release.Candidate.app/Contents/Developer/Platforms/WatchOS.platform/Developer/SDKs/WatchOS27.0.sdk/Developer/Library/Frameworks -module-cache-path /Users/admin/builder/spi-builder-workspace/.derivedData/Build/Intermediates.noindex/SwiftExplicitPrecompiledModules -no-color-diagnostics -Xcc -fno-color-diagnostics -enable-testing -g -debug-info-format\=dwarf -dwarf-version\=4 -swift-version 6 -Onone -D SWIFT_PACKAGE -D DEBUG -D SWIFT_MODULE_RESOURCE_BUNDLE_UNAVAILABLE -D Xcode -serialize-debugging-options -load-plugin-executable /Users/admin/builder/spi-builder-workspace/.derivedData/Build/Products/Debug/MacroPlugin\#MacroPlugin -enable-experimental-feature DebugDescriptionMacro -empty-abi-descriptor -validate-clang-modules-once -clang-build-session-file /Users/admin/builder/spi-builder-workspace/.derivedData/ModuleCache.noindex/Session.modulevalidation -Xcc -working-directory -Xcc /Users/admin/builder/spi-builder-workspace/.swiftpm/xcode -enable-anonymous-context-mangled-names -file-compilation-dir /Users/admin/builder/spi-builder-workspace/.swiftpm/xcode -Xcc -D_LIBCPP_HARDENING_MODE\=_LIBCPP_HARDENING_MODE_DEBUG -Xcc -ivfsstatcache -Xcc /Users/admin/builder/spi-builder-workspace/.derivedData/SDKStatCaches.noindex/watchos27.0-24R360-e829b21a6f8c9b70876ba0858053c04477534ef55a1706bf4c1112bbb242f0a2.sdkstatcache -Xcc -fmodules-prune-interval\=86400 -Xcc -fmodules-prune-after\=345600 -Xcc -I/Users/admin/builder/spi-builder-workspace/.derivedData/Build/Products/Debug-watchos/include -Xcc -I/Users/admin/builder/spi-builder-workspace/.derivedData/Build/Intermediates.noindex/OpenAI.build/Debug-watchos/OpenAI-t.build/DerivedSources-normal/arm64_32 -Xcc -I/Users/admin/builder/spi-builder-workspace/.derivedData/Build/Intermediates.noindex/OpenAI.build/Debug-watchos/OpenAI-t.build/DerivedSources/arm64_32 -Xcc -I/Users/admin/builder/spi-builder-workspace/.derivedData/Build/Intermediates.noindex/OpenAI.build/Debug-watchos/OpenAI-t.build/DerivedSources -Xcc -DSWIFT_PACKAGE -Xcc -DDEBUG\=1 -no-auto-bridging-header-chaining -module-name OpenAI -package-name spi_builder_workspace -const-gather-protocols-file /Users/admin/builder/spi-builder-workspace/.derivedData/Build/Intermediates.noindex/OpenAI.build/Debug-watchos/OpenAI-t.build/Objects-normal/arm64_32/OpenAI_const_extract_protocols.json -disable-clang-spi -clang-target arm64_32-apple-watchos27.0 -target-sdk-version 27.0 -target-sdk-name watchos27.0 -in-process-plugin-server-path /Applications/Xcode-27.0.0-Release.Candidate.app/Contents/Developer/Toolchains/XcodeDefault.xctoolchain/usr/lib/swift/host/libSwiftInProcPluginServer.dylib -parse-as-library -o /Users/admin/builder/spi-builder-workspace/.derivedData/Build/Intermediates.noindex/OpenAI.build/Debug-watchos/OpenAI-t.build/Objects-normal/arm64_32/WebhookEvent.o -debug-module-path /Users/admin/builder/spi-builder-workspace/.derivedData/Build/Intermediates.noindex/OpenAI.build/Debug-watchos/OpenAI-t.build/Objects-normal/arm64_32/OpenAI.swiftmodule -index-unit-output-path /OpenAI.build/Debug-watchos/OpenAI-t.build/Objects-normal/arm64_32/WebhookEvent.o -index-store-path /Users/admin/builder/spi-builder-workspace/.derivedData/Index.noindex/DataStore -index-system-modules
SwiftCompile normal arm64_32 /Users/admin/builder/spi-builder-workspace/src/Models/WebhookEvent.swift (in target 'OpenAI' from project 'OpenAI')
cd /Users/admin/builder/spi-builder-workspace/.swiftpm/xcode
builtin-SwiftPerFileCompile WebhookEvent.swift
SwiftCompile normal arm64_32 Compiling\ Schemable.swift /Users/admin/builder/spi-builder-workspace/src/Protocol/Schemable.swift (in target 'OpenAI' from project 'OpenAI')
SwiftCompile normal arm64_32 /Users/admin/builder/spi-builder-workspace/src/Protocol/Schemable.swift (in target 'OpenAI' from project 'OpenAI')
cd /Users/admin/builder/spi-builder-workspace/.swiftpm/xcode
builtin-SwiftPerFileCompile Schemable.swift
SwiftEmitModule normal arm64 Emitting\ module\ for\ OpenAI (in target 'OpenAI' from project 'OpenAI')
SwiftCompile normal arm64 (in target 'OpenAI' from project 'OpenAI')
cd /Users/admin/builder/spi-builder-workspace/.swiftpm/xcode
SwiftDriverJobDiscovery normal arm64_32 Compiling Schemable.swift (in target 'OpenAI' from project 'OpenAI')
Ld /Users/admin/builder/spi-builder-workspace/.derivedData/Build/Intermediates.noindex/MetaCodable.build/Debug-watchos/HelperCoders-t.build/Objects-normal/arm64_32/Binary/HelperCoders.o normal arm64_32 (in target 'HelperCoders' from project 'MetaCodable')
cd /Users/admin/builder/spi-builder-workspace/.dependencies/checkouts/MetaCodable
/Applications/Xcode-27.0.0-Release.Candidate.app/Contents/Developer/Toolchains/XcodeDefault.xctoolchain/usr/bin/clang -Xlinker -reproducible -target arm64_32-apple-watchos9.0 -r -isysroot /Applications/Xcode-27.0.0-Release.Candidate.app/Contents/Developer/Platforms/WatchOS.platform/Developer/SDKs/WatchOS27.0.sdk -O0 -w -Xlinker -no_warn_duplicate_libraries -F/Users/admin/builder/spi-builder-workspace/.derivedData/Build/Intermediates.noindex/EagerLinkingTBDs/Debug-watchos -F/Users/admin/builder/spi-builder-workspace/.derivedData/Build/Products/Debug-watchos/PackageFrameworks -F/Users/admin/builder/spi-builder-workspace/.derivedData/Build/Products/Debug-watchos -iframework /Applications/Xcode-27.0.0-Release.Candidate.app/Contents/Developer/Platforms/WatchOS.platform/Developer/Library/Frameworks -iframework /Applications/Xcode-27.0.0-Release.Candidate.app/Contents/Developer/Platforms/WatchOS.platform/Developer/SDKs/WatchOS27.0.sdk/Developer/Library/Frameworks -filelist /Users/admin/builder/spi-builder-workspace/.derivedData/Build/Intermediates.noindex/MetaCodable.build/Debug-watchos/HelperCoders-t.build/Objects-normal/arm64_32/HelperCoders.LinkFileList -nostdlib -Xlinker -object_path_lto -Xlinker /Users/admin/builder/spi-builder-workspace/.derivedData/Build/Intermediates.noindex/MetaCodable.build/Debug-watchos/HelperCoders-t.build/Objects-normal/arm64_32/HelperCoders_lto.o -Xlinker -no_deduplicate -Xlinker -dependency_info -Xlinker /Users/admin/builder/spi-builder-workspace/.derivedData/Build/Intermediates.noindex/MetaCodable.build/Debug-watchos/HelperCoders-t.build/Objects-normal/arm64_32/HelperCoders_dependency_info.dat -fobjc-link-runtime -L/Applications/Xcode-27.0.0-Release.Candidate.app/Contents/Developer/Toolchains/XcodeDefault.xctoolchain/usr/lib/swift/watchos -L/usr/lib/swift -Xlinker -add_ast_path -Xlinker /Users/admin/builder/spi-builder-workspace/.derivedData/Build/Intermediates.noindex/MetaCodable.build/Debug-watchos/HelperCoders-t.build/Objects-normal/arm64_32/HelperCoders.swiftmodule -o /Users/admin/builder/spi-builder-workspace/.derivedData/Build/Intermediates.noindex/MetaCodable.build/Debug-watchos/HelperCoders-t.build/Objects-normal/arm64_32/Binary/HelperCoders.o
SwiftDriverJobDiscovery normal arm64_32 Compiling AsyncBytes+collect.swift, Collection+safeAccess.swift (in target 'OpenAI' from project 'OpenAI')
Ld /Users/admin/builder/spi-builder-workspace/.derivedData/Build/Intermediates.noindex/MetaCodable.build/Debug-watchos/HelperCoders-t.build/Objects-normal/arm64/Binary/HelperCoders.o normal arm64 (in target 'HelperCoders' from project 'MetaCodable')
cd /Users/admin/builder/spi-builder-workspace/.dependencies/checkouts/MetaCodable
/Applications/Xcode-27.0.0-Release.Candidate.app/Contents/Developer/Toolchains/XcodeDefault.xctoolchain/usr/bin/clang -Xlinker -reproducible -target arm64-apple-watchos9.0 -r -isysroot /Applications/Xcode-27.0.0-Release.Candidate.app/Contents/Developer/Platforms/WatchOS.platform/Developer/SDKs/WatchOS27.0.sdk -O0 -w -Xlinker -no_warn_duplicate_libraries -F/Users/admin/builder/spi-builder-workspace/.derivedData/Build/Intermediates.noindex/EagerLinkingTBDs/Debug-watchos -F/Users/admin/builder/spi-builder-workspace/.derivedData/Build/Products/Debug-watchos/PackageFrameworks -F/Users/admin/builder/spi-builder-workspace/.derivedData/Build/Products/Debug-watchos -iframework /Applications/Xcode-27.0.0-Release.Candidate.app/Contents/Developer/Platforms/WatchOS.platform/Developer/Library/Frameworks -iframework /Applications/Xcode-27.0.0-Release.Candidate.app/Contents/Developer/Platforms/WatchOS.platform/Developer/SDKs/WatchOS27.0.sdk/Developer/Library/Frameworks -filelist /Users/admin/builder/spi-builder-workspace/.derivedData/Build/Intermediates.noindex/MetaCodable.build/Debug-watchos/HelperCoders-t.build/Objects-normal/arm64/HelperCoders.LinkFileList -nostdlib -Xlinker -object_path_lto -Xlinker /Users/admin/builder/spi-builder-workspace/.derivedData/Build/Intermediates.noindex/MetaCodable.build/Debug-watchos/HelperCoders-t.build/Objects-normal/arm64/HelperCoders_lto.o -Xlinker -no_deduplicate -Xlinker -dependency_info -Xlinker /Users/admin/builder/spi-builder-workspace/.derivedData/Build/Intermediates.noindex/MetaCodable.build/Debug-watchos/HelperCoders-t.build/Objects-normal/arm64/HelperCoders_dependency_info.dat -fobjc-link-runtime -L/Applications/Xcode-27.0.0-Release.Candidate.app/Contents/Developer/Toolchains/XcodeDefault.xctoolchain/usr/lib/swift/watchos -L/usr/lib/swift -Xlinker -add_ast_path -Xlinker /Users/admin/builder/spi-builder-workspace/.derivedData/Build/Intermediates.noindex/MetaCodable.build/Debug-watchos/HelperCoders-t.build/Objects-normal/arm64/HelperCoders.swiftmodule -o /Users/admin/builder/spi-builder-workspace/.derivedData/Build/Intermediates.noindex/MetaCodable.build/Debug-watchos/HelperCoders-t.build/Objects-normal/arm64/Binary/HelperCoders.o
SwiftDriverJobDiscovery normal arm64_32 Compiling JSONEncoder+string.swift, URL+appendOptionalQueryItems.swift (in target 'OpenAI' from project 'OpenAI')
SwiftCompile normal arm64 Compiling\ JSONEncoder+string.swift,\ URL+appendOptionalQueryItems.swift /Users/admin/builder/spi-builder-workspace/src/Extensions/JSONEncoder+string.swift /Users/admin/builder/spi-builder-workspace/src/Extensions/URL+appendOptionalQueryItems.swift (in target 'OpenAI' from project 'OpenAI')
SwiftCompile normal arm64 /Users/admin/builder/spi-builder-workspace/src/Extensions/JSONEncoder+string.swift (in target 'OpenAI' from project 'OpenAI')
cd /Users/admin/builder/spi-builder-workspace/.swiftpm/xcode
builtin-SwiftPerFileCompile JSONEncoder+string.swift
SwiftCompile normal arm64 /Users/admin/builder/spi-builder-workspace/src/Extensions/URL+appendOptionalQueryItems.swift (in target 'OpenAI' from project 'OpenAI')
cd /Users/admin/builder/spi-builder-workspace/.swiftpm/xcode
builtin-SwiftPerFileCompile URL+appendOptionalQueryItems.swift
PruneExplicitPrecompiledModules /Users/admin/builder/spi-builder-workspace/.derivedData/Build/Intermediates.noindex/SwiftExplicitPrecompiledModules
PruneExplicitPrecompiledModules /Users/admin/builder/spi-builder-workspace/.derivedData/SDKExplicitPrecompiledModules
PruneExplicitPrecompiledModules /Users/admin/builder/spi-builder-workspace/.derivedData/Build/Intermediates.noindex/ExplicitPrecompiledModules
2026-09-23 01:05:14.017 xcodebuild[1301:7538] [MT] IDERunDestination: Supported platforms for the buildables in the current scheme is empty.
** BUILD FAILED **
The following build commands failed:
SwiftCompile normal arm64_32 Compiling\ WebhookEvent.swift /Users/admin/builder/spi-builder-workspace/src/Models/WebhookEvent.swift (in target 'OpenAI' from project 'OpenAI')
SwiftCompile normal arm64_32 /Users/admin/builder/spi-builder-workspace/src/Models/WebhookEvent.swift (in target 'OpenAI' from project 'OpenAI')
Building workspace OpenAI with scheme OpenAI
(3 failures)
BUILD FAILURE 6.4 watchOS