Build Information
Failed to build apple-purchase-receipt-verifier, reference v0.12.0 (fc663b), with Swift 6.1 for watchOS using Xcode 16.3 on 17 Oct 2026 00:50:11 UTC.
Build Command
No build command. This typically means the build failed at an early stage where we determine the build command.Build Log
========================================
RunAll
========================================
Builder version: 5.1.3
Interrupt handler set up.
========================================
Checkout
========================================
Clone URL: https://github.com/emindeniz99/apple-purchase-receipt-verifier.git
Reference: v0.12.0
Initialized empty Git repository in /Users/admin/builder/spi-builder-workspace/.git/
From https://github.com/emindeniz99/apple-purchase-receipt-verifier
* tag v0.12.0 -> FETCH_HEAD
HEAD is now at fc663bc Merge pull request #344 from emindeniz99/release-please--branches--main--components--apple-purchase-receipt-verifier
Cloned https://github.com/emindeniz99/apple-purchase-receipt-verifier.git
Revision (git rev-parse @):
fc663bc5aed420cda3edd7fe410a950e0ad4acce
SUCCESS checkout https://github.com/emindeniz99/apple-purchase-receipt-verifier.git at v0.12.0
========================================
Build
========================================
Selected platform: watchOS
Swift version: 6.1
Building package at path: $PWD
https://github.com/emindeniz99/apple-purchase-receipt-verifier.git
https://github.com/emindeniz99/apple-purchase-receipt-verifier.git
error: 'spi-builder-workspace': package 'spi-builder-workspace' is using Swift tools version 6.3.0 but the installed version is 6.1.0
error: fatalError
Command line invocation:
/Applications/Xcode-16.3.0.app/Contents/Developer/usr/bin/xcodebuild -IDEClonedSourcePackagesDirPathOverride=/Users/admin/builder/spi-builder-workspace/.dependencies -resolvePackageDependencies
Resolve Package Graph
package 'spi-builder-workspace' is using Swift tools version 6.3.0 but the installed version is 6.1.0
Resolved source packages:
spi-builder-workspace: (null)
2026-10-16 17:50:10.176 xcodebuild[506:2907] Writing error result bundle to /var/folders/5k/5yc19ymj0jqd5v0zvgfqz0xw0000gn/T/ResultBundle_2026-16-10_17-50-0010.xcresult
xcodebuild: error: Could not resolve package dependencies:
package 'spi-builder-workspace' is using Swift tools version 6.3.0 but the installed version is 6.1.0
Command line invocation:
/Applications/Xcode-16.3.0.app/Contents/Developer/usr/bin/xcodebuild -IDEClonedSourcePackagesDirPathOverride=/Users/admin/builder/spi-builder-workspace/.dependencies -resolvePackageDependencies
Resolve Package Graph
package 'spi-builder-workspace' is using Swift tools version 6.3.0 but the installed version is 6.1.0
Resolved source packages:
spi-builder-workspace: (null)
2026-10-16 17:50:11.314 xcodebuild[535:3099] Writing error result bundle to /var/folders/5k/5yc19ymj0jqd5v0zvgfqz0xw0000gn/T/ResultBundle_2026-16-10_17-50-0011.xcresult
xcodebuild: error: Could not resolve package dependencies:
package 'spi-builder-workspace' is using Swift tools version 6.3.0 but the installed version is 6.1.0
BUILD FAILURE 6.1 watchOS