The Swift Package Index logo.Swift Package Index

Build Information

Failed to build GoogleCloudFTPV1, reference main (cc52e3), with Swift 6.2 for Android on 11 Oct 2026 19:49:23 UTC.

Build Command

bash -c docker run --pull=always --rm -v "checkouts-54344849-2":/host -w "$PWD" -e JAVA_HOME="/root/.sdkman/candidates/java/current" -e SPI_BUILD="1" -e SPI_PROCESSING="1" registry.gitlab.com/saguaro1/spi-images:android-6.2-latest swift build --swift-sdk aarch64-unknown-linux-android28 2>&1

Build Log

========================================
RunAll
========================================
Builder version: 5.1.1
Interrupt handler set up.
========================================
Checkout
========================================
Clone URL: https://github.com/googleapis/swift-google-cloud-ftp-v1.git
Reference: main
Initialized empty Git repository in /host/spi-builder-workspace/.git/
hint: Using 'master' as the name for the initial branch. This default branch name
hint: is subject to change. To configure the initial branch name to use in all
hint: of your new repositories, which will suppress this warning, call:
hint:
hint: 	git config --global init.defaultBranch <name>
hint:
hint: Names commonly chosen instead of 'master' are 'main', 'trunk' and
hint: 'development'. The just-created branch can be renamed via this command:
hint:
hint: 	git branch -m <name>
From https://github.com/googleapis/swift-google-cloud-ftp-v1
 * branch            main       -> FETCH_HEAD
 * [new branch]      main       -> origin/main
HEAD is now at cc52e32 chore: release circa 2026-10-07 (#1382)
Cloned https://github.com/googleapis/swift-google-cloud-ftp-v1.git
Revision (git rev-parse @):
cc52e32ff07984c6610e5bc1ef05943894af42c6
SPI manifest file found: $PWD/.spi.yml
SUCCESS checkout https://github.com/googleapis/swift-google-cloud-ftp-v1.git at main
========================================
Build
========================================
Selected platform:         android
Swift version:             6.2
Building package at path:  $PWD
https://github.com/googleapis/swift-google-cloud-ftp-v1.git
Running build ...
bash -c docker run --pull=always --rm -v "checkouts-54344849-2":/host -w "$PWD" -e JAVA_HOME="/root/.sdkman/candidates/java/current" -e SPI_BUILD="1" -e SPI_PROCESSING="1" registry.gitlab.com/saguaro1/spi-images:android-6.2-latest swift build --swift-sdk aarch64-unknown-linux-android28 2>&1
android-6.2-latest: Pulling from saguaro1/spi-images
Digest: sha256:a839c9ce201f1dacc8eb056626ec7ab0a1c6d53d7b77c83feda395f4507c51be
Status: Image is up to date for registry.gitlab.com/saguaro1/spi-images:android-6.2-latest
Fetching https://github.com/googleapis/swift-google-longrunning
Fetching https://github.com/apple/swift-log
Fetching https://github.com/googleapis/swift-google-rpc
Fetching https://github.com/googleapis/swift-google-cloud-location
Fetching https://github.com/googleapis/swift-google-wkt
Fetching https://github.com/googleapis/swift-google-gax
[1/1748] Fetching swift-google-gax
[19/2300] Fetching swift-google-gax, swift-google-cloud-location
[143/10557] Fetching swift-google-gax, swift-google-cloud-location, swift-log
[1261/11580] Fetching swift-google-gax, swift-google-cloud-location, swift-log, swift-google-wkt
[1840/12199] Fetching swift-google-gax, swift-google-cloud-location, swift-log, swift-google-wkt, swift-google-longrunning
[3985/12621] Fetching swift-google-gax, swift-google-cloud-location, swift-log, swift-google-wkt, swift-google-longrunning, swift-google-rpc
Fetched https://github.com/googleapis/swift-google-wkt from cache (0.55s)
[7650/11598] Fetching swift-google-gax, swift-google-cloud-location, swift-log, swift-google-longrunning, swift-google-rpc
Fetched https://github.com/googleapis/swift-google-cloud-location from cache (0.56s)
[8089/11046] Fetching swift-google-gax, swift-log, swift-google-longrunning, swift-google-rpc
Fetched https://github.com/googleapis/swift-google-gax from cache (0.56s)
[6753/9298] Fetching swift-log, swift-google-longrunning, swift-google-rpc
Fetching https://github.com/googleapis/swift-google-auth
Fetched https://github.com/googleapis/swift-google-rpc from cache (0.76s)
Fetched https://github.com/googleapis/swift-google-longrunning from cache (0.76s)
Fetched https://github.com/apple/swift-log from cache (0.77s)
[1/1023] Fetching swift-google-auth
Fetched https://github.com/googleapis/swift-google-auth from cache (0.79s)
Computing version for https://github.com/googleapis/swift-google-wkt
Computed https://github.com/googleapis/swift-google-wkt at 0.5.0 (1.59s)
Fetching https://github.com/swift-extras/swift-extras-base64
[1/954] Fetching swift-extras-base64
Fetched https://github.com/swift-extras/swift-extras-base64 from cache (0.46s)
Computing version for https://github.com/googleapis/swift-google-rpc
Computed https://github.com/googleapis/swift-google-rpc at 0.5.0 (0.73s)
Computing version for https://github.com/googleapis/swift-google-longrunning
Computed https://github.com/googleapis/swift-google-longrunning at 0.5.0 (0.23s)
Computing version for https://github.com/googleapis/swift-google-gax
Computed https://github.com/googleapis/swift-google-gax at 0.5.0 (0.31s)
Fetching https://github.com/apple/swift-nio
Fetching https://github.com/swift-server/async-http-client.git
[1/16464] Fetching async-http-client
[16465/102838] Fetching async-http-client, swift-nio
Fetched https://github.com/swift-server/async-http-client.git from cache (1.33s)
[12093/86374] Fetching swift-nio
Fetched https://github.com/apple/swift-nio from cache (5.25s)
Computing version for https://github.com/googleapis/swift-google-cloud-location
Computed https://github.com/googleapis/swift-google-cloud-location at 0.5.0 (5.54s)
Computing version for https://github.com/googleapis/swift-google-auth
Computed https://github.com/googleapis/swift-google-auth at 0.5.0 (0.24s)
Fetching https://github.com/apple/swift-system.git
Fetching https://github.com/vapor/jwt-kit.git
[1/7241] Fetching swift-system
[7242/17495] Fetching swift-system, jwt-kit
Fetched https://github.com/apple/swift-system.git from cache (0.72s)
[103/10254] Fetching jwt-kit
Fetched https://github.com/vapor/jwt-kit.git from cache (1.49s)
Computing version for https://github.com/swift-extras/swift-extras-base64
Computed https://github.com/swift-extras/swift-extras-base64 at 1.2.0 (1.73s)
Computing version for https://github.com/swift-server/async-http-client.git
Computed https://github.com/swift-server/async-http-client.git at 1.36.2 (0.29s)
Fetching https://github.com/apple/swift-nio-transport-services.git
Fetching https://github.com/apple/swift-algorithms.git
Fetching https://github.com/apple/swift-distributed-tracing.git
Fetching https://github.com/apple/swift-nio-extras.git
Fetching https://github.com/apple/swift-service-context.git
Fetching https://github.com/apple/swift-configuration.git
[1/1501] Fetching swift-service-context
[1292/7665] Fetching swift-service-context, swift-algorithms
[1626/11593] Fetching swift-service-context, swift-algorithms, swift-configuration
[4873/18144] Fetching swift-service-context, swift-algorithms, swift-configuration, swift-distributed-tracing
[10409/24847] Fetching swift-service-context, swift-algorithms, swift-configuration, swift-distributed-tracing, swift-nio-extras
[11230/27714] Fetching swift-service-context, swift-algorithms, swift-configuration, swift-distributed-tracing, swift-nio-extras, swift-nio-transport-services
Fetched https://github.com/apple/swift-configuration.git from cache (0.65s)
[14766/23786] Fetching swift-service-context, swift-algorithms, swift-distributed-tracing, swift-nio-extras, swift-nio-transport-services
Fetching https://github.com/apple/swift-nio-http2.git
Fetched https://github.com/apple/swift-service-context.git from cache (1.00s)
Fetched https://github.com/apple/swift-nio-transport-services.git from cache (1.01s)
Fetched https://github.com/apple/swift-nio-extras.git from cache (1.01s)
Fetched https://github.com/apple/swift-algorithms.git from cache (1.01s)
Fetching https://github.com/apple/swift-atomics.git
Fetched https://github.com/apple/swift-distributed-tracing.git from cache (1.01s)
Fetching https://github.com/apple/swift-nio-ssl.git
[1/12294] Fetching swift-nio-http2
[2706/14183] Fetching swift-nio-http2, swift-atomics
[2886/31054] Fetching swift-nio-http2, swift-atomics, swift-nio-ssl
Fetched https://github.com/apple/swift-atomics.git from cache (0.94s)
[19549/29165] Fetching swift-nio-http2, swift-nio-ssl
Fetched https://github.com/apple/swift-nio-http2.git from cache (1.72s)
Fetched https://github.com/apple/swift-nio-ssl.git from cache (1.85s)
Computing version for https://github.com/apple/swift-service-context.git
Computed https://github.com/apple/swift-service-context.git at 1.3.0 (3.08s)
Computing version for https://github.com/apple/swift-algorithms.git
Computed https://github.com/apple/swift-algorithms.git at 1.2.1 (1.56s)
Fetching https://github.com/apple/swift-numerics.git
[1/6732] Fetching swift-numerics
Fetched https://github.com/apple/swift-numerics.git from cache (0.89s)
Computing version for https://github.com/apple/swift-log
Computed https://github.com/apple/swift-log at 1.16.1 (1.12s)
Computing version for https://github.com/apple/swift-distributed-tracing.git
Computed https://github.com/apple/swift-distributed-tracing.git at 1.5.0 (0.21s)
Computing version for https://github.com/apple/swift-atomics.git
Computed https://github.com/apple/swift-atomics.git at 1.3.1 (0.20s)
Computing version for https://github.com/apple/swift-numerics.git
Computed https://github.com/apple/swift-numerics.git at 1.1.1 (0.19s)
Computing version for https://github.com/apple/swift-nio
Computed https://github.com/apple/swift-nio at 2.104.0 (0.52s)
Fetching https://github.com/apple/swift-collections.git
[1/28703] Fetching swift-collections
Fetched https://github.com/apple/swift-collections.git from cache (2.22s)
Computing version for https://github.com/apple/swift-configuration.git
Computed https://github.com/apple/swift-configuration.git at 1.2.2 (3.49s)
Fetching https://github.com/swift-server/swift-service-lifecycle
[1/2867] Fetching swift-service-lifecycle
Fetched https://github.com/swift-server/swift-service-lifecycle from cache (0.53s)
Computing version for https://github.com/apple/swift-nio-transport-services.git
Computed https://github.com/apple/swift-nio-transport-services.git at 1.28.0 (0.81s)
Computing version for https://github.com/swift-server/swift-service-lifecycle
Computed https://github.com/swift-server/swift-service-lifecycle at 2.12.1 (0.21s)
Fetching https://github.com/apple/swift-async-algorithms.git
[1/6820] Fetching swift-async-algorithms
Fetched https://github.com/apple/swift-async-algorithms.git from cache (0.65s)
Computing version for https://github.com/apple/swift-async-algorithms.git
Computed https://github.com/apple/swift-async-algorithms.git at 1.1.7 (0.96s)
Computing version for https://github.com/apple/swift-collections.git
Computed https://github.com/apple/swift-collections.git at 1.7.2 (0.40s)
Computing version for https://github.com/apple/swift-nio-http2.git
Computed https://github.com/apple/swift-nio-http2.git at 1.46.0 (0.25s)
Computing version for https://github.com/vapor/jwt-kit.git
Computed https://github.com/vapor/jwt-kit.git at 5.7.1 (0.21s)
Fetching https://github.com/apple/swift-certificates.git
Fetching https://github.com/apple/swift-crypto.git
[1/18629] Fetching swift-crypto
[933/26242] Fetching swift-crypto, swift-certificates
Fetched https://github.com/apple/swift-certificates.git from cache (0.68s)
[2236/18629] Fetching swift-crypto
Computing version for https://github.com/apple/swift-crypto.git
Fetched https://github.com/apple/swift-crypto.git from cache (1.74s)
Computed https://github.com/apple/swift-crypto.git at 4.5.2 (2.67s)
Fetching https://github.com/apple/swift-asn1.git
[1/2009] Fetching swift-asn1
Fetched https://github.com/apple/swift-asn1.git from cache (0.61s)
Computing version for https://github.com/apple/swift-asn1.git
Computed https://github.com/apple/swift-asn1.git at 1.7.3 (0.89s)
Computing version for https://github.com/apple/swift-certificates.git
Computed https://github.com/apple/swift-certificates.git at 1.21.0 (0.33s)
Computing version for https://github.com/apple/swift-nio-ssl.git
Computed https://github.com/apple/swift-nio-ssl.git at 2.37.5 (0.30s)
Computing version for https://github.com/apple/swift-system.git
Computed https://github.com/apple/swift-system.git at 1.8.1 (0.28s)
Computing version for https://github.com/apple/swift-nio-extras.git
Computed https://github.com/apple/swift-nio-extras.git at 1.35.1 (0.44s)
Fetching https://github.com/apple/swift-http-types.git
Fetching https://github.com/apple/swift-http-structured-headers.git
[1/1253] Fetching swift-http-structured-headers
Fetched https://github.com/apple/swift-http-structured-headers.git from cache (0.40s)
[1/1939] Fetching swift-http-types
Fetched https://github.com/apple/swift-http-types.git from cache (0.59s)
Computing version for https://github.com/apple/swift-http-structured-headers.git
Computed https://github.com/apple/swift-http-structured-headers.git at 1.7.0 (0.81s)
Computing version for https://github.com/apple/swift-http-types.git
Computed https://github.com/apple/swift-http-types.git at 1.8.0 (0.24s)
Creating working copy for https://github.com/apple/swift-configuration.git
Working copy of https://github.com/apple/swift-configuration.git resolved at 1.2.2
Creating working copy for https://github.com/googleapis/swift-google-rpc
Working copy of https://github.com/googleapis/swift-google-rpc resolved at 0.5.0
Creating working copy for https://github.com/apple/swift-algorithms.git
Working copy of https://github.com/apple/swift-algorithms.git resolved at 1.2.1
Creating working copy for https://github.com/apple/swift-crypto.git
Working copy of https://github.com/apple/swift-crypto.git resolved at 4.5.2
Creating working copy for https://github.com/apple/swift-http-types.git
Working copy of https://github.com/apple/swift-http-types.git resolved at 1.8.0
Creating working copy for https://github.com/apple/swift-service-context.git
Working copy of https://github.com/apple/swift-service-context.git resolved at 1.3.0
Creating working copy for https://github.com/apple/swift-certificates.git
Working copy of https://github.com/apple/swift-certificates.git resolved at 1.21.0
Creating working copy for https://github.com/vapor/jwt-kit.git
Working copy of https://github.com/vapor/jwt-kit.git resolved at 5.7.1
Creating working copy for https://github.com/googleapis/swift-google-auth
Working copy of https://github.com/googleapis/swift-google-auth resolved at 0.5.0
Creating working copy for https://github.com/googleapis/swift-google-cloud-location
Working copy of https://github.com/googleapis/swift-google-cloud-location resolved at 0.5.0
Creating working copy for https://github.com/apple/swift-async-algorithms.git
Working copy of https://github.com/apple/swift-async-algorithms.git resolved at 1.1.7
Creating working copy for https://github.com/apple/swift-numerics.git
Working copy of https://github.com/apple/swift-numerics.git resolved at 1.1.1
Creating working copy for https://github.com/googleapis/swift-google-longrunning
Working copy of https://github.com/googleapis/swift-google-longrunning resolved at 0.5.0
Creating working copy for https://github.com/apple/swift-distributed-tracing.git
Working copy of https://github.com/apple/swift-distributed-tracing.git resolved at 1.5.0
Creating working copy for https://github.com/apple/swift-nio-http2.git
Working copy of https://github.com/apple/swift-nio-http2.git resolved at 1.46.0
Creating working copy for https://github.com/apple/swift-nio-ssl.git
Working copy of https://github.com/apple/swift-nio-ssl.git resolved at 2.37.5
Creating working copy for https://github.com/swift-server/async-http-client.git
Working copy of https://github.com/swift-server/async-http-client.git resolved at 1.36.2
Creating working copy for https://github.com/apple/swift-asn1.git
Working copy of https://github.com/apple/swift-asn1.git resolved at 1.7.3
Creating working copy for https://github.com/swift-extras/swift-extras-base64
Working copy of https://github.com/swift-extras/swift-extras-base64 resolved at 1.2.0
Creating working copy for https://github.com/apple/swift-atomics.git
Working copy of https://github.com/apple/swift-atomics.git resolved at 1.3.1
Creating working copy for https://github.com/swift-server/swift-service-lifecycle
Working copy of https://github.com/swift-server/swift-service-lifecycle resolved at 2.12.1
Creating working copy for https://github.com/apple/swift-http-structured-headers.git
Working copy of https://github.com/apple/swift-http-structured-headers.git resolved at 1.7.0
Creating working copy for https://github.com/googleapis/swift-google-gax
Working copy of https://github.com/googleapis/swift-google-gax resolved at 0.5.0
Creating working copy for https://github.com/apple/swift-nio-extras.git
Working copy of https://github.com/apple/swift-nio-extras.git resolved at 1.35.1
Creating working copy for https://github.com/apple/swift-collections.git
Working copy of https://github.com/apple/swift-collections.git resolved at 1.7.2
Creating working copy for https://github.com/apple/swift-nio-transport-services.git
Working copy of https://github.com/apple/swift-nio-transport-services.git resolved at 1.28.0
Creating working copy for https://github.com/googleapis/swift-google-wkt
Working copy of https://github.com/googleapis/swift-google-wkt resolved at 0.5.0
Creating working copy for https://github.com/apple/swift-system.git
Working copy of https://github.com/apple/swift-system.git resolved at 1.8.1
Creating working copy for https://github.com/apple/swift-log
Working copy of https://github.com/apple/swift-log resolved at 1.16.1
Creating working copy for https://github.com/apple/swift-nio
Working copy of https://github.com/apple/swift-nio resolved at 2.104.0
Building for debugging...
[0/962] Compiling a_i2d_fp.cc
[1/962] Compiling a_dup.cc
[2/962] Compiling a_d2i_fp.cc
[2/962] Write sources
[7/962] Write swift-version--11D90AFD9DD3AB2.txt
[8/962] Write sources
[9/962] Compiling _NumericsShims _NumericsShims.c
[10/962] Compiling _AtomicsShims.c
[11/970] Compiling a_gentm.cc
[11/970] Write sources
[13/970] Compiling a_bool.cc
[13/970] Write sources
[68/970] Compiling SimpleFIPS202.c
[69/970] Compiling CXKCPShims shims.c
[70/970] Compiling a_bitstr.cc
[71/970] Compiling a_int.cc
[72/1012] Compiling ec_asn1.cc
[74/1040] Emitting module Logging
[75/1041] Compiling RealModule RealFunctions.swift
[76/1042] Compiling Logging LoggingSystem.swift
[77/1042] Compiling InternalCollectionsUtilities UnsafeMutablePointer+Extras.swift
[78/1042] Compiling InternalCollectionsUtilities UnsafeMutableRawBufferPointer+Extras.swift
[79/1042] Compiling InternalCollectionsUtilities UnsafePointer+Extras.swift
[80/1044] Compiling _CertificateInternals _TinyArray.swift
[81/1045] Emitting module _CertificateInternals
[82/1046] Compiling ServiceContextModule ServiceContextKey.swift
[83/1046] Emitting module InternalCollectionsUtilities
[84/1046] Compiling InternalCollectionsUtilities BorrowingIteratorProtocol+Equality.swift
[85/1046] Compiling InternalCollectionsUtilities BorrowingIteratorProtocol+Extras.swift
[86/1046] Compiling InternalCollectionsUtilities Debugging.swift
[87/1046] Compiling InternalCollectionsUtilities Descriptions.swift
[89/1046] Compiling ServiceContextModule ServiceContext.swift
[90/1046] Compiling RealModule Float80+Real.swift
[91/1046] Compiling RealModule RelaxedArithmetic.swift
[92/1046] Emitting module ServiceContextModule
[93/1047] Compiling InternalCollectionsUtilities _UnsafeBitSet+_Word.swift
[94/1047] Compiling InternalCollectionsUtilities _UnsafeBitSet.swift
[95/1047] Compiling InternalCollectionsUtilities UnsafeBufferPointer+Extras.swift
[96/1047] Compiling InternalCollectionsUtilities UnsafeMutableBufferPointer+Extras.swift
[97/1047] Emitting module _NIOBase64
[99/1047] Compiling _NIOBase64 Base64.swift
[102/1048] Compiling InternalCollectionsUtilities UnsafeRawBufferPointer+Extras.swift
[103/1048] Compiling InternalCollectionsUtilities _SortedCollection.swift
[104/1048] Compiling InternalCollectionsUtilities _UniqueCollection.swift
[105/1048] Compiling InternalCollectionsUtilities FixedWidthInteger+roundUpToPowerOfTwo.swift
[106/1048] Compiling InternalCollectionsUtilities Integer rank.swift
[107/1048] Compiling InternalCollectionsUtilities UInt+first and last set bit.swift
[108/1048] Compiling InternalCollectionsUtilities UInt+reversed.swift
[109/1048] Compiling InternalCollectionsUtilities Iterable+CopyContents.swift
[110/1048] Compiling InternalCollectionsUtilities Iterable+Equality.swift
[111/1048] Compiling InternalCollectionsUtilities LifetimeOverride.swift
[112/1048] Compiling InternalCollectionsUtilities MutableRef.swift
[113/1048] Emitting module RealModule
[114/1048] Compiling InternalCollectionsUtilities Strideable+LimitHelpers.swift
[115/1048] Compiling InternalCollectionsUtilities String+Padding.swift
[116/1048] Compiling InternalCollectionsUtilities TemporaryAllocation.swift
[117/1048] Compiling InternalCollectionsUtilities _UnsafeBitSet+Index.swift
[118/1048] Compiling InternalCollectionsUtilities MutableSpan+Extras.swift
[119/1048] Compiling InternalCollectionsUtilities OutputSpan+Extras.swift
[120/1048] Compiling InternalCollectionsUtilities RandomAccessCollection+Offsets.swift
[121/1048] Compiling InternalCollectionsUtilities Span+Extras.swift
[125/1054] Compiling Logging Logger+Attributes.swift
[126/1054] Compiling RealModule Real.swift
[126/1054] Wrapping AST for _CertificateInternals for debugging
[129/1054] Compiling RealModule Float16+Real.swift
[134/1055] Wrapping AST for ServiceContextModule for debugging
[136/1055] Emitting module _NIODataStructures
[137/1055] Compiling _NIODataStructures _TinyArray.swift
[138/1061] Compiling _NIODataStructures PriorityQueue.swift
[139/1061] Compiling _NIODataStructures Heap.swift
[140/1062] Wrapping AST for _NIOBase64 for debugging
[142/1062] Compiling Logging Logger+With.swift
[143/1062] Compiling Logging Logger.swift
[144/1062] Compiling Instrumentation Instrument.swift
[144/1062] Compiling KeccakSponge.c
[146/1062] Compiling Instrumentation NoOpInstrument.swift
[146/1066] Wrapping AST for RealModule for debugging
[148/1066] Emitting module SpanPreview
[148/1066] Wrapping AST for InternalCollectionsUtilities for debugging
[150/1066] Emitting module Instrumentation
[151/1066] Compiling Instrumentation MultiplexInstrument.swift
[151/1066] Compiling KeccakHash.c
[152/1066] Wrapping AST for _NIODataStructures for debugging
[154/1066] Compiling SpanPreview OutputSpan+InputSpanHelpers.swift
[155/1066] Compiling SpanPreview InputSpan.swift
[156/1066] Compiling SpanPreview MutableSpan+InputSpanHelpers.swift
[156/1067] Compiling CNIOWindows shim.c
[157/1067] Compiling CNIOWindows WSAStartup.c
[159/1067] Compiling CNIOWASI CNIOWASI.c
[160/1067] Compiling CNIOPosix event_loop_id.c
[161/1067] Compiling CSystem shims.c
[162/1067] Compiling CNIOOpenBSD shim.c
[163/1115] Compiling CNIOLinux shim.c
[164/1146] Compiling KeccakP-1600-opt64.c
[165/1146] Compiling CNIOLinux liburing_shims.c
[166/1146] Wrapping AST for SpanPreview for debugging
[168/1146] Compiling DequeModule _DequeBuffer.swift
[169/1146] Compiling DequeModule _DequeBufferHeader.swift
[170/1148] Compiling DequeModule Deque+Extras.swift
[171/1148] Compiling DequeModule Deque+Hashable.swift
[172/1148] Compiling DequeModule Deque+Testing.swift
[172/1148] Compiling CNIOLLHTTP c_nio_http.c
[173/1148] Compiling CNIOLLHTTP c_nio_api.c
[174/1148] Compiling CNIOFreeBSD shim.c
[175/1148] Compiling CNIOExtrasZlib zutil.c
[176/1148] Compiling CNIOExtrasZlib trees.c
[178/1148] Compiling DequeModule Deque+Codable.swift
[179/1148] Compiling DequeModule Deque+Collection.swift
[179/1148] Compiling CNIOLLHTTP c_nio_llhttp.c
[180/1148] Compiling CNIOExtrasZlib inftrees.c
[182/1148] Compiling DequeModule UniqueDeque+Initializers.swift
[183/1148] Compiling DequeModule UniqueDeque+Insertions.swift
[184/1148] Compiling DequeModule UniqueDeque+Iterable.swift
[185/1148] Compiling DequeModule UniqueDeque+Prepend.swift
[186/1148] Compiling DequeModule UniqueDeque+Removals.swift
[186/1153] Compiling CNIOExtrasZlib inffast.c
[187/1153] Compiling CNIOExtrasZlib inflate.c
[188/1153] Compiling CNIOExtrasZlib crc32.c
[189/1153] Compiling CNIOExtrasZlib deflate.c
[190/1153] Compiling CNIODarwin shim.c
[192/1153] Compiling DequeModule Deque._Storage.swift
[193/1153] Compiling DequeModule Deque._UnsafeHandle.swift
[194/1153] Compiling DequeModule Deque.swift
[194/1153] Compiling CNIOExtrasZlib adler32.c
[196/1153] Compiling ExtrasBase64 Base32+Span.swift
[197/1153] Compiling DequeModule RigidDeque+Prepend.swift
[198/1153] Compiling DequeModule RigidDeque+Removals.swift
[199/1153] Compiling DequeModule RigidDeque+Replacements.swift
[200/1153] Compiling DequeModule RigidDeque+Testing.swift
[201/1153] Compiling DequeModule RigidDeque.swift
[202/1153] Compiling DequeModule UniqueDeque+Append.swift
[203/1153] Compiling DequeModule UniqueDeque+Consumption.swift
[204/1153] Compiling DequeModule UniqueDeque+ContainerOperations.swift
[205/1153] Compiling DequeModule UniqueDeque+Deprecations.swift
[206/1153] Compiling DequeModule UniqueDeque+Descriptions.swift
[207/1153] Compiling DequeModule UniqueDeque+Equatable.swift
[208/1153] Compiling DequeModule UniqueDeque+Hashable.swift
[208/1153] Compiling fiat_p256_adx_sqr.S
[209/1153] Compiling fiat_p256_adx_mul.S
[210/1153] Compiling fiat_curve25519_adx_square.S
[211/1153] Compiling fiat_curve25519_adx_mul.S
[213/1153] Compiling SwiftASN1 DER.swift
[214/1153] Compiling SwiftASN1 Errors.swift
[221/1153] Compiling DequeModule RigidDeque+Descriptions.swift
[222/1153] Compiling DequeModule RigidDeque+Equatable.swift
[223/1153] Compiling DequeModule RigidDeque+Hashable.swift
[224/1153] Compiling DequeModule RigidDeque+Initializers.swift
[225/1153] Compiling DequeModule RigidDeque+Insertions.swift
[226/1153] Compiling DequeModule RigidDeque+Iterable.swift
[229/1153] Compiling DequeModule Deque+CustomReflectable.swift
[230/1153] Compiling DequeModule Deque+Descriptions.swift
[231/1153] Compiling DequeModule Deque+Equatable.swift
[232/1153] Compiling DequeModule Deque+ExpressibleByArrayLiteral.swift
[235/1153] Compiling DequeModule RigidDeque+Append.swift
[236/1153] Compiling DequeModule RigidDeque+Consumption.swift
[238/1153] Compiling CNIOBoringSSLShims shims.c
[240/1153] Emitting module SwiftASN1
[241/1153] Compiling Logging MetadataProvider.swift
[252/1159] Compiling Instrumentation InstrumentationSystem.swift
[253/1159] Compiling Instrumentation Locks.swift
[280/1161] Wrapping AST for Logging for debugging
[282/1161] Wrapping AST for Instrumentation for debugging
[283/1168] Wrapping AST for SwiftASN1 for debugging
[285/1169] Compiling Tracing InstrumentationSystem+Tracing.swift
[286/1169] Emitting module Tracing
[293/1170] Emitting module SystemPackage
[299/1170] Compiling Tracing WithTracer.swift
[300/1170] Compiling Tracing TracingTime.swift
[301/1170] Compiling Tracing TracerProtocol+Legacy.swift
[302/1170] Compiling Tracing TracerProtocol.swift
[303/1170] Compiling Tracing Tracer.swift
[303/1170] Compiling tls_method.cc
[304/1170] Compiling tls_record.cc
[306/1170] Compiling Tracing SpanProtocol.swift
[307/1170] Compiling Tracing NoOpTracer.swift
[309/1171] Compiling SystemPackage SystemString.swift
[310/1171] Compiling SystemPackage Util+StringArray.swift
[311/1171] Compiling SystemPackage Util.swift
[312/1171] Compiling SystemPackage UtilConsumers.swift
[313/1171] Compiling SystemPackage WinSDK+Overlay.swift
[313/1172] Wrapping AST for Tracing for debugging
[315/1172] Wrapping AST for SystemPackage for debugging
[316/1172] Compiling tls13_server.cc
[318/1172] Emitting module DequeModule
[318/1172] Compiling tls13_enc.cc
[320/1172] Compiling DequeModule UniqueDeque+Replacements.swift
[321/1172] Compiling DequeModule UniqueDeque.swift
[322/1172] Compiling DequeModule _DequeSlot.swift
[323/1172] Compiling DequeModule _UnsafeDequeHandle.swift
[324/1172] Compiling DequeModule _UnsafeDequeSegments.swift
[325/1173] Compiling tls13_client.cc
[326/1216] Compiling tls13_both.cc
[327/1216] Wrapping AST for DequeModule for debugging
[328/1216] Compiling t1_enc.cc
[330/1216] Compiling Configuration Deprecations.swift
[331/1216] Compiling Configuration ExpressibleByConfigInt.swift
[332/1216] Compiling Configuration ExpressibleByConfigString.swift
[333/1216] Compiling Configuration CLIKeyEncoder.swift
[334/1216] Compiling Configuration ConfigKeyEncoder.swift
[335/1216] Compiling Configuration DotSeparatorKeyDecoder.swift
[335/1221] Compiling ssl_versions.cc
[336/1221] Compiling ssl_x509.cc
[337/1221] Compiling ssl_transcript.cc
[338/1221] Compiling ssl_stat.cc
[340/1221] Compiling ExtrasBase64 Base64+Span.swift
[341/1221] Compiling ExtrasBase64 Base64.swift
[342/1221] Compiling ExtrasBase64 Base32.swift
[342/1221] Compiling ssl_session.cc
[343/1221] Compiling ssl_privkey.cc
[345/1221] Emitting module ExtrasBase64
[346/1222] Compiling ssl_key_share.cc
[347/1253] Wrapping AST for ExtrasBase64 for debugging
[348/1253] Compiling ssl_file.cc
[349/1253] Compiling ssl_lib.cc
[350/1253] Compiling ssl_credential.cc
[351/1253] Compiling ssl_cipher.cc
[353/1253] Compiling GoogleWKT WKTStringValue.swift
[354/1253] Compiling GoogleWKT WKTTimestamp.swift
[355/1253] Compiling GoogleWKT WKTUInt32Value.swift
[356/1253] Compiling GoogleWKT WKTUInt64Value.swift
[357/1253] Compiling GoogleWKT WKTField.swift
[358/1253] Compiling GoogleWKT WKTMethod.swift
[359/1253] Compiling Configuration CombineLatestManyStorage.swift
[360/1253] Emitting module GoogleWKT
[361/1253] Compiling Configuration AsyncSequences.swift
[362/1253] Compiling Configuration FoundationExtensions.swift
[363/1253] Compiling Configuration Span.swift
[364/1253] Compiling Configuration ConfigBytesFromStringDecoder.swift
[365/1257] Compiling GoogleWKT WKTMixin.swift
[366/1257] Compiling GoogleWKT WKTOption.swift
[367/1257] Compiling GoogleWKT WKTValue.swift
[368/1257] Compiling GoogleWKT WKTApi.swift
[369/1257] Compiling GoogleWKT WKTEnum.swift
[370/1257] Compiling GoogleWKT WKTEnumValue.swift
[371/1257] Compiling GoogleWKT WKTSourceContext.swift
[372/1257] Compiling GoogleWKT WKTSyntax.swift
[373/1257] Compiling GoogleWKT WKTType.swift
[374/1257] Compiling GoogleWKT PackageVersion.swift
[375/1257] Compiling Configuration YAMLSnapshot.swift
[376/1257] Compiling Configuration InMemoryProvider.swift
[377/1257] Compiling Configuration MutableInMemoryProvider.swift
[378/1257] Compiling Configuration ConfigProvider+Operators.swift
[379/1257] Compiling Configuration KeyMappingProvider.swift
[380/1257] Compiling Configuration SecretsSpecifier.swift
[381/1257] Compiling Configuration AsyncCombineLatestManySequence.swift
[382/1257] Compiling Configuration CombineLatestManyStateMachine.swift
[383/1257] Emitting module Configuration
[384/1257] Compiling GoogleWKT AnyPackable.swift
[385/1257] Compiling GoogleWKT DecodeToDefault.swift
[386/1257] Compiling GoogleWKT DiscoveryBase64.swift
[387/1257] Compiling GoogleWKT ProtoJSONDecoder.swift
[388/1257] Compiling GoogleWKT ProtoJSONEncoder.swift
[389/1257] Compiling GoogleWKT UnknownFields.swift
[390/1257] Compiling GoogleWKT WKTDoubleValue.swift
[391/1257] Compiling GoogleWKT WKTDuration.swift
[392/1257] Compiling GoogleWKT WKTEmpty.swift
[393/1257] Compiling GoogleWKT WKTFieldMask.swift
[395/1257] Compiling GoogleWKT WKTAny.swift
[396/1257] Compiling GoogleWKT WKTAnyError.swift
[397/1257] Compiling GoogleWKT WKTBoolValue.swift
[398/1257] Compiling GoogleWKT WKTBytesValue.swift
[398/1257] Compiling ssl_buffer.cc
[399/1257] Compiling ssl_cert.cc
[400/1257] Compiling ssl_asn1.cc
[402/1257] Compiling GoogleWKT WKTFloatValue.swift
[403/1257] Compiling GoogleWKT WKTInt32Value.swift
[404/1257] Compiling GoogleWKT WKTInt64Value.swift
[405/1257] Compiling GoogleWKT WKTRecursive.swift
[417/1257] Compiling s3_pkt.cc
[418/1257] Compiling ssl_aead_ctx.cc
[430/1258] Compiling s3_lib.cc
[431/1258] Wrapping AST for Configuration for debugging
[438/1259] Compiling s3_both.cc
[439/1274] Compiling handshake_client.cc
[440/1274] Wrapping AST for GoogleWKT for debugging
[441/1274] Compiling handshake_server.cc
[442/1274] Compiling handshake.cc
[444/1274] Compiling GoogleRpc LocalizedMessage.swift
[445/1274] Compiling GoogleRpc PackageVersion.swift
[445/1276] Compiling handoff.cc
[447/1276] Compiling GoogleRpc DebugInfo.swift
[448/1276] Compiling GoogleRpc ErrorInfo.swift
[449/1276] Compiling GoogleRpc RequestInfo.swift
[450/1276] Compiling GoogleRpc ResourceInfo.swift
[451/1276] Emitting module GoogleRpc
[452/1276] Compiling GoogleRpc Help.swift
[453/1276] Compiling GoogleRpc HttpHeader.swift
[454/1276] Compiling GoogleRpc HttpRequest.swift
[455/1276] Compiling GoogleRpc HttpResponse.swift
[456/1276] Compiling GoogleRpc BadRequest.swift
[457/1276] Compiling GoogleRpc Code.swift
[458/1276] Compiling GoogleRpc PreconditionFailure.swift
[459/1276] Compiling GoogleRpc QuotaFailure.swift
[460/1276] Compiling GoogleRpc RetryInfo.swift
[461/1276] Compiling GoogleRpc Status.swift
[462/1277] Compiling encrypted_client_hello.cc
[463/1277] Compiling dtls_record.cc
[464/1277] Wrapping AST for GoogleRpc for debugging
[465/1277] Compiling md5-x86_64-linux.S
[466/1277] Compiling md5-x86_64-apple.S
[467/1277] Compiling md5-586-linux.S
[468/1277] Compiling md5-586-apple.S
[469/1277] Compiling extensions.cc
[470/1277] Compiling chacha20_poly1305_x86_64-linux.S
[471/1277] Compiling chacha20_poly1305_x86_64-apple.S
[472/1277] Compiling chacha20_poly1305_armv8-win.S
[473/1277] Compiling dtls_method.cc
[474/1277] Compiling chacha20_poly1305_armv8-linux.S
[475/1277] Compiling chacha20_poly1305_armv8-apple.S
[476/1277] Compiling chacha-x86_64-linux.S
[477/1277] Compiling chacha-x86_64-apple.S
[478/1277] Compiling chacha-x86-linux.S
[479/1277] Compiling chacha-x86-apple.S
[480/1277] Compiling chacha-armv8-win.S
[481/1277] Compiling d1_srtp.cc
[482/1277] Compiling chacha-armv4-linux.S
[483/1277] Compiling chacha-armv8-apple.S
[484/1277] Compiling chacha-armv8-linux.S
[485/1277] Compiling aes128gcmsiv-x86_64-apple.S
[486/1277] Compiling aes128gcmsiv-x86_64-linux.S
[487/1277] Compiling x86_64-mont5-linux.S
[488/1277] Compiling x86_64-mont5-apple.S
[489/1277] Compiling x86_64-mont-linux.S
[490/1277] Compiling err_data.cc
[491/1277] Compiling x86_64-mont-apple.S
[492/1277] Compiling x86-mont-linux.S
[493/1277] Compiling x86-mont-apple.S
[494/1277] Compiling vpaes-x86_64-linux.S
[495/1277] Compiling vpaes-x86_64-apple.S
[496/1277] Compiling d1_lib.cc
[496/1277] Compiling vpaes-x86-linux.S
[498/1277] Compiling vpaes-x86-apple.S
[499/1277] Compiling vpaes-armv8-win.S
[500/1277] Compiling vpaes-armv8-linux.S
[501/1277] Compiling vpaes-armv8-apple.S
[502/1277] Compiling vpaes-armv7-linux.S
[503/1277] Compiling sha512-x86_64-linux.S
[504/1277] Compiling sha512-x86_64-apple.S
[505/1277] Compiling sha512-armv8-win.S
[506/1277] Compiling sha512-armv8-apple.S
[507/1277] Compiling sha512-armv8-linux.S
[508/1277] Compiling sha512-586-linux.S
[508/1277] Compiling sha512-armv4-linux.S
[510/1277] Compiling sha256-x86_64-apple.S
[511/1277] Compiling sha512-586-apple.S
[512/1277] Compiling bio_ssl.cc
[513/1277] Compiling sha256-armv8-win.S
[514/1277] Compiling sha256-x86_64-linux.S
[515/1277] Compiling sha256-armv8-linux.S
[516/1277] Compiling sha256-armv8-apple.S
[517/1277] Compiling d1_pkt.cc
[518/1277] Compiling sha256-586-apple.S
[518/1277] Compiling sha256-586-linux.S
[520/1277] Compiling sha256-armv4-linux.S
[520/1277] Compiling sha1-x86_64-linux.S
[522/1277] Compiling sha1-x86_64-apple.S
[523/1277] Compiling sha1-armv8-win.S
[524/1277] Compiling sha1-586-linux.S
[525/1277] Compiling sha1-armv4-large-linux.S
[526/1277] Compiling sha1-586-apple.S
[527/1277] Compiling sha1-armv8-apple.S
[528/1277] Compiling rsaz-avx2-linux.S
[529/1277] Compiling rsaz-avx2-apple.S
[530/1277] Compiling sha1-armv8-linux.S
[531/1277] Compiling rdrand-x86_64-linux.S
[532/1277] Compiling p256_beeu-x86_64-asm-apple.S
[533/1277] Compiling p256_beeu-armv8-asm-win.S
[534/1277] Compiling rdrand-x86_64-apple.S
[535/1277] Compiling p256_beeu-x86_64-asm-linux.S
[536/1277] Compiling p256_beeu-armv8-asm-apple.S
[537/1277] Compiling p256_beeu-armv8-asm-linux.S
[538/1277] Compiling p256-x86_64-asm-linux.S
[539/1277] Compiling p256-x86_64-asm-apple.S
[540/1277] Compiling p256-armv8-asm-win.S
[541/1277] Compiling p256-armv8-asm-apple.S
[542/1277] Compiling p256-armv8-asm-linux.S
[543/1277] Compiling ghashv8-armv8-win.S
[544/1277] Compiling ghashv8-armv8-apple.S
[545/1277] Compiling ghashv8-armv7-linux.S
[546/1277] Compiling ghashv8-armv8-linux.S
[547/1277] Compiling ghash-x86-linux.S
[548/1277] Compiling ghash-x86_64-linux.S
[549/1277] Compiling ghash-x86_64-apple.S
[550/1277] Compiling ghash-ssse3-x86_64-linux.S
[551/1277] Compiling ghash-x86-apple.S
[552/1277] Compiling ghash-ssse3-x86_64-apple.S
[553/1277] Compiling ghash-ssse3-x86-linux.S
[554/1277] Compiling ghash-ssse3-x86-apple.S
[555/1277] Compiling ghash-neon-armv8-win.S
[556/1277] Compiling ghash-neon-armv8-linux.S
[557/1277] Compiling ghash-armv4-linux.S
[558/1277] Compiling ghash-neon-armv8-apple.S
[559/1277] Compiling bn-armv8-linux.S
[560/1277] Compiling bn-armv8-win.S
[561/1277] Compiling co-586-linux.S
[562/1277] Compiling bsaes-armv7-linux.S
[563/1277] Compiling co-586-apple.S
[564/1277] Compiling bn-586-linux.S
[565/1277] Compiling bn-armv8-apple.S
[566/1277] Compiling armv8-mont-win.S
[567/1277] Compiling bn-586-apple.S
[568/1277] Compiling armv4-mont-linux.S
[569/1277] Compiling aesv8-gcm-armv8-win.S
[570/1277] Compiling armv8-mont-apple.S
[571/1277] Compiling armv8-mont-linux.S
[572/1277] Compiling aesv8-gcm-armv8-apple.S
[573/1277] Compiling aesv8-armv8-apple.S
[574/1277] Compiling aesv8-gcm-armv8-linux.S
[575/1277] Compiling aesv8-armv7-linux.S
[576/1277] Compiling aesv8-armv8-win.S
[576/1277] Compiling aesv8-armv8-linux.S
[578/1277] Compiling aesni-x86_64-linux.S
[579/1277] Compiling aesni-x86-linux.S
[580/1277] Compiling aesni-x86_64-apple.S
[581/1277] Compiling aesni-gcm-x86_64-linux.S
[582/1277] Compiling aesni-x86-apple.S
[583/1277] Compiling aes-gcm-avx2-x86_64-linux.S
[584/1277] Compiling aesni-gcm-x86_64-apple.S
[585/1277] Compiling aes-gcm-avx10-x86_64-apple.S
[586/1277] Compiling aes-gcm-avx10-x86_64-linux.S
[587/1277] Compiling aes-gcm-avx2-x86_64-apple.S
[588/1277] Compiling d1_both.cc
[589/1277] Compiling x_x509a.cc
[590/1277] Compiling x_req.cc
[591/1277] Compiling x_sig.cc
[592/1277] Compiling x_pubkey.cc
[593/1277] Compiling x_val.cc
[594/1277] Compiling x_spki.cc
[595/1277] Compiling x_x509.cc
[596/1277] Compiling x_name.cc
[597/1277] Compiling x_all.cc
[598/1277] Compiling x_crl.cc
[599/1277] Compiling x_exten.cc
[600/1277] Compiling x_attrib.cc
[601/1277] Compiling x_algor.cc
[602/1277] Compiling x509spki.cc
[603/1277] Compiling x509rset.cc
[604/1277] Compiling x509name.cc
[605/1277] Compiling x509cset.cc
[606/1277] Compiling x509_txt.cc
[607/1277] Compiling x509_v3.cc
[608/1277] Compiling x509_vpm.cc
[609/1277] Compiling x509_vfy.cc
[610/1277] Compiling x509_set.cc
[611/1277] Compiling x509_trs.cc
[612/1277] Compiling x509_req.cc
[613/1277] Compiling x509_obj.cc
[614/1277] Compiling x509_ext.cc
[615/1277] Compiling x509_d2.cc
[616/1277] Compiling x509_lu.cc
[617/1277] Compiling x509_def.cc
[618/1277] Compiling x509_cmp.cc
[619/1277] Compiling x509.cc
[620/1277] Compiling x509_att.cc
[621/1277] Compiling v3_utl.cc
[622/1277] Compiling v3_skey.cc
[623/1277] Compiling v3_purp.cc
[624/1277] Compiling v3_pmaps.cc
[625/1277] Compiling v3_prn.cc
[626/1277] Compiling v3_ncons.cc
[627/1277] Compiling v3_pcons.cc
[628/1277] Compiling v3_ocsp.cc
[629/1277] Compiling v3_lib.cc
[630/1277] Compiling v3_int.cc
[631/1277] Compiling v3_info.cc
[632/1277] Compiling v3_ia5.cc
[633/1277] Compiling v3_genn.cc
[634/1277] Compiling v3_enum.cc
[635/1277] Compiling v3_extku.cc
[636/1277] Compiling v3_crld.cc
[637/1277] Compiling v3_cpols.cc
[638/1277] Compiling v3_conf.cc
[639/1277] Compiling v3_bitst.cc
[640/1277] Compiling v3_bcons.cc
[641/1277] Compiling v3_alt.cc
[642/1277] Compiling v3_akeya.cc
[643/1277] Compiling v3_akey.cc
[644/1277] Compiling t_x509a.cc
[645/1277] Compiling i2d_pr.cc
[646/1277] Compiling t_x509.cc
[647/1277] Compiling t_req.cc
[648/1277] Compiling t_crl.cc
[649/1277] Compiling rsa_pss.cc
[650/1277] Compiling name_print.cc
[651/1277] Compiling policy.cc
[652/1277] Compiling by_file.cc
[653/1277] Compiling by_dir.cc
[654/1277] Compiling algorithm.cc
[655/1277] Compiling asn1_gen.cc
[656/1277] Compiling a_verify.cc
[657/1277] Compiling a_sign.cc
[658/1277] Compiling a_digest.cc
[659/1277] Compiling voprf.cc
[660/1277] Compiling trust_token.cc
[661/1277] Compiling thread_win.cc
[662/1277] Compiling thread_pthread.cc
[663/1277] Compiling thread_none.cc
[664/1277] Compiling thread.cc
[665/1277] Compiling stack.cc
[666/1277] Compiling pmbtoken.cc
[667/1277] Compiling slhdsa.cc
[668/1277] Compiling sha512.cc
[669/1277] Compiling siphash.cc
[670/1277] Compiling sha256.cc
[671/1277] Compiling spake2plus.cc
[672/1277] Compiling sha1.cc
[673/1277] Compiling rsa_print.cc
[674/1277] Compiling rsa_extra.cc
[675/1277] Compiling rc4.cc
[676/1277] Compiling refcount.cc
[677/1277] Compiling windows.cc
[677/1277] Compiling rsa_crypt.cc
[679/1277] Compiling urandom.cc
[680/1277] Compiling trusty.cc
[681/1277] Compiling rsa_asn1.cc
[682/1277] Compiling rand.cc
[683/1277] Compiling ios.cc
[684/1277] Compiling passive.cc
[685/1277] Compiling getentropy.cc
[686/1277] Compiling poly1305_arm_asm.S
[687/1277] Compiling forkunsafe.cc
[688/1277] Compiling deterministic.cc
[689/1277] Compiling fork_detect.cc
[690/1277] Compiling poly1305_vec.cc
[691/1277] Compiling poly1305_arm.cc
[692/1277] Compiling pool.cc
[693/1277] Compiling poly1305.cc
[694/1277] Compiling pkcs8.cc
[695/1277] Compiling pkcs8_x509.cc
[695/1277] Compiling pkcs7.cc
[697/1277] Compiling p5_pbev2.cc
[698/1277] Compiling pkcs7_x509.cc
[699/1277] Compiling pem_xaux.cc
[700/1277] Compiling pem_x509.cc
[701/1277] Compiling pem_pkey.cc
[702/1277] Compiling mlkem.cc
[703/1277] Compiling pem_pk8.cc
[704/1277] Compiling pem_oth.cc
[705/1277] Compiling pem_info.cc
[706/1277] Compiling pem_lib.cc
[707/1277] Compiling pem_all.cc
[708/1277] Compiling obj_xref.cc
[709/1277] Compiling obj.cc
[710/1277] Compiling poly_rq_mul.S
[711/1277] Compiling mldsa.cc
[712/1277] Compiling fips_shared_support.cc
[713/1277] Compiling md5.cc
[714/1277] Compiling mem.cc
[715/1277] Compiling md4.cc
[716/1277] Compiling lhash.cc
[717/1277] Compiling kyber.cc
[718/1277] Compiling ex_data.cc
[719/1277] Compiling sign.cc
[720/1277] Compiling scrypt.cc
[721/1277] Compiling hrss.cc
[722/1277] Compiling print.cc
[723/1277] Compiling hpke.cc
[724/1277] Compiling pbkdf.cc
[725/1277] Compiling p_x25519.cc
[726/1277] Compiling p_x25519_asn1.cc
[727/1277] Compiling p_rsa_asn1.cc
[728/1277] Compiling p_rsa.cc
[729/1277] Compiling p_hkdf.cc
[730/1277] Compiling p_ed25519_asn1.cc
[731/1277] Compiling p_ed25519.cc
[732/1277] Compiling p_ec_asn1.cc
[733/1277] Compiling p_ec.cc
[734/1277] Compiling p_dh_asn1.cc
[735/1277] Compiling p_dh.cc
[736/1277] Compiling evp_ctx.cc
[737/1277] Compiling p_dsa_asn1.cc
[738/1277] Compiling evp_asn1.cc
[739/1277] Compiling evp.cc
[740/1277] Compiling err.cc
[741/1277] Compiling engine.cc
[742/1277] Compiling ecdh.cc
[743/1277] Compiling ecdsa_asn1.cc
[744/1277] Compiling hash_to_curve.cc
[745/1277] Compiling ec_derive.cc
[746/1277] Compiling dsa.cc
[747/1277] Compiling dsa_asn1.cc
[747/1277] Compiling ec_asn1.cc
[749/1277] Compiling params.cc
[750/1277] Compiling x25519-asm-arm.S
[751/1277] Compiling digest_extra.cc
[752/1277] Compiling bcm.cc
[753/1277] Compiling des.cc
[754/1277] Compiling dh_asn1.cc
[755/1277] Compiling curve25519_64_adx.cc
[756/1277] Compiling spake25519.cc
[757/1277] Compiling cpu_intel.cc
[758/1277] Compiling crypto.cc
[759/1277] Compiling cpu_arm_linux.cc
[760/1277] Compiling cpu_arm_freebsd.cc
[761/1277] Compiling curve25519.cc
[762/1277] Compiling cpu_aarch64_win.cc
[763/1277] Compiling cpu_aarch64_sysreg.cc
[764/1277] Compiling cpu_aarch64_openbsd.cc
[765/1277] Compiling cpu_aarch64_linux.cc
[766/1277] Compiling cpu_aarch64_fuchsia.cc
[767/1277] Compiling cpu_aarch64_apple.cc
[768/1277] Compiling get_cipher.cc
[769/1277] Compiling tls_cbc.cc
[770/1277] Compiling conf.cc
[771/1277] Compiling e_tls.cc
[772/1277] Compiling e_rc4.cc
[773/1277] Compiling e_null.cc
[773/1277] Compiling e_rc2.cc
[775/1277] Compiling e_des.cc
[776/1277] Compiling e_chacha20poly1305.cc
[777/1277] Compiling e_aesgcmsiv.cc
[778/1277] Compiling e_aesctrhmac.cc
[779/1277] Compiling derive_key.cc
[780/1277] Compiling chacha.cc
[781/1277] Compiling unicode.cc
[782/1277] Compiling buf.cc
[783/1277] Compiling cbb.cc
[784/1277] Compiling cbs.cc
[785/1277] Compiling ber.cc
[786/1277] Compiling asn1_compat.cc
[787/1277] Compiling convert.cc
[788/1277] Compiling bn_asn1.cc
[789/1277] Compiling blake2.cc
[790/1277] Compiling socket_helper.cc
[791/1277] Compiling socket.cc
[792/1277] Compiling printf.cc
[793/1277] Compiling pair.cc
[794/1277] Compiling hexdump.cc
[795/1277] Compiling file.cc
[796/1277] Compiling errno.cc
[796/1277] Compiling fd.cc
[798/1277] Compiling connect.cc
[799/1277] Compiling bio_mem.cc
[800/1277] Compiling bio.cc
[801/1277] Compiling base64.cc
[802/1277] Compiling tasn_utl.cc
[803/1277] Compiling tasn_fre.cc
[804/1277] Compiling tasn_typ.cc
[805/1277] Compiling tasn_enc.cc
[806/1277] Compiling f_string.cc
[807/1277] Compiling posix_time.cc
[808/1277] Compiling tasn_new.cc
[809/1277] Compiling tasn_dec.cc
[810/1277] Compiling f_int.cc
[811/1277] Compiling asn_pack.cc
[812/1277] Compiling asn1_par.cc
[813/1277] Compiling asn1_lib.cc
[814/1277] Compiling a_utctm.cc
[815/1277] Compiling a_type.cc
[816/1277] Compiling a_time.cc
[817/1277] Compiling a_octet.cc
[818/1277] Compiling a_strnid.cc
[819/1277] Compiling a_strex.cc
[820/1277] Compiling a_object.cc
[821/1277] Compiling a_i2d_fp.cc
[822/1277] Compiling a_dup.cc
[823/1277] Compiling a_mbstr.cc
[824/1277] Compiling a_int.cc
[825/1277] Compiling a_gentm.cc
[825/1277] Compiling CGoogleGaxCRC32C CGoogleGaxCRC32C.c
[827/1277] Compiling a_d2i_fp.cc
[828/1277] Compiling fiat_p256_adx_mul.S
[829/1277] Compiling fiat_p256_adx_sqr.S
[830/1277] Compiling fiat_curve25519_adx_square.S
[831/1277] Compiling fiat_curve25519_adx_mul.S
[832/1277] Compiling md5-x86_64-linux.S
[833/1277] Compiling a_bitstr.cc
[834/1277] Compiling md5-x86_64-apple.S
[835/1277] Compiling md5-586-linux.S
[836/1277] Compiling md5-586-apple.S
[837/1277] Compiling chacha20_poly1305_x86_64-linux.S
[838/1277] Compiling chacha20_poly1305_x86_64-apple.S
[839/1277] Compiling chacha20_poly1305_armv8-win.S
[840/1277] Compiling chacha20_poly1305_armv8-apple.S
[841/1277] Compiling chacha-x86_64-linux.S
[842/1277] Compiling chacha20_poly1305_armv8-linux.S
[843/1277] Compiling chacha-x86_64-apple.S
[844/1277] Compiling chacha-x86-linux.S
[845/1277] Compiling a_bool.cc
[846/1277] Compiling chacha-x86-apple.S
[847/1277] Compiling chacha-armv8-win.S
[848/1277] Compiling CCryptoBoringSSLShims shims.c
[849/1277] Compiling chacha-armv8-apple.S
[850/1277] Compiling chacha-armv4-linux.S
[851/1277] Compiling aes128gcmsiv-x86_64-apple.S
[852/1277] Compiling aes128gcmsiv-x86_64-linux.S
[853/1277] Compiling chacha-armv8-linux.S
[854/1277] Compiling x86_64-mont5-linux.S
[855/1277] Compiling x86_64-mont5-apple.S
[856/1277] Compiling x86_64-mont-linux.S
[857/1277] Compiling x86-mont-linux.S
[858/1277] Compiling x86_64-mont-apple.S
[858/1277] Compiling x86-mont-apple.S
[860/1277] Compiling vpaes-x86_64-linux.S
[861/1277] Compiling vpaes-x86_64-apple.S
[862/1277] Compiling vpaes-x86-apple.S
[863/1277] Compiling vpaes-x86-linux.S
[864/1277] Compiling vpaes-armv8-win.S
[865/1277] Compiling vpaes-armv8-apple.S
[866/1277] Compiling vpaes-armv8-linux.S
[867/1277] Compiling sha512-x86_64-linux.S
[868/1277] Compiling vpaes-armv7-linux.S
[869/1277] Compiling sha512-x86_64-apple.S
[870/1277] Compiling sha512-armv8-win.S
[871/1277] Compiling sha512-armv4-linux.S
[872/1277] Compiling sha512-armv8-apple.S
[873/1277] Compiling sha512-586-linux.S
[874/1277] Compiling sha512-armv8-linux.S
[875/1277] Compiling sha512-586-apple.S
[876/1277] Compiling err_data.cc
[877/1277] Compiling sha256-x86_64-linux.S
[878/1277] Compiling sha256-x86_64-apple.S
[879/1277] Compiling sha256-armv8-win.S
[880/1277] Compiling sha256-armv8-apple.S
[881/1277] Compiling sha256-armv4-linux.S
[881/1277] Compiling sha256-armv8-linux.S
[883/1277] Compiling sha256-586-linux.S
[884/1277] Compiling sha256-586-apple.S
[885/1277] Compiling sha1-x86_64-apple.S
[886/1277] Compiling sha1-x86_64-linux.S
[887/1277] Compiling sha1-armv8-win.S
[888/1277] Compiling sha1-armv8-apple.S
[889/1277] Compiling sha1-armv4-large-linux.S
[890/1277] Compiling sha1-armv8-linux.S
[891/1277] Compiling sha1-586-apple.S
[892/1277] Compiling sha1-586-linux.S
[893/1277] Compiling rsaz-avx2-linux.S
[894/1277] Compiling rsaz-avx2-apple.S
[895/1277] Compiling rdrand-x86_64-linux.S
[896/1277] Compiling p256_beeu-x86_64-asm-linux.S
[897/1277] Compiling rdrand-x86_64-apple.S
[898/1277] Compiling p256_beeu-x86_64-asm-apple.S
[899/1277] Compiling p256_beeu-armv8-asm-win.S
[900/1277] Compiling p256-x86_64-asm-linux.S
[901/1277] Compiling p256_beeu-armv8-asm-linux.S
[902/1277] Compiling p256_beeu-armv8-asm-apple.S
[903/1277] Compiling p256-x86_64-asm-apple.S
[904/1277] Compiling p256-armv8-asm-win.S
[905/1277] Compiling p256-armv8-asm-linux.S
[906/1277] Compiling ghashv8-armv8-win.S
[907/1277] Compiling ghashv8-armv8-linux.S
[908/1277] Compiling p256-armv8-asm-apple.S
[909/1277] Compiling ghashv8-armv8-apple.S
[910/1277] Compiling ghashv8-armv7-linux.S
[911/1277] Compiling ghash-x86_64-linux.S
[912/1277] Compiling ghash-x86-linux.S
[913/1277] Compiling ghash-x86-apple.S
[914/1277] Compiling ghash-x86_64-apple.S
[915/1277] Compiling ghash-ssse3-x86_64-linux.S
[916/1277] Compiling ghash-ssse3-x86_64-apple.S
[917/1277] Compiling ghash-neon-armv8-win.S
[918/1277] Compiling ghash-ssse3-x86-apple.S
[919/1277] Compiling ghash-neon-armv8-linux.S
[920/1277] Compiling ghash-ssse3-x86-linux.S
[921/1277] Compiling ghash-neon-armv8-apple.S
[922/1277] Compiling ghash-armv4-linux.S
[923/1277] Compiling bsaes-armv7-linux.S
[924/1277] Compiling co-586-apple.S
[925/1277] Compiling bn-armv8-win.S
[925/1277] Compiling co-586-linux.S
[927/1277] Compiling bn-armv8-linux.S
[928/1277] Compiling bn-armv8-apple.S
[929/1277] Compiling bn-586-apple.S
[930/1277] Compiling armv8-mont-apple.S
[931/1277] Compiling bn-586-linux.S
[932/1277] Compiling armv8-mont-win.S
[933/1277] Compiling armv4-mont-linux.S
[934/1277] Compiling armv8-mont-linux.S
[935/1277] Compiling aesv8-gcm-armv8-win.S
[936/1277] Compiling aesv8-armv8-win.S
[937/1277] Compiling aesv8-gcm-armv8-apple.S
[938/1277] Compiling aesv8-gcm-armv8-linux.S
[939/1277] Compiling aesv8-armv8-linux.S
[940/1277] Compiling aesv8-armv7-linux.S
[941/1277] Compiling aesv8-armv8-apple.S
[942/1277] Compiling aesni-x86_64-apple.S
[943/1277] Compiling aesni-x86-linux.S
[943/1277] Compiling aesni-x86_64-linux.S
[945/1277] Compiling aesni-gcm-x86_64-linux.S
[946/1277] Compiling aesni-x86-apple.S
[947/1277] Compiling aesni-gcm-x86_64-apple.S
[948/1277] Compiling aes-gcm-avx512-x86_64-linux.S
[949/1277] Compiling aes-gcm-avx512-x86_64-apple.S
[950/1277] Compiling aes-gcm-avx2-x86_64-linux.S
[951/1277] Compiling aes-gcm-avx2-x86_64-apple.S
[952/1277] Compiling xwing.cc
[953/1277] Compiling x_spki.cc
[954/1277] Compiling x_x509a.cc
[955/1277] Compiling x_x509.cc
[956/1277] Compiling x_sig.cc
[957/1277] Compiling x_req.cc
[958/1277] Compiling c-nioatomics.c
[959/1277] Compiling x_pubkey.cc
[960/1277] Compiling x_exten.cc
[961/1277] Compiling x_name.cc
[962/1277] Compiling x_crl.cc
[963/1277] Compiling c-atomics.c
[964/1277] Compiling x_attrib.cc
[965/1277] Compiling x_all.cc
[967/1284] Compiling NIOConcurrencyHelpers NIOLockedValueBox.swift
[968/1284] Compiling NIOConcurrencyHelpers NIOLock.swift
[968/1284] Compiling x_algor.cc
[970/1284] Compiling NIOConcurrencyHelpers lock.swift
[970/1284] Compiling x509spki.cc
[972/1284] Compiling NIOConcurrencyHelpers NIOAtomic.swift
[973/1284] Emitting module NIOConcurrencyHelpers
[973/1284] Compiling x509name.cc
[974/1284] Compiling x509_vpm.cc
[976/1284] Compiling NIOConcurrencyHelpers atomics.swift
[977/1284] Compiling NIOConcurrencyHelpers NIOThreadPoolWorkAvailable.swift
[978/1285] Compiling x509_vfy.cc
[979/1285] Compiling x509rset.cc
[980/1285] Wrapping AST for NIOConcurrencyHelpers for debugging
[981/1285] Compiling x509cset.cc
[982/1285] Compiling x509_v3.cc
[983/1285] Compiling x509_txt.cc
[984/1285] Compiling x509_trs.cc
[985/1285] Compiling x509_set.cc
[986/1285] Compiling x509_req.cc
[987/1285] Compiling x509_obj.cc
[988/1285] Compiling x509_ext.cc
[989/1285] Compiling x509_lu.cc
[990/1285] Compiling x509_def.cc
[991/1285] Compiling x509_d2.cc
[992/1285] Compiling x509_cmp.cc
[993/1285] Compiling x509_att.cc
[994/1285] Compiling x509.cc
[995/1285] Compiling v3_skey.cc
[996/1285] Compiling v3_purp.cc
[997/1285] Compiling v3_utl.cc
[998/1285] Compiling v3_prn.cc
[999/1285] Compiling v3_pmaps.cc
[1000/1285] Compiling v3_pcons.cc
[1001/1285] Compiling v3_ocsp.cc
[1002/1285] Compiling v3_ncons.cc
[1003/1285] Compiling v3_lib.cc
[1004/1285] Compiling v3_int.cc
[1005/1285] Compiling v3_info.cc
[1006/1285] Compiling v3_ia5.cc
[1007/1285] Compiling v3_genn.cc
[1008/1285] Compiling v3_enum.cc
[1009/1285] Compiling v3_extku.cc
[1010/1285] Compiling v3_crld.cc
[1011/1285] Compiling v3_cpols.cc
[1012/1285] Compiling v3_conf.cc
[1013/1285] Compiling v3_bitst.cc
[1014/1285] Compiling v3_bcons.cc
[1015/1285] Compiling v3_alt.cc
[1016/1285] Compiling v3_akeya.cc
[1017/1285] Compiling v3_akey.cc
[1018/1285] Compiling t_x509a.cc
[1019/1285] Compiling t_x509.cc
[1020/1285] Compiling t_crl.cc
[1021/1285] Compiling t_req.cc
[1022/1285] Compiling rsa_pss.cc
[1023/1285] Compiling i2d_pr.cc
[1024/1285] Compiling policy.cc
[1025/1285] Compiling name_print.cc
[1026/1285] Compiling by_file.cc
[1027/1285] Compiling by_dir.cc
[1028/1285] Compiling algorithm.cc
[1029/1285] Compiling asn1_gen.cc
[1030/1285] Compiling a_verify.cc
[1031/1285] Compiling a_sign.cc
[1032/1285] Compiling a_digest.cc
[1033/1285] Compiling voprf.cc
[1034/1285] Compiling thread_win.cc
[1035/1285] Compiling thread_pthread.cc
[1036/1285] Compiling thread_none.cc
[1037/1285] Compiling trust_token.cc
[1038/1285] Compiling thread.cc
[1039/1285] Compiling pmbtoken.cc
[1040/1285] Compiling stack.cc
[1041/1285] Compiling sha512.cc
[1042/1285] Compiling siphash.cc
[1043/1285] Compiling sha256.cc
[1044/1285] Compiling slhdsa.cc
[1045/1285] Compiling sha1.cc
[1046/1285] Compiling spake2plus.cc
[1047/1285] Compiling rsa_print.cc
[1048/1285] Compiling rsa_extra.cc
[1049/1285] Compiling rsa_crypt.cc
[1050/1285] Compiling refcount.cc
[1051/1285] Compiling windows.cc
[1051/1285] Compiling rc4.cc
[1053/1285] Compiling trusty.cc
[1054/1285] Compiling urandom.cc
[1055/1285] Compiling rand.cc
[1056/1285] Compiling rsa_asn1.cc
[1057/1285] Compiling ios.cc
[1058/1285] Compiling passive.cc
[1059/1285] Compiling poly1305_arm_asm.S
[1060/1285] Compiling getentropy.cc
[1061/1285] Compiling forkunsafe.cc
[1062/1285] Compiling fork_detect.cc
[1063/1285] Compiling deterministic.cc
[1064/1285] Compiling poly1305_vec.cc
[1065/1285] Compiling poly1305_arm.cc
[1066/1285] Compiling pool.cc
[1067/1285] Compiling poly1305.cc
[1068/1285] Compiling pkcs8.cc
[1069/1285] Compiling pkcs8_x509.cc
[1070/1285] Compiling p5_pbev2.cc
[1071/1285] Compiling pkcs7_x509.cc
[1072/1285] Compiling pkcs7.cc
[1073/1285] Compiling pem_xaux.cc
[1074/1285] Compiling pem_x509.cc
[1075/1285] Compiling pem_pkey.cc
[1076/1285] Compiling mlkem.cc
[1076/1285] Compiling pem_pk8.cc
[1078/1285] Compiling pem_oth.cc
[1079/1285] Compiling pem_info.cc
[1080/1285] Compiling pem_lib.cc
[1080/1285] Compiling obj_xref.cc
[1082/1285] Compiling pem_all.cc
[1083/1285] Compiling obj.cc
[1084/1285] Compiling poly_rq_mul.S
[1085/1285] Compiling mldsa.cc
[1086/1285] Compiling mem.cc
[1087/1285] Compiling fips_shared_support.cc
[1088/1285] Compiling lhash.cc
[1089/1285] Compiling md5.cc
[1090/1285] Compiling md4.cc
[1091/1285] Compiling kyber.cc
[1092/1285] Compiling fuzzer_mode.cc
[1093/1285] Compiling hrss.cc
[1094/1285] Compiling hpke.cc
[1095/1285] Compiling ex_data.cc
[1096/1285] Compiling scrypt.cc
[1097/1285] Compiling print.cc
[1098/1285] Compiling pbkdf.cc
[1099/1285] Compiling sign.cc
[1100/1285] Compiling p_x25519.cc
[1101/1285] Compiling p_x25519_asn1.cc
[1102/1285] Compiling p_rsa_asn1.cc
[1103/1285] Compiling p_rsa.cc
[1104/1285] Compiling p_hkdf.cc
[1105/1285] Compiling p_ed25519_asn1.cc
[1106/1285] Compiling p_ed25519.cc
[1107/1285] Compiling p_ec_asn1.cc
[1108/1285] Compiling p_ec.cc
[1109/1285] Compiling p_dsa_asn1.cc
[1110/1285] Compiling p_dh_asn1.cc
[1111/1285] Compiling p_dh.cc
[1112/1285] Compiling evp_ctx.cc
[1113/1285] Compiling evp.cc
[1114/1285] Compiling engine.cc
[1115/1285] Compiling err.cc
[1116/1285] Compiling evp_asn1.cc
[1117/1285] Compiling ecdsa_p1363.cc
[1118/1285] Compiling ecdh.cc
[1119/1285] Compiling ec_derive.cc
[1120/1285] Compiling hash_to_curve.cc
[1121/1285] Compiling ecdsa_asn1.cc
[1122/1285] Compiling dsa.cc
[1123/1285] Compiling dsa_asn1.cc
[1124/1285] Compiling digest_extra.cc
[1125/1285] Compiling x25519-asm-arm.S
[1126/1285] Compiling des.cc
[1127/1285] Compiling curve25519_64_adx.cc
[1127/1285] Compiling params.cc
[1129/1285] Compiling dh_asn1.cc
[1130/1285] Compiling spake25519.cc
[1131/1285] Compiling cpu_intel.cc
[1132/1285] Compiling curve25519.cc
[1133/1285] Compiling crypto.cc
[1134/1285] Compiling cpu_arm_linux.cc
[1135/1285] Compiling cpu_arm_freebsd.cc
[1136/1285] Compiling cpu_aarch64_win.cc
[1137/1285] Compiling cpu_aarch64_sysreg.cc
[1138/1285] Compiling cpu_aarch64_openbsd.cc
[1139/1285] Compiling cpu_aarch64_fuchsia.cc
[1140/1285] Compiling cpu_aarch64_linux.cc
[1141/1285] Compiling cpu_aarch64_apple.cc
[1142/1285] Compiling conf.cc
[1143/1285] Compiling get_cipher.cc
[1144/1285] Compiling tls_cbc.cc
[1145/1285] Compiling e_rc4.cc
[1146/1285] Compiling e_tls.cc
[1147/1285] Compiling e_rc2.cc
[1148/1285] Compiling e_null.cc
[1149/1285] Compiling e_des.cc
[1150/1285] Compiling cms.cc
[1151/1285] Compiling e_chacha20poly1305.cc
[1152/1285] Compiling e_aesgcmsiv.cc
[1153/1285] Compiling derive_key.cc
[1154/1285] Compiling e_aeseax.cc
[1155/1285] Compiling e_aesctrhmac.cc
[1156/1285] Compiling chacha.cc
[1157/1285] Compiling unicode.cc
[1158/1285] Compiling sqrt.cc
[1159/1285] Compiling buf.cc
[1160/1285] Compiling cbs.cc
[1161/1285] Compiling ber.cc
[1162/1285] Compiling cbb.cc
[1163/1285] Compiling asn1_compat.cc
[1164/1285] Compiling div.cc
[1165/1285] Compiling exponentiation.cc
[1166/1285] Compiling printf.cc
[1167/1285] Compiling blake2.cc
[1168/1285] Compiling bn_asn1.cc
[1169/1285] Compiling hexdump.cc
[1170/1285] Compiling pair.cc
[1171/1285] Compiling convert.cc
[1172/1285] Compiling file.cc
[1173/1285] Compiling errno.cc
[1174/1285] Compiling fd.cc
[1175/1285] Compiling bio_mem.cc
[1176/1285] Compiling base64.cc
[1177/1285] Compiling bio.cc
[1178/1285] Compiling tasn_typ.cc
[1179/1285] Compiling tasn_utl.cc
[1180/1285] Compiling tasn_fre.cc
[1181/1285] Compiling posix_time.cc
[1182/1285] Compiling tasn_enc.cc
[1183/1285] Compiling tasn_new.cc
[1184/1285] Compiling f_string.cc
[1185/1285] Compiling f_int.cc
[1186/1285] Compiling tasn_dec.cc
[1187/1285] Compiling asn_pack.cc
[1188/1285] Compiling asn1_par.cc
[1189/1285] Compiling asn1_lib.cc
[1190/1285] Compiling a_utctm.cc
[1191/1285] Compiling a_type.cc
[1192/1285] Compiling a_time.cc
[1193/1285] Compiling a_octet.cc
[1194/1285] Write sources
[1197/1285] Compiling a_strnid.cc
[1198/1285] Compiling CAsyncHTTPClient CAsyncHTTPClient.c
[1199/1328] Compiling a_strex.cc
[1200/1328] Compiling bcm.cc
[1202/1328] Compiling Algorithms Chunked.swift
[1203/1328] Compiling Algorithms Combinations.swift
[1204/1330] Compiling Algorithms Partition.swift
[1205/1330] Compiling Algorithms Permutations.swift
[1206/1330] Compiling Algorithms Indexed.swift
[1207/1330] Compiling Algorithms Intersperse.swift
[1208/1330] Compiling Algorithms AdjacentPairs.swift
[1209/1330] Compiling Algorithms Chain.swift
[1209/1330] Compiling aes.cc
[1210/1330] Compiling a_mbstr.cc
[1211/1330] Compiling a_object.cc
[1213/1338] Compiling Algorithms MinMax.swift
[1214/1338] Compiling Algorithms FlattenCollection.swift
[1215/1338] Compiling Algorithms Grouped.swift
[1216/1338] Compiling Algorithms Compacted.swift
[1217/1338] Compiling Algorithms Cycle.swift
[1218/1338] Compiling Algorithms EitherSequence.swift
[1219/1338] Compiling Atomics IntegerOperations.swift
[1220/1338] Compiling Atomics Unmanaged extensions.swift
[1222/1338] Compiling Algorithms Reductions.swift
[1223/1338] Compiling Algorithms Rotate.swift
[1224/1338] Compiling Algorithms Split.swift
[1225/1338] Compiling Algorithms Stride.swift
[1226/1338] Compiling Algorithms Suffix.swift
[1227/1338] Compiling Algorithms Joined.swift
[1228/1338] Compiling Algorithms Keyed.swift
[1237/1341] Compiling Algorithms Trim.swift
[1238/1341] Compiling Algorithms Unique.swift
[1239/1341] Compiling Algorithms Windows.swift
[1240/1341] Compiling CryptoBoringWrapper RandomBytes.swift
[1248/1341] Compiling Algorithms FirstNonNil.swift
[1249/1341] Compiling CryptoBoringWrapper CryptoKitErrors_boring.swift
[1250/1341] Emitting module Atomics
[1251/1341] Compiling CryptoBoringWrapper FiniteFieldArithmeticContext.swift
[1252/1341] Compiling CryptoBoringWrapper EllipticCurve.swift
[1253/1341] Emitting module CryptoBoringWrapper
[1254/1341] Compiling CryptoBoringWrapper BoringSSLAEAD.swift
[1258/1342] Compiling CryptoBoringWrapper ArbitraryPrecisionInteger.swift
[1259/1342] Compiling CryptoBoringWrapper EllipticCurvePoint.swift
[1261/1343] Wrapping AST for CryptoBoringWrapper for debugging
[1262/1343] Wrapping AST for Atomics for debugging
[1264/1491] Emitting module Algorithms
[1265/1492] Wrapping AST for Algorithms for debugging
[1267/1492] Compiling NIOCore NIOCoreSendableMetatype.swift
[1268/1492] Compiling NIOCore NIODecodedAsyncSequence.swift
[1269/1492] Compiling NIOCore NIOLoopBound.swift
[1270/1492] Compiling NIOCore NIOPooledRecvBufferAllocator.swift
[1271/1492] Compiling NIOCore NIOScheduledCallback.swift
[1272/1492] Compiling NIOCore NIOSendable.swift
[1273/1492] Compiling NIOCore NIOSplitLinesMessageDecoder.swift
[1274/1492] Compiling NIOCore NIOTransportAccessibleChannelCore.swift
[1275/1492] Compiling NIOCore RecvByteBufferAllocator.swift
[1276/1500] Compiling NIOCore ConvenienceOptionSupport.swift
[1277/1500] Compiling NIOCore DeadChannel.swift
[1278/1500] Compiling NIOCore DispatchQueue+WithFuture.swift
[1279/1500] Compiling NIOCore EventLoop+Deprecated.swift
[1280/1500] Compiling NIOCore EventLoop+SerialExecutor.swift
[1281/1500] Compiling NIOCore EventLoop.swift
[1282/1500] Compiling NIOCore EventLoopFuture+AssumeIsolated.swift
[1283/1500] Compiling NIOCore IPProtocol.swift
[1284/1500] Compiling NIOCore IntegerBitPacking.swift
[1285/1500] Compiling NIOCore IntegerTypes.swift
[1286/1500] Compiling NIOCore Interfaces.swift
[1287/1500] Compiling NIOCore Linux.swift
[1288/1511] Emitting module Crypto
[1289/1511] Compiling NIOCore ByteBuffer-multi-int.swift
[1290/1511] Compiling NIOCore ByteBuffer-quicBinaryEncodingStrategy.swift
[1291/1511] Compiling NIOCore ByteBuffer-views.swift
[1292/1511] Compiling NIOCore Channel.swift
[1293/1511] Compiling NIOCore ChannelHandler.swift
[1294/1511] Compiling NIOCore ChannelHandlers.swift
[1295/1511] Compiling NIOCore ChannelInvoker.swift
[1296/1511] Compiling NIOCore ChannelOption.swift
[1297/1511] Compiling NIOCore ChannelPipeline.swift
[1298/1511] Compiling NIOCore NIOThrowingAsyncSequenceProducer.swift
[1299/1511] Compiling NIOCore BSDSocketAPI.swift
[1300/1511] Compiling NIOCore ByteBuffer-aux.swift
[1301/1511] Compiling NIOCore ByteBuffer-binaryEncodedLengthPrefix.swift
[1302/1511] Compiling NIOCore ByteBuffer-conversions.swift
[1303/1511] Compiling NIOCore ByteBuffer-core.swift
[1304/1511] Compiling NIOCore ByteBuffer-hex.swift
[1305/1511] Compiling NIOCore ByteBuffer-int.swift
[1306/1511] Compiling NIOCore ByteBuffer-lengthPrefix.swift
[1307/1511] Compiling NIOCore AddressedEnvelope.swift
[1308/1511] Compiling NIOCore AsyncAwaitSupport.swift
[1309/1511] Compiling NIOCore AsyncChannel.swift
[1310/1511] Compiling NIOCore AsyncChannelHandler.swift
[1311/1511] Compiling NIOCore AsyncChannelInboundStream.swift
[1312/1511] Compiling NIOCore AsyncChannelOutboundWriter.swift
[1318/1511] Compiling NIOCore MarkedCircularBuffer.swift
[1319/1511] Compiling NIOCore MulticastChannel.swift
[1320/1511] Compiling NIOCore NIOAny.swift
[1321/1511] Compiling NIOCore NIOCloseOnErrorHandler.swift
[1322/1511] Compiling NIOCore EventLoopFuture+Deprecated.swift
[1323/1511] Compiling NIOCore EventLoopFuture+WithEventLoop.swift
[1324/1511] Compiling NIOCore EventLoopFuture.swift
[1325/1511] Compiling NIOCore FileDescriptor.swift
[1326/1511] Compiling NIOCore FileHandle.swift
[1327/1511] Compiling NIOCore FileRegion.swift
[1328/1511] Compiling NIOCore GlobalSingletons.swift
[1329/1511] Compiling NIOCore IO.swift
[1330/1511] Compiling NIOCore IOData.swift
[1331/1511] Compiling Crypto Signature.swift
[1332/1511] Compiling Crypto CryptoKitErrors_boring.swift
[1333/1511] Compiling Crypto Optional+withUnsafeBytes_boring.swift
[1334/1511] Compiling Crypto RNG_boring.swift
[1335/1511] Compiling Crypto SafeCompare_boring.swift
[1336/1511] Compiling Crypto Zeroization_boring.swift
[1337/1511] Compiling Crypto _CryptoModuleAnchor.swift
[1338/1511] Compiling Crypto PrettyBytes.swift
[1339/1511] Compiling Crypto SafeCompare.swift
[1340/1511] Compiling Crypto SecureBytes.swift
[1341/1511] Compiling Crypto Zeroization.swift
[1352/1511] Compiling NIOCore CircularBuffer.swift
[1353/1511] Compiling NIOCore Codec.swift
[1354/1511] Compiling Crypto CryptoKitErrors.swift
[1355/1511] Compiling Crypto Digest_boring.swift
[1356/1511] Compiling Crypto Digest.swift
[1357/1511] Compiling Crypto Digests.swift
[1358/1511] Compiling Crypto HashFunctions.swift
[1359/1511] Compiling Crypto HashFunctions_SHA2.swift
[1360/1511] Compiling Crypto HashFunctions_SHA3.swift
[1361/1511] Compiling Crypto Digest_xkcp.swift
[1362/1511] Compiling Crypto HPKE-AEAD.swift
[1363/1511] Compiling Crypto HPKE-Ciphersuite.swift
[1364/1511] Compiling Crypto HPKE-KDF.swift
[1365/1511] Compiling Crypto HPKE-KexKeyDerivation.swift
[1370/1511] Compiling NIOCore SingleStepByteToMessageDecoder.swift
[1371/1511] Compiling NIOCore SocketAddresses.swift
[1372/1511] Compiling NIOCore SocketOptionProvider.swift
[1373/1511] Compiling NIOCore SystemCallHelpers.swift
[1374/1511] Compiling NIOCore TimeAmount+Duration.swift
[1375/1511] Compiling NIOCore TypeAssistedChannelHandler.swift
[1376/1511] Compiling NIOCore UniversalBootstrapSupport.swift
[1377/1511] Compiling NIOCore Utilities.swift
[1378/1511] Compiling NIOCore NIOAsyncSequenceProducer.swift
[1379/1511] Compiling NIOCore NIOAsyncSequenceProducerStrategies.swift
[1380/1511] Compiling NIOCore NIOAsyncWriter.swift
[1389/1512] Wrapping AST for Crypto for debugging
[1399/1574] Compiling CryptoExtras BoringSSLPassphraseCallbackManager.swift
[1400/1574] Compiling CryptoExtras RSA+BlindSigning.swift
[1401/1574] Compiling CryptoExtras RSA.swift
[1402/1574] Compiling CryptoExtras RSA_boring.swift
[1403/1574] Compiling CryptoExtras Reexport.swift
[1404/1574] Compiling CryptoExtras Zeroization_boring.swift
[1405/1574] Compiling CryptoExtras BoringSSLHelpers.swift
[1406/1574] Compiling CryptoExtras CryptoKitErrors_boring.swift
[1407/1574] Compiling CryptoExtras ARCServer.swift
[1408/1574] Emitting module CryptoExtras
[1409/1582] Compiling CryptoExtras PBKDF2.swift
[1410/1582] Compiling CryptoExtras Scrypt_boring.swift
[1411/1582] Compiling CryptoExtras Scrypt.swift
[1412/1582] Compiling CryptoExtras OPRF.swift
[1413/1582] Compiling CryptoExtras OPRFClient.swift
[1414/1582] Compiling CryptoExtras OPRFServer.swift
[1415/1582] Compiling CryptoExtras VOPRF+API.swift
[1416/1582] Compiling CryptoExtras VOPRFClient.swift
[1417/1582] Compiling CryptoExtras VOPRFServer.swift
[1418/1582] Compiling CryptoExtras AES_CBC.swift
[1419/1582] Compiling CryptoExtras AES_CFB.swift
[1420/1582] Compiling CryptoExtras AES_CTR.swift
[1421/1582] Compiling CryptoExtras AES_GCM_SIV.swift
[1422/1582] Compiling CryptoExtras Block Function.swift
[1423/1582] Compiling CryptoExtras AES_CBC_boring.swift
[1424/1582] Compiling CryptoExtras AES_CFB_boring.swift
[1425/1582] Compiling CryptoExtras AES_CTR_boring.swift
[1426/1582] Compiling CryptoExtras AES_GCM_SIV_boring.swift
[1427/1582] Compiling CryptoExtras ThreadOps.swift
[1428/1582] Compiling CryptoExtras ThreadPosix.swift
[1429/1582] Compiling CryptoExtras ThreadSpecific.swift
[1430/1582] Compiling CryptoExtras ThreadWindows.swift
[1431/1582] Compiling CryptoExtras DLEQ.swift
[1432/1582] Compiling CryptoExtras Prover.swift
[1433/1582] Compiling CryptoExtras Verifier.swift
[1434/1582] Compiling CryptoExtras ZKPToolbox.swift
[1435/1582] Compiling CryptoExtras PKCS8DERRepresentation.swift
[1436/1582] Compiling CryptoExtras PKCS8PrivateKey.swift
[1437/1582] Compiling CryptoExtras RFC8410AlgorithmIdentifier.swift
[1438/1582] Compiling CryptoExtras ECToolbox_boring.swift
[1439/1582] Compiling CryptoExtras ECToolbox.swift
[1440/1582] Compiling CryptoExtras HashToField.swift
[1441/1582] Compiling CryptoExtras KDF.swift
[1442/1582] Compiling CryptoExtras PBKDF2_boring.swift
[1443/1582] Compiling CryptoExtras PBKDF2_commoncrypto.swift
[1444/1582] Compiling CryptoExtras Data+Extensions.swift
[1445/1582] Compiling CryptoExtras DigestType.swift
[1446/1582] Compiling CryptoExtras Error.swift
[1447/1582] Compiling CryptoExtras I2OSP.swift
[1448/1582] Compiling CryptoExtras IntegerEncoding.swift
[1449/1582] Compiling CryptoExtras PEMDocument.swift
[1450/1582] Compiling CryptoExtras PrettyBytes.swift
[1451/1582] Compiling CryptoExtras SubjectPublicKeyInfo.swift
[1452/1582] Compiling CryptoExtras CMAC.swift
[1453/1582] Compiling CryptoExtras ARC+API.swift
[1454/1582] Compiling CryptoExtras ARC.swift
[1455/1582] Compiling CryptoExtras ARCCredential.swift
[1456/1582] Compiling CryptoExtras ARCEncoding.swift
[1457/1582] Compiling CryptoExtras ARCPrecredential.swift
[1458/1582] Compiling CryptoExtras ARCPresentation.swift
[1459/1582] Compiling CryptoExtras ARCRequest.swift
[1460/1582] Compiling CryptoExtras ARCResponse.swift
[1462/1582] Compiling CryptoExtras ChaCha20CTR_boring.swift
[1463/1582] Compiling CryptoExtras ChaCha20CTR.swift
[1464/1582] Compiling CryptoExtras BoringSSLSHA512256Context.swift
[1465/1582] Compiling CryptoExtras BoringSSLSHA512256HashFunction.swift
[1466/1582] Compiling CryptoExtras SHA512256.swift
[1467/1582] Compiling CryptoExtras SHA512256Digest.swift
[1468/1582] Compiling CryptoExtras Curve25519+PEM.swift
[1469/1582] Compiling CryptoExtras ObjectIdentifier.swift
[1478/1583] Wrapping AST for CryptoExtras for debugging
[1480/1585] Compiling _CryptoExtras Exports.swift
[1481/1585] Emitting module _CryptoExtras
[1482/1586] Wrapping AST for _CryptoExtras for debugging
[1484/1681] Compiling X509 CSRAttribute.swift
[1485/1681] Compiling X509 CSRAttributes.swift
[1486/1681] Compiling X509 CSRVersion.swift
[1487/1681] Compiling X509 CertificateSigningRequest.swift
[1488/1681] Compiling X509 CertificationRequestInfo.swift
[1489/1681] Compiling X509 ExtensionRequest.swift
[1490/1681] Compiling X509 Certificate.swift
[1491/1681] Compiling X509 CertificatePrivateKey.swift
[1492/1681] Compiling X509 CertificatePublicKey.swift
[1493/1681] Compiling X509 Extensions.swift
[1494/1681] Compiling X509 ExtensionsBuilder.swift
[1495/1681] Compiling X509 GeneralName.swift
[1496/1681] Compiling X509 Lock.swift
[1497/1681] Compiling X509 LockedValueBox.swift
[1498/1681] Compiling X509 BasicOCSPResponse.swift
[1499/1681] Compiling X509 DirectoryString.swift
[1500/1681] Compiling X509 OCSPCertID.swift
[1501/1681] Compiling X509 OCSPCertStatus.swift
[1502/1681] Compiling X509 SEC1PrivateKey.swift
[1503/1681] Compiling X509 SecKeyWrapper.swift
[1504/1681] Compiling X509 Signature.swift
[1505/1681] Compiling X509 SignatureAlgorithm.swift
[1506/1681] Compiling X509 AllOfPolicies.swift
[1507/1681] Compiling X509 AnyPolicy.swift
[1508/1681] Compiling X509 CertificateStore.swift
[1509/1681] Compiling X509 CustomCertificateStore.swift
[1510/1681] Compiling X509 CMSIssuerAndSerialNumber.swift
[1511/1681] Emitting module NIOCore
[1512/1687] Wrapping AST for NIOCore for debugging
[1514/1739] Compiling NIOFoundationEssentialsCompat Codable+ByteBuffer.swift
[1515/1739] Emitting module NIOEmbedded
[1516/1739] Compiling NIOFoundationEssentialsCompat ByteBuffer-foundation.swift
[1517/1739] Emitting module NIOFoundationEssentialsCompat
[1518/1740] Wrapping AST for NIOFoundationEssentialsCompat for debugging
[1520/1740] Compiling NIOEmbedded AsyncTestingEventLoop.swift
[1521/1740] Compiling NIOEmbedded AsyncTestingChannel.swift
[1522/1740] Compiling NIOEmbedded Embedded.swift
[1523/1741] Wrapping AST for NIOEmbedded for debugging
[1526/1741] Compiling X509 CMSOperations.swift
[1527/1741] Compiling X509 CMSSignature.swift
[1528/1741] Compiling X509 CMSSignedData.swift
[1529/1741] Compiling X509 CMSSignerIdentifier.swift
[1530/1741] Compiling X509 CMSSignerInfo.swift
[1531/1741] Compiling X509 CMSVersion.swift
[1532/1741] Compiling X509 Curve25519+DER.swift
[1533/1741] Compiling X509 CustomPrivateKey.swift
[1534/1741] Compiling X509 Digests.swift
[1535/1741] Compiling X509 DistinguishedName.swift
[1536/1741] Compiling X509 CommonName.swift
[1537/1741] Compiling X509 CountryName.swift
[1538/1741] Compiling X509 DNBuilder.swift
[1539/1741] Compiling NIOPosix RawSocketBootstrap.swift
[1540/1741] Compiling NIOPosix Resolver.swift
[1541/1741] Compiling NIOPosix SelectorWSAPoll.swift
[1542/1741] Compiling NIOPosix ServerSocket.swift
[1543/1741] Compiling NIOPosix Socket.swift
[1544/1741] Compiling NIOPosix SocketChannel.swift
[1545/1741] Compiling NIOPosix SocketProtocols.swift
[1546/1741] Compiling NIOPosix StructuredConcurrencyHelpers.swift
[1547/1741] Compiling NIOPosix System.swift
[1552/1741] Compiling NIOPosix PendingWritesManager.swift
[1553/1741] Compiling NIOPosix Selectable.swift
[1554/1741] Compiling NIOPosix SelectableChannel.swift
[1555/1741] Compiling NIOPosix SelectableEventLoop.swift
[1556/1741] Compiling NIOPosix SelectorEpoll.swift
[1557/1741] Compiling NIOPosix SelectorGeneric.swift
[1558/1741] Compiling NIOPosix SelectorKqueue.swift
[1559/1741] Compiling NIOPosix SelectorUring.swift
[1560/1741] Compiling NIOPosix PipeChannel.swift
[1561/1741] Compiling NIOPosix PipePair.swift
[1562/1741] Compiling NIOPosix Pool.swift
[1563/1741] Compiling NIOPosix PosixSingletons+ConcurrencyTakeOver.swift
[1564/1741] Compiling NIOPosix PosixSingletons.swift
[1565/1741] Compiling X509 DomainComponent.swift
[1566/1741] Compiling X509 EmailAddress.swift
[1567/1741] Compiling X509 LocalityName.swift
[1568/1741] Compiling X509 OrganizationName.swift
[1569/1741] Compiling X509 OrganizationalUnitName.swift
[1570/1741] Compiling X509 StateOrProvinceName.swift
[1571/1741] Compiling X509 StreetAddress.swift
[1572/1741] Compiling X509 Error.swift
[1573/1741] Compiling X509 AuthorityInformationAccess.swift
[1574/1741] Compiling X509 AuthorityKeyIdentifier.swift
[1575/1741] Compiling X509 BasicConstraints.swift
[1576/1741] Compiling X509 ExtendedKeyUsage.swift
[1577/1741] Compiling X509 ExtensionIdentifiers.swift
[1578/1741] Compiling X509 KeyUsage.swift
[1579/1754] Compiling NIOPosix BSDSocketAPICommon.swift
[1580/1754] Compiling NIOPosix BSDSocketAPIPosix.swift
[1581/1754] Compiling NIOPosix BSDSocketAPIWindows.swift
[1582/1754] Compiling NIOPosix BaseSocket.swift
[1583/1754] Compiling NIOPosix BaseSocketChannel+AccessibleTransport.swift
[1584/1754] Compiling NIOPosix BaseSocketChannel+SocketOptionProvider.swift
[1585/1754] Compiling NIOPosix BaseSocketChannel.swift
[1586/1754] Compiling NIOPosix BaseStreamSocketChannel.swift
[1587/1754] Compiling NIOPosix Bootstrap.swift
[1588/1754] Compiling NIOPosix ControlMessage.swift
[1589/1754] Compiling NIOPosix DatagramVectorReadManager.swift
[1590/1754] Compiling NIOPosix Errors+Any.swift
[1591/1754] Compiling NIOPosix FileDescriptor.swift
[1592/1754] Compiling NIOPosix GetaddrinfoResolver.swift
[1593/1754] Emitting module NIOPosix
[1594/1761] Compiling X509 OCSPExtensionID.swift
[1595/1761] Compiling X509 OCSPNonce.swift
[1596/1761] Compiling X509 OCSPPolicy.swift
[1597/1761] Compiling X509 OCSPRequest.swift
[1598/1761] Compiling X509 OCSPResponse.swift
[1599/1761] Compiling X509 OCSPResponseBytes.swift
[1600/1761] Compiling X509 OCSPResponseData.swift
[1601/1761] Compiling X509 OCSPResponseStatus.swift
[1602/1761] Compiling X509 OCSPSignature.swift
[1603/1761] Compiling X509 OCSPSingleRequest.swift
[1604/1761] Compiling X509 OCSPSingleResponse.swift
[1605/1761] Compiling X509 OCSPTBSRequest.swift
[1606/1761] Compiling X509 OCSPVersion.swift
[1607/1761] Compiling NIOPosix HappyEyeballs.swift
[1608/1761] Compiling NIOPosix IO.swift
[1609/1761] Compiling NIOPosix IntegerBitPacking.swift
[1610/1761] Compiling NIOPosix IntegerTypes.swift
[1611/1761] Compiling NIOPosix Linux.swift
[1612/1761] Compiling NIOPosix LinuxCPUSet.swift
[1613/1761] Compiling NIOPosix LinuxUring.swift
[1614/1761] Compiling NIOPosix MultiThreadedEventLoopGroup.swift
[1615/1761] Compiling NIOPosix NIOPosixSendableMetatype.swift
[1616/1761] Compiling NIOPosix NIORandomizedDNSResolver.swift
[1617/1761] Compiling NIOPosix NIOThreadPool.swift
[1618/1761] Compiling NIOPosix NonBlockingFileIO.swift
[1619/1761] Compiling NIOPosix PendingDatagramWritesManager.swift
[1641/1761] Emitting module X509
[1642/1761] Compiling NIOPosix Thread.swift
[1643/1761] Compiling NIOPosix ThreadPosix.swift
[1644/1761] Compiling NIOPosix ThreadWindows.swift
[1645/1761] Compiling NIOPosix Utilities.swift
[1646/1761] Compiling NIOPosix VsockAddress.swift
[1647/1761] Compiling NIOPosix VsockChannelEvents.swift
[1648/1761] Compiling NIOPosix Windows.swift
[1677/1762] Wrapping AST for NIOPosix for debugging
[1679/1764] Compiling NIO Exports.swift
[1680/1764] Emitting module NIO
[1681/1765] Wrapping AST for NIO for debugging
[1683/1804] Compiling NIOFoundationCompat Exports.swift
[1684/1804] Emitting module NIOTLS
[1685/1804] Compiling NIOTLS TLSEvents.swift
[1686/1804] Emitting module NIOFoundationCompat
[1687/1804] Compiling NIOFoundationCompat WaitSpinningRunLoop.swift
[1688/1804] Compiling NIOFoundationCompat JSONSerialization+ByteBuffer.swift
[1689/1805] Compiling NIOSOCKS AuthenticationMethod.swift
[1691/1805] Compiling NIOSOCKS ClientGreeting.swift
[1692/1806] Emitting module NIOSOCKS
[1692/1806] Wrapping AST for NIOFoundationCompat for debugging
[1694/1806] Compiling NIOSOCKS SOCKSResponse.swift
[1695/1806] Compiling NIOTLS SNIHandler.swift
[1696/1806] Compiling NIOTLS ApplicationProtocolNegotiationHandler.swift
[1697/1806] Compiling NIOSOCKS ClientStateMachine.swift
[1698/1806] Compiling NIOTLS ProtocolNegotiationHandlerStateMachine.swift
[1699/1806] Compiling NIOTLS NIOTypedApplicationProtocolNegotiationHandler.swift
[1700/1806] Compiling NIOSOCKS SelectedAuthenticationMethod.swift
[1701/1807] Compiling NIOHTTP1 HTTPServerRequestMethodQueue.swift
[1702/1807] Compiling NIOHTTP1 HTTPServerUpgradeHandler.swift
[1703/1809] Compiling NIOSOCKS SOCKSClientHandler.swift
[1704/1809] Compiling NIOSOCKS SOCKSServerHandshakeHandler.swift
[1705/1809] Compiling NIOSOCKS Messages.swift
[1706/1809] Compiling NIOSOCKS SOCKSRequest.swift
[1707/1809] Compiling NIOSOCKS Errors.swift
[1708/1809] Compiling NIOSOCKS Helpers.swift
[1710/1809] Compiling NIOSOCKS ServerStateMachine.swift
[1710/1834] Wrapping AST for NIOTLS for debugging
[1712/1840] Wrapping AST for NIOSOCKS for debugging
[1714/1840] Emitting module NIOHTTP1
[1715/1840] Compiling NIOSSL FreeBSDCABundle.swift
[1716/1840] Compiling NIOSSL IdentityVerification.swift
[1717/1840] Compiling NIOSSL SSLPKCS12Bundle.swift
[1718/1840] Compiling NIOSSL SSLCertificate.swift
[1719/1840] Compiling NIOSSL SSLErrors.swift
[1720/1840] Compiling NIOSSL SSLInit.swift
[1721/1840] Compiling X509 ValidatedCertificateChain.swift
[1722/1840] Compiling X509 VerificationDiagnostic.swift
[1723/1840] Compiling X509 Verifier.swift
[1724/1840] Compiling X509 VerifierPolicy.swift
[1725/1840] Compiling X509 AlgorithmIdentifier.swift
[1726/1840] Compiling X509 ECDSASignature.swift
[1727/1840] Compiling X509 RSAPKCS1PublicKey.swift
[1728/1840] Compiling X509 SubjectPublicKeyInfo.swift
[1729/1840] Compiling X509 TBSCertificate.swift
[1730/1840] Compiling X509 Time.swift
[1731/1840] Compiling X509 TimeCalculations.swift
[1732/1840] Compiling X509 Validity.swift
[1733/1840] Compiling X509 X509SendableMetatype.swift
[1734/1841] Compiling NIOSSL SSLConnection.swift
[1735/1841] Compiling NIOSSL SSLPrivateKey.swift
[1737/1841] Compiling NIOSSL NIOSSLHandler.swift
[1738/1841] Compiling NIOSSL SSLContext.swift
[1739/1841] Compiling NIOSSL AndroidCABundle.swift
[1740/1841] Compiling NIOSSL ByteBufferBIO.swift
[1741/1841] Compiling NIOSSL CustomPrivateKey.swift
[1741/1857] Wrapping AST for X509 for debugging
[1743/1908] Compiling JWTKit ECDSACurve.swift
[1744/1908] Compiling JWTKit ECDSACurveType.swift
[1745/1908] Compiling JWTKit ECDSAError.swift
[1746/1914] Wrapping AST for NIOHTTP1 for debugging
[1748/1926] Compiling JWTKit JWTClaim.swift
[1749/1926] Compiling JWTKit JWTMultiValueClaim.swift
[1750/1926] Compiling JWTKit JWTUnixEpochClaim.swift
[1751/1926] Compiling JWTKit ECDSASigningAlgorithm.swift
[1752/1927] Compiling NIOHPACK HPACKEncoder.swift
[1753/1927] Compiling NIOHPACK HPACKErrors.swift
[1754/1927] Compiling NIOHPACK HPACKHeader.swift
[1755/1927] Compiling NIOHPACK HeaderTables.swift
[1756/1927] Compiling NIOHPACK DynamicHeaderTable.swift
[1757/1927] Compiling NIOHPACK HPACKDecoder.swift
[1760/1927] Compiling JWTKit ECDSAKeyTypes.swift
[1761/1927] Compiling JWTKit ECDSASigner.swift
[1762/1939] Compiling JWTKit AudienceClaim.swift
[1763/1939] Compiling JWTKit BoolClaim.swift
[1764/1939] Compiling JWTKit ExpirationClaim.swift
[1765/1939] Compiling JWTKit GoogleHostedDomainClaim.swift
[1766/1939] Compiling JWTKit IDClaim.swift
[1767/1939] Compiling JWTKit IssuedAtClaim.swift
[1768/1939] Compiling JWTKit IssuerClaim.swift
[1772/1939] Compiling NIOHTTPCompression HTTPDecompressor.swift
[1773/1939] Compiling JWTKit MLDSAType.swift
[1774/1939] Compiling JWTKit JWTKeyCollection+UnsecuredNone.swift
[1775/1939] Compiling JWTKit UnsecuredNoneSigner.swift
[1776/1939] Compiling JWTKit JWTKeyCollection+RSA.swift
[1777/1939] Compiling JWTKit RSA.swift
[1778/1939] Compiling JWTKit RSAError.swift
[1779/1939] Compiling JWTKit RSASigner.swift
[1780/1939] Compiling JWTKit Base64URL.swift
[1781/1939] Compiling JWTKit CryptoSigner.swift
[1782/1939] Compiling NIOHPACK IndexedHeaderTable.swift
[1783/1939] Compiling NIOHPACK IntegerCoding.swift
[1784/1940] Emitting module NIOHPACK
[1785/1940] Compiling JWTKit JWTSerializer.swift
[1786/1940] Compiling JWTKit JWTSigner.swift
[1787/1940] Compiling JWTKit JWTKeyCollection+MLDSA.swift
[1788/1940] Compiling JWTKit MLDSA.swift
[1789/1940] Compiling JWTKit MLDSA65+MLDSAKey.swift
[1790/1940] Compiling JWTKit MLDSA87+MLDSAKey.swift
[1791/1940] Compiling JWTKit MLDSAError.swift
[1792/1940] Compiling JWTKit MLDSAKey.swift
[1793/1940] Compiling JWTKit MLDSASigner.swift
[1794/1940] Emitting module NIOHTTPCompression
[1795/1940] Compiling NIOHPACK StaticHeaderTable.swift
[1796/1940] Compiling NIOHPACK HuffmanTables.swift
[1797/1940] Compiling NIOHPACK HuffmanCoding.swift
[1798/1940] Emitting module JWTKit
[1805/1941] Compiling NIOHTTPCompression HTTPRequestCompressor.swift
[1806/1941] Compiling NIOHTTPCompression HTTPResponseCompressor.swift
[1807/1941] Compiling NIOHTTPCompression HTTPDecompression.swift
[1808/1941] Emitting module NIOSSL
[1809/1941] Compiling NIOHTTPCompression HTTPCompression.swift
[1812/1942] Compiling JWTKit EdDSA.swift
[1813/1942] Compiling JWTKit EdDSACurve.swift
[1814/1942] Compiling JWTKit EdDSAError.swift
[1815/1942] Compiling JWTKit EdDSASigner.swift
[1815/1942] Wrapping AST for NIOHPACK for debugging
[1816/1942] Wrapping AST for NIOHTTPCompression for debugging
[1818/1957] Compiling NIOHTTP2 ConnectionStateMachine.swift
[1819/1957] Compiling NIOHTTP2 ConnectionStreamsState.swift
[1820/1957] Compiling NIOHTTP2 MayReceiveFrames.swift
[1821/1957] Compiling NIOHTTP2 ReceivingDataState.swift
[1822/1987] Compiling NIOHTTP2 ControlFrameBuffer.swift
[1823/1987] Compiling NIOHTTP2 OutboundFlowControlBuffer.swift
[1824/1987] Compiling NIOHTTP2 OutboundFrameBuffer.swift
[1825/1987] Compiling NIOHTTP2 GlitchesMonitor.swift
[1826/1987] Compiling NIOHTTP2 HPACKHeaders+Validation.swift
[1827/1987] Compiling JWTKit JWK.swift
[1828/1987] Compiling JWTKit JWKIdentifier.swift
[1829/1987] Compiling JWTKit JWKS.swift
[1830/1987] Compiling JWTKit JWKSigner.swift
[1831/2005] Compiling NIOHTTP2 LocallyQuiescingState.swift
[1832/2005] Compiling NIOHTTP2 QuiescingState.swift
[1833/2005] Compiling NIOHTTP2 RemotelyQuiescingState.swift
[1834/2005] Compiling NIOHTTP2 SendAndReceiveGoawayState.swift
[1835/2005] Compiling NIOHTTP2 SendingRstStreamState.swift
[1836/2005] Compiling NIOHTTP2 SendingWindowUpdateState.swift
[1837/2005] Compiling NIOHTTP2 HTTP2SettingsState.swift
[1838/2005] Compiling NIOHTTP2 HasExtendedConnectSettings.swift
[1839/2005] Compiling NIOHTTP2 ReceivingGoAwayState.swift
[1840/2005] Compiling NIOHTTP2 ReceivingHeadersState.swift
[1841/2005] Compiling NIOHTTP2 ReceivingPushPromiseState.swift
[1842/2005] Compiling NIOHTTP2 ReceivingRstStreamState.swift
[1843/2005] Compiling NIOHTTP2 MaySendFrames.swift
[1844/2005] Compiling NIOHTTP2 SendingDataState.swift
[1845/2005] Compiling NIOHTTP2 SendingGoawayState.swift
[1846/2005] Compiling NIOHTTP2 SendingHeadersState.swift
[1847/2005] Compiling NIOHTTP2 SendingPushPromiseState.swift
[1848/2005] Compiling NIOHTTP2 HasRemoteSettings.swift
[1853/2005] Compiling NIOHTTP2 StateMachineResult.swift
[1854/2005] Compiling NIOHTTP2 ContentLengthVerifier.swift
[1855/2005] Compiling NIOHTTP2 HTTP2FrameParser.swift
[1856/2005] Compiling NIOHTTP2 HTTP2PingData.swift
[1857/2005] Compiling NIOHTTP2 HTTP2PipelineHelpers.swift
[1858/2005] Compiling NIOHTTP2 HTTP2Settings.swift
[1859/2005] Compiling NIOHTTP2 HTTP2Stream.swift
[1860/2005] Compiling NIOHTTP2 HTTP2StreamChannel+OutboundStreamMultiplexer.swift
[1861/2005] Compiling NIOHTTP2 HTTP2StreamChannel.swift
[1862/2005] Compiling NIOHTTP2 HTTP2StreamDelegate.swift
[1863/2005] Compiling NIOHTTP2 HTTP2StreamID.swift
[1864/2005] Compiling NIOHTTP2 DOSHeuristics.swift
[1865/2005] Compiling NIOHTTP2 Error+Any.swift
[1866/2005] Compiling NIOHTTP2 ConcurrentStreamBuffer.swift
[1871/2006] Wrapping AST for NIOSSL for debugging
[1873/2006] Compiling JWTKit CustomizedJSONCoders.swift
[1874/2006] Compiling JWTKit Utilities.swift
[1875/2006] Compiling JWTKit AppleIdentityToken.swift
[1876/2006] Compiling JWTKit FirebaseAuthIdentityToken.swift
[1877/2006] Compiling JWTKit GoogleIdentityToken.swift
[1878/2006] Compiling JWTKit MicrosoftIdentityToken.swift
[1879/2006] Compiling JWTKit EmptyPolicy.swift
[1880/2006] Compiling JWTKit ValidationTimePayload.swift
[1881/2006] Compiling JWTKit X5CVerifier.swift
[1882/2007] Wrapping AST for JWTKit for debugging
[1884/2007] Compiling NIOHTTP2 HTTP2StreamMultiplexer.swift
[1885/2007] Compiling NIOHTTP2 HTTP2ToHTTP1Codec.swift
[1886/2007] Compiling NIOHTTP2 HTTP2UserEvents.swift
[1887/2007] Compiling NIOHTTP2 InboundEventBuffer.swift
[1888/2007] Compiling NIOHTTP2 InboundWindowManager.swift
[1889/2007] Compiling NIOHTTP2 MultiplexerAbstractChannel.swift
[1890/2007] Compiling NIOHTTP2 NIOHTTP2FrameDelegate.swift
[1891/2007] Compiling NIOHTTP2 NIOHTTP2ServerConnectionManagementHandler+StateMachine.swift
[1892/2015] Compiling NIOHTTP2 HasFlowControlWindows.swift
[1893/2015] Compiling NIOHTTP2 HasLocalSettings.swift
[1918/2015] Compiling NIOHTTP2 ReceivingWindowUpdateState.swift
[1919/2015] Emitting module NIOHTTP2
[1929/2015] Compiling NIOHTTP2 NIOHTTP2ServerConnectionManagementHandler.swift
[1930/2015] Compiling NIOHTTP2 StreamChannelFlowController.swift
[1931/2015] Compiling NIOHTTP2 StreamChannelList.swift
[1932/2015] Compiling NIOHTTP2 StreamMap.swift
[1933/2015] Compiling NIOHTTP2 StreamStateMachine.swift
[1934/2015] Compiling NIOHTTP2 Timer.swift
[1935/2015] Compiling NIOHTTP2 UnsafeTransfer.swift
[1936/2015] Compiling NIOHTTP2 WatermarkedFlowController.swift
[1945/2015] Compiling NIOHTTP2 HTTP2ChannelHandler+InboundStreamMultiplexer.swift
[1946/2015] Compiling NIOHTTP2 HTTP2ChannelHandler+InlineStreamMultiplexer.swift
[1947/2015] Compiling NIOHTTP2 HTTP2ChannelHandler.swift
[1948/2015] Compiling NIOHTTP2 HTTP2CommonInboundStreamMultiplexer.swift
[1949/2015] Compiling NIOHTTP2 HTTP2ConnectionStateChange.swift
[1950/2015] Compiling NIOHTTP2 HTTP2Error.swift
[1951/2015] Compiling NIOHTTP2 HTTP2ErrorCode.swift
[1952/2015] Compiling NIOHTTP2 HTTP2FlowControlWindow.swift
[1953/2015] Compiling NIOHTTP2 HTTP2Frame.swift
[1954/2015] Compiling NIOHTTP2 HTTP2FrameEncoder.swift
[1955/2016] Wrapping AST for NIOHTTP2 for debugging
[1957/2080] Compiling AsyncHTTPClient AnyAsyncSequence.swift
[1958/2080] Compiling AsyncHTTPClient AnyAsyncSequenceProucerDelete.swift
[1959/2080] Compiling AsyncHTTPClient AsyncLazySequence.swift
[1960/2080] Compiling AsyncHTTPClient HTTPClient+execute.swift
[1961/2080] Compiling AsyncHTTPClient HTTPClient+shutdown.swift
[1962/2080] Compiling AsyncHTTPClient HTTPClient+tracing.swift
[1963/2080] Compiling AsyncHTTPClient HTTPClientRequest+Prepared.swift
[1964/2080] Compiling AsyncHTTPClient HTTPClientRequest+auth.swift
[1965/2080] Compiling AsyncHTTPClient HTTPClientRequest.swift
[1966/2088] Compiling AsyncHTTPClient HTTPConnectionEvent.swift
[1967/2088] Compiling AsyncHTTPClient HTTPConnectionPool+Factory.swift
[1968/2088] Compiling AsyncHTTPClient HTTPConnectionPool+Manager.swift
[1969/2088] Compiling AsyncHTTPClient HTTPConnectionPool.swift
[1970/2088] Compiling AsyncHTTPClient HTTPExecutableRequest.swift
[1971/2088] Compiling AsyncHTTPClient HTTPRequestStateMachine+Demand.swift
[1972/2088] Compiling AsyncHTTPClient HTTPRequestStateMachine.swift
[1973/2088] Compiling AsyncHTTPClient RequestBodyLength.swift
[1974/2088] Compiling AsyncHTTPClient RequestFramingMetadata.swift
[1975/2088] Compiling AsyncHTTPClient RequestValidation.swift
[1976/2088] Compiling AsyncHTTPClient SSLContextCache.swift
[1977/2088] Compiling AsyncHTTPClient Scheme.swift
[1978/2088] Compiling AsyncHTTPClient Singleton.swift
[1979/2088] Compiling AsyncHTTPClient StringConvertibleInstances.swift
[1980/2088] Compiling AsyncHTTPClient StructuredConcurrencyHelpers.swift
[1981/2088] Compiling AsyncHTTPClient TracingSupport.swift
[1982/2088] Compiling AsyncHTTPClient Utils.swift
[1983/2088] Compiling AsyncHTTPClient LRUCache.swift
[1984/2088] Compiling AsyncHTTPClient NIOLoopBound+Execute.swift
[1985/2088] Compiling AsyncHTTPClient NWErrorHandler.swift
[1986/2088] Compiling AsyncHTTPClient NWWaitingHandler.swift
[1987/2088] Compiling AsyncHTTPClient TLSConfiguration.swift
[1988/2088] Compiling AsyncHTTPClient RedirectState.swift
[1989/2088] Compiling AsyncHTTPClient RequestBag+StateMachine.swift
[1990/2088] Compiling AsyncHTTPClient RequestBag+Tracing.swift
[1991/2088] Compiling AsyncHTTPClient RequestBag.swift
[1992/2088] Emitting module AsyncHTTPClient
[1993/2088] Compiling AsyncHTTPClient HTTP1ProxyConnectHandler.swift
[1994/2088] Compiling AsyncHTTPClient SOCKSEventsHandler.swift
[1995/2088] Compiling AsyncHTTPClient TLSEventsHandler.swift
[1996/2088] Compiling AsyncHTTPClient HTTP1ClientChannelHandler.swift
[1997/2088] Compiling AsyncHTTPClient HTTP1Connection.swift
[1998/2088] Compiling AsyncHTTPClient HTTP1ConnectionStateMachine.swift
[1999/2088] Compiling AsyncHTTPClient HTTP2ClientRequestHandler.swift
[2000/2088] Compiling AsyncHTTPClient HTTP2Connection.swift
[2001/2088] Compiling AsyncHTTPClient HTTP2IdleHandler.swift
[2002/2088] Compiling AsyncHTTPClient RequestOptions.swift
[2003/2088] Compiling AsyncHTTPClient HTTPConnectionPool+Backoff.swift
[2004/2088] Compiling AsyncHTTPClient HTTPConnectionPool+HTTP1Connections.swift
[2005/2088] Compiling AsyncHTTPClient HTTPConnectionPool+HTTP1StateMachine.swift
[2006/2088] Compiling AsyncHTTPClient HTTPConnectionPool+HTTP2Connections.swift
[2007/2088] Compiling AsyncHTTPClient HTTPConnectionPool+HTTP2StateMachine.swift
[2008/2088] Compiling AsyncHTTPClient HTTPConnectionPool+RequestQueue.swift
[2009/2088] Compiling AsyncHTTPClient HTTPConnectionPool+StateMachine.swift
[2010/2088] Compiling AsyncHTTPClient ConnectionTarget.swift
[2011/2088] Compiling AsyncHTTPClient HTTPClientResponse.swift
[2012/2088] Compiling AsyncHTTPClient SingleIteratorPrecondition.swift
[2013/2088] Compiling AsyncHTTPClient Transaction+StateMachine.swift
[2014/2088] Compiling AsyncHTTPClient Transaction.swift
[2015/2088] Compiling AsyncHTTPClient Base64.swift
[2016/2088] Compiling AsyncHTTPClient BasicAuth.swift
[2017/2088] Compiling AsyncHTTPClient BestEffortHashableTLSConfiguration.swift
[2018/2088] Compiling AsyncHTTPClient Configuration+BrowserLike.swift
[2019/2088] Compiling AsyncHTTPClient ConnectionPool.swift
[2020/2088] Compiling AsyncHTTPClient DeconstructedURL.swift
[2021/2088] Compiling AsyncHTTPClient FileDownloadDelegate.swift
[2022/2088] Compiling AsyncHTTPClient FoundationExtensions.swift
[2023/2088] Compiling AsyncHTTPClient HTTPClient+HTTPCookie.swift
[2024/2088] Compiling AsyncHTTPClient HTTPClient+Proxy.swift
[2025/2088] Compiling AsyncHTTPClient HTTPClient+StructuredConcurrency.swift
[2026/2088] Compiling AsyncHTTPClient HTTPClient.swift
[2027/2088] Compiling AsyncHTTPClient HTTPClientConfiguration+SwiftConfiguration.swift
[2028/2088] Compiling AsyncHTTPClient HTTPHandler.swift
[2029/2089] Wrapping AST for AsyncHTTPClient for debugging
[2031/2112] Emitting module GoogleAuth
[2032/2115] Compiling GoogleAuth UserAccountData.swift
[2033/2115] Compiling GoogleAuth UserAccountTokenProvider.swift
[2034/2115] Compiling GoogleAuth UserCredentials.swift
[2035/2115] Compiling GoogleAuth AnonymousCredentials.swift
[2036/2115] Compiling GoogleAuth ApiKeyCredentials.swift
[2037/2115] Compiling GoogleAuth ExternalAccountCredentials.swift
[2038/2115] Compiling GoogleAuth SubjectTokenProvider.swift
[2039/2115] Compiling GoogleAuth MDSAccessTokenProvider.swift
[2040/2115] Compiling GoogleAuth MDSCredentials.swift
[2041/2115] Compiling GoogleAuth ServiceAccountCredentials.swift
[2042/2115] Compiling GoogleAuth ServiceAccountData.swift
[2043/2115] Compiling GoogleAuth ServiceAccountTokenProvider.swift
[2044/2115] Compiling GoogleAuth AuthHTTPClient.swift
[2045/2115] Compiling GoogleAuth AuthHTTPError.swift
[2046/2115] Compiling GoogleAuth RetryEngine.swift
[2047/2115] Compiling GoogleAuth CredentialParserRegistry.swift
[2048/2115] Compiling GoogleAuth Credentials.swift
[2049/2115] Compiling GoogleAuth CredentialsError.swift
[2050/2115] Compiling GoogleAuth ADC.swift
[2051/2115] Compiling GoogleAuth ADCPath.swift
[2052/2115] Compiling GoogleAuth ADCResolver.swift
[2053/2115] Compiling GoogleAuth AuthHeaders.swift
[2054/2115] Compiling GoogleAuth STSHandler.swift
[2055/2115] Compiling GoogleAuth TokenCache.swift
[2056/2115] Compiling GoogleAuth PackageVersion.swift
[2057/2116] Wrapping AST for GoogleAuth for debugging
[2059/2174] Compiling GoogleGax LimitedAttemptCount+PollingErrorPolicy.swift
[2060/2174] Compiling GoogleGax LimitedAttemptCount+RetryPolicy.swift
[2061/2174] Compiling GoogleGax LimitedAttemptCount.swift
[2062/2174] Compiling GoogleGax LimitedElapsedTime+PollingErrorPolicy.swift
[2063/2174] Compiling GoogleGax LimitedElapsedTime+RetryPolicy.swift
[2064/2174] Compiling GoogleGax LimitedElapsedTime.swift
[2065/2174] Compiling GoogleGax LongRunningOperations.swift
[2066/2174] Compiling GoogleGax NeverRetry.swift
[2067/2182] Compiling GoogleGax Pagination.swift
/host/spi-builder-workspace/.build/checkouts/swift-google-gax/Sources/GoogleGax/Pagination.swift:44:22: error: cannot convert '@Sendable (String) async throws -> (response: ResponseType, items: [Item], nextToken: String)' to 'nonisolated(nonsending) @Sendable (String) async throws -> (response: ResponseType, items: [Item], nextToken: String)' because crossing of an isolation boundary requires parameter and result types to conform to 'Sendable' protocol
 42 |   ) where ResponseType: _PaginatedResponse<Item> {
 43 |     self.initialPageToken = initialPageToken ?? ""
 44 |     self.fetchPage = { token in
    |                      |- error: cannot convert '@Sendable (String) async throws -> (response: ResponseType, items: [Item], nextToken: String)' to 'nonisolated(nonsending) @Sendable (String) async throws -> (response: ResponseType, items: [Item], nextToken: String)' because crossing of an isolation boundary requires parameter and result types to conform to 'Sendable' protocol
    |                      `- note: type 'Item' does not conform to 'Sendable' protocol
 45 |       let response = try await listRpc(token)
 46 |       return (response, response._getPaginatedItems(), response._nextPageToken())
[2068/2182] Compiling GoogleGax PollingBackoffPolicy.swift
/host/spi-builder-workspace/.build/checkouts/swift-google-gax/Sources/GoogleGax/Pagination.swift:44:22: error: cannot convert '@Sendable (String) async throws -> (response: ResponseType, items: [Item], nextToken: String)' to 'nonisolated(nonsending) @Sendable (String) async throws -> (response: ResponseType, items: [Item], nextToken: String)' because crossing of an isolation boundary requires parameter and result types to conform to 'Sendable' protocol
 42 |   ) where ResponseType: _PaginatedResponse<Item> {
 43 |     self.initialPageToken = initialPageToken ?? ""
 44 |     self.fetchPage = { token in
    |                      |- error: cannot convert '@Sendable (String) async throws -> (response: ResponseType, items: [Item], nextToken: String)' to 'nonisolated(nonsending) @Sendable (String) async throws -> (response: ResponseType, items: [Item], nextToken: String)' because crossing of an isolation boundary requires parameter and result types to conform to 'Sendable' protocol
    |                      `- note: type 'Item' does not conform to 'Sendable' protocol
 45 |       let response = try await listRpc(token)
 46 |       return (response, response._getPaginatedItems(), response._nextPageToken())
[2069/2182] Compiling GoogleGax PollingErrorPolicy.swift
/host/spi-builder-workspace/.build/checkouts/swift-google-gax/Sources/GoogleGax/Pagination.swift:44:22: error: cannot convert '@Sendable (String) async throws -> (response: ResponseType, items: [Item], nextToken: String)' to 'nonisolated(nonsending) @Sendable (String) async throws -> (response: ResponseType, items: [Item], nextToken: String)' because crossing of an isolation boundary requires parameter and result types to conform to 'Sendable' protocol
 42 |   ) where ResponseType: _PaginatedResponse<Item> {
 43 |     self.initialPageToken = initialPageToken ?? ""
 44 |     self.fetchPage = { token in
    |                      |- error: cannot convert '@Sendable (String) async throws -> (response: ResponseType, items: [Item], nextToken: String)' to 'nonisolated(nonsending) @Sendable (String) async throws -> (response: ResponseType, items: [Item], nextToken: String)' because crossing of an isolation boundary requires parameter and result types to conform to 'Sendable' protocol
    |                      `- note: type 'Item' does not conform to 'Sendable' protocol
 45 |       let response = try await listRpc(token)
 46 |       return (response, response._getPaginatedItems(), response._nextPageToken())
[2070/2182] Compiling GoogleGax PollingResult.swift
/host/spi-builder-workspace/.build/checkouts/swift-google-gax/Sources/GoogleGax/Pagination.swift:44:22: error: cannot convert '@Sendable (String) async throws -> (response: ResponseType, items: [Item], nextToken: String)' to 'nonisolated(nonsending) @Sendable (String) async throws -> (response: ResponseType, items: [Item], nextToken: String)' because crossing of an isolation boundary requires parameter and result types to conform to 'Sendable' protocol
 42 |   ) where ResponseType: _PaginatedResponse<Item> {
 43 |     self.initialPageToken = initialPageToken ?? ""
 44 |     self.fetchPage = { token in
    |                      |- error: cannot convert '@Sendable (String) async throws -> (response: ResponseType, items: [Item], nextToken: String)' to 'nonisolated(nonsending) @Sendable (String) async throws -> (response: ResponseType, items: [Item], nextToken: String)' because crossing of an isolation boundary requires parameter and result types to conform to 'Sendable' protocol
    |                      `- note: type 'Item' does not conform to 'Sendable' protocol
 45 |       let response = try await listRpc(token)
 46 |       return (response, response._getPaginatedItems(), response._nextPageToken())
[2071/2182] Compiling GoogleGax PollingState.swift
/host/spi-builder-workspace/.build/checkouts/swift-google-gax/Sources/GoogleGax/Pagination.swift:44:22: error: cannot convert '@Sendable (String) async throws -> (response: ResponseType, items: [Item], nextToken: String)' to 'nonisolated(nonsending) @Sendable (String) async throws -> (response: ResponseType, items: [Item], nextToken: String)' because crossing of an isolation boundary requires parameter and result types to conform to 'Sendable' protocol
 42 |   ) where ResponseType: _PaginatedResponse<Item> {
 43 |     self.initialPageToken = initialPageToken ?? ""
 44 |     self.fetchPage = { token in
    |                      |- error: cannot convert '@Sendable (String) async throws -> (response: ResponseType, items: [Item], nextToken: String)' to 'nonisolated(nonsending) @Sendable (String) async throws -> (response: ResponseType, items: [Item], nextToken: String)' because crossing of an isolation boundary requires parameter and result types to conform to 'Sendable' protocol
    |                      `- note: type 'Item' does not conform to 'Sendable' protocol
 45 |       let response = try await listRpc(token)
 46 |       return (response, response._getPaginatedItems(), response._nextPageToken())
[2072/2182] Compiling GoogleGax ProtobufConversionError.swift
/host/spi-builder-workspace/.build/checkouts/swift-google-gax/Sources/GoogleGax/Pagination.swift:44:22: error: cannot convert '@Sendable (String) async throws -> (response: ResponseType, items: [Item], nextToken: String)' to 'nonisolated(nonsending) @Sendable (String) async throws -> (response: ResponseType, items: [Item], nextToken: String)' because crossing of an isolation boundary requires parameter and result types to conform to 'Sendable' protocol
 42 |   ) where ResponseType: _PaginatedResponse<Item> {
 43 |     self.initialPageToken = initialPageToken ?? ""
 44 |     self.fetchPage = { token in
    |                      |- error: cannot convert '@Sendable (String) async throws -> (response: ResponseType, items: [Item], nextToken: String)' to 'nonisolated(nonsending) @Sendable (String) async throws -> (response: ResponseType, items: [Item], nextToken: String)' because crossing of an isolation boundary requires parameter and result types to conform to 'Sendable' protocol
    |                      `- note: type 'Item' does not conform to 'Sendable' protocol
 45 |       let response = try await listRpc(token)
 46 |       return (response, response._getPaginatedItems(), response._nextPageToken())
[2073/2182] Compiling GoogleGax QueryParameter.swift
/host/spi-builder-workspace/.build/checkouts/swift-google-gax/Sources/GoogleGax/Pagination.swift:44:22: error: cannot convert '@Sendable (String) async throws -> (response: ResponseType, items: [Item], nextToken: String)' to 'nonisolated(nonsending) @Sendable (String) async throws -> (response: ResponseType, items: [Item], nextToken: String)' because crossing of an isolation boundary requires parameter and result types to conform to 'Sendable' protocol
 42 |   ) where ResponseType: _PaginatedResponse<Item> {
 43 |     self.initialPageToken = initialPageToken ?? ""
 44 |     self.fetchPage = { token in
    |                      |- error: cannot convert '@Sendable (String) async throws -> (response: ResponseType, items: [Item], nextToken: String)' to 'nonisolated(nonsending) @Sendable (String) async throws -> (response: ResponseType, items: [Item], nextToken: String)' because crossing of an isolation boundary requires parameter and result types to conform to 'Sendable' protocol
    |                      `- note: type 'Item' does not conform to 'Sendable' protocol
 45 |       let response = try await listRpc(token)
 46 |       return (response, response._getPaginatedItems(), response._nextPageToken())
[2074/2182] Compiling GoogleGax RequestError.swift
/host/spi-builder-workspace/.build/checkouts/swift-google-gax/Sources/GoogleGax/Pagination.swift:44:22: error: cannot convert '@Sendable (String) async throws -> (response: ResponseType, items: [Item], nextToken: String)' to 'nonisolated(nonsending) @Sendable (String) async throws -> (response: ResponseType, items: [Item], nextToken: String)' because crossing of an isolation boundary requires parameter and result types to conform to 'Sendable' protocol
 42 |   ) where ResponseType: _PaginatedResponse<Item> {
 43 |     self.initialPageToken = initialPageToken ?? ""
 44 |     self.fetchPage = { token in
    |                      |- error: cannot convert '@Sendable (String) async throws -> (response: ResponseType, items: [Item], nextToken: String)' to 'nonisolated(nonsending) @Sendable (String) async throws -> (response: ResponseType, items: [Item], nextToken: String)' because crossing of an isolation boundary requires parameter and result types to conform to 'Sendable' protocol
    |                      `- note: type 'Item' does not conform to 'Sendable' protocol
 45 |       let response = try await listRpc(token)
 46 |       return (response, response._getPaginatedItems(), response._nextPageToken())
[2075/2182] Emitting module GoogleGax
[2076/2182] Compiling GoogleGax AIP194+PollingErrorPolicy.swift
[2077/2182] Compiling GoogleGax AIP194+RetryPolicy.swift
[2078/2182] Compiling GoogleGax AIP194.swift
[2079/2182] Compiling GoogleGax AdaptiveThrottler.swift
[2080/2182] Compiling GoogleGax AlwaysPoll.swift
[2081/2182] Compiling GoogleGax AlwaysRetry.swift
[2082/2182] Compiling GoogleGax ApiClientHeader.swift
[2083/2182] Compiling GoogleGax BackoffPolicy.swift
[2084/2182] Compiling GoogleGax BasePollingErrorPolicy.swift
[2085/2182] Compiling GoogleGax RequestOptions.swift
[2086/2182] Compiling GoogleGax RetryLoop.swift
[2087/2182] Compiling GoogleGax RetryPolicy.swift
[2088/2182] Compiling GoogleGax RetryResult.swift
[2089/2182] Compiling GoogleGax RetryState.swift
[2090/2182] Compiling GoogleGax RetryThrottler.swift
[2091/2182] Compiling GoogleGax RetryThrottlerError.swift
[2092/2182] Compiling GoogleGax RoutingMatcher.swift
[2093/2182] Compiling GoogleGax ContinueOnIO.swift
[2094/2182] Compiling GoogleGax CredentialsProtocol.swift
[2095/2182] Compiling GoogleGax ErrorWrapper.swift
[2096/2182] Compiling GoogleGax ExponentialBackoff+BackoffPolicy.swift
[2097/2182] Compiling GoogleGax ExponentialBackoff+PollingBackoffPolicy.swift
[2098/2182] Compiling GoogleGax ExponentialBackoff.swift
[2099/2182] Compiling GoogleGax HTTPClient.swift
[2100/2182] Compiling GoogleGax HTTPClientHolder.swift
[2101/2182] Compiling GoogleGax BaseRetryPolicy.swift
[2102/2182] Compiling GoogleGax BindingError.swift
[2103/2182] Compiling GoogleGax CRC32C.swift
[2104/2182] Compiling GoogleGax CircuitBreaker.swift
[2105/2182] Compiling GoogleGax ClientError.swift
[2106/2182] Compiling GoogleGax ClientOptions.swift
[2107/2182] Compiling GoogleGax ContinueOnIO+PollingErrorPolicy.swift
[2108/2182] Compiling GoogleGax ContinueOnIO+RetryPolicy.swift
[2109/2182] Compiling GoogleGax HTTPClientProtocol.swift
[2110/2182] Compiling GoogleGax HTTPClientRequest.swift
[2111/2182] Compiling GoogleGax HTTPClientResponse.swift
[2112/2182] Compiling GoogleGax HTTPHeaders.swift
[2113/2182] Compiling GoogleGax HTTPResponseBody.swift
[2114/2182] Compiling GoogleGax HeaderNames.swift
[2115/2182] Compiling GoogleGax Host.swift
[2116/2182] Compiling GoogleGax InProgressResult.swift
[2117/2182] Compiling GoogleGax ServiceError.swift
[2118/2182] Compiling GoogleGax StatusDetail.swift
[2119/2182] Compiling GoogleGax StrictIdempotency.swift
[2120/2182] Compiling GoogleGax ThrottleResult.swift
[2121/2182] Compiling GoogleGax TooManyRequests+PollingErrorPolicy.swift
[2122/2182] Compiling GoogleGax TooManyRequests+RetryPolicy.swift
[2123/2182] Compiling GoogleGax TooManyRequests.swift
[2124/2182] Compiling GoogleGax PackageVersion.swift
BUILD FAILURE 6.2 android