The Swift Package Index logo.Swift Package Index

Build Information

Failed to build TMSwiftUtilities, reference 0.0.2-alpha (744628), with Swift 6.4 for macOS (Xcode) using Xcode 27.0 on 16 Sep 2026 00:11:34 UTC.

Build Command

env DEVELOPER_DIR=/Applications/Xcode-27.0.0-Release.Candidate.app xcrun xcodebuild -IDEClonedSourcePackagesDirPathOverride=$PWD/.dependencies -skipMacroValidation -skipPackagePluginValidation -derivedDataPath $PWD/.derivedData build -scheme TMSwiftUtilities-Package -destination platform=macOS,arch=arm64

Build Log

========================================
RunAll
========================================
Builder version: 5.1.0
Interrupt handler set up.
========================================
Checkout
========================================
Clone URL: https://github.com/417-72KI/SwiftUtilities.git
Reference: 0.0.2-alpha
Initialized empty Git repository in /Users/admin/builder/spi-builder-workspace/.git/
From https://github.com/417-72KI/SwiftUtilities
 * tag               0.0.2-alpha -> FETCH_HEAD
HEAD is now at 7446288 make extensions and functions public
Cloned https://github.com/417-72KI/SwiftUtilities.git
Revision (git rev-parse @):
74462884a4d98e85a395ac5d2de1197b91ab423e
SUCCESS checkout https://github.com/417-72KI/SwiftUtilities.git at 0.0.2-alpha
========================================
Build
========================================
Selected platform:         macosXcodebuild
Swift version:             6.4
Building package at path:  $PWD
https://github.com/417-72KI/SwiftUtilities.git
Command line invocation:
    /Applications/Xcode-27.0.0-Release.Candidate.app/Contents/Developer/usr/bin/xcodebuild -IDEClonedSourcePackagesDirPathOverride=/Users/admin/builder/spi-builder-workspace/.dependencies -resolvePackageDependencies
resolved source packages:
{
  "dependencies" : [
  ],
  "manifest_display_name" : "TMSwiftUtilities",
  "name" : "TMSwiftUtilities",
  "path" : "/Users/admin/builder/spi-builder-workspace",
  "platforms" : [
  ],
  "products" : [
    {
      "name" : "TMSwiftUtilities",
      "targets" : [
        "TMSwiftUtilities"
      ],
      "type" : {
        "library" : [
          "automatic"
        ]
      }
    }
  ],
  "targets" : [
    {
      "c99name" : "TMSwiftUtilitiesTests",
      "module_type" : "SwiftTarget",
      "name" : "TMSwiftUtilitiesTests",
      "path" : "Tests/TMSwiftUtilitiesTests",
      "sources" : [
        "TMSwiftUtilitiesTests.swift"
      ],
      "target_dependencies" : [
        "TMSwiftUtilities"
      ],
      "type" : "test"
    },
    {
      "c99name" : "TMSwiftUtilities",
      "module_type" : "SwiftTarget",
      "name" : "TMSwiftUtilities",
      "path" : "Sources/TMSwiftUtilities",
      "product_memberships" : [
        "TMSwiftUtilities"
      ],
      "sources" : [
        "Extension/ArrayExtension.swift",
        "Extension/ColorExtension.swift",
        "Extension/StringExtension.swift",
        "Util/UIView+Utilities.swift"
      ],
      "type" : "library"
    }
  ],
  "tools_version" : "4.0"
}
{
  "project" : {
    "configurations" : [
      "Debug",
      "Release"
    ],
    "name" : "TMSwiftUtilities",
    "schemes" : [
      "TMSwiftUtilities-Package",
      "TMSwiftUtilitiesPackageDescription",
      "TMSwiftUtilitiesPackageTests"
    ],
    "targets" : [
      "TMSwiftUtilitiesPackageDescription",
      "TMSwiftUtilitiesTests",
      "TMSwiftUtilities",
      "TMSwiftUtilitiesPackageTests"
    ]
  }
}
Running build ...
env DEVELOPER_DIR=/Applications/Xcode-27.0.0-Release.Candidate.app xcrun xcodebuild -IDEClonedSourcePackagesDirPathOverride=$PWD/.dependencies -skipMacroValidation -skipPackagePluginValidation -derivedDataPath $PWD/.derivedData build -scheme TMSwiftUtilities-Package -destination platform=macOS,arch=arm64
Command line invocation:
    /Applications/Xcode-27.0.0-Release.Candidate.app/Contents/Developer/usr/bin/xcodebuild -IDEClonedSourcePackagesDirPathOverride=/Users/admin/builder/spi-builder-workspace/.dependencies -skipMacroValidation -skipPackagePluginValidation -derivedDataPath /Users/admin/builder/spi-builder-workspace/.derivedData build -scheme TMSwiftUtilities-Package -destination platform=macOS,arch=arm64
ComputePackagePrebuildTargetDependencyGraph
Prepare packages
CreateBuildRequest
SendProjectDescription
CreateBuildOperation
ComputeTargetDependencyGraph
note: Building targets in dependency order
note: Target dependency graph (1 target)
    Target 'TMSwiftUtilities' in project 'TMSwiftUtilities' (no dependencies)
GatherProvisioningInputs
CreateBuildDescription
ExecuteExternalTool /Applications/Xcode-27.0.0-Release.Candidate.app/Contents/Developer/Toolchains/XcodeDefault.xctoolchain/usr/bin/clang -v -E -dM -isysroot /Applications/Xcode-27.0.0-Release.Candidate.app/Contents/Developer/Platforms/MacOSX.platform/Developer/SDKs/MacOSX27.0.sdk -x c -c /dev/null
ExecuteExternalTool /Applications/Xcode-27.0.0-Release.Candidate.app/Contents/Developer/Toolchains/XcodeDefault.xctoolchain/usr/bin/swiftc --version
ExecuteExternalTool /Applications/Xcode-27.0.0-Release.Candidate.app/Contents/Developer/Toolchains/XcodeDefault.xctoolchain/usr/bin/ld -version_details
Build description signature: 782e7aa08df6868f0e82cdf11165068d
Build description path: /Users/admin/builder/spi-builder-workspace/.derivedData/Build/Intermediates.noindex/XCBuildData/782e7aa08df6868f0e82cdf11165068d.xcbuilddata
/Users/admin/builder/spi-builder-workspace/TMSwiftUtilities.xcodeproj: error: The macOS deployment target 'MACOSX_DEPLOYMENT_TARGET' is set to 10.10, but the range of supported deployment target versions is 12.0 to 27.0.x. (in target 'TMSwiftUtilities' from project 'TMSwiftUtilities')
--- xcodebuild: WARNING: Using the first of multiple matching destinations:
{ platform:macOS, arch:arm64, id:6cca9c1c5fbe60c2d03e50586493f7308b5452ec, name:My Mac }
{ platform:macOS, arch:arm64, variant:Mac Catalyst, id:6cca9c1c5fbe60c2d03e50586493f7308b5452ec, name:My Mac }
{ platform:macOS, arch:arm64, variant:Designed for [iPad,iPhone], id:6cca9c1c5fbe60c2d03e50586493f7308b5452ec, name:My Mac }
** BUILD FAILED **
The following build commands failed:
	Building project TMSwiftUtilities with scheme TMSwiftUtilities-Package
(1 failure)
Command line invocation:
    /Applications/Xcode-27.0.0-Release.Candidate.app/Contents/Developer/usr/bin/xcodebuild -IDEClonedSourcePackagesDirPathOverride=/Users/admin/builder/spi-builder-workspace/.dependencies -resolvePackageDependencies
resolved source packages:
{
  "dependencies" : [
  ],
  "manifest_display_name" : "TMSwiftUtilities",
  "name" : "TMSwiftUtilities",
  "path" : "/Users/admin/builder/spi-builder-workspace",
  "platforms" : [
  ],
  "products" : [
    {
      "name" : "TMSwiftUtilities",
      "targets" : [
        "TMSwiftUtilities"
      ],
      "type" : {
        "library" : [
          "automatic"
        ]
      }
    }
  ],
  "targets" : [
    {
      "c99name" : "TMSwiftUtilitiesTests",
      "module_type" : "SwiftTarget",
      "name" : "TMSwiftUtilitiesTests",
      "path" : "Tests/TMSwiftUtilitiesTests",
      "sources" : [
        "TMSwiftUtilitiesTests.swift"
      ],
      "target_dependencies" : [
        "TMSwiftUtilities"
      ],
      "type" : "test"
    },
    {
      "c99name" : "TMSwiftUtilities",
      "module_type" : "SwiftTarget",
      "name" : "TMSwiftUtilities",
      "path" : "Sources/TMSwiftUtilities",
      "product_memberships" : [
        "TMSwiftUtilities"
      ],
      "sources" : [
        "Extension/ArrayExtension.swift",
        "Extension/ColorExtension.swift",
        "Extension/StringExtension.swift",
        "Util/UIView+Utilities.swift"
      ],
      "type" : "library"
    }
  ],
  "tools_version" : "4.0"
}
{
  "project" : {
    "configurations" : [
      "Debug",
      "Release"
    ],
    "name" : "TMSwiftUtilities",
    "schemes" : [
      "TMSwiftUtilities-Package",
      "TMSwiftUtilitiesPackageDescription",
      "TMSwiftUtilitiesPackageTests"
    ],
    "targets" : [
      "TMSwiftUtilitiesPackageDescription",
      "TMSwiftUtilitiesTests",
      "TMSwiftUtilities",
      "TMSwiftUtilitiesPackageTests"
    ]
  }
}
Running build ...
env DEVELOPER_DIR=/Applications/Xcode-27.0.0-Release.Candidate.app xcrun xcodebuild -IDEClonedSourcePackagesDirPathOverride=$PWD/.dependencies -skipMacroValidation -skipPackagePluginValidation -derivedDataPath $PWD/.derivedData build -scheme TMSwiftUtilities-Package -destination platform=macOS,arch=arm64
Command line invocation:
    /Applications/Xcode-27.0.0-Release.Candidate.app/Contents/Developer/usr/bin/xcodebuild -IDEClonedSourcePackagesDirPathOverride=/Users/admin/builder/spi-builder-workspace/.dependencies -skipMacroValidation -skipPackagePluginValidation -derivedDataPath /Users/admin/builder/spi-builder-workspace/.derivedData build -scheme TMSwiftUtilities-Package -destination platform=macOS,arch=arm64
ComputePackagePrebuildTargetDependencyGraph
Prepare packages
CreateBuildRequest
SendProjectDescription
CreateBuildOperation
ComputeTargetDependencyGraph
note: Building targets in dependency order
note: Target dependency graph (1 target)
    Target 'TMSwiftUtilities' in project 'TMSwiftUtilities' (no dependencies)
GatherProvisioningInputs
CreateBuildDescription
/Users/admin/builder/spi-builder-workspace/TMSwiftUtilities.xcodeproj: error: The macOS deployment target 'MACOSX_DEPLOYMENT_TARGET' is set to 10.10, but the range of supported deployment target versions is 12.0 to 27.0.x. (in target 'TMSwiftUtilities' from project 'TMSwiftUtilities')
--- xcodebuild: WARNING: Using the first of multiple matching destinations:
{ platform:macOS, arch:arm64, id:6cca9c1c5fbe60c2d03e50586493f7308b5452ec, name:My Mac }
{ platform:macOS, arch:arm64, variant:Mac Catalyst, id:6cca9c1c5fbe60c2d03e50586493f7308b5452ec, name:My Mac }
{ platform:macOS, arch:arm64, variant:Designed for [iPad,iPhone], id:6cca9c1c5fbe60c2d03e50586493f7308b5452ec, name:My Mac }
** BUILD FAILED **
The following build commands failed:
	Building project TMSwiftUtilities with scheme TMSwiftUtilities-Package
(1 failure)
BUILD FAILURE 6.4 macosXcodebuild