The Swift Package Index logo.Swift Package Index

Build Information

Failed to build OreOre, reference master (42f5d0), with Swift 6.4 for macOS (Xcode) using Xcode 27.0 on 16 Sep 2026 21:39:49 UTC.

Build Command

No build command. This typically means the build failed at an early stage where we determine the build command.

Build Log

========================================
RunAll
========================================
Builder version: 5.1.0
Interrupt handler set up.
========================================
Checkout
========================================
Clone URL: https://github.com/speee/OreOre.git
Reference: master
Initialized empty Git repository in /Users/admin/builder/spi-builder-workspace/.git/
From https://github.com/speee/OreOre
 * branch            master     -> FETCH_HEAD
 * [new branch]      master     -> origin/master
HEAD is now at 42f5d0c Merge pull request #5 from speee/example-app
Cloned https://github.com/speee/OreOre.git
Revision (git rev-parse @):
42f5d0c62456a4ea1a81c3fdb51b2419e2c01b15
SUCCESS checkout https://github.com/speee/OreOre.git at master
========================================
Build
========================================
Selected platform:         macosXcodebuild
Swift version:             6.4
Building package at path:  $PWD
https://github.com/speee/OreOre.git
Command line invocation:
    /Applications/Xcode-27.0.0-Release.Candidate.app/Contents/Developer/usr/bin/xcodebuild -IDEClonedSourcePackagesDirPathOverride=/Users/admin/builder/spi-builder-workspace/.dependencies -resolvePackageDependencies
2026-09-16 17:39:48.117 xcodebuild[529:3057] Writing error result bundle to /var/folders/xq/y_g06wb113726d38xsyx71_h0000gn/T/ResultBundle_2026-16-09_17-39-0048.xcresult
xcodebuild: error: '_Pods.xcodeproj' does not exist.
Command line invocation:
    /Applications/Xcode-27.0.0-Release.Candidate.app/Contents/Developer/usr/bin/xcodebuild -IDEClonedSourcePackagesDirPathOverride=/Users/admin/builder/spi-builder-workspace/.dependencies -resolvePackageDependencies
2026-09-16 17:39:49.086 xcodebuild[539:3150] Writing error result bundle to /var/folders/xq/y_g06wb113726d38xsyx71_h0000gn/T/ResultBundle_2026-16-09_17-39-0049.xcresult
xcodebuild: error: '_Pods.xcodeproj' does not exist.
BUILD FAILURE 6.4 macosXcodebuild