Build Information
Failed to build WWCapsuleTabBarController, reference 1.3.1 (ef2c14), with Swift 6.4 for macOS (Xcode) using Xcode 27.0 on 24 Sep 2026 10:38:50 UTC.
Build Command
env DEVELOPER_DIR=/Applications/Xcode-27.0.0-Release.Candidate.app xcrun xcodebuild -IDEClonedSourcePackagesDirPathOverride=$PWD/.dependencies -skipMacroValidation -skipPackagePluginValidation -derivedDataPath $PWD/.derivedData build -scheme WWCapsuleTabBarController -destination platform=macOS,arch=arm64Build Log
========================================
RunAll
========================================
Builder version: 5.1.0
Interrupt handler set up.
========================================
Checkout
========================================
Clone URL: https://github.com/William-Weng/WWCapsuleTabBarController.git
Reference: 1.3.1
Initialized empty Git repository in /Users/admin/builder/spi-builder-workspace/.git/
From https://github.com/William-Weng/WWCapsuleTabBarController
* tag 1.3.1 -> FETCH_HEAD
HEAD is now at ef2c142 - 修正細邊框的手機會切到邊邊的問題
Cloned https://github.com/William-Weng/WWCapsuleTabBarController.git
Revision (git rev-parse @):
ef2c142148bde8d06c64200d72f2157c21e4bf92
SUCCESS checkout https://github.com/William-Weng/WWCapsuleTabBarController.git at 1.3.1
========================================
Build
========================================
Selected platform: macosXcodebuild
Swift version: 6.4
Building package at path: $PWD
https://github.com/William-Weng/WWCapsuleTabBarController.git
Command line invocation:
/Applications/Xcode-27.0.0-Release.Candidate.app/Contents/Developer/usr/bin/xcodebuild -IDEClonedSourcePackagesDirPathOverride=/Users/admin/builder/spi-builder-workspace/.dependencies -resolvePackageDependencies
Resolve Package Graph
Resolve Package Graph
Resolved source packages:
WWCapsuleTabBarController: /Users/admin/builder/spi-builder-workspace
resolved source packages: WWCapsuleTabBarController
2026-09-24 06:38:02.007 xcodebuild[529:3014] [MT] IDERunDestination: Supported platforms for the buildables in the current scheme is empty.
{
"dependencies" : [
],
"manifest_display_name" : "WWCapsuleTabBarController",
"name" : "WWCapsuleTabBarController",
"path" : "/Users/admin/builder/spi-builder-workspace",
"platforms" : [
{
"name" : "ios",
"version" : "15.0"
}
],
"products" : [
{
"name" : "WWCapsuleTabBarController",
"targets" : [
"WWCapsuleTabBarController"
],
"type" : {
"library" : [
"automatic"
]
}
}
],
"swift_languages_versions" : [
"5"
],
"targets" : [
{
"c99name" : "WWCapsuleTabBarController",
"module_type" : "SwiftTarget",
"name" : "WWCapsuleTabBarController",
"path" : "Sources/WWCapsuleTabBarController",
"product_memberships" : [
"WWCapsuleTabBarController"
],
"resources" : [
{
"path" : "/Users/admin/builder/spi-builder-workspace/Sources/WWCapsuleTabBarController/Privacy",
"rule" : {
"copy" : {
}
}
},
{
"path" : "/Users/admin/builder/spi-builder-workspace/Sources/WWCapsuleTabBarController/Xib/WWCapsuleTabBarController.xib",
"rule" : {
"process" : {
}
}
},
{
"path" : "/Users/admin/builder/spi-builder-workspace/Sources/WWCapsuleTabBarController/Xib/WWTabBarItemView.xib",
"rule" : {
"process" : {
}
}
},
{
"path" : "/Users/admin/builder/spi-builder-workspace/Sources/WWCapsuleTabBarController/Xib/WWTabBarView.xib",
"rule" : {
"process" : {
}
}
}
],
"sources" : [
"Utility/Extension.swift",
"Utility/Protocol.swift",
"Utility/WWTabBarRootViewController.swift",
"View/WWTabBar.swift",
"View/WWTabBarItemView.swift",
"View/WWTabBarView.swift",
"WWCapsuleTabBarController.swift"
],
"type" : "library"
}
],
"tools_version" : "5.7"
}
{
"workspace" : {
"name" : "WWCapsuleTabBarController",
"schemes" : [
"WWCapsuleTabBarController"
]
}
}
2026-09-24 06:38:43.003 xcodebuild[661:4219] [MT] IDERunDestination: Supported platforms for the buildables in the current scheme is empty.
Running build ...
env DEVELOPER_DIR=/Applications/Xcode-27.0.0-Release.Candidate.app xcrun xcodebuild -IDEClonedSourcePackagesDirPathOverride=$PWD/.dependencies -skipMacroValidation -skipPackagePluginValidation -derivedDataPath $PWD/.derivedData build -scheme WWCapsuleTabBarController -destination platform=macOS,arch=arm64
Command line invocation:
/Applications/Xcode-27.0.0-Release.Candidate.app/Contents/Developer/usr/bin/xcodebuild -IDEClonedSourcePackagesDirPathOverride=/Users/admin/builder/spi-builder-workspace/.dependencies -skipMacroValidation -skipPackagePluginValidation -derivedDataPath /Users/admin/builder/spi-builder-workspace/.derivedData build -scheme WWCapsuleTabBarController -destination platform=macOS,arch=arm64
Resolve Package Graph
Resolved source packages:
WWCapsuleTabBarController: /Users/admin/builder/spi-builder-workspace
ComputePackagePrebuildTargetDependencyGraph
Prepare packages
CreateBuildRequest
SendProjectDescription
CreateBuildOperation
ComputeTargetDependencyGraph
note: Building targets in dependency order
note: Target dependency graph (3 targets)
Target 'WWCapsuleTabBarController-product' in project 'WWCapsuleTabBarController'
➜ Explicit dependency on target 'WWCapsuleTabBarController' in project 'WWCapsuleTabBarController'
➜ Explicit dependency on target 'WWCapsuleTabBarController_WWCapsuleTabBarController' in project 'WWCapsuleTabBarController'
Target 'WWCapsuleTabBarController' in project 'WWCapsuleTabBarController'
➜ Explicit dependency on target 'WWCapsuleTabBarController_WWCapsuleTabBarController' in project 'WWCapsuleTabBarController'
Target 'WWCapsuleTabBarController_WWCapsuleTabBarController' in project 'WWCapsuleTabBarController' (no dependencies)
GatherProvisioningInputs
CreateBuildDescription
ExecuteExternalTool /Applications/Xcode-27.0.0-Release.Candidate.app/Contents/Developer/Toolchains/XcodeDefault.xctoolchain/usr/bin/clang -v -E -dM -isysroot /Applications/Xcode-27.0.0-Release.Candidate.app/Contents/Developer/Platforms/MacOSX.platform/Developer/SDKs/MacOSX27.0.sdk -x c -c /dev/null
ExecuteExternalTool /Applications/Xcode-27.0.0-Release.Candidate.app/Contents/Developer/Toolchains/XcodeDefault.xctoolchain/usr/bin/swiftc --version
ExecuteExternalTool /Applications/Xcode-27.0.0-Release.Candidate.app/Contents/Developer/usr/bin/ibtool --version --output-format xml1
ExecuteExternalTool /Applications/Xcode-27.0.0-Release.Candidate.app/Contents/Developer/Toolchains/XcodeDefault.xctoolchain/usr/bin/ld -version_details
Build description signature: 43d75e32a53d3ddee983c95e6ff8a8b9
Build description path: /Users/admin/builder/spi-builder-workspace/.derivedData/Build/Intermediates.noindex/XCBuildData/43d75e32a53d3ddee983c95e6ff8a8b9.xcbuilddata
CreateBuildDirectory /Users/admin/builder/spi-builder-workspace/.derivedData/SDKExplicitPrecompiledModules
cd /Users/admin/builder/spi-builder-workspace/.swiftpm/xcode
builtin-create-build-directory /Users/admin/builder/spi-builder-workspace/.derivedData/SDKExplicitPrecompiledModules
CreateBuildDirectory /Users/admin/builder/spi-builder-workspace/.derivedData/ModuleCache.noindex
cd /Users/admin/builder/spi-builder-workspace/.swiftpm/xcode
builtin-create-build-directory /Users/admin/builder/spi-builder-workspace/.derivedData/ModuleCache.noindex
CreateBuildDirectory /Users/admin/builder/spi-builder-workspace/.derivedData/CompilationCache.noindex
cd /Users/admin/builder/spi-builder-workspace/.swiftpm/xcode
builtin-create-build-directory /Users/admin/builder/spi-builder-workspace/.derivedData/CompilationCache.noindex
CreateBuildDirectory /Users/admin/builder/spi-builder-workspace/.derivedData/Build/Products
cd /Users/admin/builder/spi-builder-workspace/.swiftpm/xcode
builtin-create-build-directory /Users/admin/builder/spi-builder-workspace/.derivedData/Build/Products
CreateBuildDirectory /Users/admin/builder/spi-builder-workspace/.derivedData/Build/Intermediates.noindex
cd /Users/admin/builder/spi-builder-workspace/.swiftpm/xcode
builtin-create-build-directory /Users/admin/builder/spi-builder-workspace/.derivedData/Build/Intermediates.noindex
ClangStatCache /Applications/Xcode-27.0.0-Release.Candidate.app/Contents/Developer/Toolchains/XcodeDefault.xctoolchain/usr/bin/clang-stat-cache /Applications/Xcode-27.0.0-Release.Candidate.app/Contents/Developer/Platforms/MacOSX.platform/Developer/SDKs/MacOSX27.0.sdk /Users/admin/builder/spi-builder-workspace/.derivedData/SDKStatCaches.noindex/macosx27.0-26A425-e829b21a6f8c9b70876ba0858053c0446a22442a12e9d48fe1a705f55a1adfc4.sdkstatcache
cd /Users/admin/builder/spi-builder-workspace/.swiftpm/xcode
/Applications/Xcode-27.0.0-Release.Candidate.app/Contents/Developer/Toolchains/XcodeDefault.xctoolchain/usr/bin/clang-stat-cache /Applications/Xcode-27.0.0-Release.Candidate.app/Contents/Developer/Platforms/MacOSX.platform/Developer/SDKs/MacOSX27.0.sdk -o /Users/admin/builder/spi-builder-workspace/.derivedData/SDKStatCaches.noindex/macosx27.0-26A425-e829b21a6f8c9b70876ba0858053c0446a22442a12e9d48fe1a705f55a1adfc4.sdkstatcache
CreateBuildDirectory /Users/admin/builder/spi-builder-workspace/.derivedData/Build/Products/Debug
cd /Users/admin/builder/spi-builder-workspace/.swiftpm/xcode
builtin-create-build-directory /Users/admin/builder/spi-builder-workspace/.derivedData/Build/Products/Debug
CreateBuildDirectory /Users/admin/builder/spi-builder-workspace/.derivedData/Build/Intermediates.noindex/SwiftExplicitPrecompiledModules
cd /Users/admin/builder/spi-builder-workspace/.swiftpm/xcode
builtin-create-build-directory /Users/admin/builder/spi-builder-workspace/.derivedData/Build/Intermediates.noindex/SwiftExplicitPrecompiledModules
CreateBuildDirectory /Users/admin/builder/spi-builder-workspace/.derivedData/Build/Intermediates.noindex/ExplicitPrecompiledModules
cd /Users/admin/builder/spi-builder-workspace/.swiftpm/xcode
builtin-create-build-directory /Users/admin/builder/spi-builder-workspace/.derivedData/Build/Intermediates.noindex/ExplicitPrecompiledModules
CreateBuildDirectory /Users/admin/builder/spi-builder-workspace/.derivedData/Build/Intermediates.noindex/PrecompiledHeaders
cd /Users/admin/builder/spi-builder-workspace/.swiftpm/xcode
builtin-create-build-directory /Users/admin/builder/spi-builder-workspace/.derivedData/Build/Intermediates.noindex/PrecompiledHeaders
CreateBuildDirectory /Users/admin/builder/spi-builder-workspace/.derivedData/Build/Intermediates.noindex/EagerLinkingTBDs/Debug
cd /Users/admin/builder/spi-builder-workspace/.swiftpm/xcode
builtin-create-build-directory /Users/admin/builder/spi-builder-workspace/.derivedData/Build/Intermediates.noindex/EagerLinkingTBDs/Debug
CreateBuildDirectory /Users/admin/builder/spi-builder-workspace/.derivedData/Build/Products/Debug/PackageFrameworks
cd /Users/admin/builder/spi-builder-workspace/.swiftpm/xcode
builtin-create-build-directory /Users/admin/builder/spi-builder-workspace/.derivedData/Build/Products/Debug/PackageFrameworks
WriteAuxiliaryFile /Users/admin/builder/spi-builder-workspace/.derivedData/Build/Intermediates.noindex/WWCapsuleTabBarController.build/Debug/WWCapsuleTabBarController_WWCapsuleTabBarController-b.build/WWCapsuleTabBarController_WWCapsuleTabBarController.DependencyStaticMetadataFileList (in target 'WWCapsuleTabBarController_WWCapsuleTabBarController' from project 'WWCapsuleTabBarController')
cd /Users/admin/builder/spi-builder-workspace
write-file /Users/admin/builder/spi-builder-workspace/.derivedData/Build/Intermediates.noindex/WWCapsuleTabBarController.build/Debug/WWCapsuleTabBarController_WWCapsuleTabBarController-b.build/WWCapsuleTabBarController_WWCapsuleTabBarController.DependencyStaticMetadataFileList
WriteAuxiliaryFile /Users/admin/builder/spi-builder-workspace/.derivedData/Build/Intermediates.noindex/WWCapsuleTabBarController.build/Debug/WWCapsuleTabBarController_WWCapsuleTabBarController-b.build/empty-WWCapsuleTabBarController_WWCapsuleTabBarController.plist (in target 'WWCapsuleTabBarController_WWCapsuleTabBarController' from project 'WWCapsuleTabBarController')
cd /Users/admin/builder/spi-builder-workspace
write-file /Users/admin/builder/spi-builder-workspace/.derivedData/Build/Intermediates.noindex/WWCapsuleTabBarController.build/Debug/WWCapsuleTabBarController_WWCapsuleTabBarController-b.build/empty-WWCapsuleTabBarController_WWCapsuleTabBarController.plist
WriteAuxiliaryFile /Users/admin/builder/spi-builder-workspace/.derivedData/Build/Intermediates.noindex/WWCapsuleTabBarController.build/Debug/WWCapsuleTabBarController_WWCapsuleTabBarController-b.build/WWCapsuleTabBarController_WWCapsuleTabBarController.DependencyMetadataFileList (in target 'WWCapsuleTabBarController_WWCapsuleTabBarController' from project 'WWCapsuleTabBarController')
cd /Users/admin/builder/spi-builder-workspace
write-file /Users/admin/builder/spi-builder-workspace/.derivedData/Build/Intermediates.noindex/WWCapsuleTabBarController.build/Debug/WWCapsuleTabBarController_WWCapsuleTabBarController-b.build/WWCapsuleTabBarController_WWCapsuleTabBarController.DependencyMetadataFileList
MkDir /Users/admin/builder/spi-builder-workspace/.derivedData/Build/Products/Debug/WWCapsuleTabBarController_WWCapsuleTabBarController.bundle (in target 'WWCapsuleTabBarController_WWCapsuleTabBarController' from project 'WWCapsuleTabBarController')
cd /Users/admin/builder/spi-builder-workspace
/bin/mkdir -p /Users/admin/builder/spi-builder-workspace/.derivedData/Build/Products/Debug/WWCapsuleTabBarController_WWCapsuleTabBarController.bundle
MkDir /Users/admin/builder/spi-builder-workspace/.derivedData/Build/Products/Debug/WWCapsuleTabBarController_WWCapsuleTabBarController.bundle/Contents (in target 'WWCapsuleTabBarController_WWCapsuleTabBarController' from project 'WWCapsuleTabBarController')
cd /Users/admin/builder/spi-builder-workspace
/bin/mkdir -p /Users/admin/builder/spi-builder-workspace/.derivedData/Build/Products/Debug/WWCapsuleTabBarController_WWCapsuleTabBarController.bundle/Contents
MkDir /Users/admin/builder/spi-builder-workspace/.derivedData/Build/Products/Debug/WWCapsuleTabBarController_WWCapsuleTabBarController.bundle/Contents/Resources (in target 'WWCapsuleTabBarController_WWCapsuleTabBarController' from project 'WWCapsuleTabBarController')
cd /Users/admin/builder/spi-builder-workspace
/bin/mkdir -p /Users/admin/builder/spi-builder-workspace/.derivedData/Build/Products/Debug/WWCapsuleTabBarController_WWCapsuleTabBarController.bundle/Contents/Resources
WriteAuxiliaryFile /Users/admin/builder/spi-builder-workspace/.derivedData/Build/Intermediates.noindex/WWCapsuleTabBarController.build/Debug/WWCapsuleTabBarController-t.build/WWCapsuleTabBarController.modulemap (in target 'WWCapsuleTabBarController' from project 'WWCapsuleTabBarController')
cd /Users/admin/builder/spi-builder-workspace
write-file /Users/admin/builder/spi-builder-workspace/.derivedData/Build/Intermediates.noindex/WWCapsuleTabBarController.build/Debug/WWCapsuleTabBarController-t.build/WWCapsuleTabBarController.modulemap
WriteAuxiliaryFile /Users/admin/builder/spi-builder-workspace/.derivedData/Build/Intermediates.noindex/WWCapsuleTabBarController.build/Debug/WWCapsuleTabBarController-t.build/WWCapsuleTabBarController.DependencyStaticMetadataFileList (in target 'WWCapsuleTabBarController' from project 'WWCapsuleTabBarController')
cd /Users/admin/builder/spi-builder-workspace
write-file /Users/admin/builder/spi-builder-workspace/.derivedData/Build/Intermediates.noindex/WWCapsuleTabBarController.build/Debug/WWCapsuleTabBarController-t.build/WWCapsuleTabBarController.DependencyStaticMetadataFileList
WriteAuxiliaryFile /Users/admin/builder/spi-builder-workspace/.derivedData/Build/Intermediates.noindex/WWCapsuleTabBarController.build/Debug/WWCapsuleTabBarController-t.build/WWCapsuleTabBarController.DependencyMetadataFileList (in target 'WWCapsuleTabBarController' from project 'WWCapsuleTabBarController')
cd /Users/admin/builder/spi-builder-workspace
write-file /Users/admin/builder/spi-builder-workspace/.derivedData/Build/Intermediates.noindex/WWCapsuleTabBarController.build/Debug/WWCapsuleTabBarController-t.build/WWCapsuleTabBarController.DependencyMetadataFileList
WriteAuxiliaryFile /Users/admin/builder/spi-builder-workspace/.derivedData/Build/Intermediates.noindex/WWCapsuleTabBarController.build/Debug/WWCapsuleTabBarController-t.build/Objects-normal/arm64/WWCapsuleTabBarController_const_extract_protocols.json (in target 'WWCapsuleTabBarController' from project 'WWCapsuleTabBarController')
cd /Users/admin/builder/spi-builder-workspace
write-file /Users/admin/builder/spi-builder-workspace/.derivedData/Build/Intermediates.noindex/WWCapsuleTabBarController.build/Debug/WWCapsuleTabBarController-t.build/Objects-normal/arm64/WWCapsuleTabBarController_const_extract_protocols.json
WriteAuxiliaryFile /Users/admin/builder/spi-builder-workspace/.derivedData/Build/Intermediates.noindex/WWCapsuleTabBarController.build/Debug/WWCapsuleTabBarController-t.build/Objects-normal/arm64/WWCapsuleTabBarController.SwiftFileList (in target 'WWCapsuleTabBarController' from project 'WWCapsuleTabBarController')
cd /Users/admin/builder/spi-builder-workspace
write-file /Users/admin/builder/spi-builder-workspace/.derivedData/Build/Intermediates.noindex/WWCapsuleTabBarController.build/Debug/WWCapsuleTabBarController-t.build/Objects-normal/arm64/WWCapsuleTabBarController.SwiftFileList
WriteAuxiliaryFile /Users/admin/builder/spi-builder-workspace/.derivedData/Build/Intermediates.noindex/WWCapsuleTabBarController.build/Debug/WWCapsuleTabBarController-t.build/Objects-normal/arm64/WWCapsuleTabBarController.SwiftConstValuesFileList (in target 'WWCapsuleTabBarController' from project 'WWCapsuleTabBarController')
cd /Users/admin/builder/spi-builder-workspace
write-file /Users/admin/builder/spi-builder-workspace/.derivedData/Build/Intermediates.noindex/WWCapsuleTabBarController.build/Debug/WWCapsuleTabBarController-t.build/Objects-normal/arm64/WWCapsuleTabBarController.SwiftConstValuesFileList
WriteAuxiliaryFile /Users/admin/builder/spi-builder-workspace/.derivedData/Build/Intermediates.noindex/WWCapsuleTabBarController.build/Debug/WWCapsuleTabBarController-t.build/Objects-normal/arm64/WWCapsuleTabBarController.LinkFileList (in target 'WWCapsuleTabBarController' from project 'WWCapsuleTabBarController')
cd /Users/admin/builder/spi-builder-workspace
write-file /Users/admin/builder/spi-builder-workspace/.derivedData/Build/Intermediates.noindex/WWCapsuleTabBarController.build/Debug/WWCapsuleTabBarController-t.build/Objects-normal/arm64/WWCapsuleTabBarController.LinkFileList
WriteAuxiliaryFile /Users/admin/builder/spi-builder-workspace/.derivedData/Build/Intermediates.noindex/WWCapsuleTabBarController.build/Debug/WWCapsuleTabBarController-t.build/Objects-normal/arm64/WWCapsuleTabBarController-OutputFileMap.json (in target 'WWCapsuleTabBarController' from project 'WWCapsuleTabBarController')
cd /Users/admin/builder/spi-builder-workspace
write-file /Users/admin/builder/spi-builder-workspace/.derivedData/Build/Intermediates.noindex/WWCapsuleTabBarController.build/Debug/WWCapsuleTabBarController-t.build/Objects-normal/arm64/WWCapsuleTabBarController-OutputFileMap.json
WriteAuxiliaryFile /Users/admin/builder/spi-builder-workspace/.derivedData/Build/Intermediates.noindex/WWCapsuleTabBarController.build/Debug/WWCapsuleTabBarController-t.build/DerivedSources/resource_bundle_accessor.swift (in target 'WWCapsuleTabBarController' from project 'WWCapsuleTabBarController')
cd /Users/admin/builder/spi-builder-workspace
write-file /Users/admin/builder/spi-builder-workspace/.derivedData/Build/Intermediates.noindex/WWCapsuleTabBarController.build/Debug/WWCapsuleTabBarController-t.build/DerivedSources/resource_bundle_accessor.swift
Copy /Users/admin/builder/spi-builder-workspace/.derivedData/Build/Intermediates.noindex/GeneratedModuleMaps/WWCapsuleTabBarController.modulemap /Users/admin/builder/spi-builder-workspace/.derivedData/Build/Intermediates.noindex/WWCapsuleTabBarController.build/Debug/WWCapsuleTabBarController-t.build/WWCapsuleTabBarController.modulemap (in target 'WWCapsuleTabBarController' from project 'WWCapsuleTabBarController')
cd /Users/admin/builder/spi-builder-workspace
builtin-copy -exclude .DS_Store -exclude CVS -exclude .svn -exclude .git -exclude .hg -resolve-src-symlinks /Users/admin/builder/spi-builder-workspace/.derivedData/Build/Intermediates.noindex/WWCapsuleTabBarController.build/Debug/WWCapsuleTabBarController-t.build/WWCapsuleTabBarController.modulemap /Users/admin/builder/spi-builder-workspace/.derivedData/Build/Intermediates.noindex/GeneratedModuleMaps
CpResource /Users/admin/builder/spi-builder-workspace/.derivedData/Build/Products/Debug/WWCapsuleTabBarController_WWCapsuleTabBarController.bundle/Contents/Resources/Privacy /Users/admin/builder/spi-builder-workspace/Sources/WWCapsuleTabBarController/Privacy (in target 'WWCapsuleTabBarController_WWCapsuleTabBarController' from project 'WWCapsuleTabBarController')
cd /Users/admin/builder/spi-builder-workspace
builtin-copy -exclude .DS_Store -exclude CVS -exclude .svn -exclude .git -exclude .hg -resolve-src-symlinks /Users/admin/builder/spi-builder-workspace/Sources/WWCapsuleTabBarController/Privacy /Users/admin/builder/spi-builder-workspace/.derivedData/Build/Products/Debug/WWCapsuleTabBarController_WWCapsuleTabBarController.bundle/Contents/Resources
CompileXIB /Users/admin/builder/spi-builder-workspace/Sources/WWCapsuleTabBarController/Xib/WWTabBarView.xib (in target 'WWCapsuleTabBarController_WWCapsuleTabBarController' from project 'WWCapsuleTabBarController')
cd /Users/admin/builder/spi-builder-workspace
/Applications/Xcode-27.0.0-Release.Candidate.app/Contents/Developer/usr/bin/ibtool --errors --warnings --notices --module WWCapsuleTabBarController_WWCapsuleTabBarController --output-partial-info-plist /Users/admin/builder/spi-builder-workspace/.derivedData/Build/Intermediates.noindex/WWCapsuleTabBarController.build/Debug/WWCapsuleTabBarController_WWCapsuleTabBarController-b.build/WWTabBarView-PartialInfo.plist --auto-activate-custom-fonts --target-device mac --minimum-deployment-target 12.0 --output-format human-readable-text --compile /Users/admin/builder/spi-builder-workspace/.derivedData/Build/Products/Debug/WWCapsuleTabBarController_WWCapsuleTabBarController.bundle/Contents/Resources/WWTabBarView.nib /Users/admin/builder/spi-builder-workspace/Sources/WWCapsuleTabBarController/Xib/WWTabBarView.xib
/* com.apple.ibtool.errors */
/Users/admin/builder/spi-builder-workspace/Sources/WWCapsuleTabBarController/Xib/WWTabBarView.xib: error: iOS xibs do not support target device type "mac".
CompileXIB /Users/admin/builder/spi-builder-workspace/Sources/WWCapsuleTabBarController/Xib/WWTabBarItemView.xib (in target 'WWCapsuleTabBarController_WWCapsuleTabBarController' from project 'WWCapsuleTabBarController')
cd /Users/admin/builder/spi-builder-workspace
/Applications/Xcode-27.0.0-Release.Candidate.app/Contents/Developer/usr/bin/ibtool --errors --warnings --notices --module WWCapsuleTabBarController_WWCapsuleTabBarController --output-partial-info-plist /Users/admin/builder/spi-builder-workspace/.derivedData/Build/Intermediates.noindex/WWCapsuleTabBarController.build/Debug/WWCapsuleTabBarController_WWCapsuleTabBarController-b.build/WWTabBarItemView-PartialInfo.plist --auto-activate-custom-fonts --target-device mac --minimum-deployment-target 12.0 --output-format human-readable-text --compile /Users/admin/builder/spi-builder-workspace/.derivedData/Build/Products/Debug/WWCapsuleTabBarController_WWCapsuleTabBarController.bundle/Contents/Resources/WWTabBarItemView.nib /Users/admin/builder/spi-builder-workspace/Sources/WWCapsuleTabBarController/Xib/WWTabBarItemView.xib
CompileXIB /Users/admin/builder/spi-builder-workspace/Sources/WWCapsuleTabBarController/Xib/WWCapsuleTabBarController.xib (in target 'WWCapsuleTabBarController_WWCapsuleTabBarController' from project 'WWCapsuleTabBarController')
cd /Users/admin/builder/spi-builder-workspace
/Applications/Xcode-27.0.0-Release.Candidate.app/Contents/Developer/usr/bin/ibtool --errors --warnings --notices --module WWCapsuleTabBarController_WWCapsuleTabBarController --output-partial-info-plist /Users/admin/builder/spi-builder-workspace/.derivedData/Build/Intermediates.noindex/WWCapsuleTabBarController.build/Debug/WWCapsuleTabBarController_WWCapsuleTabBarController-b.build/WWCapsuleTabBarController-PartialInfo.plist --auto-activate-custom-fonts --target-device mac --minimum-deployment-target 12.0 --output-format human-readable-text --compile /Users/admin/builder/spi-builder-workspace/.derivedData/Build/Products/Debug/WWCapsuleTabBarController_WWCapsuleTabBarController.bundle/Contents/Resources/WWCapsuleTabBarController.nib /Users/admin/builder/spi-builder-workspace/Sources/WWCapsuleTabBarController/Xib/WWCapsuleTabBarController.xib
PruneExplicitPrecompiledModules /Users/admin/builder/spi-builder-workspace/.derivedData/Build/Intermediates.noindex/SwiftExplicitPrecompiledModules
PruneExplicitPrecompiledModules /Users/admin/builder/spi-builder-workspace/.derivedData/SDKExplicitPrecompiledModules
PruneExplicitPrecompiledModules /Users/admin/builder/spi-builder-workspace/.derivedData/Build/Intermediates.noindex/ExplicitPrecompiledModules
2026-09-24 06:38:44.555 xcodebuild[662:4264] [MT] IDERunDestination: Supported platforms for the buildables in the current scheme is empty.
--- xcodebuild: WARNING: Using the first of multiple matching destinations:
{ platform:macOS, arch:arm64, id:0d0a0a9a84c95b22511316d3db992fa78e41042d, name:My Mac }
{ platform:macOS, arch:arm64, variant:Mac Catalyst, id:0d0a0a9a84c95b22511316d3db992fa78e41042d, name:My Mac }
{ platform:macOS, arch:arm64, variant:DriverKit, id:0d0a0a9a84c95b22511316d3db992fa78e41042d, name:My Mac }
{ platform:macOS, arch:arm64, variant:Designed for [iPad,iPhone], id:0d0a0a9a84c95b22511316d3db992fa78e41042d, name:My Mac }
** BUILD FAILED **
The following build commands failed:
CompileXIB /Users/admin/builder/spi-builder-workspace/Sources/WWCapsuleTabBarController/Xib/WWTabBarView.xib (in target 'WWCapsuleTabBarController_WWCapsuleTabBarController' from project 'WWCapsuleTabBarController')
Building workspace WWCapsuleTabBarController with scheme WWCapsuleTabBarController
(2 failures)
Command line invocation:
/Applications/Xcode-27.0.0-Release.Candidate.app/Contents/Developer/usr/bin/xcodebuild -IDEClonedSourcePackagesDirPathOverride=/Users/admin/builder/spi-builder-workspace/.dependencies -resolvePackageDependencies
Resolve Package Graph
Resolved source packages:
WWCapsuleTabBarController: /Users/admin/builder/spi-builder-workspace
resolved source packages: WWCapsuleTabBarController
2026-09-24 06:38:48.150 xcodebuild[685:4434] [MT] IDERunDestination: Supported platforms for the buildables in the current scheme is empty.
{
"dependencies" : [
],
"manifest_display_name" : "WWCapsuleTabBarController",
"name" : "WWCapsuleTabBarController",
"path" : "/Users/admin/builder/spi-builder-workspace",
"platforms" : [
{
"name" : "ios",
"version" : "15.0"
}
],
"products" : [
{
"name" : "WWCapsuleTabBarController",
"targets" : [
"WWCapsuleTabBarController"
],
"type" : {
"library" : [
"automatic"
]
}
}
],
"swift_languages_versions" : [
"5"
],
"targets" : [
{
"c99name" : "WWCapsuleTabBarController",
"module_type" : "SwiftTarget",
"name" : "WWCapsuleTabBarController",
"path" : "Sources/WWCapsuleTabBarController",
"product_memberships" : [
"WWCapsuleTabBarController"
],
"resources" : [
{
"path" : "/Users/admin/builder/spi-builder-workspace/Sources/WWCapsuleTabBarController/Privacy",
"rule" : {
"copy" : {
}
}
},
{
"path" : "/Users/admin/builder/spi-builder-workspace/Sources/WWCapsuleTabBarController/Xib/WWCapsuleTabBarController.xib",
"rule" : {
"process" : {
}
}
},
{
"path" : "/Users/admin/builder/spi-builder-workspace/Sources/WWCapsuleTabBarController/Xib/WWTabBarItemView.xib",
"rule" : {
"process" : {
}
}
},
{
"path" : "/Users/admin/builder/spi-builder-workspace/Sources/WWCapsuleTabBarController/Xib/WWTabBarView.xib",
"rule" : {
"process" : {
}
}
}
],
"sources" : [
"Utility/Extension.swift",
"Utility/Protocol.swift",
"Utility/WWTabBarRootViewController.swift",
"View/WWTabBar.swift",
"View/WWTabBarItemView.swift",
"View/WWTabBarView.swift",
"WWCapsuleTabBarController.swift"
],
"type" : "library"
}
],
"tools_version" : "5.7"
}
{
"workspace" : {
"name" : "WWCapsuleTabBarController",
"schemes" : [
"WWCapsuleTabBarController"
]
}
}
2026-09-24 06:38:49.373 xcodebuild[693:4508] [MT] IDERunDestination: Supported platforms for the buildables in the current scheme is empty.
Running build ...
env DEVELOPER_DIR=/Applications/Xcode-27.0.0-Release.Candidate.app xcrun xcodebuild -IDEClonedSourcePackagesDirPathOverride=$PWD/.dependencies -skipMacroValidation -skipPackagePluginValidation -derivedDataPath $PWD/.derivedData build -scheme WWCapsuleTabBarController -destination platform=macOS,arch=arm64
Command line invocation:
/Applications/Xcode-27.0.0-Release.Candidate.app/Contents/Developer/usr/bin/xcodebuild -IDEClonedSourcePackagesDirPathOverride=/Users/admin/builder/spi-builder-workspace/.dependencies -skipMacroValidation -skipPackagePluginValidation -derivedDataPath /Users/admin/builder/spi-builder-workspace/.derivedData build -scheme WWCapsuleTabBarController -destination platform=macOS,arch=arm64
Resolve Package Graph
Resolved source packages:
WWCapsuleTabBarController: /Users/admin/builder/spi-builder-workspace
ComputePackagePrebuildTargetDependencyGraph
Prepare packages
CreateBuildRequest
SendProjectDescription
CreateBuildOperation
ComputeTargetDependencyGraph
note: Building targets in dependency order
note: Target dependency graph (3 targets)
Target 'WWCapsuleTabBarController-product' in project 'WWCapsuleTabBarController'
➜ Explicit dependency on target 'WWCapsuleTabBarController' in project 'WWCapsuleTabBarController'
➜ Explicit dependency on target 'WWCapsuleTabBarController_WWCapsuleTabBarController' in project 'WWCapsuleTabBarController'
Target 'WWCapsuleTabBarController' in project 'WWCapsuleTabBarController'
➜ Explicit dependency on target 'WWCapsuleTabBarController_WWCapsuleTabBarController' in project 'WWCapsuleTabBarController'
Target 'WWCapsuleTabBarController_WWCapsuleTabBarController' in project 'WWCapsuleTabBarController' (no dependencies)
GatherProvisioningInputs
CreateBuildDescription
ClangStatCache /Applications/Xcode-27.0.0-Release.Candidate.app/Contents/Developer/Toolchains/XcodeDefault.xctoolchain/usr/bin/clang-stat-cache /Applications/Xcode-27.0.0-Release.Candidate.app/Contents/Developer/Platforms/MacOSX.platform/Developer/SDKs/MacOSX27.0.sdk /Users/admin/builder/spi-builder-workspace/.derivedData/SDKStatCaches.noindex/macosx27.0-26A425-e829b21a6f8c9b70876ba0858053c0446a22442a12e9d48fe1a705f55a1adfc4.sdkstatcache
cd /Users/admin/builder/spi-builder-workspace/.swiftpm/xcode
/Applications/Xcode-27.0.0-Release.Candidate.app/Contents/Developer/Toolchains/XcodeDefault.xctoolchain/usr/bin/clang-stat-cache /Applications/Xcode-27.0.0-Release.Candidate.app/Contents/Developer/Platforms/MacOSX.platform/Developer/SDKs/MacOSX27.0.sdk -o /Users/admin/builder/spi-builder-workspace/.derivedData/SDKStatCaches.noindex/macosx27.0-26A425-e829b21a6f8c9b70876ba0858053c0446a22442a12e9d48fe1a705f55a1adfc4.sdkstatcache
CompileXIB /Users/admin/builder/spi-builder-workspace/Sources/WWCapsuleTabBarController/Xib/WWTabBarView.xib (in target 'WWCapsuleTabBarController_WWCapsuleTabBarController' from project 'WWCapsuleTabBarController')
cd /Users/admin/builder/spi-builder-workspace
/Applications/Xcode-27.0.0-Release.Candidate.app/Contents/Developer/usr/bin/ibtool --errors --warnings --notices --module WWCapsuleTabBarController_WWCapsuleTabBarController --output-partial-info-plist /Users/admin/builder/spi-builder-workspace/.derivedData/Build/Intermediates.noindex/WWCapsuleTabBarController.build/Debug/WWCapsuleTabBarController_WWCapsuleTabBarController-b.build/WWTabBarView-PartialInfo.plist --auto-activate-custom-fonts --target-device mac --minimum-deployment-target 12.0 --output-format human-readable-text --compile /Users/admin/builder/spi-builder-workspace/.derivedData/Build/Products/Debug/WWCapsuleTabBarController_WWCapsuleTabBarController.bundle/Contents/Resources/WWTabBarView.nib /Users/admin/builder/spi-builder-workspace/Sources/WWCapsuleTabBarController/Xib/WWTabBarView.xib
CompileXIB /Users/admin/builder/spi-builder-workspace/Sources/WWCapsuleTabBarController/Xib/WWTabBarItemView.xib (in target 'WWCapsuleTabBarController_WWCapsuleTabBarController' from project 'WWCapsuleTabBarController')
cd /Users/admin/builder/spi-builder-workspace
/Applications/Xcode-27.0.0-Release.Candidate.app/Contents/Developer/usr/bin/ibtool --errors --warnings --notices --module WWCapsuleTabBarController_WWCapsuleTabBarController --output-partial-info-plist /Users/admin/builder/spi-builder-workspace/.derivedData/Build/Intermediates.noindex/WWCapsuleTabBarController.build/Debug/WWCapsuleTabBarController_WWCapsuleTabBarController-b.build/WWTabBarItemView-PartialInfo.plist --auto-activate-custom-fonts --target-device mac --minimum-deployment-target 12.0 --output-format human-readable-text --compile /Users/admin/builder/spi-builder-workspace/.derivedData/Build/Products/Debug/WWCapsuleTabBarController_WWCapsuleTabBarController.bundle/Contents/Resources/WWTabBarItemView.nib /Users/admin/builder/spi-builder-workspace/Sources/WWCapsuleTabBarController/Xib/WWTabBarItemView.xib
/* com.apple.ibtool.errors */
/Users/admin/builder/spi-builder-workspace/Sources/WWCapsuleTabBarController/Xib/WWTabBarItemView.xib: error: iOS xibs do not support target device type "mac".
CompileXIB /Users/admin/builder/spi-builder-workspace/Sources/WWCapsuleTabBarController/Xib/WWCapsuleTabBarController.xib (in target 'WWCapsuleTabBarController_WWCapsuleTabBarController' from project 'WWCapsuleTabBarController')
cd /Users/admin/builder/spi-builder-workspace
/Applications/Xcode-27.0.0-Release.Candidate.app/Contents/Developer/usr/bin/ibtool --errors --warnings --notices --module WWCapsuleTabBarController_WWCapsuleTabBarController --output-partial-info-plist /Users/admin/builder/spi-builder-workspace/.derivedData/Build/Intermediates.noindex/WWCapsuleTabBarController.build/Debug/WWCapsuleTabBarController_WWCapsuleTabBarController-b.build/WWCapsuleTabBarController-PartialInfo.plist --auto-activate-custom-fonts --target-device mac --minimum-deployment-target 12.0 --output-format human-readable-text --compile /Users/admin/builder/spi-builder-workspace/.derivedData/Build/Products/Debug/WWCapsuleTabBarController_WWCapsuleTabBarController.bundle/Contents/Resources/WWCapsuleTabBarController.nib /Users/admin/builder/spi-builder-workspace/Sources/WWCapsuleTabBarController/Xib/WWCapsuleTabBarController.xib
PruneExplicitPrecompiledModules /Users/admin/builder/spi-builder-workspace/.derivedData/Build/Intermediates.noindex/SwiftExplicitPrecompiledModules
PruneExplicitPrecompiledModules /Users/admin/builder/spi-builder-workspace/.derivedData/Build/Intermediates.noindex/ExplicitPrecompiledModules
PruneExplicitPrecompiledModules /Users/admin/builder/spi-builder-workspace/.derivedData/SDKExplicitPrecompiledModules
2026-09-24 06:38:50.298 xcodebuild[694:4534] [MT] IDERunDestination: Supported platforms for the buildables in the current scheme is empty.
--- xcodebuild: WARNING: Using the first of multiple matching destinations:
{ platform:macOS, arch:arm64, id:0d0a0a9a84c95b22511316d3db992fa78e41042d, name:My Mac }
{ platform:macOS, arch:arm64, variant:Mac Catalyst, id:0d0a0a9a84c95b22511316d3db992fa78e41042d, name:My Mac }
{ platform:macOS, arch:arm64, variant:DriverKit, id:0d0a0a9a84c95b22511316d3db992fa78e41042d, name:My Mac }
{ platform:macOS, arch:arm64, variant:Designed for [iPad,iPhone], id:0d0a0a9a84c95b22511316d3db992fa78e41042d, name:My Mac }
** BUILD FAILED **
The following build commands failed:
CompileXIB /Users/admin/builder/spi-builder-workspace/Sources/WWCapsuleTabBarController/Xib/WWTabBarItemView.xib (in target 'WWCapsuleTabBarController_WWCapsuleTabBarController' from project 'WWCapsuleTabBarController')
Building workspace WWCapsuleTabBarController with scheme WWCapsuleTabBarController
(2 failures)
BUILD FAILURE 6.4 macosXcodebuild