Build Information
Failed to build InkSwift, reference main (cd471e), with Swift 6.1 for watchOS using Xcode 16.3 on 27 Aug 2026 17:39:37 UTC.
Build Command
env DEVELOPER_DIR=/Applications/Xcode-16.3.0.app xcrun xcodebuild -IDEClonedSourcePackagesDirPathOverride=$PWD/.dependencies -skipMacroValidation -skipPackagePluginValidation -derivedDataPath $PWD/.derivedData build -scheme InkSwift-Package -destination generic/platform=watchOSBuild Log
},
{
"path" : "/Users/admin/builder/spi-builder-workspace/Tests/SwiftInkRuntimeTests/Fixtures/slice-story-testability.ink",
"rule" : {
"process" : {
}
}
},
{
"path" : "/Users/admin/builder/spi-builder-workspace/Tests/SwiftInkRuntimeTests/Fixtures/slice-story-testability.ink.json",
"rule" : {
"process" : {
}
}
},
{
"path" : "/Users/admin/builder/spi-builder-workspace/Tests/SwiftInkRuntimeTests/Fixtures/slice-t1-tunnels.ink",
"rule" : {
"process" : {
}
}
},
{
"path" : "/Users/admin/builder/spi-builder-workspace/Tests/SwiftInkRuntimeTests/Fixtures/slice-t1-tunnels.ink.json",
"rule" : {
"process" : {
}
}
},
{
"path" : "/Users/admin/builder/spi-builder-workspace/Tests/SwiftInkRuntimeTests/Fixtures/slice-t2-nested-tunnels.ink",
"rule" : {
"process" : {
}
}
},
{
"path" : "/Users/admin/builder/spi-builder-workspace/Tests/SwiftInkRuntimeTests/Fixtures/slice-t2-nested-tunnels.ink.json",
"rule" : {
"process" : {
}
}
},
{
"path" : "/Users/admin/builder/spi-builder-workspace/Tests/SwiftInkRuntimeTests/Fixtures/slice-t3-ref-params.ink",
"rule" : {
"process" : {
}
}
},
{
"path" : "/Users/admin/builder/spi-builder-workspace/Tests/SwiftInkRuntimeTests/Fixtures/slice-t3-ref-params.ink.json",
"rule" : {
"process" : {
}
}
},
{
"path" : "/Users/admin/builder/spi-builder-workspace/Tests/SwiftInkRuntimeTests/Fixtures/slice01-once-only.ink",
"rule" : {
"process" : {
}
}
},
{
"path" : "/Users/admin/builder/spi-builder-workspace/Tests/SwiftInkRuntimeTests/Fixtures/slice01-once-only.ink.json",
"rule" : {
"process" : {
}
}
},
{
"path" : "/Users/admin/builder/spi-builder-workspace/Tests/SwiftInkRuntimeTests/Fixtures/slice02-conditional.ink",
"rule" : {
"process" : {
}
}
},
{
"path" : "/Users/admin/builder/spi-builder-workspace/Tests/SwiftInkRuntimeTests/Fixtures/slice02-conditional.ink.json",
"rule" : {
"process" : {
}
}
},
{
"path" : "/Users/admin/builder/spi-builder-workspace/Tests/SwiftInkRuntimeTests/Fixtures/slice03-read-counts.ink",
"rule" : {
"process" : {
}
}
},
{
"path" : "/Users/admin/builder/spi-builder-workspace/Tests/SwiftInkRuntimeTests/Fixtures/slice03-read-counts.ink.json",
"rule" : {
"process" : {
}
}
},
{
"path" : "/Users/admin/builder/spi-builder-workspace/Tests/SwiftInkRuntimeTests/Fixtures/slice04-invisible-defaults.ink",
"rule" : {
"process" : {
}
}
},
{
"path" : "/Users/admin/builder/spi-builder-workspace/Tests/SwiftInkRuntimeTests/Fixtures/slice04-invisible-defaults.ink.json",
"rule" : {
"process" : {
}
}
},
{
"path" : "/Users/admin/builder/spi-builder-workspace/Tests/SwiftInkRuntimeTests/Fixtures/test.ink.json",
"rule" : {
"process" : {
}
}
},
{
"path" : "/Users/admin/builder/spi-builder-workspace/Tests/SwiftInkRuntimeTests/Fixtures/vt-cycle-four.ink",
"rule" : {
"process" : {
}
}
},
{
"path" : "/Users/admin/builder/spi-builder-workspace/Tests/SwiftInkRuntimeTests/Fixtures/vt-cycle-four.ink.json",
"rule" : {
"process" : {
}
}
},
{
"path" : "/Users/admin/builder/spi-builder-workspace/Tests/SwiftInkRuntimeTests/Fixtures/vt-cycle-two.ink",
"rule" : {
"process" : {
}
}
},
{
"path" : "/Users/admin/builder/spi-builder-workspace/Tests/SwiftInkRuntimeTests/Fixtures/vt-cycle-two.ink.json",
"rule" : {
"process" : {
}
}
},
{
"path" : "/Users/admin/builder/spi-builder-workspace/Tests/SwiftInkRuntimeTests/Fixtures/vt-gather-lead-cycle-once.ink",
"rule" : {
"process" : {
}
}
},
{
"path" : "/Users/admin/builder/spi-builder-workspace/Tests/SwiftInkRuntimeTests/Fixtures/vt-gather-lead-cycle-once.ink.json",
"rule" : {
"process" : {
}
}
},
{
"path" : "/Users/admin/builder/spi-builder-workspace/Tests/SwiftInkRuntimeTests/Fixtures/vt-gather-lead-empty-choice.ink",
"rule" : {
"process" : {
}
}
},
{
"path" : "/Users/admin/builder/spi-builder-workspace/Tests/SwiftInkRuntimeTests/Fixtures/vt-gather-lead-empty-choice.ink.json",
"rule" : {
"process" : {
}
}
},
{
"path" : "/Users/admin/builder/spi-builder-workspace/Tests/SwiftInkRuntimeTests/Fixtures/vt-gather-lead-end.ink",
"rule" : {
"process" : {
}
}
},
{
"path" : "/Users/admin/builder/spi-builder-workspace/Tests/SwiftInkRuntimeTests/Fixtures/vt-gather-lead-end.ink.json",
"rule" : {
"process" : {
}
}
},
{
"path" : "/Users/admin/builder/spi-builder-workspace/Tests/SwiftInkRuntimeTests/Fixtures/vt-gather-lead-gather.ink",
"rule" : {
"process" : {
}
}
},
{
"path" : "/Users/admin/builder/spi-builder-workspace/Tests/SwiftInkRuntimeTests/Fixtures/vt-gather-lead-gather.ink.json",
"rule" : {
"process" : {
}
}
},
{
"path" : "/Users/admin/builder/spi-builder-workspace/Tests/SwiftInkRuntimeTests/Fixtures/vt-gather-lead-single-choice.ink",
"rule" : {
"process" : {
}
}
},
{
"path" : "/Users/admin/builder/spi-builder-workspace/Tests/SwiftInkRuntimeTests/Fixtures/vt-gather-lead-single-choice.ink.json",
"rule" : {
"process" : {
}
}
},
{
"path" : "/Users/admin/builder/spi-builder-workspace/Tests/SwiftInkRuntimeTests/Fixtures/vt-inline-choices-gather.ink",
"rule" : {
"process" : {
}
}
},
{
"path" : "/Users/admin/builder/spi-builder-workspace/Tests/SwiftInkRuntimeTests/Fixtures/vt-inline-choices-gather.ink.json",
"rule" : {
"process" : {
}
}
},
{
"path" : "/Users/admin/builder/spi-builder-workspace/Tests/SwiftInkRuntimeTests/Fixtures/vt-mixed.ink",
"rule" : {
"process" : {
}
}
},
{
"path" : "/Users/admin/builder/spi-builder-workspace/Tests/SwiftInkRuntimeTests/Fixtures/vt-mixed.ink.json",
"rule" : {
"process" : {
}
}
},
{
"path" : "/Users/admin/builder/spi-builder-workspace/Tests/SwiftInkRuntimeTests/Fixtures/vt-once-bare.ink",
"rule" : {
"process" : {
}
}
},
{
"path" : "/Users/admin/builder/spi-builder-workspace/Tests/SwiftInkRuntimeTests/Fixtures/vt-once-bare.ink.json",
"rule" : {
"process" : {
}
}
},
{
"path" : "/Users/admin/builder/spi-builder-workspace/Tests/SwiftInkRuntimeTests/Fixtures/vt-once-sticky.ink",
"rule" : {
"process" : {
}
}
},
{
"path" : "/Users/admin/builder/spi-builder-workspace/Tests/SwiftInkRuntimeTests/Fixtures/vt-once-sticky.ink.json",
"rule" : {
"process" : {
}
}
},
{
"path" : "/Users/admin/builder/spi-builder-workspace/Tests/SwiftInkRuntimeTests/Fixtures/vt-seq-three.ink",
"rule" : {
"process" : {
}
}
},
{
"path" : "/Users/admin/builder/spi-builder-workspace/Tests/SwiftInkRuntimeTests/Fixtures/vt-seq-three.ink.json",
"rule" : {
"process" : {
}
}
},
{
"path" : "/Users/admin/builder/spi-builder-workspace/Tests/SwiftInkRuntimeTests/Fixtures/vt-seq-two.ink",
"rule" : {
"process" : {
}
}
},
{
"path" : "/Users/admin/builder/spi-builder-workspace/Tests/SwiftInkRuntimeTests/Fixtures/vt-seq-two.ink.json",
"rule" : {
"process" : {
}
}
}
],
"sources" : [
"Acceptance/Bug_DeferFlushDuringChoiceClusterTests.swift",
"Acceptance/Bug_GlueAfterChoiceTests.swift",
"Acceptance/CompilerOracleSupport.swift",
"Acceptance/Compiler_ChoiceInConditionalArmTests.swift",
"Acceptance/Compiler_ChoiceInNestedConditionalArmTests.swift",
"Acceptance/Compiler_ChoiceLabelReadCountTests.swift",
"Acceptance/Compiler_CommentEliminatorQuoteStateTests.swift",
"Acceptance/Compiler_NestedConditionalArmTests.swift",
"Acceptance/Compiler_NoInklecateGuardrailTests.swift",
"Acceptance/Compiler_S0_WalkingSkeletonTests.swift",
"Acceptance/Compiler_S1_CoreFlowTests.swift",
"Acceptance/Compiler_S2_ComparisonArgumentTests.swift",
"Acceptance/Compiler_S2_UnaryMinusTests.swift",
"Acceptance/Compiler_S2_VariablesTests.swift",
"Acceptance/Compiler_S3_ChoicesGathersTests.swift",
"Acceptance/Compiler_S4_CeilingTests.swift",
"Acceptance/Compiler_S4_ChoiceContinuationTagTests.swift",
"Acceptance/Compiler_S4_ChoiceMultiTagTests.swift",
"Acceptance/Compiler_S5_FeatureReferenceConsistencyTests.swift",
"Acceptance/Compiler_S6_UnsupportedRejectionTests.swift",
"Acceptance/Compiler_TheInterceptProgressTests.swift",
"Acceptance/Compiler_VT0_ShuffleRejectGuardTests.swift",
"Acceptance/Compiler_VT1_OnceOnlyTests.swift",
"Acceptance/Compiler_VT2_SequenceTests.swift",
"Acceptance/Compiler_VT3_CycleTests.swift",
"Acceptance/Compiler_VT4_BraceMarkerPrecedenceTests.swift",
"Acceptance/Compiler_VariableTextThreadingTests.swift",
"Acceptance/Compiler_WalkingSkeleton_FlatWeaveTests.swift",
"Acceptance/DocAccuracy_MigrationGuideCoverageTests.swift",
"Acceptance/DocAccuracy_ParityStatementConsistencyTests.swift",
"Acceptance/Engine_FunctionBodyContainerTests.swift",
"Acceptance/Milestone1_JSONDecodingTests.swift",
"Acceptance/Milestone2_StoryExecutionTests.swift",
"Acceptance/Milestone3_SaveRestoreTests.swift",
"Acceptance/Milestone4_Tier2ChoiceMechanicsTests.swift",
"Acceptance/Milestone5_Tier3ConditionalsAndTunnelsTests.swift",
"Acceptance/Milestone5b_TheInterceptNonTrivialPlaythroughTests.swift",
"Acceptance/Milestone6_MoveToKnotTests.swift",
"Acceptance/Milestone7_StoryTestabilityTests.swift",
"Acceptance/NativeRuntimeLinux_NumberTypeParityTests.swift",
"Acceptance/WalkingSkeletonTests.swift",
"Diagnostics/OracleDiagnostics.swift",
"Diagnostics/OracleDivergenceProbe.swift",
"Diagnostics/TheInterceptDivergenceDiagnostic.swift",
"Diagnostics/TheInterceptPlaybackProbe.swift",
"Unit/BooleanConditionsTests.swift",
"Unit/CommentEliminatorTests.swift",
"Unit/Compiler_FunctionTunnelRefTests.swift",
"Unit/FollowWeavesFromConditionalsTests.swift",
"Unit/InkConditionalCompileTests.swift",
"Unit/InkDecoderTests.swift",
"Unit/InkEngineGetVariableTests.swift",
"Unit/InkEngineSetVariableTests.swift",
"Unit/InkEngineTests.swift",
"Unit/InkEngineVisitCountTests.swift",
"Unit/InkExpressionTests.swift",
"Unit/InkExpressionUnaryMinusTests.swift",
"Unit/InkParserAssignmentTargetTests.swift",
"Unit/InkParserBraceMarkerTests.swift",
"Unit/InkParserChoiceLabelConditionTests.swift",
"Unit/InkParserOutcomeTagTests.swift",
"Unit/InkParserTests.swift",
"Unit/LineContinuationTests.swift",
"Unit/NodeKindTests.swift",
"Unit/StoryBlueprintTests.swift",
"Unit/StoryStateTests.swift",
"Unit/StringParserTests.swift",
"Unit/TagParserTests.swift",
"Unit/TreeWalkerTests.swift",
"Unit/WeaveDiscoveryPrePassTests.swift",
"Unit/WeaveEmitterChoiceKeyingTests.swift"
],
"target_dependencies" : [
"SwiftInkRuntime",
"SwiftInkRuntimeTestSupport",
"InkSwift"
],
"type" : "test"
},
{
"c99name" : "SwiftInkRuntimeTestSupport",
"module_type" : "SwiftTarget",
"name" : "SwiftInkRuntimeTestSupport",
"path" : "Sources/SwiftInkRuntimeTestSupport",
"product_memberships" : [
"SwiftInkRuntimeTestSupport"
],
"sources" : [
"StoryTestSupport.swift"
],
"target_dependencies" : [
"SwiftInkRuntime"
],
"type" : "library"
},
{
"c99name" : "SwiftInkRuntime",
"module_type" : "SwiftTarget",
"name" : "SwiftInkRuntime",
"path" : "Sources/SwiftInkRuntime",
"product_memberships" : [
"SwiftInkRuntime",
"SwiftInkRuntimeTestSupport"
],
"resources" : [
{
"path" : "/Users/admin/builder/spi-builder-workspace/Sources/SwiftInkRuntime/test.ink.json",
"rule" : {
"process" : {
}
}
}
],
"sources" : [
"Compiler/AST/CompilerAST.swift",
"Compiler/Codegen/ConditionalEmitter.swift",
"Compiler/Codegen/JSONEmitter.swift",
"Compiler/Codegen/RuntimeObjectEmitter.swift",
"Compiler/Codegen/VariableTextEmitter.swift",
"Compiler/Codegen/WeaveEmitter.swift",
"Compiler/Error/CompileError.swift",
"Compiler/GlueMarker.swift",
"Compiler/InkCompiler.swift",
"Compiler/Lexer/CommentEliminator.swift",
"Compiler/Parser/InkParser.swift",
"Compiler/Parser/InkParserExpressions.swift",
"Compiler/Parser/StringParser.swift",
"Compiler/Parser/UnsupportedConstructDetector.swift",
"Decoder/ContainerNode.swift",
"Decoder/InkDecoder.swift",
"Decoder/NodeKind.swift",
"Engine/InkEngine.swift",
"Engine/StoryState.swift",
"Engine/TagParser.swift",
"Engine/TreeWalker.swift",
"Facade/Story.swift",
"Facade/StoryBlueprint.swift"
],
"type" : "library"
},
{
"c99name" : "InkSwiftTests",
"module_type" : "SwiftTarget",
"name" : "InkSwiftTests",
"path" : "Tests/InkSwiftTests",
"product_dependencies" : [
"JSONEquality"
],
"resources" : [
{
"path" : "/Users/admin/builder/spi-builder-workspace/Tests/InkSwiftTests/TheIntercept.ink",
"rule" : {
"process" : {
}
}
},
{
"path" : "/Users/admin/builder/spi-builder-workspace/Tests/InkSwiftTests/compare.json",
"rule" : {
"process" : {
}
}
},
{
"path" : "/Users/admin/builder/spi-builder-workspace/Tests/InkSwiftTests/test.ink",
"rule" : {
"process" : {
}
}
},
{
"path" : "/Users/admin/builder/spi-builder-workspace/Tests/InkSwiftTests/test.ink.json",
"rule" : {
"process" : {
}
}
}
],
"sources" : [
"CombineTests.swift",
"CompilerTests.swift",
"InkSwiftTests.swift"
],
"target_dependencies" : [
"InkSwift"
],
"type" : "test"
},
{
"c99name" : "InkSwift",
"module_type" : "SwiftTarget",
"name" : "InkSwift",
"path" : "Sources/InkSwift",
"product_dependencies" : [
"JXKit"
],
"product_memberships" : [
"InkSwift"
],
"resources" : [
{
"path" : "/Users/admin/builder/spi-builder-workspace/Sources/InkSwift/ink-full.js",
"rule" : {
"process" : {
}
}
}
],
"sources" : [
"InkStory.swift"
],
"type" : "library"
}
],
"tools_version" : "5.6"
}
{
"workspace" : {
"name" : "spi-builder-workspace",
"schemes" : [
"InkSwift",
"InkSwift-Package",
"SwiftInkRuntime",
"SwiftInkRuntimeTestSupport"
]
}
}
Running build ...
env DEVELOPER_DIR=/Applications/Xcode-16.3.0.app xcrun xcodebuild -IDEClonedSourcePackagesDirPathOverride=$PWD/.dependencies -skipMacroValidation -skipPackagePluginValidation -derivedDataPath $PWD/.derivedData build -scheme InkSwift-Package -destination generic/platform=watchOS OTHER_SWIFT_FLAGS=-stats-output-dir .stats -strict-concurrency=complete -enable-upcoming-feature StrictConcurrency -enable-upcoming-feature DisableOutwardActorInference -enable-upcoming-feature GlobalActorIsolatedTypesUsability -enable-upcoming-feature InferSendableFromCaptures
Command line invocation:
/Applications/Xcode-16.3.0.app/Contents/Developer/usr/bin/xcodebuild -IDEClonedSourcePackagesDirPathOverride=/Users/admin/builder/spi-builder-workspace/.dependencies -skipMacroValidation -skipPackagePluginValidation -derivedDataPath /Users/admin/builder/spi-builder-workspace/.derivedData build -scheme InkSwift-Package -destination generic/platform=watchOS "OTHER_SWIFT_FLAGS=-stats-output-dir .stats -strict-concurrency=complete -enable-upcoming-feature StrictConcurrency -enable-upcoming-feature DisableOutwardActorInference -enable-upcoming-feature GlobalActorIsolatedTypesUsability -enable-upcoming-feature InferSendableFromCaptures"
Build settings from command line:
OTHER_SWIFT_FLAGS = -stats-output-dir .stats -strict-concurrency=complete -enable-upcoming-feature StrictConcurrency -enable-upcoming-feature DisableOutwardActorInference -enable-upcoming-feature GlobalActorIsolatedTypesUsability -enable-upcoming-feature InferSendableFromCaptures
Resolve Package Graph
Resolve Package Graph
Resolved source packages:
JSONEquality: https://github.com/neallester/JSONEquality.git @ master (5dc8726)
InkSwift: /Users/admin/builder/spi-builder-workspace
JXKit: https://github.com/jectivex/JXKit.git @ 3.6.0
ComputePackagePrebuildTargetDependencyGraph
Prepare packages
CreateBuildRequest
SendProjectDescription
CreateBuildOperation
ComputeTargetDependencyGraph
note: Building targets in dependency order
note: Target dependency graph (11 targets)
Target 'SwiftInkRuntimeTestSupport' in project 'InkSwift'
➜ Explicit dependency on target 'SwiftInkRuntimeTestSupport' in project 'InkSwift'
➜ Explicit dependency on target 'SwiftInkRuntime' in project 'InkSwift'
Target 'SwiftInkRuntimeTestSupport' in project 'InkSwift'
➜ Explicit dependency on target 'SwiftInkRuntime' in project 'InkSwift'
Target 'SwiftInkRuntime' in project 'InkSwift'
➜ Explicit dependency on target 'SwiftInkRuntime' in project 'InkSwift'
➜ Explicit dependency on target 'InkSwift_SwiftInkRuntime' in project 'InkSwift'
Target 'SwiftInkRuntime' in project 'InkSwift'
➜ Explicit dependency on target 'InkSwift_SwiftInkRuntime' in project 'InkSwift'
Target 'InkSwift_SwiftInkRuntime' in project 'InkSwift' (no dependencies)
Target 'InkSwift' in project 'InkSwift'
➜ Explicit dependency on target 'InkSwift' in project 'InkSwift'
➜ Explicit dependency on target 'InkSwift_InkSwift' in project 'InkSwift'
➜ Explicit dependency on target 'JXKit' in project 'JXKit'
Target 'InkSwift' in project 'InkSwift'
➜ Explicit dependency on target 'InkSwift_InkSwift' in project 'InkSwift'
➜ Explicit dependency on target 'JXKit' in project 'JXKit'
Target 'JXKit' in project 'JXKit'
➜ Explicit dependency on target 'JXKit' in project 'JXKit'
➜ Explicit dependency on target 'JXKit_JXKit' in project 'JXKit'
Target 'JXKit' in project 'JXKit'
➜ Explicit dependency on target 'JXKit_JXKit' in project 'JXKit'
Target 'JXKit_JXKit' in project 'JXKit' (no dependencies)
Target 'InkSwift_InkSwift' in project 'InkSwift' (no dependencies)
GatherProvisioningInputs
CreateBuildDescription
ExecuteExternalTool /Applications/Xcode-16.3.0.app/Contents/Developer/Toolchains/XcodeDefault.xctoolchain/usr/bin/swiftc --version
ExecuteExternalTool /Applications/Xcode-16.3.0.app/Contents/Developer/Toolchains/XcodeDefault.xctoolchain/usr/bin/clang -v -E -dM -isysroot /Applications/Xcode-16.3.0.app/Contents/Developer/Platforms/WatchOS.platform/Developer/SDKs/WatchOS11.4.sdk -x c -c /dev/null
ExecuteExternalTool /Applications/Xcode-16.3.0.app/Contents/Developer/Toolchains/XcodeDefault.xctoolchain/usr/bin/ld -version_details
ReadFileContents /Applications/Xcode-16.3.0.app/Contents/Developer/Toolchains/XcodeDefault.xctoolchain/usr/share/docc/features.json
Build description signature: b019d1edff7a86f285e8cfa157fa09bf
Build description path: /Users/admin/builder/spi-builder-workspace/.derivedData/Build/Intermediates.noindex/XCBuildData/b019d1edff7a86f285e8cfa157fa09bf.xcbuilddata
ClangStatCache /Applications/Xcode-16.3.0.app/Contents/Developer/Toolchains/XcodeDefault.xctoolchain/usr/bin/clang-stat-cache /Applications/Xcode-16.3.0.app/Contents/Developer/Platforms/WatchOS.platform/Developer/SDKs/WatchOS11.4.sdk /Users/admin/builder/spi-builder-workspace/.derivedData/SDKStatCaches.noindex/watchos11.4-22T246-43efb940ff07ba2497b70ec94253f576.sdkstatcache
cd /Users/admin/builder/spi-builder-workspace/.swiftpm/xcode
/Applications/Xcode-16.3.0.app/Contents/Developer/Toolchains/XcodeDefault.xctoolchain/usr/bin/clang-stat-cache /Applications/Xcode-16.3.0.app/Contents/Developer/Platforms/WatchOS.platform/Developer/SDKs/WatchOS11.4.sdk -o /Users/admin/builder/spi-builder-workspace/.derivedData/SDKStatCaches.noindex/watchos11.4-22T246-43efb940ff07ba2497b70ec94253f576.sdkstatcache
CreateBuildDirectory /Users/admin/builder/spi-builder-workspace/.derivedData/Build/Products
cd /Users/admin/builder/spi-builder-workspace/.swiftpm/xcode
builtin-create-build-directory /Users/admin/builder/spi-builder-workspace/.derivedData/Build/Products
CreateBuildDirectory /Users/admin/builder/spi-builder-workspace/.derivedData/Build/Intermediates.noindex
cd /Users/admin/builder/spi-builder-workspace/.swiftpm/xcode
builtin-create-build-directory /Users/admin/builder/spi-builder-workspace/.derivedData/Build/Intermediates.noindex
CreateBuildDirectory /Users/admin/builder/spi-builder-workspace/.derivedData/Build/Products/Debug-watchos
cd /Users/admin/builder/spi-builder-workspace/.swiftpm/xcode
builtin-create-build-directory /Users/admin/builder/spi-builder-workspace/.derivedData/Build/Products/Debug-watchos
CreateBuildDirectory /Users/admin/builder/spi-builder-workspace/.derivedData/Build/Intermediates.noindex/EagerLinkingTBDs/Debug-watchos
cd /Users/admin/builder/spi-builder-workspace/.swiftpm/xcode
builtin-create-build-directory /Users/admin/builder/spi-builder-workspace/.derivedData/Build/Intermediates.noindex/EagerLinkingTBDs/Debug-watchos
CreateBuildDirectory /Users/admin/builder/spi-builder-workspace/.derivedData/Build/Products/Debug-watchos/PackageFrameworks
cd /Users/admin/builder/spi-builder-workspace/.swiftpm/xcode
builtin-create-build-directory /Users/admin/builder/spi-builder-workspace/.derivedData/Build/Products/Debug-watchos/PackageFrameworks
MkDir /Users/admin/builder/spi-builder-workspace/.derivedData/Build/Products/Debug-watchos/JXKit_JXKit.bundle (in target 'JXKit_JXKit' from project 'JXKit')
cd /Users/admin/builder/spi-builder-workspace/.dependencies/checkouts/JXKit
/bin/mkdir -p /Users/admin/builder/spi-builder-workspace/.derivedData/Build/Products/Debug-watchos/JXKit_JXKit.bundle
WriteAuxiliaryFile /Users/admin/builder/spi-builder-workspace/.derivedData/Build/Intermediates.noindex/JXKit.build/Debug-watchos/JXKit_JXKit.build/JXKit_JXKit.DependencyStaticMetadataFileList (in target 'JXKit_JXKit' from project 'JXKit')
cd /Users/admin/builder/spi-builder-workspace/.dependencies/checkouts/JXKit
write-file /Users/admin/builder/spi-builder-workspace/.derivedData/Build/Intermediates.noindex/JXKit.build/Debug-watchos/JXKit_JXKit.build/JXKit_JXKit.DependencyStaticMetadataFileList
WriteAuxiliaryFile /Users/admin/builder/spi-builder-workspace/.derivedData/Build/Intermediates.noindex/JXKit.build/Debug-watchos/JXKit_JXKit.build/JXKit_JXKit.DependencyMetadataFileList (in target 'JXKit_JXKit' from project 'JXKit')
cd /Users/admin/builder/spi-builder-workspace/.dependencies/checkouts/JXKit
write-file /Users/admin/builder/spi-builder-workspace/.derivedData/Build/Intermediates.noindex/JXKit.build/Debug-watchos/JXKit_JXKit.build/JXKit_JXKit.DependencyMetadataFileList
WriteAuxiliaryFile /Users/admin/builder/spi-builder-workspace/.derivedData/Build/Intermediates.noindex/JXKit.build/Debug-watchos/JXKit_JXKit.build/empty-JXKit_JXKit.plist (in target 'JXKit_JXKit' from project 'JXKit')
cd /Users/admin/builder/spi-builder-workspace/.dependencies/checkouts/JXKit
write-file /Users/admin/builder/spi-builder-workspace/.derivedData/Build/Intermediates.noindex/JXKit.build/Debug-watchos/JXKit_JXKit.build/empty-JXKit_JXKit.plist
WriteAuxiliaryFile /Users/admin/builder/spi-builder-workspace/.derivedData/Build/Intermediates.noindex/InkSwift.build/Debug-watchos/SwiftInkRuntimeTestSupport.build/SwiftInkRuntimeTestSupport.modulemap (in target 'SwiftInkRuntimeTestSupport' from project 'InkSwift')
cd /Users/admin/builder/spi-builder-workspace
write-file /Users/admin/builder/spi-builder-workspace/.derivedData/Build/Intermediates.noindex/InkSwift.build/Debug-watchos/SwiftInkRuntimeTestSupport.build/SwiftInkRuntimeTestSupport.modulemap
WriteAuxiliaryFile /Users/admin/builder/spi-builder-workspace/.derivedData/Build/Intermediates.noindex/InkSwift.build/Debug-watchos/InkSwift_SwiftInkRuntime.build/InkSwift_SwiftInkRuntime.DependencyStaticMetadataFileList (in target 'InkSwift_SwiftInkRuntime' from project 'InkSwift')
cd /Users/admin/builder/spi-builder-workspace
write-file /Users/admin/builder/spi-builder-workspace/.derivedData/Build/Intermediates.noindex/InkSwift.build/Debug-watchos/InkSwift_SwiftInkRuntime.build/InkSwift_SwiftInkRuntime.DependencyStaticMetadataFileList
WriteAuxiliaryFile /Users/admin/builder/spi-builder-workspace/.derivedData/Build/Intermediates.noindex/InkSwift.build/Debug-watchos/InkSwift_SwiftInkRuntime.build/InkSwift_SwiftInkRuntime.DependencyMetadataFileList (in target 'InkSwift_SwiftInkRuntime' from project 'InkSwift')
cd /Users/admin/builder/spi-builder-workspace
write-file /Users/admin/builder/spi-builder-workspace/.derivedData/Build/Intermediates.noindex/InkSwift.build/Debug-watchos/InkSwift_SwiftInkRuntime.build/InkSwift_SwiftInkRuntime.DependencyMetadataFileList
WriteAuxiliaryFile /Users/admin/builder/spi-builder-workspace/.derivedData/Build/Intermediates.noindex/InkSwift.build/Debug-watchos/SwiftInkRuntimeTestSupport.build/SwiftInkRuntimeTestSupport.DependencyStaticMetadataFileList (in target 'SwiftInkRuntimeTestSupport' from project 'InkSwift')
cd /Users/admin/builder/spi-builder-workspace
write-file /Users/admin/builder/spi-builder-workspace/.derivedData/Build/Intermediates.noindex/InkSwift.build/Debug-watchos/SwiftInkRuntimeTestSupport.build/SwiftInkRuntimeTestSupport.DependencyStaticMetadataFileList
WriteAuxiliaryFile /Users/admin/builder/spi-builder-workspace/.derivedData/Build/Intermediates.noindex/InkSwift.build/Debug-watchos/InkSwift_SwiftInkRuntime.build/empty-InkSwift_SwiftInkRuntime.plist (in target 'InkSwift_SwiftInkRuntime' from project 'InkSwift')
cd /Users/admin/builder/spi-builder-workspace
write-file /Users/admin/builder/spi-builder-workspace/.derivedData/Build/Intermediates.noindex/InkSwift.build/Debug-watchos/InkSwift_SwiftInkRuntime.build/empty-InkSwift_SwiftInkRuntime.plist
WriteAuxiliaryFile /Users/admin/builder/spi-builder-workspace/.derivedData/Build/Intermediates.noindex/InkSwift.build/Debug-watchos/SwiftInkRuntimeTestSupport.build/SwiftInkRuntimeTestSupport.DependencyMetadataFileList (in target 'SwiftInkRuntimeTestSupport' from project 'InkSwift')
cd /Users/admin/builder/spi-builder-workspace
write-file /Users/admin/builder/spi-builder-workspace/.derivedData/Build/Intermediates.noindex/InkSwift.build/Debug-watchos/SwiftInkRuntimeTestSupport.build/SwiftInkRuntimeTestSupport.DependencyMetadataFileList
WriteAuxiliaryFile /Users/admin/builder/spi-builder-workspace/.derivedData/Build/Intermediates.noindex/InkSwift.build/Debug-watchos/SwiftInkRuntimeTestSupport.build/Objects-normal/armv7k/SwiftInkRuntimeTestSupport_const_extract_protocols.json (in target 'SwiftInkRuntimeTestSupport' from project 'InkSwift')
cd /Users/admin/builder/spi-builder-workspace
write-file /Users/admin/builder/spi-builder-workspace/.derivedData/Build/Intermediates.noindex/InkSwift.build/Debug-watchos/SwiftInkRuntimeTestSupport.build/Objects-normal/armv7k/SwiftInkRuntimeTestSupport_const_extract_protocols.json
WriteAuxiliaryFile /Users/admin/builder/spi-builder-workspace/.derivedData/Build/Intermediates.noindex/InkSwift.build/Debug-watchos/SwiftInkRuntimeTestSupport.build/Objects-normal/armv7k/SwiftInkRuntimeTestSupport.SwiftFileList (in target 'SwiftInkRuntimeTestSupport' from project 'InkSwift')
cd /Users/admin/builder/spi-builder-workspace
write-file /Users/admin/builder/spi-builder-workspace/.derivedData/Build/Intermediates.noindex/InkSwift.build/Debug-watchos/SwiftInkRuntimeTestSupport.build/Objects-normal/armv7k/SwiftInkRuntimeTestSupport.SwiftFileList
WriteAuxiliaryFile /Users/admin/builder/spi-builder-workspace/.derivedData/Build/Intermediates.noindex/InkSwift.build/Debug-watchos/SwiftInkRuntimeTestSupport.build/Objects-normal/armv7k/SwiftInkRuntimeTestSupport.SwiftConstValuesFileList (in target 'SwiftInkRuntimeTestSupport' from project 'InkSwift')
cd /Users/admin/builder/spi-builder-workspace
write-file /Users/admin/builder/spi-builder-workspace/.derivedData/Build/Intermediates.noindex/InkSwift.build/Debug-watchos/SwiftInkRuntimeTestSupport.build/Objects-normal/armv7k/SwiftInkRuntimeTestSupport.SwiftConstValuesFileList
WriteAuxiliaryFile /Users/admin/builder/spi-builder-workspace/.derivedData/Build/Intermediates.noindex/InkSwift.build/Debug-watchos/SwiftInkRuntimeTestSupport.build/Objects-normal/armv7k/SwiftInkRuntimeTestSupport.LinkFileList (in target 'SwiftInkRuntimeTestSupport' from project 'InkSwift')
cd /Users/admin/builder/spi-builder-workspace
write-file /Users/admin/builder/spi-builder-workspace/.derivedData/Build/Intermediates.noindex/InkSwift.build/Debug-watchos/SwiftInkRuntimeTestSupport.build/Objects-normal/armv7k/SwiftInkRuntimeTestSupport.LinkFileList
WriteAuxiliaryFile /Users/admin/builder/spi-builder-workspace/.derivedData/Build/Intermediates.noindex/InkSwift.build/Debug-watchos/SwiftInkRuntimeTestSupport.build/Objects-normal/armv7k/SwiftInkRuntimeTestSupport-OutputFileMap.json (in target 'SwiftInkRuntimeTestSupport' from project 'InkSwift')
cd /Users/admin/builder/spi-builder-workspace
write-file /Users/admin/builder/spi-builder-workspace/.derivedData/Build/Intermediates.noindex/InkSwift.build/Debug-watchos/SwiftInkRuntimeTestSupport.build/Objects-normal/armv7k/SwiftInkRuntimeTestSupport-OutputFileMap.json
WriteAuxiliaryFile /Users/admin/builder/spi-builder-workspace/.derivedData/Build/Intermediates.noindex/InkSwift.build/Debug-watchos/SwiftInkRuntimeTestSupport.build/Objects-normal/arm64_32/SwiftInkRuntimeTestSupport_const_extract_protocols.json (in target 'SwiftInkRuntimeTestSupport' from project 'InkSwift')
cd /Users/admin/builder/spi-builder-workspace
write-file /Users/admin/builder/spi-builder-workspace/.derivedData/Build/Intermediates.noindex/InkSwift.build/Debug-watchos/SwiftInkRuntimeTestSupport.build/Objects-normal/arm64_32/SwiftInkRuntimeTestSupport_const_extract_protocols.json
WriteAuxiliaryFile /Users/admin/builder/spi-builder-workspace/.derivedData/Build/Intermediates.noindex/InkSwift.build/Debug-watchos/SwiftInkRuntimeTestSupport.build/Objects-normal/arm64_32/SwiftInkRuntimeTestSupport.SwiftFileList (in target 'SwiftInkRuntimeTestSupport' from project 'InkSwift')
cd /Users/admin/builder/spi-builder-workspace
write-file /Users/admin/builder/spi-builder-workspace/.derivedData/Build/Intermediates.noindex/InkSwift.build/Debug-watchos/SwiftInkRuntimeTestSupport.build/Objects-normal/arm64_32/SwiftInkRuntimeTestSupport.SwiftFileList
WriteAuxiliaryFile /Users/admin/builder/spi-builder-workspace/.derivedData/Build/Intermediates.noindex/InkSwift.build/Debug-watchos/SwiftInkRuntimeTestSupport.build/Objects-normal/arm64_32/SwiftInkRuntimeTestSupport.SwiftConstValuesFileList (in target 'SwiftInkRuntimeTestSupport' from project 'InkSwift')
cd /Users/admin/builder/spi-builder-workspace
write-file /Users/admin/builder/spi-builder-workspace/.derivedData/Build/Intermediates.noindex/InkSwift.build/Debug-watchos/SwiftInkRuntimeTestSupport.build/Objects-normal/arm64_32/SwiftInkRuntimeTestSupport.SwiftConstValuesFileList
WriteAuxiliaryFile /Users/admin/builder/spi-builder-workspace/.derivedData/Build/Intermediates.noindex/InkSwift.build/Debug-watchos/SwiftInkRuntimeTestSupport.build/Objects-normal/arm64_32/SwiftInkRuntimeTestSupport.LinkFileList (in target 'SwiftInkRuntimeTestSupport' from project 'InkSwift')
cd /Users/admin/builder/spi-builder-workspace
write-file /Users/admin/builder/spi-builder-workspace/.derivedData/Build/Intermediates.noindex/InkSwift.build/Debug-watchos/SwiftInkRuntimeTestSupport.build/Objects-normal/arm64_32/SwiftInkRuntimeTestSupport.LinkFileList
WriteAuxiliaryFile /Users/admin/builder/spi-builder-workspace/.derivedData/Build/Intermediates.noindex/InkSwift.build/Debug-watchos/SwiftInkRuntimeTestSupport.build/Objects-normal/arm64_32/SwiftInkRuntimeTestSupport-OutputFileMap.json (in target 'SwiftInkRuntimeTestSupport' from project 'InkSwift')
cd /Users/admin/builder/spi-builder-workspace
write-file /Users/admin/builder/spi-builder-workspace/.derivedData/Build/Intermediates.noindex/InkSwift.build/Debug-watchos/SwiftInkRuntimeTestSupport.build/Objects-normal/arm64_32/SwiftInkRuntimeTestSupport-OutputFileMap.json
WriteAuxiliaryFile /Users/admin/builder/spi-builder-workspace/.derivedData/Build/Intermediates.noindex/InkSwift.build/Debug-watchos/SwiftInkRuntimeTestSupport.build/Objects-normal/arm64/SwiftInkRuntimeTestSupport_const_extract_protocols.json (in target 'SwiftInkRuntimeTestSupport' from project 'InkSwift')
cd /Users/admin/builder/spi-builder-workspace
write-file /Users/admin/builder/spi-builder-workspace/.derivedData/Build/Intermediates.noindex/InkSwift.build/Debug-watchos/SwiftInkRuntimeTestSupport.build/Objects-normal/arm64/SwiftInkRuntimeTestSupport_const_extract_protocols.json
WriteAuxiliaryFile /Users/admin/builder/spi-builder-workspace/.derivedData/Build/Intermediates.noindex/InkSwift.build/Debug-watchos/SwiftInkRuntimeTestSupport.build/Objects-normal/arm64/SwiftInkRuntimeTestSupport.SwiftFileList (in target 'SwiftInkRuntimeTestSupport' from project 'InkSwift')
cd /Users/admin/builder/spi-builder-workspace
write-file /Users/admin/builder/spi-builder-workspace/.derivedData/Build/Intermediates.noindex/InkSwift.build/Debug-watchos/SwiftInkRuntimeTestSupport.build/Objects-normal/arm64/SwiftInkRuntimeTestSupport.SwiftFileList
WriteAuxiliaryFile /Users/admin/builder/spi-builder-workspace/.derivedData/Build/Intermediates.noindex/InkSwift.build/Debug-watchos/SwiftInkRuntimeTestSupport.build/Objects-normal/arm64/SwiftInkRuntimeTestSupport.SwiftConstValuesFileList (in target 'SwiftInkRuntimeTestSupport' from project 'InkSwift')
cd /Users/admin/builder/spi-builder-workspace
write-file /Users/admin/builder/spi-builder-workspace/.derivedData/Build/Intermediates.noindex/InkSwift.build/Debug-watchos/SwiftInkRuntimeTestSupport.build/Objects-normal/arm64/SwiftInkRuntimeTestSupport.SwiftConstValuesFileList
WriteAuxiliaryFile /Users/admin/builder/spi-builder-workspace/.derivedData/Build/Intermediates.noindex/InkSwift.build/Debug-watchos/SwiftInkRuntimeTestSupport.build/Objects-normal/arm64/SwiftInkRuntimeTestSupport.LinkFileList (in target 'SwiftInkRuntimeTestSupport' from project 'InkSwift')
cd /Users/admin/builder/spi-builder-workspace
write-file /Users/admin/builder/spi-builder-workspace/.derivedData/Build/Intermediates.noindex/InkSwift.build/Debug-watchos/SwiftInkRuntimeTestSupport.build/Objects-normal/arm64/SwiftInkRuntimeTestSupport.LinkFileList
WriteAuxiliaryFile /Users/admin/builder/spi-builder-workspace/.derivedData/Build/Intermediates.noindex/InkSwift.build/Debug-watchos/SwiftInkRuntimeTestSupport.build/Objects-normal/arm64/SwiftInkRuntimeTestSupport-OutputFileMap.json (in target 'SwiftInkRuntimeTestSupport' from project 'InkSwift')
cd /Users/admin/builder/spi-builder-workspace
write-file /Users/admin/builder/spi-builder-workspace/.derivedData/Build/Intermediates.noindex/InkSwift.build/Debug-watchos/SwiftInkRuntimeTestSupport.build/Objects-normal/arm64/SwiftInkRuntimeTestSupport-OutputFileMap.json
Copy /Users/admin/builder/spi-builder-workspace/.derivedData/Build/Intermediates.noindex/GeneratedModuleMaps-watchos/SwiftInkRuntimeTestSupport.modulemap /Users/admin/builder/spi-builder-workspace/.derivedData/Build/Intermediates.noindex/InkSwift.build/Debug-watchos/SwiftInkRuntimeTestSupport.build/SwiftInkRuntimeTestSupport.modulemap (in target 'SwiftInkRuntimeTestSupport' from project 'InkSwift')
cd /Users/admin/builder/spi-builder-workspace
builtin-copy -exclude .DS_Store -exclude CVS -exclude .svn -exclude .git -exclude .hg -resolve-src-symlinks /Users/admin/builder/spi-builder-workspace/.derivedData/Build/Intermediates.noindex/InkSwift.build/Debug-watchos/SwiftInkRuntimeTestSupport.build/SwiftInkRuntimeTestSupport.modulemap /Users/admin/builder/spi-builder-workspace/.derivedData/Build/Intermediates.noindex/GeneratedModuleMaps-watchos
WriteAuxiliaryFile /Users/admin/builder/spi-builder-workspace/.derivedData/Build/Intermediates.noindex/InkSwift.build/Debug-watchos/SwiftInkRuntime.build/SwiftInkRuntime.DependencyStaticMetadataFileList (in target 'SwiftInkRuntime' from project 'InkSwift')
cd /Users/admin/builder/spi-builder-workspace
write-file /Users/admin/builder/spi-builder-workspace/.derivedData/Build/Intermediates.noindex/InkSwift.build/Debug-watchos/SwiftInkRuntime.build/SwiftInkRuntime.DependencyStaticMetadataFileList
WriteAuxiliaryFile /Users/admin/builder/spi-builder-workspace/.derivedData/Build/Intermediates.noindex/InkSwift.build/Debug-watchos/SwiftInkRuntime.build/SwiftInkRuntime.modulemap (in target 'SwiftInkRuntime' from project 'InkSwift')
cd /Users/admin/builder/spi-builder-workspace
write-file /Users/admin/builder/spi-builder-workspace/.derivedData/Build/Intermediates.noindex/InkSwift.build/Debug-watchos/SwiftInkRuntime.build/SwiftInkRuntime.modulemap
WriteAuxiliaryFile /Users/admin/builder/spi-builder-workspace/.derivedData/Build/Intermediates.noindex/InkSwift.build/Debug-watchos/SwiftInkRuntime.build/SwiftInkRuntime.DependencyMetadataFileList (in target 'SwiftInkRuntime' from project 'InkSwift')
cd /Users/admin/builder/spi-builder-workspace
write-file /Users/admin/builder/spi-builder-workspace/.derivedData/Build/Intermediates.noindex/InkSwift.build/Debug-watchos/SwiftInkRuntime.build/SwiftInkRuntime.DependencyMetadataFileList
WriteAuxiliaryFile /Users/admin/builder/spi-builder-workspace/.derivedData/Build/Intermediates.noindex/InkSwift.build/Debug-watchos/SwiftInkRuntime.build/Objects-normal/armv7k/SwiftInkRuntime_const_extract_protocols.json (in target 'SwiftInkRuntime' from project 'InkSwift')
cd /Users/admin/builder/spi-builder-workspace
write-file /Users/admin/builder/spi-builder-workspace/.derivedData/Build/Intermediates.noindex/InkSwift.build/Debug-watchos/SwiftInkRuntime.build/Objects-normal/armv7k/SwiftInkRuntime_const_extract_protocols.json
WriteAuxiliaryFile /Users/admin/builder/spi-builder-workspace/.derivedData/Build/Intermediates.noindex/InkSwift.build/Debug-watchos/SwiftInkRuntime.build/Objects-normal/armv7k/SwiftInkRuntime.SwiftFileList (in target 'SwiftInkRuntime' from project 'InkSwift')
cd /Users/admin/builder/spi-builder-workspace
write-file /Users/admin/builder/spi-builder-workspace/.derivedData/Build/Intermediates.noindex/InkSwift.build/Debug-watchos/SwiftInkRuntime.build/Objects-normal/armv7k/SwiftInkRuntime.SwiftFileList
WriteAuxiliaryFile /Users/admin/builder/spi-builder-workspace/.derivedData/Build/Intermediates.noindex/InkSwift.build/Debug-watchos/SwiftInkRuntime.build/Objects-normal/armv7k/SwiftInkRuntime.SwiftConstValuesFileList (in target 'SwiftInkRuntime' from project 'InkSwift')
cd /Users/admin/builder/spi-builder-workspace
write-file /Users/admin/builder/spi-builder-workspace/.derivedData/Build/Intermediates.noindex/InkSwift.build/Debug-watchos/SwiftInkRuntime.build/Objects-normal/armv7k/SwiftInkRuntime.SwiftConstValuesFileList
WriteAuxiliaryFile /Users/admin/builder/spi-builder-workspace/.derivedData/Build/Intermediates.noindex/InkSwift.build/Debug-watchos/SwiftInkRuntime.build/Objects-normal/armv7k/SwiftInkRuntime.LinkFileList (in target 'SwiftInkRuntime' from project 'InkSwift')
cd /Users/admin/builder/spi-builder-workspace
write-file /Users/admin/builder/spi-builder-workspace/.derivedData/Build/Intermediates.noindex/InkSwift.build/Debug-watchos/SwiftInkRuntime.build/Objects-normal/armv7k/SwiftInkRuntime.LinkFileList
WriteAuxiliaryFile /Users/admin/builder/spi-builder-workspace/.derivedData/Build/Intermediates.noindex/InkSwift.build/Debug-watchos/SwiftInkRuntime.build/Objects-normal/armv7k/SwiftInkRuntime-OutputFileMap.json (in target 'SwiftInkRuntime' from project 'InkSwift')
cd /Users/admin/builder/spi-builder-workspace
write-file /Users/admin/builder/spi-builder-workspace/.derivedData/Build/Intermediates.noindex/InkSwift.build/Debug-watchos/SwiftInkRuntime.build/Objects-normal/armv7k/SwiftInkRuntime-OutputFileMap.json
WriteAuxiliaryFile /Users/admin/builder/spi-builder-workspace/.derivedData/Build/Intermediates.noindex/InkSwift.build/Debug-watchos/SwiftInkRuntime.build/Objects-normal/arm64_32/SwiftInkRuntime_const_extract_protocols.json (in target 'SwiftInkRuntime' from project 'InkSwift')
cd /Users/admin/builder/spi-builder-workspace
write-file /Users/admin/builder/spi-builder-workspace/.derivedData/Build/Intermediates.noindex/InkSwift.build/Debug-watchos/SwiftInkRuntime.build/Objects-normal/arm64_32/SwiftInkRuntime_const_extract_protocols.json
WriteAuxiliaryFile /Users/admin/builder/spi-builder-workspace/.derivedData/Build/Intermediates.noindex/InkSwift.build/Debug-watchos/SwiftInkRuntime.build/Objects-normal/arm64_32/SwiftInkRuntime.SwiftFileList (in target 'SwiftInkRuntime' from project 'InkSwift')
cd /Users/admin/builder/spi-builder-workspace
write-file /Users/admin/builder/spi-builder-workspace/.derivedData/Build/Intermediates.noindex/InkSwift.build/Debug-watchos/SwiftInkRuntime.build/Objects-normal/arm64_32/SwiftInkRuntime.SwiftFileList
WriteAuxiliaryFile /Users/admin/builder/spi-builder-workspace/.derivedData/Build/Intermediates.noindex/InkSwift.build/Debug-watchos/SwiftInkRuntime.build/Objects-normal/arm64_32/SwiftInkRuntime.SwiftConstValuesFileList (in target 'SwiftInkRuntime' from project 'InkSwift')
cd /Users/admin/builder/spi-builder-workspace
write-file /Users/admin/builder/spi-builder-workspace/.derivedData/Build/Intermediates.noindex/InkSwift.build/Debug-watchos/SwiftInkRuntime.build/Objects-normal/arm64_32/SwiftInkRuntime.SwiftConstValuesFileList
WriteAuxiliaryFile /Users/admin/builder/spi-builder-workspace/.derivedData/Build/Intermediates.noindex/InkSwift.build/Debug-watchos/SwiftInkRuntime.build/Objects-normal/arm64_32/SwiftInkRuntime.LinkFileList (in target 'SwiftInkRuntime' from project 'InkSwift')
cd /Users/admin/builder/spi-builder-workspace
write-file /Users/admin/builder/spi-builder-workspace/.derivedData/Build/Intermediates.noindex/InkSwift.build/Debug-watchos/SwiftInkRuntime.build/Objects-normal/arm64_32/SwiftInkRuntime.LinkFileList
WriteAuxiliaryFile /Users/admin/builder/spi-builder-workspace/.derivedData/Build/Intermediates.noindex/InkSwift.build/Debug-watchos/SwiftInkRuntime.build/Objects-normal/arm64_32/SwiftInkRuntime-OutputFileMap.json (in target 'SwiftInkRuntime' from project 'InkSwift')
cd /Users/admin/builder/spi-builder-workspace
write-file /Users/admin/builder/spi-builder-workspace/.derivedData/Build/Intermediates.noindex/InkSwift.build/Debug-watchos/SwiftInkRuntime.build/Objects-normal/arm64_32/SwiftInkRuntime-OutputFileMap.json
WriteAuxiliaryFile /Users/admin/builder/spi-builder-workspace/.derivedData/Build/Intermediates.noindex/InkSwift.build/Debug-watchos/SwiftInkRuntime.build/Objects-normal/arm64/SwiftInkRuntime_const_extract_protocols.json (in target 'SwiftInkRuntime' from project 'InkSwift')
cd /Users/admin/builder/spi-builder-workspace
write-file /Users/admin/builder/spi-builder-workspace/.derivedData/Build/Intermediates.noindex/InkSwift.build/Debug-watchos/SwiftInkRuntime.build/Objects-normal/arm64/SwiftInkRuntime_const_extract_protocols.json
WriteAuxiliaryFile /Users/admin/builder/spi-builder-workspace/.derivedData/Build/Intermediates.noindex/InkSwift.build/Debug-watchos/SwiftInkRuntime.build/Objects-normal/arm64/SwiftInkRuntime.SwiftFileList (in target 'SwiftInkRuntime' from project 'InkSwift')
cd /Users/admin/builder/spi-builder-workspace
write-file /Users/admin/builder/spi-builder-workspace/.derivedData/Build/Intermediates.noindex/InkSwift.build/Debug-watchos/SwiftInkRuntime.build/Objects-normal/arm64/SwiftInkRuntime.SwiftFileList
WriteAuxiliaryFile /Users/admin/builder/spi-builder-workspace/.derivedData/Build/Intermediates.noindex/InkSwift.build/Debug-watchos/SwiftInkRuntime.build/Objects-normal/arm64/SwiftInkRuntime.SwiftConstValuesFileList (in target 'SwiftInkRuntime' from project 'InkSwift')
cd /Users/admin/builder/spi-builder-workspace
write-file /Users/admin/builder/spi-builder-workspace/.derivedData/Build/Intermediates.noindex/InkSwift.build/Debug-watchos/SwiftInkRuntime.build/Objects-normal/arm64/SwiftInkRuntime.SwiftConstValuesFileList
WriteAuxiliaryFile /Users/admin/builder/spi-builder-workspace/.derivedData/Build/Intermediates.noindex/InkSwift.build/Debug-watchos/SwiftInkRuntime.build/Objects-normal/arm64/SwiftInkRuntime.LinkFileList (in target 'SwiftInkRuntime' from project 'InkSwift')
cd /Users/admin/builder/spi-builder-workspace
write-file /Users/admin/builder/spi-builder-workspace/.derivedData/Build/Intermediates.noindex/InkSwift.build/Debug-watchos/SwiftInkRuntime.build/Objects-normal/arm64/SwiftInkRuntime.LinkFileList
WriteAuxiliaryFile /Users/admin/builder/spi-builder-workspace/.derivedData/Build/Intermediates.noindex/InkSwift.build/Debug-watchos/SwiftInkRuntime.build/Objects-normal/arm64/SwiftInkRuntime-OutputFileMap.json (in target 'SwiftInkRuntime' from project 'InkSwift')
cd /Users/admin/builder/spi-builder-workspace
write-file /Users/admin/builder/spi-builder-workspace/.derivedData/Build/Intermediates.noindex/InkSwift.build/Debug-watchos/SwiftInkRuntime.build/Objects-normal/arm64/SwiftInkRuntime-OutputFileMap.json
WriteAuxiliaryFile /Users/admin/builder/spi-builder-workspace/.derivedData/Build/Intermediates.noindex/InkSwift.build/Debug-watchos/SwiftInkRuntime.build/DerivedSources/resource_bundle_accessor.swift (in target 'SwiftInkRuntime' from project 'InkSwift')
cd /Users/admin/builder/spi-builder-workspace
write-file /Users/admin/builder/spi-builder-workspace/.derivedData/Build/Intermediates.noindex/InkSwift.build/Debug-watchos/SwiftInkRuntime.build/DerivedSources/resource_bundle_accessor.swift
Copy /Users/admin/builder/spi-builder-workspace/.derivedData/Build/Intermediates.noindex/GeneratedModuleMaps-watchos/SwiftInkRuntime.modulemap /Users/admin/builder/spi-builder-workspace/.derivedData/Build/Intermediates.noindex/InkSwift.build/Debug-watchos/SwiftInkRuntime.build/SwiftInkRuntime.modulemap (in target 'SwiftInkRuntime' from project 'InkSwift')
cd /Users/admin/builder/spi-builder-workspace
builtin-copy -exclude .DS_Store -exclude CVS -exclude .svn -exclude .git -exclude .hg -resolve-src-symlinks /Users/admin/builder/spi-builder-workspace/.derivedData/Build/Intermediates.noindex/InkSwift.build/Debug-watchos/SwiftInkRuntime.build/SwiftInkRuntime.modulemap /Users/admin/builder/spi-builder-workspace/.derivedData/Build/Intermediates.noindex/GeneratedModuleMaps-watchos
WriteAuxiliaryFile /Users/admin/builder/spi-builder-workspace/.derivedData/Build/Intermediates.noindex/JXKit.build/Debug-watchos/JXKit.build/Objects-normal/armv7k/JXKit_const_extract_protocols.json (in target 'JXKit' from project 'JXKit')
cd /Users/admin/builder/spi-builder-workspace/.dependencies/checkouts/JXKit
write-file /Users/admin/builder/spi-builder-workspace/.derivedData/Build/Intermediates.noindex/JXKit.build/Debug-watchos/JXKit.build/Objects-normal/armv7k/JXKit_const_extract_protocols.json
WriteAuxiliaryFile /Users/admin/builder/spi-builder-workspace/.derivedData/Build/Intermediates.noindex/JXKit.build/Debug-watchos/JXKit.build/Objects-normal/armv7k/JXKit.SwiftFileList (in target 'JXKit' from project 'JXKit')
cd /Users/admin/builder/spi-builder-workspace/.dependencies/checkouts/JXKit
write-file /Users/admin/builder/spi-builder-workspace/.derivedData/Build/Intermediates.noindex/JXKit.build/Debug-watchos/JXKit.build/Objects-normal/armv7k/JXKit.SwiftFileList
WriteAuxiliaryFile /Users/admin/builder/spi-builder-workspace/.derivedData/Build/Intermediates.noindex/JXKit.build/Debug-watchos/JXKit.build/Objects-normal/armv7k/JXKit.SwiftConstValuesFileList (in target 'JXKit' from project 'JXKit')
cd /Users/admin/builder/spi-builder-workspace/.dependencies/checkouts/JXKit
write-file /Users/admin/builder/spi-builder-workspace/.derivedData/Build/Intermediates.noindex/JXKit.build/Debug-watchos/JXKit.build/Objects-normal/armv7k/JXKit.SwiftConstValuesFileList
WriteAuxiliaryFile /Users/admin/builder/spi-builder-workspace/.derivedData/Build/Intermediates.noindex/JXKit.build/Debug-watchos/JXKit.build/Objects-normal/armv7k/JXKit.LinkFileList (in target 'JXKit' from project 'JXKit')
cd /Users/admin/builder/spi-builder-workspace/.dependencies/checkouts/JXKit
write-file /Users/admin/builder/spi-builder-workspace/.derivedData/Build/Intermediates.noindex/JXKit.build/Debug-watchos/JXKit.build/Objects-normal/armv7k/JXKit.LinkFileList
WriteAuxiliaryFile /Users/admin/builder/spi-builder-workspace/.derivedData/Build/Intermediates.noindex/JXKit.build/Debug-watchos/JXKit.build/Objects-normal/armv7k/JXKit-OutputFileMap.json (in target 'JXKit' from project 'JXKit')
cd /Users/admin/builder/spi-builder-workspace/.dependencies/checkouts/JXKit
write-file /Users/admin/builder/spi-builder-workspace/.derivedData/Build/Intermediates.noindex/JXKit.build/Debug-watchos/JXKit.build/Objects-normal/armv7k/JXKit-OutputFileMap.json
WriteAuxiliaryFile /Users/admin/builder/spi-builder-workspace/.derivedData/Build/Intermediates.noindex/JXKit.build/Debug-watchos/JXKit.build/Objects-normal/arm64_32/JXKit_const_extract_protocols.json (in target 'JXKit' from project 'JXKit')
cd /Users/admin/builder/spi-builder-workspace/.dependencies/checkouts/JXKit
write-file /Users/admin/builder/spi-builder-workspace/.derivedData/Build/Intermediates.noindex/JXKit.build/Debug-watchos/JXKit.build/Objects-normal/arm64_32/JXKit_const_extract_protocols.json
WriteAuxiliaryFile /Users/admin/builder/spi-builder-workspace/.derivedData/Build/Intermediates.noindex/JXKit.build/Debug-watchos/JXKit.build/Objects-normal/arm64_32/JXKit.SwiftFileList (in target 'JXKit' from project 'JXKit')
cd /Users/admin/builder/spi-builder-workspace/.dependencies/checkouts/JXKit
write-file /Users/admin/builder/spi-builder-workspace/.derivedData/Build/Intermediates.noindex/JXKit.build/Debug-watchos/JXKit.build/Objects-normal/arm64_32/JXKit.SwiftFileList
WriteAuxiliaryFile /Users/admin/builder/spi-builder-workspace/.derivedData/Build/Intermediates.noindex/JXKit.build/Debug-watchos/JXKit.build/Objects-normal/arm64_32/JXKit.SwiftConstValuesFileList (in target 'JXKit' from project 'JXKit')
cd /Users/admin/builder/spi-builder-workspace/.dependencies/checkouts/JXKit
write-file /Users/admin/builder/spi-builder-workspace/.derivedData/Build/Intermediates.noindex/JXKit.build/Debug-watchos/JXKit.build/Objects-normal/arm64_32/JXKit.SwiftConstValuesFileList
WriteAuxiliaryFile /Users/admin/builder/spi-builder-workspace/.derivedData/Build/Intermediates.noindex/JXKit.build/Debug-watchos/JXKit.build/Objects-normal/arm64_32/JXKit.LinkFileList (in target 'JXKit' from project 'JXKit')
cd /Users/admin/builder/spi-builder-workspace/.dependencies/checkouts/JXKit
write-file /Users/admin/builder/spi-builder-workspace/.derivedData/Build/Intermediates.noindex/JXKit.build/Debug-watchos/JXKit.build/Objects-normal/arm64_32/JXKit.LinkFileList
WriteAuxiliaryFile /Users/admin/builder/spi-builder-workspace/.derivedData/Build/Intermediates.noindex/JXKit.build/Debug-watchos/JXKit.build/Objects-normal/arm64_32/JXKit-OutputFileMap.json (in target 'JXKit' from project 'JXKit')
cd /Users/admin/builder/spi-builder-workspace/.dependencies/checkouts/JXKit
write-file /Users/admin/builder/spi-builder-workspace/.derivedData/Build/Intermediates.noindex/JXKit.build/Debug-watchos/JXKit.build/Objects-normal/arm64_32/JXKit-OutputFileMap.json
WriteAuxiliaryFile /Users/admin/builder/spi-builder-workspace/.derivedData/Build/Intermediates.noindex/JXKit.build/Debug-watchos/JXKit.build/Objects-normal/arm64/JXKit_const_extract_protocols.json (in target 'JXKit' from project 'JXKit')
cd /Users/admin/builder/spi-builder-workspace/.dependencies/checkouts/JXKit
write-file /Users/admin/builder/spi-builder-workspace/.derivedData/Build/Intermediates.noindex/JXKit.build/Debug-watchos/JXKit.build/Objects-normal/arm64/JXKit_const_extract_protocols.json
WriteAuxiliaryFile /Users/admin/builder/spi-builder-workspace/.derivedData/Build/Intermediates.noindex/JXKit.build/Debug-watchos/JXKit.build/Objects-normal/arm64/JXKit.SwiftFileList (in target 'JXKit' from project 'JXKit')
cd /Users/admin/builder/spi-builder-workspace/.dependencies/checkouts/JXKit
write-file /Users/admin/builder/spi-builder-workspace/.derivedData/Build/Intermediates.noindex/JXKit.build/Debug-watchos/JXKit.build/Objects-normal/arm64/JXKit.SwiftFileList
WriteAuxiliaryFile /Users/admin/builder/spi-builder-workspace/.derivedData/Build/Intermediates.noindex/JXKit.build/Debug-watchos/JXKit.build/Objects-normal/arm64/JXKit.SwiftConstValuesFileList (in target 'JXKit' from project 'JXKit')
cd /Users/admin/builder/spi-builder-workspace/.dependencies/checkouts/JXKit
write-file /Users/admin/builder/spi-builder-workspace/.derivedData/Build/Intermediates.noindex/JXKit.build/Debug-watchos/JXKit.build/Objects-normal/arm64/JXKit.SwiftConstValuesFileList
WriteAuxiliaryFile /Users/admin/builder/spi-builder-workspace/.derivedData/Build/Intermediates.noindex/JXKit.build/Debug-watchos/JXKit.build/Objects-normal/arm64/JXKit.LinkFileList (in target 'JXKit' from project 'JXKit')
cd /Users/admin/builder/spi-builder-workspace/.dependencies/checkouts/JXKit
write-file /Users/admin/builder/spi-builder-workspace/.derivedData/Build/Intermediates.noindex/JXKit.build/Debug-watchos/JXKit.build/Objects-normal/arm64/JXKit.LinkFileList
WriteAuxiliaryFile /Users/admin/builder/spi-builder-workspace/.derivedData/Build/Intermediates.noindex/JXKit.build/Debug-watchos/JXKit.build/Objects-normal/arm64/JXKit-OutputFileMap.json (in target 'JXKit' from project 'JXKit')
cd /Users/admin/builder/spi-builder-workspace/.dependencies/checkouts/JXKit
write-file /Users/admin/builder/spi-builder-workspace/.derivedData/Build/Intermediates.noindex/JXKit.build/Debug-watchos/JXKit.build/Objects-normal/arm64/JXKit-OutputFileMap.json
WriteAuxiliaryFile /Users/admin/builder/spi-builder-workspace/.derivedData/Build/Intermediates.noindex/JXKit.build/Debug-watchos/JXKit.build/JXKit.modulemap (in target 'JXKit' from project 'JXKit')
cd /Users/admin/builder/spi-builder-workspace/.dependencies/checkouts/JXKit
write-file /Users/admin/builder/spi-builder-workspace/.derivedData/Build/Intermediates.noindex/JXKit.build/Debug-watchos/JXKit.build/JXKit.modulemap
WriteAuxiliaryFile /Users/admin/builder/spi-builder-workspace/.derivedData/Build/Intermediates.noindex/JXKit.build/Debug-watchos/JXKit.build/JXKit.DependencyStaticMetadataFileList (in target 'JXKit' from project 'JXKit')
cd /Users/admin/builder/spi-builder-workspace/.dependencies/checkouts/JXKit
write-file /Users/admin/builder/spi-builder-workspace/.derivedData/Build/Intermediates.noindex/JXKit.build/Debug-watchos/JXKit.build/JXKit.DependencyStaticMetadataFileList
WriteAuxiliaryFile /Users/admin/builder/spi-builder-workspace/.derivedData/Build/Intermediates.noindex/JXKit.build/Debug-watchos/JXKit.build/JXKit.DependencyMetadataFileList (in target 'JXKit' from project 'JXKit')
cd /Users/admin/builder/spi-builder-workspace/.dependencies/checkouts/JXKit
write-file /Users/admin/builder/spi-builder-workspace/.derivedData/Build/Intermediates.noindex/JXKit.build/Debug-watchos/JXKit.build/JXKit.DependencyMetadataFileList
WriteAuxiliaryFile /Users/admin/builder/spi-builder-workspace/.derivedData/Build/Intermediates.noindex/JXKit.build/Debug-watchos/JXKit.build/DerivedSources/resource_bundle_accessor.swift (in target 'JXKit' from project 'JXKit')
cd /Users/admin/builder/spi-builder-workspace/.dependencies/checkouts/JXKit
write-file /Users/admin/builder/spi-builder-workspace/.derivedData/Build/Intermediates.noindex/JXKit.build/Debug-watchos/JXKit.build/DerivedSources/resource_bundle_accessor.swift
WriteAuxiliaryFile /Users/admin/builder/spi-builder-workspace/.derivedData/Build/Intermediates.noindex/InkSwift.build/Debug-watchos/InkSwift_InkSwift.build/InkSwift_InkSwift.DependencyStaticMetadataFileList (in target 'InkSwift_InkSwift' from project 'InkSwift')
cd /Users/admin/builder/spi-builder-workspace
write-file /Users/admin/builder/spi-builder-workspace/.derivedData/Build/Intermediates.noindex/InkSwift.build/Debug-watchos/InkSwift_InkSwift.build/InkSwift_InkSwift.DependencyStaticMetadataFileList
WriteAuxiliaryFile /Users/admin/builder/spi-builder-workspace/.derivedData/Build/Intermediates.noindex/InkSwift.build/Debug-watchos/InkSwift_InkSwift.build/empty-InkSwift_InkSwift.plist (in target 'InkSwift_InkSwift' from project 'InkSwift')
cd /Users/admin/builder/spi-builder-workspace
write-file /Users/admin/builder/spi-builder-workspace/.derivedData/Build/Intermediates.noindex/InkSwift.build/Debug-watchos/InkSwift_InkSwift.build/empty-InkSwift_InkSwift.plist
WriteAuxiliaryFile /Users/admin/builder/spi-builder-workspace/.derivedData/Build/Intermediates.noindex/InkSwift.build/Debug-watchos/InkSwift_InkSwift.build/InkSwift_InkSwift.DependencyMetadataFileList (in target 'InkSwift_InkSwift' from project 'InkSwift')
cd /Users/admin/builder/spi-builder-workspace
write-file /Users/admin/builder/spi-builder-workspace/.derivedData/Build/Intermediates.noindex/InkSwift.build/Debug-watchos/InkSwift_InkSwift.build/InkSwift_InkSwift.DependencyMetadataFileList
WriteAuxiliaryFile /Users/admin/builder/spi-builder-workspace/.derivedData/Build/Intermediates.noindex/InkSwift.build/Debug-watchos/InkSwift.build/Objects-normal/armv7k/InkSwift_const_extract_protocols.json (in target 'InkSwift' from project 'InkSwift')
cd /Users/admin/builder/spi-builder-workspace
write-file /Users/admin/builder/spi-builder-workspace/.derivedData/Build/Intermediates.noindex/InkSwift.build/Debug-watchos/InkSwift.build/Objects-normal/armv7k/InkSwift_const_extract_protocols.json
WriteAuxiliaryFile /Users/admin/builder/spi-builder-workspace/.derivedData/Build/Intermediates.noindex/InkSwift.build/Debug-watchos/InkSwift.build/Objects-normal/armv7k/InkSwift.SwiftFileList (in target 'InkSwift' from project 'InkSwift')
cd /Users/admin/builder/spi-builder-workspace
write-file /Users/admin/builder/spi-builder-workspace/.derivedData/Build/Intermediates.noindex/InkSwift.build/Debug-watchos/InkSwift.build/Objects-normal/armv7k/InkSwift.SwiftFileList
WriteAuxiliaryFile /Users/admin/builder/spi-builder-workspace/.derivedData/Build/Intermediates.noindex/InkSwift.build/Debug-watchos/InkSwift.build/Objects-normal/armv7k/InkSwift.SwiftConstValuesFileList (in target 'InkSwift' from project 'InkSwift')
cd /Users/admin/builder/spi-builder-workspace
write-file /Users/admin/builder/spi-builder-workspace/.derivedData/Build/Intermediates.noindex/InkSwift.build/Debug-watchos/InkSwift.build/Objects-normal/armv7k/InkSwift.SwiftConstValuesFileList
Copy /Users/admin/builder/spi-builder-workspace/.derivedData/Build/Intermediates.noindex/GeneratedModuleMaps-watchos/JXKit.modulemap /Users/admin/builder/spi-builder-workspace/.derivedData/Build/Intermediates.noindex/JXKit.build/Debug-watchos/JXKit.build/JXKit.modulemap (in target 'JXKit' from project 'JXKit')
cd /Users/admin/builder/spi-builder-workspace/.dependencies/checkouts/JXKit
builtin-copy -exclude .DS_Store -exclude CVS -exclude .svn -exclude .git -exclude .hg -resolve-src-symlinks /Users/admin/builder/spi-builder-workspace/.derivedData/Build/Intermediates.noindex/JXKit.build/Debug-watchos/JXKit.build/JXKit.modulemap /Users/admin/builder/spi-builder-workspace/.derivedData/Build/Intermediates.noindex/GeneratedModuleMaps-watchos
WriteAuxiliaryFile /Users/admin/builder/spi-builder-workspace/.derivedData/Build/Intermediates.noindex/InkSwift.build/Debug-watchos/InkSwift.build/Objects-normal/armv7k/InkSwift.LinkFileList (in target 'InkSwift' from project 'InkSwift')
cd /Users/admin/builder/spi-builder-workspace
write-file /Users/admin/builder/spi-builder-workspace/.derivedData/Build/Intermediates.noindex/InkSwift.build/Debug-watchos/InkSwift.build/Objects-normal/armv7k/InkSwift.LinkFileList
WriteAuxiliaryFile /Users/admin/builder/spi-builder-workspace/.derivedData/Build/Intermediates.noindex/InkSwift.build/Debug-watchos/InkSwift.build/Objects-normal/armv7k/InkSwift-OutputFileMap.json (in target 'InkSwift' from project 'InkSwift')
cd /Users/admin/builder/spi-builder-workspace
write-file /Users/admin/builder/spi-builder-workspace/.derivedData/Build/Intermediates.noindex/InkSwift.build/Debug-watchos/InkSwift.build/Objects-normal/armv7k/InkSwift-OutputFileMap.json
WriteAuxiliaryFile /Users/admin/builder/spi-builder-workspace/.derivedData/Build/Intermediates.noindex/InkSwift.build/Debug-watchos/InkSwift.build/Objects-normal/arm64_32/InkSwift.SwiftFileList (in target 'InkSwift' from project 'InkSwift')
cd /Users/admin/builder/spi-builder-workspace
write-file /Users/admin/builder/spi-builder-workspace/.derivedData/Build/Intermediates.noindex/InkSwift.build/Debug-watchos/InkSwift.build/Objects-normal/arm64_32/InkSwift.SwiftFileList
WriteAuxiliaryFile /Users/admin/builder/spi-builder-workspace/.derivedData/Build/Intermediates.noindex/InkSwift.build/Debug-watchos/InkSwift.build/Objects-normal/arm64_32/InkSwift_const_extract_protocols.json (in target 'InkSwift' from project 'InkSwift')
cd /Users/admin/builder/spi-builder-workspace
write-file /Users/admin/builder/spi-builder-workspace/.derivedData/Build/Intermediates.noindex/InkSwift.build/Debug-watchos/InkSwift.build/Objects-normal/arm64_32/InkSwift_const_extract_protocols.json
WriteAuxiliaryFile /Users/admin/builder/spi-builder-workspace/.derivedData/Build/Intermediates.noindex/InkSwift.build/Debug-watchos/InkSwift.build/Objects-normal/arm64_32/InkSwift.SwiftConstValuesFileList (in target 'InkSwift' from project 'InkSwift')
cd /Users/admin/builder/spi-builder-workspace
write-file /Users/admin/builder/spi-builder-workspace/.derivedData/Build/Intermediates.noindex/InkSwift.build/Debug-watchos/InkSwift.build/Objects-normal/arm64_32/InkSwift.SwiftConstValuesFileList
WriteAuxiliaryFile /Users/admin/builder/spi-builder-workspace/.derivedData/Build/Intermediates.noindex/InkSwift.build/Debug-watchos/InkSwift.build/Objects-normal/arm64_32/InkSwift.LinkFileList (in target 'InkSwift' from project 'InkSwift')
cd /Users/admin/builder/spi-builder-workspace
write-file /Users/admin/builder/spi-builder-workspace/.derivedData/Build/Intermediates.noindex/InkSwift.build/Debug-watchos/InkSwift.build/Objects-normal/arm64_32/InkSwift.LinkFileList
WriteAuxiliaryFile /Users/admin/builder/spi-builder-workspace/.derivedData/Build/Intermediates.noindex/InkSwift.build/Debug-watchos/InkSwift.build/Objects-normal/arm64_32/InkSwift-OutputFileMap.json (in target 'InkSwift' from project 'InkSwift')
cd /Users/admin/builder/spi-builder-workspace
write-file /Users/admin/builder/spi-builder-workspace/.derivedData/Build/Intermediates.noindex/InkSwift.build/Debug-watchos/InkSwift.build/Objects-normal/arm64_32/InkSwift-OutputFileMap.json
WriteAuxiliaryFile /Users/admin/builder/spi-builder-workspace/.derivedData/Build/Intermediates.noindex/InkSwift.build/Debug-watchos/InkSwift.build/Objects-normal/arm64/InkSwift_const_extract_protocols.json (in target 'InkSwift' from project 'InkSwift')
cd /Users/admin/builder/spi-builder-workspace
write-file /Users/admin/builder/spi-builder-workspace/.derivedData/Build/Intermediates.noindex/InkSwift.build/Debug-watchos/InkSwift.build/Objects-normal/arm64/InkSwift_const_extract_protocols.json
WriteAuxiliaryFile /Users/admin/builder/spi-builder-workspace/.derivedData/Build/Intermediates.noindex/InkSwift.build/Debug-watchos/InkSwift.build/Objects-normal/arm64/InkSwift.SwiftFileList (in target 'InkSwift' from project 'InkSwift')
cd /Users/admin/builder/spi-builder-workspace
write-file /Users/admin/builder/spi-builder-workspace/.derivedData/Build/Intermediates.noindex/InkSwift.build/Debug-watchos/InkSwift.build/Objects-normal/arm64/InkSwift.SwiftFileList
WriteAuxiliaryFile /Users/admin/builder/spi-builder-workspace/.derivedData/Build/Intermediates.noindex/InkSwift.build/Debug-watchos/InkSwift.build/Objects-normal/arm64/InkSwift.SwiftConstValuesFileList (in target 'InkSwift' from project 'InkSwift')
cd /Users/admin/builder/spi-builder-workspace
write-file /Users/admin/builder/spi-builder-workspace/.derivedData/Build/Intermediates.noindex/InkSwift.build/Debug-watchos/InkSwift.build/Objects-normal/arm64/InkSwift.SwiftConstValuesFileList
WriteAuxiliaryFile /Users/admin/builder/spi-builder-workspace/.derivedData/Build/Intermediates.noindex/InkSwift.build/Debug-watchos/InkSwift.build/Objects-normal/arm64/InkSwift.LinkFileList (in target 'InkSwift' from project 'InkSwift')
cd /Users/admin/builder/spi-builder-workspace
write-file /Users/admin/builder/spi-builder-workspace/.derivedData/Build/Intermediates.noindex/InkSwift.build/Debug-watchos/InkSwift.build/Objects-normal/arm64/InkSwift.LinkFileList
WriteAuxiliaryFile /Users/admin/builder/spi-builder-workspace/.derivedData/Build/Intermediates.noindex/InkSwift.build/Debug-watchos/InkSwift.build/Objects-normal/arm64/InkSwift-OutputFileMap.json (in target 'InkSwift' from project 'InkSwift')
cd /Users/admin/builder/spi-builder-workspace
write-file /Users/admin/builder/spi-builder-workspace/.derivedData/Build/Intermediates.noindex/InkSwift.build/Debug-watchos/InkSwift.build/Objects-normal/arm64/InkSwift-OutputFileMap.json
WriteAuxiliaryFile /Users/admin/builder/spi-builder-workspace/.derivedData/Build/Intermediates.noindex/InkSwift.build/Debug-watchos/InkSwift.build/InkSwift.modulemap (in target 'InkSwift' from project 'InkSwift')
cd /Users/admin/builder/spi-builder-workspace
write-file /Users/admin/builder/spi-builder-workspace/.derivedData/Build/Intermediates.noindex/InkSwift.build/Debug-watchos/InkSwift.build/InkSwift.modulemap
WriteAuxiliaryFile /Users/admin/builder/spi-builder-workspace/.derivedData/Build/Intermediates.noindex/InkSwift.build/Debug-watchos/InkSwift.build/InkSwift.DependencyStaticMetadataFileList (in target 'InkSwift' from project 'InkSwift')
cd /Users/admin/builder/spi-builder-workspace
write-file /Users/admin/builder/spi-builder-workspace/.derivedData/Build/Intermediates.noindex/InkSwift.build/Debug-watchos/InkSwift.build/InkSwift.DependencyStaticMetadataFileList
WriteAuxiliaryFile /Users/admin/builder/spi-builder-workspace/.derivedData/Build/Intermediates.noindex/InkSwift.build/Debug-watchos/InkSwift.build/InkSwift.DependencyMetadataFileList (in target 'InkSwift' from project 'InkSwift')
cd /Users/admin/builder/spi-builder-workspace
write-file /Users/admin/builder/spi-builder-workspace/.derivedData/Build/Intermediates.noindex/InkSwift.build/Debug-watchos/InkSwift.build/InkSwift.DependencyMetadataFileList
WriteAuxiliaryFile /Users/admin/builder/spi-builder-workspace/.derivedData/Build/Intermediates.noindex/InkSwift.build/Debug-watchos/InkSwift.build/DerivedSources/resource_bundle_accessor.swift (in target 'InkSwift' from project 'InkSwift')
cd /Users/admin/builder/spi-builder-workspace
write-file /Users/admin/builder/spi-builder-workspace/.derivedData/Build/Intermediates.noindex/InkSwift.build/Debug-watchos/InkSwift.build/DerivedSources/resource_bundle_accessor.swift
MkDir /Users/admin/builder/spi-builder-workspace/.derivedData/Build/Products/Debug-watchos/InkSwift_SwiftInkRuntime.bundle (in target 'InkSwift_SwiftInkRuntime' from project 'InkSwift')
cd /Users/admin/builder/spi-builder-workspace
/bin/mkdir -p /Users/admin/builder/spi-builder-workspace/.derivedData/Build/Products/Debug-watchos/InkSwift_SwiftInkRuntime.bundle
MkDir /Users/admin/builder/spi-builder-workspace/.derivedData/Build/Products/Debug-watchos/InkSwift_InkSwift.bundle (in target 'InkSwift_InkSwift' from project 'InkSwift')
cd /Users/admin/builder/spi-builder-workspace
/bin/mkdir -p /Users/admin/builder/spi-builder-workspace/.derivedData/Build/Products/Debug-watchos/InkSwift_InkSwift.bundle
Copy /Users/admin/builder/spi-builder-workspace/.derivedData/Build/Intermediates.noindex/GeneratedModuleMaps-watchos/InkSwift.modulemap /Users/admin/builder/spi-builder-workspace/.derivedData/Build/Intermediates.noindex/InkSwift.build/Debug-watchos/InkSwift.build/InkSwift.modulemap (in target 'InkSwift' from project 'InkSwift')
cd /Users/admin/builder/spi-builder-workspace
builtin-copy -exclude .DS_Store -exclude CVS -exclude .svn -exclude .git -exclude .hg -resolve-src-symlinks /Users/admin/builder/spi-builder-workspace/.derivedData/Build/Intermediates.noindex/InkSwift.build/Debug-watchos/InkSwift.build/InkSwift.modulemap /Users/admin/builder/spi-builder-workspace/.derivedData/Build/Intermediates.noindex/GeneratedModuleMaps-watchos
ProcessInfoPlistFile /Users/admin/builder/spi-builder-workspace/.derivedData/Build/Products/Debug-watchos/JXKit_JXKit.bundle/Info.plist /Users/admin/builder/spi-builder-workspace/.derivedData/Build/Intermediates.noindex/JXKit.build/Debug-watchos/JXKit_JXKit.build/empty-JXKit_JXKit.plist (in target 'JXKit_JXKit' from project 'JXKit')
cd /Users/admin/builder/spi-builder-workspace/.dependencies/checkouts/JXKit
builtin-infoPlistUtility /Users/admin/builder/spi-builder-workspace/.derivedData/Build/Intermediates.noindex/JXKit.build/Debug-watchos/JXKit_JXKit.build/empty-JXKit_JXKit.plist -producttype com.apple.product-type.bundle -expandbuildsettings -format binary -platform watchos -o /Users/admin/builder/spi-builder-workspace/.derivedData/Build/Products/Debug-watchos/JXKit_JXKit.bundle/Info.plist
CpResource /Users/admin/builder/spi-builder-workspace/.derivedData/Build/Products/Debug-watchos/JXKit_JXKit.bundle/JXKit.plist /Users/admin/builder/spi-builder-workspace/.dependencies/checkouts/JXKit/Sources/JXKit/Resources/JXKit.plist (in target 'JXKit_JXKit' from project 'JXKit')
cd /Users/admin/builder/spi-builder-workspace/.dependencies/checkouts/JXKit
builtin-copy -exclude .DS_Store -exclude CVS -exclude .svn -exclude .git -exclude .hg -resolve-src-symlinks /Users/admin/builder/spi-builder-workspace/.dependencies/checkouts/JXKit/Sources/JXKit/Resources/JXKit.plist /Users/admin/builder/spi-builder-workspace/.derivedData/Build/Products/Debug-watchos/JXKit_JXKit.bundle
ProcessInfoPlistFile /Users/admin/builder/spi-builder-workspace/.derivedData/Build/Products/Debug-watchos/InkSwift_SwiftInkRuntime.bundle/Info.plist /Users/admin/builder/spi-builder-workspace/.derivedData/Build/Intermediates.noindex/InkSwift.build/Debug-watchos/InkSwift_SwiftInkRuntime.build/empty-InkSwift_SwiftInkRuntime.plist (in target 'InkSwift_SwiftInkRuntime' from project 'InkSwift')
cd /Users/admin/builder/spi-builder-workspace
builtin-infoPlistUtility /Users/admin/builder/spi-builder-workspace/.derivedData/Build/Intermediates.noindex/InkSwift.build/Debug-watchos/InkSwift_SwiftInkRuntime.build/empty-InkSwift_SwiftInkRuntime.plist -producttype com.apple.product-type.bundle -expandbuildsettings -format binary -platform watchos -o /Users/admin/builder/spi-builder-workspace/.derivedData/Build/Products/Debug-watchos/InkSwift_SwiftInkRuntime.bundle/Info.plist
CpResource /Users/admin/builder/spi-builder-workspace/.derivedData/Build/Products/Debug-watchos/InkSwift_SwiftInkRuntime.bundle/test.ink.json /Users/admin/builder/spi-builder-workspace/Sources/SwiftInkRuntime/test.ink.json (in target 'InkSwift_SwiftInkRuntime' from project 'InkSwift')
cd /Users/admin/builder/spi-builder-workspace
builtin-copy -exclude .DS_Store -exclude CVS -exclude .svn -exclude .git -exclude .hg -resolve-src-symlinks /Users/admin/builder/spi-builder-workspace/Sources/SwiftInkRuntime/test.ink.json /Users/admin/builder/spi-builder-workspace/.derivedData/Build/Products/Debug-watchos/InkSwift_SwiftInkRuntime.bundle
ProcessInfoPlistFile /Users/admin/builder/spi-builder-workspace/.derivedData/Build/Products/Debug-watchos/InkSwift_InkSwift.bundle/Info.plist /Users/admin/builder/spi-builder-workspace/.derivedData/Build/Intermediates.noindex/InkSwift.build/Debug-watchos/InkSwift_InkSwift.build/empty-InkSwift_InkSwift.plist (in target 'InkSwift_InkSwift' from project 'InkSwift')
cd /Users/admin/builder/spi-builder-workspace
builtin-infoPlistUtility /Users/admin/builder/spi-builder-workspace/.derivedData/Build/Intermediates.noindex/InkSwift.build/Debug-watchos/InkSwift_InkSwift.build/empty-InkSwift_InkSwift.plist -producttype com.apple.product-type.bundle -expandbuildsettings -format binary -platform watchos -o /Users/admin/builder/spi-builder-workspace/.derivedData/Build/Products/Debug-watchos/InkSwift_InkSwift.bundle/Info.plist
CpResource /Users/admin/builder/spi-builder-workspace/.derivedData/Build/Products/Debug-watchos/InkSwift_InkSwift.bundle/ink-full.js /Users/admin/builder/spi-builder-workspace/Sources/InkSwift/ink-full.js (in target 'InkSwift_InkSwift' from project 'InkSwift')
cd /Users/admin/builder/spi-builder-workspace
builtin-copy -exclude .DS_Store -exclude CVS -exclude .svn -exclude .git -exclude .hg -resolve-src-symlinks /Users/admin/builder/spi-builder-workspace/Sources/InkSwift/ink-full.js /Users/admin/builder/spi-builder-workspace/.derivedData/Build/Products/Debug-watchos/InkSwift_InkSwift.bundle
RegisterExecutionPolicyException /Users/admin/builder/spi-builder-workspace/.derivedData/Build/Products/Debug-watchos/InkSwift_SwiftInkRuntime.bundle (in target 'InkSwift_SwiftInkRuntime' from project 'InkSwift')
cd /Users/admin/builder/spi-builder-workspace
builtin-RegisterExecutionPolicyException /Users/admin/builder/spi-builder-workspace/.derivedData/Build/Products/Debug-watchos/InkSwift_SwiftInkRuntime.bundle
RegisterExecutionPolicyException /Users/admin/builder/spi-builder-workspace/.derivedData/Build/Products/Debug-watchos/InkSwift_InkSwift.bundle (in target 'InkSwift_InkSwift' from project 'InkSwift')
cd /Users/admin/builder/spi-builder-workspace
builtin-RegisterExecutionPolicyException /Users/admin/builder/spi-builder-workspace/.derivedData/Build/Products/Debug-watchos/InkSwift_InkSwift.bundle
RegisterExecutionPolicyException /Users/admin/builder/spi-builder-workspace/.derivedData/Build/Products/Debug-watchos/JXKit_JXKit.bundle (in target 'JXKit_JXKit' from project 'JXKit')
cd /Users/admin/builder/spi-builder-workspace/.dependencies/checkouts/JXKit
builtin-RegisterExecutionPolicyException /Users/admin/builder/spi-builder-workspace/.derivedData/Build/Products/Debug-watchos/JXKit_JXKit.bundle
Touch /Users/admin/builder/spi-builder-workspace/.derivedData/Build/Products/Debug-watchos/InkSwift_SwiftInkRuntime.bundle (in target 'InkSwift_SwiftInkRuntime' from project 'InkSwift')
cd /Users/admin/builder/spi-builder-workspace
/usr/bin/touch -c /Users/admin/builder/spi-builder-workspace/.derivedData/Build/Products/Debug-watchos/InkSwift_SwiftInkRuntime.bundle
Touch /Users/admin/builder/spi-builder-workspace/.derivedData/Build/Products/Debug-watchos/InkSwift_InkSwift.bundle (in target 'InkSwift_InkSwift' from project 'InkSwift')
cd /Users/admin/builder/spi-builder-workspace
/usr/bin/touch -c /Users/admin/builder/spi-builder-workspace/.derivedData/Build/Products/Debug-watchos/InkSwift_InkSwift.bundle
Touch /Users/admin/builder/spi-builder-workspace/.derivedData/Build/Products/Debug-watchos/JXKit_JXKit.bundle (in target 'JXKit_JXKit' from project 'JXKit')
cd /Users/admin/builder/spi-builder-workspace/.dependencies/checkouts/JXKit
/usr/bin/touch -c /Users/admin/builder/spi-builder-workspace/.derivedData/Build/Products/Debug-watchos/JXKit_JXKit.bundle
SwiftDriver JXKit normal armv7k com.apple.xcode.tools.swift.compiler (in target 'JXKit' from project 'JXKit')
cd /Users/admin/builder/spi-builder-workspace/.swiftpm/xcode
builtin-SwiftDriver -- /Applications/Xcode-16.3.0.app/Contents/Developer/Toolchains/XcodeDefault.xctoolchain/usr/bin/swiftc -module-name JXKit -Onone -enforce-exclusivity\=checked @/Users/admin/builder/spi-builder-workspace/.derivedData/Build/Intermediates.noindex/JXKit.build/Debug-watchos/JXKit.build/Objects-normal/armv7k/JXKit.SwiftFileList -DSWIFT_PACKAGE -DDEBUG -stats-output-dir .stats -strict-concurrency\=complete -enable-upcoming-feature StrictConcurrency -enable-upcoming-feature DisableOutwardActorInference -enable-upcoming-feature GlobalActorIsolatedTypesUsability -enable-upcoming-feature InferSendableFromCaptures -plugin-path /Applications/Xcode-16.3.0.app/Contents/Developer/Toolchains/XcodeDefault.xctoolchain/usr/lib/swift/host/plugins/testing -enable-experimental-feature DebugDescriptionMacro -sdk /Applications/Xcode-16.3.0.app/Contents/Developer/Platforms/WatchOS.platform/Developer/SDKs/WatchOS11.4.sdk -target armv7k-apple-watchos6.0 -g -module-cache-path /Users/admin/builder/spi-builder-workspace/.derivedData/ModuleCache.noindex -Xfrontend -serialize-debugging-options -profile-coverage-mapping -profile-generate -enable-testing -suppress-warnings -index-store-path /Users/admin/builder/spi-builder-workspace/.derivedData/Index.noindex/DataStore -swift-version 5 -I /Users/admin/builder/spi-builder-workspace/.derivedData/Build/Products/Debug-watchos -I /Applications/Xcode-16.3.0.app/Contents/Developer/Platforms/WatchOS.platform/Developer/usr/lib -F /Users/admin/builder/spi-builder-workspace/.derivedData/Build/Products/Debug-watchos -F /Applications/Xcode-16.3.0.app/Contents/Developer/Platforms/WatchOS.platform/Developer/Library/Frameworks -F /Applications/Xcode-16.3.0.app/Contents/Developer/Platforms/WatchOS.platform/Developer/SDKs/WatchOS11.4.sdk/Developer/Library/Frameworks -c -j10 -enable-batch-mode -incremental -Xcc -ivfsstatcache -Xcc /Users/admin/builder/spi-builder-workspace/.derivedData/SDKStatCaches.noindex/watchos11.4-22T246-43efb940ff07ba2497b70ec94253f576.sdkstatcache -output-file-map /Users/admin/builder/spi-builder-workspace/.derivedData/Build/Intermediates.noindex/JXKit.build/Debug-watchos/JXKit.build/Objects-normal/armv7k/JXKit-OutputFileMap.json -use-frontend-parseable-output -save-temps -no-color-diagnostics -serialize-diagnostics -emit-dependencies -emit-module -emit-module-path /Users/admin/builder/spi-builder-workspace/.derivedData/Build/Intermediates.noindex/JXKit.build/Debug-watchos/JXKit.build/Objects-normal/armv7k/JXKit.swiftmodule -validate-clang-modules-once -clang-build-session-file /Users/admin/builder/spi-builder-workspace/.derivedData/ModuleCache.noindex/Session.modulevalidation -Xcc -I/Users/admin/builder/spi-builder-workspace/.derivedData/Build/Intermediates.noindex/JXKit.build/Debug-watchos/JXKit.build/swift-overrides.hmap -emit-const-values -Xfrontend -const-gather-protocols-file -Xfrontend /Users/admin/builder/spi-builder-workspace/.derivedData/Build/Intermediates.noindex/JXKit.build/Debug-watchos/JXKit.build/Objects-normal/armv7k/JXKit_const_extract_protocols.json -Xcc -I/Users/admin/builder/spi-builder-workspace/.derivedData/Build/Products/Debug-watchos/include -Xcc -I/Users/admin/builder/spi-builder-workspace/.derivedData/Build/Intermediates.noindex/JXKit.build/Debug-watchos/JXKit.build/DerivedSources-normal/armv7k -Xcc -I/Users/admin/builder/spi-builder-workspace/.derivedData/Build/Intermediates.noindex/JXKit.build/Debug-watchos/JXKit.build/DerivedSources/armv7k -Xcc -I/Users/admin/builder/spi-builder-workspace/.derivedData/Build/Intermediates.noindex/JXKit.build/Debug-watchos/JXKit.build/DerivedSources -Xcc -DSWIFT_PACKAGE -Xcc -DDEBUG\=1 -emit-objc-header -emit-objc-header-path /Users/admin/builder/spi-builder-workspace/.derivedData/Build/Intermediates.noindex/JXKit.build/Debug-watchos/JXKit.build/Objects-normal/armv7k/JXKit-Swift.h -working-directory /Users/admin/builder/spi-builder-workspace/.swiftpm/xcode -experimental-emit-module-separately -disable-cmo
SwiftDriver SwiftInkRuntime normal armv7k com.apple.xcode.tools.swift.compiler (in target 'SwiftInkRuntime' from project 'InkSwift')
cd /Users/admin/builder/spi-builder-workspace/.swiftpm/xcode
builtin-SwiftDriver -- /Applications/Xcode-16.3.0.app/Contents/Developer/Toolchains/XcodeDefault.xctoolchain/usr/bin/swiftc -module-name SwiftInkRuntime -Onone -enforce-exclusivity\=checked @/Users/admin/builder/spi-builder-workspace/.derivedData/Build/Intermediates.noindex/InkSwift.build/Debug-watchos/SwiftInkRuntime.build/Objects-normal/armv7k/SwiftInkRuntime.SwiftFileList -DSWIFT_PACKAGE -DDEBUG -stats-output-dir .stats -strict-concurrency\=complete -enable-upcoming-feature StrictConcurrency -enable-upcoming-feature DisableOutwardActorInference -enable-upcoming-feature GlobalActorIsolatedTypesUsability -enable-upcoming-feature InferSendableFromCaptures -plugin-path /Applications/Xcode-16.3.0.app/Contents/Developer/Toolchains/XcodeDefault.xctoolchain/usr/lib/swift/host/plugins/testing -enable-experimental-feature DebugDescriptionMacro -sdk /Applications/Xcode-16.3.0.app/Contents/Developer/Platforms/WatchOS.platform/Developer/SDKs/WatchOS11.4.sdk -target armv7k-apple-watchos6.0 -g -module-cache-path /Users/admin/builder/spi-builder-workspace/.derivedData/ModuleCache.noindex -Xfrontend -serialize-debugging-options -profile-coverage-mapping -profile-generate -enable-testing -index-store-path /Users/admin/builder/spi-builder-workspace/.derivedData/Index.noindex/DataStore -swift-version 5 -I /Users/admin/builder/spi-builder-workspace/.derivedData/Build/Products/Debug-watchos -I /Applications/Xcode-16.3.0.app/Contents/Developer/Platforms/WatchOS.platform/Developer/usr/lib -F /Users/admin/builder/spi-builder-workspace/.derivedData/Build/Products/Debug-watchos -F /Applications/Xcode-16.3.0.app/Contents/Developer/Platforms/WatchOS.platform/Developer/Library/Frameworks -F /Applications/Xcode-16.3.0.app/Contents/Developer/Platforms/WatchOS.platform/Developer/SDKs/WatchOS11.4.sdk/Developer/Library/Frameworks -c -j10 -enable-batch-mode -incremental -Xcc -ivfsstatcache -Xcc /Users/admin/builder/spi-builder-workspace/.derivedData/SDKStatCaches.noindex/watchos11.4-22T246-43efb940ff07ba2497b70ec94253f576.sdkstatcache -output-file-map /Users/admin/builder/spi-builder-workspace/.derivedData/Build/Intermediates.noindex/InkSwift.build/Debug-watchos/SwiftInkRuntime.build/Objects-normal/armv7k/SwiftInkRuntime-OutputFileMap.json -use-frontend-parseable-output -save-temps -no-color-diagnostics -serialize-diagnostics -emit-dependencies -emit-module -emit-module-path /Users/admin/builder/spi-builder-workspace/.derivedData/Build/Intermediates.noindex/InkSwift.build/Debug-watchos/SwiftInkRuntime.build/Objects-normal/armv7k/SwiftInkRuntime.swiftmodule -validate-clang-modules-once -clang-build-session-file /Users/admin/builder/spi-builder-workspace/.derivedData/ModuleCache.noindex/Session.modulevalidation -Xcc -I/Users/admin/builder/spi-builder-workspace/.derivedData/Build/Intermediates.noindex/InkSwift.build/Debug-watchos/SwiftInkRuntime.build/swift-overrides.hmap -emit-const-values -Xfrontend -const-gather-protocols-file -Xfrontend /Users/admin/builder/spi-builder-workspace/.derivedData/Build/Intermediates.noindex/InkSwift.build/Debug-watchos/SwiftInkRuntime.build/Objects-normal/armv7k/SwiftInkRuntime_const_extract_protocols.json -Xcc -I/Users/admin/builder/spi-builder-workspace/.derivedData/Build/Products/Debug-watchos/include -Xcc -I/Users/admin/builder/spi-builder-workspace/.derivedData/Build/Intermediates.noindex/InkSwift.build/Debug-watchos/SwiftInkRuntime.build/DerivedSources-normal/armv7k -Xcc -I/Users/admin/builder/spi-builder-workspace/.derivedData/Build/Intermediates.noindex/InkSwift.build/Debug-watchos/SwiftInkRuntime.build/DerivedSources/armv7k -Xcc -I/Users/admin/builder/spi-builder-workspace/.derivedData/Build/Intermediates.noindex/InkSwift.build/Debug-watchos/SwiftInkRuntime.build/DerivedSources -Xcc -DSWIFT_PACKAGE -Xcc -DDEBUG\=1 -emit-objc-header -emit-objc-header-path /Users/admin/builder/spi-builder-workspace/.derivedData/Build/Intermediates.noindex/InkSwift.build/Debug-watchos/SwiftInkRuntime.build/Objects-normal/armv7k/SwiftInkRuntime-Swift.h -working-directory /Users/admin/builder/spi-builder-workspace/.swiftpm/xcode -experimental-emit-module-separately -disable-cmo
SwiftDriver SwiftInkRuntime normal arm64_32 com.apple.xcode.tools.swift.compiler (in target 'SwiftInkRuntime' from project 'InkSwift')
cd /Users/admin/builder/spi-builder-workspace/.swiftpm/xcode
builtin-SwiftDriver -- /Applications/Xcode-16.3.0.app/Contents/Developer/Toolchains/XcodeDefault.xctoolchain/usr/bin/swiftc -module-name SwiftInkRuntime -Onone -enforce-exclusivity\=checked @/Users/admin/builder/spi-builder-workspace/.derivedData/Build/Intermediates.noindex/InkSwift.build/Debug-watchos/SwiftInkRuntime.build/Objects-normal/arm64_32/SwiftInkRuntime.SwiftFileList -DSWIFT_PACKAGE -DDEBUG -stats-output-dir .stats -strict-concurrency\=complete -enable-upcoming-feature StrictConcurrency -enable-upcoming-feature DisableOutwardActorInference -enable-upcoming-feature GlobalActorIsolatedTypesUsability -enable-upcoming-feature InferSendableFromCaptures -plugin-path /Applications/Xcode-16.3.0.app/Contents/Developer/Toolchains/XcodeDefault.xctoolchain/usr/lib/swift/host/plugins/testing -enable-experimental-feature DebugDescriptionMacro -sdk /Applications/Xcode-16.3.0.app/Contents/Developer/Platforms/WatchOS.platform/Developer/SDKs/WatchOS11.4.sdk -target arm64_32-apple-watchos6.0 -g -module-cache-path /Users/admin/builder/spi-builder-workspace/.derivedData/ModuleCache.noindex -Xfrontend -serialize-debugging-options -profile-coverage-mapping -profile-generate -enable-testing -index-store-path /Users/admin/builder/spi-builder-workspace/.derivedData/Index.noindex/DataStore -swift-version 5 -I /Users/admin/builder/spi-builder-workspace/.derivedData/Build/Products/Debug-watchos -I /Applications/Xcode-16.3.0.app/Contents/Developer/Platforms/WatchOS.platform/Developer/usr/lib -F /Users/admin/builder/spi-builder-workspace/.derivedData/Build/Products/Debug-watchos -F /Applications/Xcode-16.3.0.app/Contents/Developer/Platforms/WatchOS.platform/Developer/Library/Frameworks -F /Applications/Xcode-16.3.0.app/Contents/Developer/Platforms/WatchOS.platform/Developer/SDKs/WatchOS11.4.sdk/Developer/Library/Frameworks -c -j10 -enable-batch-mode -incremental -Xcc -ivfsstatcache -Xcc /Users/admin/builder/spi-builder-workspace/.derivedData/SDKStatCaches.noindex/watchos11.4-22T246-43efb940ff07ba2497b70ec94253f576.sdkstatcache -output-file-map /Users/admin/builder/spi-builder-workspace/.derivedData/Build/Intermediates.noindex/InkSwift.build/Debug-watchos/SwiftInkRuntime.build/Objects-normal/arm64_32/SwiftInkRuntime-OutputFileMap.json -use-frontend-parseable-output -save-temps -no-color-diagnostics -serialize-diagnostics -emit-dependencies -emit-module -emit-module-path /Users/admin/builder/spi-builder-workspace/.derivedData/Build/Intermediates.noindex/InkSwift.build/Debug-watchos/SwiftInkRuntime.build/Objects-normal/arm64_32/SwiftInkRuntime.swiftmodule -validate-clang-modules-once -clang-build-session-file /Users/admin/builder/spi-builder-workspace/.derivedData/ModuleCache.noindex/Session.modulevalidation -Xcc -I/Users/admin/builder/spi-builder-workspace/.derivedData/Build/Intermediates.noindex/InkSwift.build/Debug-watchos/SwiftInkRuntime.build/swift-overrides.hmap -emit-const-values -Xfrontend -const-gather-protocols-file -Xfrontend /Users/admin/builder/spi-builder-workspace/.derivedData/Build/Intermediates.noindex/InkSwift.build/Debug-watchos/SwiftInkRuntime.build/Objects-normal/arm64_32/SwiftInkRuntime_const_extract_protocols.json -Xcc -I/Users/admin/builder/spi-builder-workspace/.derivedData/Build/Products/Debug-watchos/include -Xcc -I/Users/admin/builder/spi-builder-workspace/.derivedData/Build/Intermediates.noindex/InkSwift.build/Debug-watchos/SwiftInkRuntime.build/DerivedSources-normal/arm64_32 -Xcc -I/Users/admin/builder/spi-builder-workspace/.derivedData/Build/Intermediates.noindex/InkSwift.build/Debug-watchos/SwiftInkRuntime.build/DerivedSources/arm64_32 -Xcc -I/Users/admin/builder/spi-builder-workspace/.derivedData/Build/Intermediates.noindex/InkSwift.build/Debug-watchos/SwiftInkRuntime.build/DerivedSources -Xcc -DSWIFT_PACKAGE -Xcc -DDEBUG\=1 -emit-objc-header -emit-objc-header-path /Users/admin/builder/spi-builder-workspace/.derivedData/Build/Intermediates.noindex/InkSwift.build/Debug-watchos/SwiftInkRuntime.build/Objects-normal/arm64_32/SwiftInkRuntime-Swift.h -working-directory /Users/admin/builder/spi-builder-workspace/.swiftpm/xcode -experimental-emit-module-separately -disable-cmo
SwiftDriver JXKit normal arm64_32 com.apple.xcode.tools.swift.compiler (in target 'JXKit' from project 'JXKit')
cd /Users/admin/builder/spi-builder-workspace/.swiftpm/xcode
builtin-SwiftDriver -- /Applications/Xcode-16.3.0.app/Contents/Developer/Toolchains/XcodeDefault.xctoolchain/usr/bin/swiftc -module-name JXKit -Onone -enforce-exclusivity\=checked @/Users/admin/builder/spi-builder-workspace/.derivedData/Build/Intermediates.noindex/JXKit.build/Debug-watchos/JXKit.build/Objects-normal/arm64_32/JXKit.SwiftFileList -DSWIFT_PACKAGE -DDEBUG -stats-output-dir .stats -strict-concurrency\=complete -enable-upcoming-feature StrictConcurrency -enable-upcoming-feature DisableOutwardActorInference -enable-upcoming-feature GlobalActorIsolatedTypesUsability -enable-upcoming-feature InferSendableFromCaptures -plugin-path /Applications/Xcode-16.3.0.app/Contents/Developer/Toolchains/XcodeDefault.xctoolchain/usr/lib/swift/host/plugins/testing -enable-experimental-feature DebugDescriptionMacro -sdk /Applications/Xcode-16.3.0.app/Contents/Developer/Platforms/WatchOS.platform/Developer/SDKs/WatchOS11.4.sdk -target arm64_32-apple-watchos6.0 -g -module-cache-path /Users/admin/builder/spi-builder-workspace/.derivedData/ModuleCache.noindex -Xfrontend -serialize-debugging-options -profile-coverage-mapping -profile-generate -enable-testing -suppress-warnings -index-store-path /Users/admin/builder/spi-builder-workspace/.derivedData/Index.noindex/DataStore -swift-version 5 -I /Users/admin/builder/spi-builder-workspace/.derivedData/Build/Products/Debug-watchos -I /Applications/Xcode-16.3.0.app/Contents/Developer/Platforms/WatchOS.platform/Developer/usr/lib -F /Users/admin/builder/spi-builder-workspace/.derivedData/Build/Products/Debug-watchos -F /Applications/Xcode-16.3.0.app/Contents/Developer/Platforms/WatchOS.platform/Developer/Library/Frameworks -F /Applications/Xcode-16.3.0.app/Contents/Developer/Platforms/WatchOS.platform/Developer/SDKs/WatchOS11.4.sdk/Developer/Library/Frameworks -c -j10 -enable-batch-mode -incremental -Xcc -ivfsstatcache -Xcc /Users/admin/builder/spi-builder-workspace/.derivedData/SDKStatCaches.noindex/watchos11.4-22T246-43efb940ff07ba2497b70ec94253f576.sdkstatcache -output-file-map /Users/admin/builder/spi-builder-workspace/.derivedData/Build/Intermediates.noindex/JXKit.build/Debug-watchos/JXKit.build/Objects-normal/arm64_32/JXKit-OutputFileMap.json -use-frontend-parseable-output -save-temps -no-color-diagnostics -serialize-diagnostics -emit-dependencies -emit-module -emit-module-path /Users/admin/builder/spi-builder-workspace/.derivedData/Build/Intermediates.noindex/JXKit.build/Debug-watchos/JXKit.build/Objects-normal/arm64_32/JXKit.swiftmodule -validate-clang-modules-once -clang-build-session-file /Users/admin/builder/spi-builder-workspace/.derivedData/ModuleCache.noindex/Session.modulevalidation -Xcc -I/Users/admin/builder/spi-builder-workspace/.derivedData/Build/Intermediates.noindex/JXKit.build/Debug-watchos/JXKit.build/swift-overrides.hmap -emit-const-values -Xfrontend -const-gather-protocols-file -Xfrontend /Users/admin/builder/spi-builder-workspace/.derivedData/Build/Intermediates.noindex/JXKit.build/Debug-watchos/JXKit.build/Objects-normal/arm64_32/JXKit_const_extract_protocols.json -Xcc -I/Users/admin/builder/spi-builder-workspace/.derivedData/Build/Products/Debug-watchos/include -Xcc -I/Users/admin/builder/spi-builder-workspace/.derivedData/Build/Intermediates.noindex/JXKit.build/Debug-watchos/JXKit.build/DerivedSources-normal/arm64_32 -Xcc -I/Users/admin/builder/spi-builder-workspace/.derivedData/Build/Intermediates.noindex/JXKit.build/Debug-watchos/JXKit.build/DerivedSources/arm64_32 -Xcc -I/Users/admin/builder/spi-builder-workspace/.derivedData/Build/Intermediates.noindex/JXKit.build/Debug-watchos/JXKit.build/DerivedSources -Xcc -DSWIFT_PACKAGE -Xcc -DDEBUG\=1 -emit-objc-header -emit-objc-header-path /Users/admin/builder/spi-builder-workspace/.derivedData/Build/Intermediates.noindex/JXKit.build/Debug-watchos/JXKit.build/Objects-normal/arm64_32/JXKit-Swift.h -working-directory /Users/admin/builder/spi-builder-workspace/.swiftpm/xcode -experimental-emit-module-separately -disable-cmo
SwiftDriver JXKit normal arm64 com.apple.xcode.tools.swift.compiler (in target 'JXKit' from project 'JXKit')
cd /Users/admin/builder/spi-builder-workspace/.swiftpm/xcode
builtin-SwiftDriver -- /Applications/Xcode-16.3.0.app/Contents/Developer/Toolchains/XcodeDefault.xctoolchain/usr/bin/swiftc -module-name JXKit -Onone -enforce-exclusivity\=checked @/Users/admin/builder/spi-builder-workspace/.derivedData/Build/Intermediates.noindex/JXKit.build/Debug-watchos/JXKit.build/Objects-normal/arm64/JXKit.SwiftFileList -DSWIFT_PACKAGE -DDEBUG -stats-output-dir .stats -strict-concurrency\=complete -enable-upcoming-feature StrictConcurrency -enable-upcoming-feature DisableOutwardActorInference -enable-upcoming-feature GlobalActorIsolatedTypesUsability -enable-upcoming-feature InferSendableFromCaptures -plugin-path /Applications/Xcode-16.3.0.app/Contents/Developer/Toolchains/XcodeDefault.xctoolchain/usr/lib/swift/host/plugins/testing -enable-experimental-feature DebugDescriptionMacro -sdk /Applications/Xcode-16.3.0.app/Contents/Developer/Platforms/WatchOS.platform/Developer/SDKs/WatchOS11.4.sdk -target arm64-apple-watchos6.0 -g -module-cache-path /Users/admin/builder/spi-builder-workspace/.derivedData/ModuleCache.noindex -Xfrontend -serialize-debugging-options -profile-coverage-mapping -profile-generate -enable-testing -suppress-warnings -index-store-path /Users/admin/builder/spi-builder-workspace/.derivedData/Index.noindex/DataStore -swift-version 5 -I /Users/admin/builder/spi-builder-workspace/.derivedData/Build/Products/Debug-watchos -I /Applications/Xcode-16.3.0.app/Contents/Developer/Platforms/WatchOS.platform/Developer/usr/lib -F /Users/admin/builder/spi-builder-workspace/.derivedData/Build/Products/Debug-watchos -F /Applications/Xcode-16.3.0.app/Contents/Developer/Platforms/WatchOS.platform/Developer/Library/Frameworks -F /Applications/Xcode-16.3.0.app/Contents/Developer/Platforms/WatchOS.platform/Developer/SDKs/WatchOS11.4.sdk/Developer/Library/Frameworks -c -j10 -enable-batch-mode -incremental -Xcc -ivfsstatcache -Xcc /Users/admin/builder/spi-builder-workspace/.derivedData/SDKStatCaches.noindex/watchos11.4-22T246-43efb940ff07ba2497b70ec94253f576.sdkstatcache -output-file-map /Users/admin/builder/spi-builder-workspace/.derivedData/Build/Intermediates.noindex/JXKit.build/Debug-watchos/JXKit.build/Objects-normal/arm64/JXKit-OutputFileMap.json -use-frontend-parseable-output -save-temps -no-color-diagnostics -serialize-diagnostics -emit-dependencies -emit-module -emit-module-path /Users/admin/builder/spi-builder-workspace/.derivedData/Build/Intermediates.noindex/JXKit.build/Debug-watchos/JXKit.build/Objects-normal/arm64/JXKit.swiftmodule -validate-clang-modules-once -clang-build-session-file /Users/admin/builder/spi-builder-workspace/.derivedData/ModuleCache.noindex/Session.modulevalidation -Xcc -I/Users/admin/builder/spi-builder-workspace/.derivedData/Build/Intermediates.noindex/JXKit.build/Debug-watchos/JXKit.build/swift-overrides.hmap -emit-const-values -Xfrontend -const-gather-protocols-file -Xfrontend /Users/admin/builder/spi-builder-workspace/.derivedData/Build/Intermediates.noindex/JXKit.build/Debug-watchos/JXKit.build/Objects-normal/arm64/JXKit_const_extract_protocols.json -Xcc -I/Users/admin/builder/spi-builder-workspace/.derivedData/Build/Products/Debug-watchos/include -Xcc -I/Users/admin/builder/spi-builder-workspace/.derivedData/Build/Intermediates.noindex/JXKit.build/Debug-watchos/JXKit.build/DerivedSources-normal/arm64 -Xcc -I/Users/admin/builder/spi-builder-workspace/.derivedData/Build/Intermediates.noindex/JXKit.build/Debug-watchos/JXKit.build/DerivedSources/arm64 -Xcc -I/Users/admin/builder/spi-builder-workspace/.derivedData/Build/Intermediates.noindex/JXKit.build/Debug-watchos/JXKit.build/DerivedSources -Xcc -DSWIFT_PACKAGE -Xcc -DDEBUG\=1 -emit-objc-header -emit-objc-header-path /Users/admin/builder/spi-builder-workspace/.derivedData/Build/Intermediates.noindex/JXKit.build/Debug-watchos/JXKit.build/Objects-normal/arm64/JXKit-Swift.h -working-directory /Users/admin/builder/spi-builder-workspace/.swiftpm/xcode -experimental-emit-module-separately -disable-cmo
SwiftDriver SwiftInkRuntime normal arm64 com.apple.xcode.tools.swift.compiler (in target 'SwiftInkRuntime' from project 'InkSwift')
cd /Users/admin/builder/spi-builder-workspace/.swiftpm/xcode
builtin-SwiftDriver -- /Applications/Xcode-16.3.0.app/Contents/Developer/Toolchains/XcodeDefault.xctoolchain/usr/bin/swiftc -module-name SwiftInkRuntime -Onone -enforce-exclusivity\=checked @/Users/admin/builder/spi-builder-workspace/.derivedData/Build/Intermediates.noindex/InkSwift.build/Debug-watchos/SwiftInkRuntime.build/Objects-normal/arm64/SwiftInkRuntime.SwiftFileList -DSWIFT_PACKAGE -DDEBUG -stats-output-dir .stats -strict-concurrency\=complete -enable-upcoming-feature StrictConcurrency -enable-upcoming-feature DisableOutwardActorInference -enable-upcoming-feature GlobalActorIsolatedTypesUsability -enable-upcoming-feature InferSendableFromCaptures -plugin-path /Applications/Xcode-16.3.0.app/Contents/Developer/Toolchains/XcodeDefault.xctoolchain/usr/lib/swift/host/plugins/testing -enable-experimental-feature DebugDescriptionMacro -sdk /Applications/Xcode-16.3.0.app/Contents/Developer/Platforms/WatchOS.platform/Developer/SDKs/WatchOS11.4.sdk -target arm64-apple-watchos6.0 -g -module-cache-path /Users/admin/builder/spi-builder-workspace/.derivedData/ModuleCache.noindex -Xfrontend -serialize-debugging-options -profile-coverage-mapping -profile-generate -enable-testing -index-store-path /Users/admin/builder/spi-builder-workspace/.derivedData/Index.noindex/DataStore -swift-version 5 -I /Users/admin/builder/spi-builder-workspace/.derivedData/Build/Products/Debug-watchos -I /Applications/Xcode-16.3.0.app/Contents/Developer/Platforms/WatchOS.platform/Developer/usr/lib -F /Users/admin/builder/spi-builder-workspace/.derivedData/Build/Products/Debug-watchos -F /Applications/Xcode-16.3.0.app/Contents/Developer/Platforms/WatchOS.platform/Developer/Library/Frameworks -F /Applications/Xcode-16.3.0.app/Contents/Developer/Platforms/WatchOS.platform/Developer/SDKs/WatchOS11.4.sdk/Developer/Library/Frameworks -c -j10 -enable-batch-mode -incremental -Xcc -ivfsstatcache -Xcc /Users/admin/builder/spi-builder-workspace/.derivedData/SDKStatCaches.noindex/watchos11.4-22T246-43efb940ff07ba2497b70ec94253f576.sdkstatcache -output-file-map /Users/admin/builder/spi-builder-workspace/.derivedData/Build/Intermediates.noindex/InkSwift.build/Debug-watchos/SwiftInkRuntime.build/Objects-normal/arm64/SwiftInkRuntime-OutputFileMap.json -use-frontend-parseable-output -save-temps -no-color-diagnostics -serialize-diagnostics -emit-dependencies -emit-module -emit-module-path /Users/admin/builder/spi-builder-workspace/.derivedData/Build/Intermediates.noindex/InkSwift.build/Debug-watchos/SwiftInkRuntime.build/Objects-normal/arm64/SwiftInkRuntime.swiftmodule -validate-clang-modules-once -clang-build-session-file /Users/admin/builder/spi-builder-workspace/.derivedData/ModuleCache.noindex/Session.modulevalidation -Xcc -I/Users/admin/builder/spi-builder-workspace/.derivedData/Build/Intermediates.noindex/InkSwift.build/Debug-watchos/SwiftInkRuntime.build/swift-overrides.hmap -emit-const-values -Xfrontend -const-gather-protocols-file -Xfrontend /Users/admin/builder/spi-builder-workspace/.derivedData/Build/Intermediates.noindex/InkSwift.build/Debug-watchos/SwiftInkRuntime.build/Objects-normal/arm64/SwiftInkRuntime_const_extract_protocols.json -Xcc -I/Users/admin/builder/spi-builder-workspace/.derivedData/Build/Products/Debug-watchos/include -Xcc -I/Users/admin/builder/spi-builder-workspace/.derivedData/Build/Intermediates.noindex/InkSwift.build/Debug-watchos/SwiftInkRuntime.build/DerivedSources-normal/arm64 -Xcc -I/Users/admin/builder/spi-builder-workspace/.derivedData/Build/Intermediates.noindex/InkSwift.build/Debug-watchos/SwiftInkRuntime.build/DerivedSources/arm64 -Xcc -I/Users/admin/builder/spi-builder-workspace/.derivedData/Build/Intermediates.noindex/InkSwift.build/Debug-watchos/SwiftInkRuntime.build/DerivedSources -Xcc -DSWIFT_PACKAGE -Xcc -DDEBUG\=1 -emit-objc-header -emit-objc-header-path /Users/admin/builder/spi-builder-workspace/.derivedData/Build/Intermediates.noindex/InkSwift.build/Debug-watchos/SwiftInkRuntime.build/Objects-normal/arm64/SwiftInkRuntime-Swift.h -working-directory /Users/admin/builder/spi-builder-workspace/.swiftpm/xcode -experimental-emit-module-separately -disable-cmo
SwiftEmitModule normal armv7k Emitting\ module\ for\ JXKit (in target 'JXKit' from project 'JXKit')
EmitSwiftModule normal armv7k (in target 'JXKit' from project 'JXKit')
cd /Users/admin/builder/spi-builder-workspace/.swiftpm/xcode
/Users/admin/builder/spi-builder-workspace/.dependencies/checkouts/JXKit/Sources/JXKit/JXContext.swift:5:8: error: no such module 'CJSCore'
import CJSCore
^
Failed frontend command:
/Applications/Xcode-16.3.0.app/Contents/Developer/Toolchains/XcodeDefault.xctoolchain/usr/bin/swift-frontend -frontend -emit-module -experimental-skip-non-inlinable-function-bodies-without-types /Users/admin/builder/spi-builder-workspace/.derivedData/Build/Intermediates.noindex/JXKit.build/Debug-watchos/JXKit.build/DerivedSources/resource_bundle_accessor.swift /Users/admin/builder/spi-builder-workspace/.dependencies/checkouts/JXKit/Sources/JXKit/JXCancellable.swift /Users/admin/builder/spi-builder-workspace/.dependencies/checkouts/JXKit/Sources/JXKit/JXCoding.swift /Users/admin/builder/spi-builder-workspace/.dependencies/checkouts/JXKit/Sources/JXKit/JXContext.swift /Users/admin/builder/spi-builder-workspace/.dependencies/checkouts/JXKit/Sources/JXKit/JXConvertible.swift /Users/admin/builder/spi-builder-workspace/.dependencies/checkouts/JXKit/Sources/JXKit/JXDefs.swift /Users/admin/builder/spi-builder-workspace/.dependencies/checkouts/JXKit/Sources/JXKit/JXError.swift /Users/admin/builder/spi-builder-workspace/.dependencies/checkouts/JXKit/Sources/JXKit/JXListenerCollection.swift /Users/admin/builder/spi-builder-workspace/.dependencies/checkouts/JXKit/Sources/JXKit/JXProperty.swift /Users/admin/builder/spi-builder-workspace/.dependencies/checkouts/JXKit/Sources/JXKit/JXScriptLoader.swift /Users/admin/builder/spi-builder-workspace/.dependencies/checkouts/JXKit/Sources/JXKit/JXType.swift /Users/admin/builder/spi-builder-workspace/.dependencies/checkouts/JXKit/Sources/JXKit/JXVM.swift /Users/admin/builder/spi-builder-workspace/.dependencies/checkouts/JXKit/Sources/JXKit/JXValue.swift /Users/admin/builder/spi-builder-workspace/.dependencies/checkouts/JXKit/Sources/JXKit/Module.swift /Users/admin/builder/spi-builder-workspace/.dependencies/checkouts/JXKit/Sources/JXKit/ScriptManager.swift -target armv7k-apple-watchos6.0 -enable-objc-interop -stack-check -sdk /Applications/Xcode-16.3.0.app/Contents/Developer/Platforms/WatchOS.platform/Developer/SDKs/WatchOS11.4.sdk -I /Users/admin/builder/spi-builder-workspace/.derivedData/Build/Products/Debug-watchos -I /Applications/Xcode-16.3.0.app/Contents/Developer/Platforms/WatchOS.platform/Developer/usr/lib -F /Users/admin/builder/spi-builder-workspace/.derivedData/Build/Products/Debug-watchos -F /Applications/Xcode-16.3.0.app/Contents/Developer/Platforms/WatchOS.platform/Developer/Library/Frameworks -F /Applications/Xcode-16.3.0.app/Contents/Developer/Platforms/WatchOS.platform/Developer/SDKs/WatchOS11.4.sdk/Developer/Library/Frameworks -no-color-diagnostics -enable-testing -g -debug-info-format\=dwarf -dwarf-version\=4 -module-cache-path /Users/admin/builder/spi-builder-workspace/.derivedData/ModuleCache.noindex -suppress-warnings -profile-generate -profile-coverage-mapping -swift-version 5 -enforce-exclusivity\=checked -stats-output-dir /Users/admin/builder/spi-builder-workspace/.swiftpm/xcode/.stats -Onone -D SWIFT_PACKAGE -D DEBUG -serialize-debugging-options -const-gather-protocols-file /Users/admin/builder/spi-builder-workspace/.derivedData/Build/Intermediates.noindex/JXKit.build/Debug-watchos/JXKit.build/Objects-normal/armv7k/JXKit_const_extract_protocols.json -enable-upcoming-feature StrictConcurrency -enable-upcoming-feature DisableOutwardActorInference -enable-upcoming-feature GlobalActorIsolatedTypesUsability -enable-upcoming-feature InferSendableFromCaptures -enable-experimental-feature DebugDescriptionMacro -strict-concurrency\=complete -empty-abi-descriptor -plugin-path /Applications/Xcode-16.3.0.app/Contents/Developer/Toolchains/XcodeDefault.xctoolchain/usr/lib/swift/host/plugins/testing -validate-clang-modules-once -clang-build-session-file /Users/admin/builder/spi-builder-workspace/.derivedData/ModuleCache.noindex/Session.modulevalidation -Xcc -working-directory -Xcc /Users/admin/builder/spi-builder-workspace/.swiftpm/xcode -resource-dir /Applications/Xcode-16.3.0.app/Contents/Developer/Toolchains/XcodeDefault.xctoolchain/usr/lib/swift -enable-anonymous-context-mangled-names -file-compilation-dir /Users/admin/builder/spi-builder-workspace/.swiftpm/xcode -Xcc -ivfsstatcache -Xcc /Users/admin/builder/spi-builder-workspace/.derivedData/SDKStatCaches.noindex/watchos11.4-22T246-43efb940ff07ba2497b70ec94253f576.sdkstatcache -Xcc -I/Users/admin/builder/spi-builder-workspace/.derivedData/Build/Intermediates.noindex/JXKit.build/Debug-watchos/JXKit.build/swift-overrides.hmap -Xcc -I/Users/admin/builder/spi-builder-workspace/.derivedData/Build/Products/Debug-watchos/include -Xcc -I/Users/admin/builder/spi-builder-workspace/.derivedData/Build/Intermediates.noindex/JXKit.build/Debug-watchos/JXKit.build/DerivedSources-normal/armv7k -Xcc -I/Users/admin/builder/spi-builder-workspace/.derivedData/Build/Intermediates.noindex/JXKit.build/Debug-watchos/JXKit.build/DerivedSources/armv7k -Xcc -I/Users/admin/builder/spi-builder-workspace/.derivedData/Build/Intermediates.noindex/JXKit.build/Debug-watchos/JXKit.build/DerivedSources -Xcc -DSWIFT_PACKAGE -Xcc -DDEBUG\=1 -module-name JXKit -frontend-parseable-output -disable-clang-spi -target-sdk-version 11.4 -target-sdk-name watchos11.4 -external-plugin-path /Applications/Xcode-16.3.0.app/Contents/Developer/Platforms/WatchOS.platform/Developer/usr/lib/swift/host/plugins\#/Applications/Xcode-16.3.0.app/Contents/Developer/Platforms/WatchOS.platform/Developer/usr/bin/swift-plugin-server -external-plugin-path /Applications/Xcode-16.3.0.app/Contents/Developer/Platforms/WatchOS.platform/Developer/usr/local/lib/swift/host/plugins\#/Applications/Xcode-16.3.0.app/Contents/Developer/Platforms/WatchOS.platform/Developer/usr/bin/swift-plugin-server -in-process-plugin-server-path /Applications/Xcode-16.3.0.app/Contents/Developer/Toolchains/XcodeDefault.xctoolchain/usr/lib/swift/host/libSwiftInProcPluginServer.dylib -plugin-path /Applications/Xcode-16.3.0.app/Contents/Developer/Toolchains/XcodeDefault.xctoolchain/usr/lib/swift/host/plugins -plugin-path /Applications/Xcode-16.3.0.app/Contents/Developer/Toolchains/XcodeDefault.xctoolchain/usr/local/lib/swift/host/plugins -emit-module-doc-path /Users/admin/builder/spi-builder-workspace/.derivedData/Build/Intermediates.noindex/JXKit.build/Debug-watchos/JXKit.build/Objects-normal/armv7k/JXKit.swiftdoc -emit-module-source-info-path /Users/admin/builder/spi-builder-workspace/.derivedData/Build/Intermediates.noindex/JXKit.build/Debug-watchos/JXKit.build/Objects-normal/armv7k/JXKit.swiftsourceinfo -emit-objc-header-path /Users/admin/builder/spi-builder-workspace/.derivedData/Build/Intermediates.noindex/JXKit.build/Debug-watchos/JXKit.build/Objects-normal/armv7k/JXKit-Swift.h -serialize-diagnostics-path /Users/admin/builder/spi-builder-workspace/.derivedData/Build/Intermediates.noindex/JXKit.build/Debug-watchos/JXKit.build/Objects-normal/armv7k/JXKit-master-emit-module.dia -emit-dependencies-path /Users/admin/builder/spi-builder-workspace/.derivedData/Build/Intermediates.noindex/JXKit.build/Debug-watchos/JXKit.build/Objects-normal/armv7k/JXKit-master-emit-module.d -o /Users/admin/builder/spi-builder-workspace/.derivedData/Build/Intermediates.noindex/JXKit.build/Debug-watchos/JXKit.build/Objects-normal/armv7k/JXKit.swiftmodule -emit-abi-descriptor-path /Users/admin/builder/spi-builder-workspace/.derivedData/Build/Intermediates.noindex/JXKit.build/Debug-watchos/JXKit.build/Objects-normal/armv7k/JXKit.abi.json
SwiftCompile normal armv7k Compiling\ resource_bundle_accessor.swift,\ JXCancellable.swift /Users/admin/builder/spi-builder-workspace/.derivedData/Build/Intermediates.noindex/JXKit.build/Debug-watchos/JXKit.build/DerivedSources/resource_bundle_accessor.swift /Users/admin/builder/spi-builder-workspace/.dependencies/checkouts/JXKit/Sources/JXKit/JXCancellable.swift (in target 'JXKit' from project 'JXKit')
SwiftCompile normal armv7k /Users/admin/builder/spi-builder-workspace/.derivedData/Build/Intermediates.noindex/JXKit.build/Debug-watchos/JXKit.build/DerivedSources/resource_bundle_accessor.swift (in target 'JXKit' from project 'JXKit')
cd /Users/admin/builder/spi-builder-workspace/.swiftpm/xcode
SwiftCompile normal armv7k /Users/admin/builder/spi-builder-workspace/.dependencies/checkouts/JXKit/Sources/JXKit/JXCancellable.swift (in target 'JXKit' from project 'JXKit')
cd /Users/admin/builder/spi-builder-workspace/.swiftpm/xcode
SwiftCompile normal armv7k Compiling\ JXConvertible.swift,\ JXDefs.swift /Users/admin/builder/spi-builder-workspace/.dependencies/checkouts/JXKit/Sources/JXKit/JXConvertible.swift /Users/admin/builder/spi-builder-workspace/.dependencies/checkouts/JXKit/Sources/JXKit/JXDefs.swift (in target 'JXKit' from project 'JXKit')
SwiftCompile normal armv7k /Users/admin/builder/spi-builder-workspace/.dependencies/checkouts/JXKit/Sources/JXKit/JXConvertible.swift (in target 'JXKit' from project 'JXKit')
cd /Users/admin/builder/spi-builder-workspace/.swiftpm/xcode
SwiftCompile normal armv7k /Users/admin/builder/spi-builder-workspace/.dependencies/checkouts/JXKit/Sources/JXKit/JXDefs.swift (in target 'JXKit' from project 'JXKit')
cd /Users/admin/builder/spi-builder-workspace/.swiftpm/xcode
SwiftCompile normal armv7k Compiling\ JXCoding.swift,\ JXContext.swift /Users/admin/builder/spi-builder-workspace/.dependencies/checkouts/JXKit/Sources/JXKit/JXCoding.swift /Users/admin/builder/spi-builder-workspace/.dependencies/checkouts/JXKit/Sources/JXKit/JXContext.swift (in target 'JXKit' from project 'JXKit')
SwiftCompile normal armv7k /Users/admin/builder/spi-builder-workspace/.dependencies/checkouts/JXKit/Sources/JXKit/JXCoding.swift (in target 'JXKit' from project 'JXKit')
cd /Users/admin/builder/spi-builder-workspace/.swiftpm/xcode
SwiftCompile normal armv7k /Users/admin/builder/spi-builder-workspace/.dependencies/checkouts/JXKit/Sources/JXKit/JXContext.swift (in target 'JXKit' from project 'JXKit')
cd /Users/admin/builder/spi-builder-workspace/.swiftpm/xcode
SwiftCompile normal armv7k Compiling\ JXProperty.swift,\ JXScriptLoader.swift /Users/admin/builder/spi-builder-workspace/.dependencies/checkouts/JXKit/Sources/JXKit/JXProperty.swift /Users/admin/builder/spi-builder-workspace/.dependencies/checkouts/JXKit/Sources/JXKit/JXScriptLoader.swift (in target 'JXKit' from project 'JXKit')
SwiftCompile normal armv7k /Users/admin/builder/spi-builder-workspace/.dependencies/checkouts/JXKit/Sources/JXKit/JXProperty.swift (in target 'JXKit' from project 'JXKit')
cd /Users/admin/builder/spi-builder-workspace/.swiftpm/xcode
SwiftCompile normal armv7k /Users/admin/builder/spi-builder-workspace/.dependencies/checkouts/JXKit/Sources/JXKit/JXScriptLoader.swift (in target 'JXKit' from project 'JXKit')
cd /Users/admin/builder/spi-builder-workspace/.swiftpm/xcode
SwiftCompile normal armv7k Compiling\ JXError.swift,\ JXListenerCollection.swift /Users/admin/builder/spi-builder-workspace/.dependencies/checkouts/JXKit/Sources/JXKit/JXError.swift /Users/admin/builder/spi-builder-workspace/.dependencies/checkouts/JXKit/Sources/JXKit/JXListenerCollection.swift (in target 'JXKit' from project 'JXKit')
SwiftCompile normal armv7k /Users/admin/builder/spi-builder-workspace/.dependencies/checkouts/JXKit/Sources/JXKit/JXError.swift (in target 'JXKit' from project 'JXKit')
cd /Users/admin/builder/spi-builder-workspace/.swiftpm/xcode
SwiftCompile normal armv7k /Users/admin/builder/spi-builder-workspace/.dependencies/checkouts/JXKit/Sources/JXKit/JXListenerCollection.swift (in target 'JXKit' from project 'JXKit')
cd /Users/admin/builder/spi-builder-workspace/.swiftpm/xcode
SwiftCompile normal armv7k Compiling\ JXValue.swift /Users/admin/builder/spi-builder-workspace/.dependencies/checkouts/JXKit/Sources/JXKit/JXValue.swift (in target 'JXKit' from project 'JXKit')
SwiftCompile normal armv7k /Users/admin/builder/spi-builder-workspace/.dependencies/checkouts/JXKit/Sources/JXKit/JXValue.swift (in target 'JXKit' from project 'JXKit')
cd /Users/admin/builder/spi-builder-workspace/.swiftpm/xcode
SwiftCompile normal armv7k Compiling\ ScriptManager.swift /Users/admin/builder/spi-builder-workspace/.dependencies/checkouts/JXKit/Sources/JXKit/ScriptManager.swift (in target 'JXKit' from project 'JXKit')
SwiftCompile normal armv7k /Users/admin/builder/spi-builder-workspace/.dependencies/checkouts/JXKit/Sources/JXKit/ScriptManager.swift (in target 'JXKit' from project 'JXKit')
cd /Users/admin/builder/spi-builder-workspace/.swiftpm/xcode
SwiftCompile normal armv7k Compiling\ Module.swift /Users/admin/builder/spi-builder-workspace/.dependencies/checkouts/JXKit/Sources/JXKit/Module.swift (in target 'JXKit' from project 'JXKit')
SwiftCompile normal armv7k /Users/admin/builder/spi-builder-workspace/.dependencies/checkouts/JXKit/Sources/JXKit/Module.swift (in target 'JXKit' from project 'JXKit')
cd /Users/admin/builder/spi-builder-workspace/.swiftpm/xcode
SwiftCompile normal armv7k Compiling\ JXVM.swift /Users/admin/builder/spi-builder-workspace/.dependencies/checkouts/JXKit/Sources/JXKit/JXVM.swift (in target 'JXKit' from project 'JXKit')
SwiftCompile normal armv7k /Users/admin/builder/spi-builder-workspace/.dependencies/checkouts/JXKit/Sources/JXKit/JXVM.swift (in target 'JXKit' from project 'JXKit')
cd /Users/admin/builder/spi-builder-workspace/.swiftpm/xcode
SwiftEmitModule normal arm64 Emitting\ module\ for\ SwiftInkRuntime (in target 'SwiftInkRuntime' from project 'InkSwift')
Command SwiftEmitModule failed with a nonzero exit code
** BUILD FAILED **
The following build commands failed:
EmitSwiftModule normal armv7k (in target 'JXKit' from project 'JXKit')
SwiftEmitModule normal armv7k Emitting\ module\ for\ JXKit (in target 'JXKit' from project 'JXKit')
SwiftEmitModule normal arm64 Emitting\ module\ for\ SwiftInkRuntime (in target 'SwiftInkRuntime' from project 'InkSwift')
Building workspace spi-builder-workspace with scheme InkSwift-Package
(4 failures)
Command line invocation:
/Applications/Xcode-16.3.0.app/Contents/Developer/usr/bin/xcodebuild -IDEClonedSourcePackagesDirPathOverride=/Users/admin/builder/spi-builder-workspace/.dependencies -resolvePackageDependencies
Resolve Package Graph
Resolved source packages:
InkSwift: /Users/admin/builder/spi-builder-workspace
JXKit: https://github.com/jectivex/JXKit.git @ 3.6.0
JSONEquality: https://github.com/neallester/JSONEquality.git @ master (5dc8726)
resolved source packages: InkSwift, JXKit, JSONEquality
{
"dependencies" : [
{
"identity" : "jxkit",
"requirement" : {
"range" : [
{
"lower_bound" : "3.6.0",
"upper_bound" : "4.0.0"
}
]
},
"type" : "sourceControl",
"url" : "https://github.com/jectivex/JXKit.git"
},
{
"identity" : "jsonequality",
"requirement" : {
"branch" : [
"master"
]
},
"type" : "sourceControl",
"url" : "https://github.com/neallester/JSONEquality.git"
}
],
"manifest_display_name" : "InkSwift",
"name" : "InkSwift",
"path" : "/Users/admin/builder/spi-builder-workspace",
"platforms" : [
{
"name" : "macos",
"version" : "10.15"
},
{
"name" : "ios",
"version" : "13.0"
},
{
"name" : "tvos",
"version" : "13.0"
}
],
"products" : [
{
"name" : "InkSwift",
"targets" : [
"InkSwift"
],
"type" : {
"library" : [
"automatic"
]
}
},
{
"name" : "SwiftInkRuntime",
"targets" : [
"SwiftInkRuntime"
],
"type" : {
"library" : [
"automatic"
]
}
},
{
"name" : "SwiftInkRuntimeTestSupport",
"targets" : [
"SwiftInkRuntimeTestSupport"
],
"type" : {
"library" : [
"automatic"
]
}
}
],
"targets" : [
{
"c99name" : "SwiftInkRuntimeTests",
"module_type" : "SwiftTarget",
"name" : "SwiftInkRuntimeTests",
"path" : "Tests/SwiftInkRuntimeTests",
"product_dependencies" : [
"JSONEquality"
],
"resources" : [
{
"path" : "/Users/admin/builder/spi-builder-workspace/Tests/SwiftInkRuntimeTests/Fixtures/BorrowedLight.ink",
"rule" : {
"process" : {
}
}
},
{
"path" : "/Users/admin/builder/spi-builder-workspace/Tests/SwiftInkRuntimeTests/Fixtures/BorrowedLight.ink.json",
"rule" : {
"process" : {
}
}
},
{
"path" : "/Users/admin/builder/spi-builder-workspace/Tests/SwiftInkRuntimeTests/Fixtures/TheIntercept.ink",
"rule" : {
"process" : {
}
}
},
{
"path" : "/Users/admin/builder/spi-builder-workspace/Tests/SwiftInkRuntimeTests/Fixtures/TheIntercept.ink.json",
"rule" : {
"process" : {
}
}
},
{
"path" : "/Users/admin/builder/spi-builder-workspace/Tests/SwiftInkRuntimeTests/Fixtures/TheIntercept_oracle_walkthrough.json",
"rule" : {
"process" : {
}
}
},
{
"path" : "/Users/admin/builder/spi-builder-workspace/Tests/SwiftInkRuntimeTests/Fixtures/TopLevelStitchDivert.ink",
"rule" : {
"process" : {
}
}
},
{
"path" : "/Users/admin/builder/spi-builder-workspace/Tests/SwiftInkRuntimeTests/Fixtures/TopLevelStitchDivert.ink.json",
"rule" : {
"process" : {
}
}
},
{
"path" : "/Users/admin/builder/spi-builder-workspace/Tests/SwiftInkRuntimeTests/Fixtures/compile-brace-markers.ink",
"rule" : {
"process" : {
}
}
},
{
"path" : "/Users/admin/builder/spi-builder-workspace/Tests/SwiftInkRuntimeTests/Fixtures/compile-brace-markers.ink.json",
"rule" : {
"process" : {
}
}
},
{
"path" : "/Users/admin/builder/spi-builder-workspace/Tests/SwiftInkRuntimeTests/Fixtures/compile-ceiling.ink",
"rule" : {
"process" : {
}
}
},
{
"path" : "/Users/admin/builder/spi-builder-workspace/Tests/SwiftInkRuntimeTests/Fixtures/compile-ceiling.ink.json",
"rule" : {
"process" : {
}
}
},
{
"path" : "/Users/admin/builder/spi-builder-workspace/Tests/SwiftInkRuntimeTests/Fixtures/compile-choice-continuation-tag.ink",
"rule" : {
"process" : {
}
}
},
{
"path" : "/Users/admin/builder/spi-builder-workspace/Tests/SwiftInkRuntimeTests/Fixtures/compile-choice-continuation-tag.ink.json",
"rule" : {
"process" : {
}
}
},
{
"path" : "/Users/admin/builder/spi-builder-workspace/Tests/SwiftInkRuntimeTests/Fixtures/compile-choice-in-conditional-arm.ink",
"rule" : {
"process" : {
}
}
},
{
"path" : "/Users/admin/builder/spi-builder-workspace/Tests/SwiftInkRuntimeTests/Fixtures/compile-choice-in-conditional-arm.ink.json",
"rule" : {
"process" : {
}
}
},
{
"path" : "/Users/admin/builder/spi-builder-workspace/Tests/SwiftInkRuntimeTests/Fixtures/compile-choice-in-nested-conditional-arm.ink",
"rule" : {
"process" : {
}
}
},
{
"path" : "/Users/admin/builder/spi-builder-workspace/Tests/SwiftInkRuntimeTests/Fixtures/compile-choice-in-nested-conditional-arm.ink.json",
"rule" : {
"process" : {
}
}
},
{
"path" : "/Users/admin/builder/spi-builder-workspace/Tests/SwiftInkRuntimeTests/Fixtures/compile-choice-multi-tag.ink",
"rule" : {
"process" : {
}
}
},
{
"path" : "/Users/admin/builder/spi-builder-workspace/Tests/SwiftInkRuntimeTests/Fixtures/compile-choice-multi-tag.ink.json",
"rule" : {
"process" : {
}
}
},
{
"path" : "/Users/admin/builder/spi-builder-workspace/Tests/SwiftInkRuntimeTests/Fixtures/compile-choice-tags.ink",
"rule" : {
"process" : {
}
}
},
{
"path" : "/Users/admin/builder/spi-builder-workspace/Tests/SwiftInkRuntimeTests/Fixtures/compile-choice-tags.ink.json",
"rule" : {
"process" : {
}
}
},
{
"path" : "/Users/admin/builder/spi-builder-workspace/Tests/SwiftInkRuntimeTests/Fixtures/compile-comment-after-unbalanced-quote.ink",
"rule" : {
"process" : {
}
}
},
{
"path" : "/Users/admin/builder/spi-builder-workspace/Tests/SwiftInkRuntimeTests/Fixtures/compile-comment-after-unbalanced-quote.ink.json",
"rule" : {
"process" : {
}
}
},
{
"path" : "/Users/admin/builder/spi-builder-workspace/Tests/SwiftInkRuntimeTests/Fixtures/compile-comparison-argument.ink",
"rule" : {
"process" : {
}
}
},
{
"path" : "/Users/admin/builder/spi-builder-workspace/Tests/SwiftInkRuntimeTests/Fixtures/compile-comparison-argument.ink.json",
"rule" : {
"process" : {
}
}
},
{
"path" : "/Users/admin/builder/spi-builder-workspace/Tests/SwiftInkRuntimeTests/Fixtures/compile-compound-assignment.ink",
"rule" : {
"process" : {
}
}
},
{
"path" : "/Users/admin/builder/spi-builder-workspace/Tests/SwiftInkRuntimeTests/Fixtures/compile-compound-assignment.ink.json",
"rule" : {
"process" : {
}
}
},
{
"path" : "/Users/admin/builder/spi-builder-workspace/Tests/SwiftInkRuntimeTests/Fixtures/compile-linear-flow.ink",
"rule" : {
"process" : {
}
}
},
{
"path" : "/Users/admin/builder/spi-builder-workspace/Tests/SwiftInkRuntimeTests/Fixtures/compile-linear-flow.ink.json",
"rule" : {
"process" : {
}
}
},
{
"path" : "/Users/admin/builder/spi-builder-workspace/Tests/SwiftInkRuntimeTests/Fixtures/compile-logical-operator-forms.ink",
"rule" : {
"process" : {
}
}
},
{
"path" : "/Users/admin/builder/spi-builder-workspace/Tests/SwiftInkRuntimeTests/Fixtures/compile-logical-operator-forms.ink.json",
"rule" : {
"process" : {
}
}
},
{
"path" : "/Users/admin/builder/spi-builder-workspace/Tests/SwiftInkRuntimeTests/Fixtures/compile-nested-conditional-arm.ink",
"rule" : {
"process" : {
}
}
},
{
"path" : "/Users/admin/builder/spi-builder-workspace/Tests/SwiftInkRuntimeTests/Fixtures/compile-nested-conditional-arm.ink.json",
"rule" : {
"process" : {
}
}
},
{
"path" : "/Users/admin/builder/spi-builder-workspace/Tests/SwiftInkRuntimeTests/Fixtures/compile-skeleton-hello.ink",
"rule" : {
"process" : {
}
}
},
{
"path" : "/Users/admin/builder/spi-builder-workspace/Tests/SwiftInkRuntimeTests/Fixtures/compile-skeleton-hello.ink.json",
"rule" : {
"process" : {
}
}
},
{
"path" : "/Users/admin/builder/spi-builder-workspace/Tests/SwiftInkRuntimeTests/Fixtures/compile-unary-minus.ink",
"rule" : {
"process" : {
}
}
},
{
"path" : "/Users/admin/builder/spi-builder-workspace/Tests/SwiftInkRuntimeTests/Fixtures/compile-unary-minus.ink.json",
"rule" : {
"process" : {
}
}
},
{
"path" : "/Users/admin/builder/spi-builder-workspace/Tests/SwiftInkRuntimeTests/Fixtures/compile-variables.ink",
"rule" : {
"process" : {
}
}
},
{
"path" : "/Users/admin/builder/spi-builder-workspace/Tests/SwiftInkRuntimeTests/Fixtures/compile-variables.ink.json",
"rule" : {
"process" : {
}
}
},
{
"path" : "/Users/admin/builder/spi-builder-workspace/Tests/SwiftInkRuntimeTests/Fixtures/compile-weave-flat.ink",
"rule" : {
"process" : {
}
}
},
{
"path" : "/Users/admin/builder/spi-builder-workspace/Tests/SwiftInkRuntimeTests/Fixtures/compile-weave-flat.ink.json",
"rule" : {
"process" : {
}
}
},
{
"path" : "/Users/admin/builder/spi-builder-workspace/Tests/SwiftInkRuntimeTests/Fixtures/compile-weave-labeled-gather.ink",
"rule" : {
"process" : {
}
}
},
{
"path" : "/Users/admin/builder/spi-builder-workspace/Tests/SwiftInkRuntimeTests/Fixtures/compile-weave-labeled-gather.ink.json",
"rule" : {
"process" : {
}
}
},
{
"path" : "/Users/admin/builder/spi-builder-workspace/Tests/SwiftInkRuntimeTests/Fixtures/compile-weave-nested.ink",
"rule" : {
"process" : {
}
}
},
{
"path" : "/Users/admin/builder/spi-builder-workspace/Tests/SwiftInkRuntimeTests/Fixtures/compile-weave-nested.ink.json",
"rule" : {
"process" : {
}
}
},
{
"path" : "/Users/admin/builder/spi-builder-workspace/Tests/SwiftInkRuntimeTests/Fixtures/compile-weave-sealed.ink",
"rule" : {
"process" : {
}
}
},
{
"path" : "/Users/admin/builder/spi-builder-workspace/Tests/SwiftInkRuntimeTests/Fixtures/compile-weave-sealed.ink.json",
"rule" : {
"process" : {
}
}
},
{
"path" : "/Users/admin/builder/spi-builder-workspace/Tests/SwiftInkRuntimeTests/Fixtures/engine-function-conditional-branch.ink",
"rule" : {
"process" : {
}
}
},
{
"path" : "/Users/admin/builder/spi-builder-workspace/Tests/SwiftInkRuntimeTests/Fixtures/engine-function-conditional-branch.ink.json",
"rule" : {
"process" : {
}
}
},
{
"path" : "/Users/admin/builder/spi-builder-workspace/Tests/SwiftInkRuntimeTests/Fixtures/rc-choicelabel-guard.ink",
"rule" : {
"process" : {
}
}
},
{
"path" : "/Users/admin/builder/spi-builder-workspace/Tests/SwiftInkRuntimeTests/Fixtures/rc-choicelabel-guard.ink.json",
"rule" : {
"process" : {
}
}
},
{
"path" : "/Users/admin/builder/spi-builder-workspace/Tests/SwiftInkRuntimeTests/Fixtures/rc-choicelabel-inline.ink",
"rule" : {
"process" : {
}
}
},
{
"path" : "/Users/admin/builder/spi-builder-workspace/Tests/SwiftInkRuntimeTests/Fixtures/rc-choicelabel-inline.ink.json",
"rule" : {
"process" : {
}
}
},
{
"path" : "/Users/admin/builder/spi-builder-workspace/Tests/SwiftInkRuntimeTests/Fixtures/reject-cycle.ink",
"rule" : {
"process" : {
}
}
},
{
"path" : "/Users/admin/builder/spi-builder-workspace/Tests/SwiftInkRuntimeTests/Fixtures/reject-external.ink",
"rule" : {
"process" : {
}
}
},
{
"path" : "/Users/admin/builder/spi-builder-workspace/Tests/SwiftInkRuntimeTests/Fixtures/reject-list.ink",
"rule" : {
"process" : {
}
}
},
{
"path" : "/Users/admin/builder/spi-builder-workspace/Tests/SwiftInkRuntimeTests/Fixtures/reject-once.ink",
"rule" : {
"process" : {
}
}
},
{
"path" : "/Users/admin/builder/spi-builder-workspace/Tests/SwiftInkRuntimeTests/Fixtures/reject-random.ink",
"rule" : {
"process" : {
}
}
},
{
"path" : "/Users/admin/builder/spi-builder-workspace/Tests/SwiftInkRuntimeTests/Fixtures/reject-seq.ink",
"rule" : {
"process" : {
}
}
},
{
"path" : "/Users/admin/builder/spi-builder-workspace/Tests/SwiftInkRuntimeTests/Fixtures/reject-shuffle.ink",
"rule" : {
"process" : {
}
}
},
{
"path" : "/Users/admin/builder/spi-builder-workspace/Tests/SwiftInkRuntimeTests/Fixtures/reject-thread.ink",
"rule" : {
"process" : {
}
}
},
{
"path" : "/Users/admin/builder/spi-builder-workspace/Tests/SwiftInkRuntimeTests/Fixtures/slice-bug-conditional-choice-cluster.ink",
"rule" : {
"process" : {
}
}
},
{
"path" : "/Users/admin/builder/spi-builder-workspace/Tests/SwiftInkRuntimeTests/Fixtures/slice-bug-conditional-choice-cluster.ink.json",
"rule" : {
"process" : {
}
}
},
{
"path" : "/Users/admin/builder/spi-builder-workspace/Tests/SwiftInkRuntimeTests/Fixtures/slice-bug-glue-after-choice.ink",
"rule" : {
"process" : {
}
}
},
{
"path" : "/Users/admin/builder/spi-builder-workspace/Tests/SwiftInkRuntimeTests/Fixtures/slice-bug-glue-after-choice.ink.json",
"rule" : {
"process" : {
}
}
},
{
"path" : "/Users/admin/builder/spi-builder-workspace/Tests/SwiftInkRuntimeTests/Fixtures/slice-c1-inline-conditionals.ink",
"rule" : {
"process" : {
}
}
},
{
"path" : "/Users/admin/builder/spi-builder-workspace/Tests/SwiftInkRuntimeTests/Fixtures/slice-c1-inline-conditionals.ink.json",
"rule" : {
"process" : {
}
}
},
{
"path" : "/Users/admin/builder/spi-builder-workspace/Tests/SwiftInkRuntimeTests/Fixtures/slice-c2-block-conditionals.ink",
"rule" : {
"process" : {
}
}
},
{
"path" : "/Users/admin/builder/spi-builder-workspace/Tests/SwiftInkRuntimeTests/Fixtures/slice-c2-block-conditionals.ink.json",
"rule" : {
"process" : {
}
}
},
{
"path" : "/Users/admin/builder/spi-builder-workspace/Tests/SwiftInkRuntimeTests/Fixtures/slice-c3-functions.ink",
"rule" : {
"process" : {
}
}
},
{
"path" : "/Users/admin/builder/spi-builder-workspace/Tests/SwiftInkRuntimeTests/Fixtures/slice-c3-functions.ink.json",
"rule" : {
"process" : {
}
}
},
{
"path" : "/Users/admin/builder/spi-builder-workspace/Tests/SwiftInkRuntimeTests/Fixtures/slice-move-to-knot.ink",
"rule" : {
"process" : {
}
}
},
{
"path" : "/Users/admin/builder/spi-builder-workspace/Tests/SwiftInkRuntimeTests/Fixtures/slice-move-to-knot.ink.json",
"rule" : {
"process" : {
}
}
},
{
"path" : "/Users/admin/builder/spi-builder-workspace/Tests/SwiftInkRuntimeTests/Fixtures/slice-story-testability.ink",
"rule" : {
"process" : {
}
}
},
{
"path" : "/Users/admin/builder/spi-builder-workspace/Tests/SwiftInkRuntimeTests/Fixtures/slice-story-testability.ink.json",
"rule" : {
"process" : {
}
}
},
{
"path" : "/Users/admin/builder/spi-builder-workspace/Tests/SwiftInkRuntimeTests/Fixtures/slice-t1-tunnels.ink",
"rule" : {
"process" : {
}
}
},
{
"path" : "/Users/admin/builder/spi-builder-workspace/Tests/SwiftInkRuntimeTests/Fixtures/slice-t1-tunnels.ink.json",
"rule" : {
"process" : {
}
}
},
{
"path" : "/Users/admin/builder/spi-builder-workspace/Tests/SwiftInkRuntimeTests/Fixtures/slice-t2-nested-tunnels.ink",
"rule" : {
"process" : {
}
}
},
{
"path" : "/Users/admin/builder/spi-builder-workspace/Tests/SwiftInkRuntimeTests/Fixtures/slice-t2-nested-tunnels.ink.json",
"rule" : {
"process" : {
}
}
},
{
"path" : "/Users/admin/builder/spi-builder-workspace/Tests/SwiftInkRuntimeTests/Fixtures/slice-t3-ref-params.ink",
"rule" : {
"process" : {
}
}
},
{
"path" : "/Users/admin/builder/spi-builder-workspace/Tests/SwiftInkRuntimeTests/Fixtures/slice-t3-ref-params.ink.json",
"rule" : {
"process" : {
}
}
},
{
"path" : "/Users/admin/builder/spi-builder-workspace/Tests/SwiftInkRuntimeTests/Fixtures/slice01-once-only.ink",
"rule" : {
"process" : {
}
}
},
{
"path" : "/Users/admin/builder/spi-builder-workspace/Tests/SwiftInkRuntimeTests/Fixtures/slice01-once-only.ink.json",
"rule" : {
"process" : {
}
}
},
{
"path" : "/Users/admin/builder/spi-builder-workspace/Tests/SwiftInkRuntimeTests/Fixtures/slice02-conditional.ink",
"rule" : {
"process" : {
}
}
},
{
"path" : "/Users/admin/builder/spi-builder-workspace/Tests/SwiftInkRuntimeTests/Fixtures/slice02-conditional.ink.json",
"rule" : {
"process" : {
}
}
},
{
"path" : "/Users/admin/builder/spi-builder-workspace/Tests/SwiftInkRuntimeTests/Fixtures/slice03-read-counts.ink",
"rule" : {
"process" : {
}
}
},
{
"path" : "/Users/admin/builder/spi-builder-workspace/Tests/SwiftInkRuntimeTests/Fixtures/slice03-read-counts.ink.json",
"rule" : {
"process" : {
}
}
},
{
"path" : "/Users/admin/builder/spi-builder-workspace/Tests/SwiftInkRuntimeTests/Fixtures/slice04-invisible-defaults.ink",
"rule" : {
"process" : {
}
}
},
{
"path" : "/Users/admin/builder/spi-builder-workspace/Tests/SwiftInkRuntimeTests/Fixtures/slice04-invisible-defaults.ink.json",
"rule" : {
"process" : {
}
}
},
{
"path" : "/Users/admin/builder/spi-builder-workspace/Tests/SwiftInkRuntimeTests/Fixtures/test.ink.json",
"rule" : {
"process" : {
}
}
},
{
"path" : "/Users/admin/builder/spi-builder-workspace/Tests/SwiftInkRuntimeTests/Fixtures/vt-cycle-four.ink",
"rule" : {
"process" : {
}
}
},
{
"path" : "/Users/admin/builder/spi-builder-workspace/Tests/SwiftInkRuntimeTests/Fixtures/vt-cycle-four.ink.json",
"rule" : {
"process" : {
}
}
},
{
"path" : "/Users/admin/builder/spi-builder-workspace/Tests/SwiftInkRuntimeTests/Fixtures/vt-cycle-two.ink",
"rule" : {
"process" : {
}
}
},
{
"path" : "/Users/admin/builder/spi-builder-workspace/Tests/SwiftInkRuntimeTests/Fixtures/vt-cycle-two.ink.json",
"rule" : {
"process" : {
}
}
},
{
"path" : "/Users/admin/builder/spi-builder-workspace/Tests/SwiftInkRuntimeTests/Fixtures/vt-gather-lead-cycle-once.ink",
"rule" : {
"process" : {
}
}
},
{
"path" : "/Users/admin/builder/spi-builder-workspace/Tests/SwiftInkRuntimeTests/Fixtures/vt-gather-lead-cycle-once.ink.json",
"rule" : {
"process" : {
}
}
},
{
"path" : "/Users/admin/builder/spi-builder-workspace/Tests/SwiftInkRuntimeTests/Fixtures/vt-gather-lead-empty-choice.ink",
"rule" : {
"process" : {
}
}
},
{
"path" : "/Users/admin/builder/spi-builder-workspace/Tests/SwiftInkRuntimeTests/Fixtures/vt-gather-lead-empty-choice.ink.json",
"rule" : {
"process" : {
}
}
},
{
"path" : "/Users/admin/builder/spi-builder-workspace/Tests/SwiftInkRuntimeTests/Fixtures/vt-gather-lead-end.ink",
"rule" : {
"process" : {
}
}
},
{
"path" : "/Users/admin/builder/spi-builder-workspace/Tests/SwiftInkRuntimeTests/Fixtures/vt-gather-lead-end.ink.json",
"rule" : {
"process" : {
}
}
},
{
"path" : "/Users/admin/builder/spi-builder-workspace/Tests/SwiftInkRuntimeTests/Fixtures/vt-gather-lead-gather.ink",
"rule" : {
"process" : {
}
}
},
{
"path" : "/Users/admin/builder/spi-builder-workspace/Tests/SwiftInkRuntimeTests/Fixtures/vt-gather-lead-gather.ink.json",
"rule" : {
"process" : {
}
}
},
{
"path" : "/Users/admin/builder/spi-builder-workspace/Tests/SwiftInkRuntimeTests/Fixtures/vt-gather-lead-single-choice.ink",
"rule" : {
"process" : {
}
}
},
{
"path" : "/Users/admin/builder/spi-builder-workspace/Tests/SwiftInkRuntimeTests/Fixtures/vt-gather-lead-single-choice.ink.json",
"rule" : {
"process" : {
}
}
},
{
"path" : "/Users/admin/builder/spi-builder-workspace/Tests/SwiftInkRuntimeTests/Fixtures/vt-inline-choices-gather.ink",
"rule" : {
"process" : {
}
}
},
{
"path" : "/Users/admin/builder/spi-builder-workspace/Tests/SwiftInkRuntimeTests/Fixtures/vt-inline-choices-gather.ink.json",
"rule" : {
"process" : {
}
}
},
{
"path" : "/Users/admin/builder/spi-builder-workspace/Tests/SwiftInkRuntimeTests/Fixtures/vt-mixed.ink",
"rule" : {
"process" : {
}
}
},
{
"path" : "/Users/admin/builder/spi-builder-workspace/Tests/SwiftInkRuntimeTests/Fixtures/vt-mixed.ink.json",
"rule" : {
"process" : {
}
}
},
{
"path" : "/Users/admin/builder/spi-builder-workspace/Tests/SwiftInkRuntimeTests/Fixtures/vt-once-bare.ink",
"rule" : {
"process" : {
}
}
},
{
"path" : "/Users/admin/builder/spi-builder-workspace/Tests/SwiftInkRuntimeTests/Fixtures/vt-once-bare.ink.json",
"rule" : {
"process" : {
}
}
},
{
"path" : "/Users/admin/builder/spi-builder-workspace/Tests/SwiftInkRuntimeTests/Fixtures/vt-once-sticky.ink",
"rule" : {
"process" : {
}
}
},
{
"path" : "/Users/admin/builder/spi-builder-workspace/Tests/SwiftInkRuntimeTests/Fixtures/vt-once-sticky.ink.json",
"rule" : {
"process" : {
}
}
},
{
"path" : "/Users/admin/builder/spi-builder-workspace/Tests/SwiftInkRuntimeTests/Fixtures/vt-seq-three.ink",
"rule" : {
"process" : {
}
}
},
{
"path" : "/Users/admin/builder/spi-builder-workspace/Tests/SwiftInkRuntimeTests/Fixtures/vt-seq-three.ink.json",
"rule" : {
"process" : {
}
}
},
{
"path" : "/Users/admin/builder/spi-builder-workspace/Tests/SwiftInkRuntimeTests/Fixtures/vt-seq-two.ink",
"rule" : {
"process" : {
}
}
},
{
"path" : "/Users/admin/builder/spi-builder-workspace/Tests/SwiftInkRuntimeTests/Fixtures/vt-seq-two.ink.json",
"rule" : {
"process" : {
}
}
}
],
"sources" : [
"Acceptance/Bug_DeferFlushDuringChoiceClusterTests.swift",
"Acceptance/Bug_GlueAfterChoiceTests.swift",
"Acceptance/CompilerOracleSupport.swift",
"Acceptance/Compiler_ChoiceInConditionalArmTests.swift",
"Acceptance/Compiler_ChoiceInNestedConditionalArmTests.swift",
"Acceptance/Compiler_ChoiceLabelReadCountTests.swift",
"Acceptance/Compiler_CommentEliminatorQuoteStateTests.swift",
"Acceptance/Compiler_NestedConditionalArmTests.swift",
"Acceptance/Compiler_NoInklecateGuardrailTests.swift",
"Acceptance/Compiler_S0_WalkingSkeletonTests.swift",
"Acceptance/Compiler_S1_CoreFlowTests.swift",
"Acceptance/Compiler_S2_ComparisonArgumentTests.swift",
"Acceptance/Compiler_S2_UnaryMinusTests.swift",
"Acceptance/Compiler_S2_VariablesTests.swift",
"Acceptance/Compiler_S3_ChoicesGathersTests.swift",
"Acceptance/Compiler_S4_CeilingTests.swift",
"Acceptance/Compiler_S4_ChoiceContinuationTagTests.swift",
"Acceptance/Compiler_S4_ChoiceMultiTagTests.swift",
"Acceptance/Compiler_S5_FeatureReferenceConsistencyTests.swift",
"Acceptance/Compiler_S6_UnsupportedRejectionTests.swift",
"Acceptance/Compiler_TheInterceptProgressTests.swift",
"Acceptance/Compiler_VT0_ShuffleRejectGuardTests.swift",
"Acceptance/Compiler_VT1_OnceOnlyTests.swift",
"Acceptance/Compiler_VT2_SequenceTests.swift",
"Acceptance/Compiler_VT3_CycleTests.swift",
"Acceptance/Compiler_VT4_BraceMarkerPrecedenceTests.swift",
"Acceptance/Compiler_VariableTextThreadingTests.swift",
"Acceptance/Compiler_WalkingSkeleton_FlatWeaveTests.swift",
"Acceptance/DocAccuracy_MigrationGuideCoverageTests.swift",
"Acceptance/DocAccuracy_ParityStatementConsistencyTests.swift",
"Acceptance/Engine_FunctionBodyContainerTests.swift",
"Acceptance/Milestone1_JSONDecodingTests.swift",
"Acceptance/Milestone2_StoryExecutionTests.swift",
"Acceptance/Milestone3_SaveRestoreTests.swift",
"Acceptance/Milestone4_Tier2ChoiceMechanicsTests.swift",
"Acceptance/Milestone5_Tier3ConditionalsAndTunnelsTests.swift",
"Acceptance/Milestone5b_TheInterceptNonTrivialPlaythroughTests.swift",
"Acceptance/Milestone6_MoveToKnotTests.swift",
"Acceptance/Milestone7_StoryTestabilityTests.swift",
"Acceptance/NativeRuntimeLinux_NumberTypeParityTests.swift",
"Acceptance/WalkingSkeletonTests.swift",
"Diagnostics/OracleDiagnostics.swift",
"Diagnostics/OracleDivergenceProbe.swift",
"Diagnostics/TheInterceptDivergenceDiagnostic.swift",
"Diagnostics/TheInterceptPlaybackProbe.swift",
"Unit/BooleanConditionsTests.swift",
"Unit/CommentEliminatorTests.swift",
"Unit/Compiler_FunctionTunnelRefTests.swift",
"Unit/FollowWeavesFromConditionalsTests.swift",
"Unit/InkConditionalCompileTests.swift",
"Unit/InkDecoderTests.swift",
"Unit/InkEngineGetVariableTests.swift",
"Unit/InkEngineSetVariableTests.swift",
"Unit/InkEngineTests.swift",
"Unit/InkEngineVisitCountTests.swift",
"Unit/InkExpressionTests.swift",
"Unit/InkExpressionUnaryMinusTests.swift",
"Unit/InkParserAssignmentTargetTests.swift",
"Unit/InkParserBraceMarkerTests.swift",
"Unit/InkParserChoiceLabelConditionTests.swift",
"Unit/InkParserOutcomeTagTests.swift",
"Unit/InkParserTests.swift",
"Unit/LineContinuationTests.swift",
"Unit/NodeKindTests.swift",
"Unit/StoryBlueprintTests.swift",
"Unit/StoryStateTests.swift",
"Unit/StringParserTests.swift",
"Unit/TagParserTests.swift",
"Unit/TreeWalkerTests.swift",
"Unit/WeaveDiscoveryPrePassTests.swift",
"Unit/WeaveEmitterChoiceKeyingTests.swift"
],
"target_dependencies" : [
"SwiftInkRuntime",
"SwiftInkRuntimeTestSupport",
"InkSwift"
],
"type" : "test"
},
{
"c99name" : "SwiftInkRuntimeTestSupport",
"module_type" : "SwiftTarget",
"name" : "SwiftInkRuntimeTestSupport",
"path" : "Sources/SwiftInkRuntimeTestSupport",
"product_memberships" : [
"SwiftInkRuntimeTestSupport"
],
"sources" : [
"StoryTestSupport.swift"
],
"target_dependencies" : [
"SwiftInkRuntime"
],
"type" : "library"
},
{
"c99name" : "SwiftInkRuntime",
"module_type" : "SwiftTarget",
"name" : "SwiftInkRuntime",
"path" : "Sources/SwiftInkRuntime",
"product_memberships" : [
"SwiftInkRuntime",
"SwiftInkRuntimeTestSupport"
],
"resources" : [
{
"path" : "/Users/admin/builder/spi-builder-workspace/Sources/SwiftInkRuntime/test.ink.json",
"rule" : {
"process" : {
}
}
}
],
"sources" : [
"Compiler/AST/CompilerAST.swift",
"Compiler/Codegen/ConditionalEmitter.swift",
"Compiler/Codegen/JSONEmitter.swift",
"Compiler/Codegen/RuntimeObjectEmitter.swift",
"Compiler/Codegen/VariableTextEmitter.swift",
"Compiler/Codegen/WeaveEmitter.swift",
"Compiler/Error/CompileError.swift",
"Compiler/GlueMarker.swift",
"Compiler/InkCompiler.swift",
"Compiler/Lexer/CommentEliminator.swift",
"Compiler/Parser/InkParser.swift",
"Compiler/Parser/InkParserExpressions.swift",
"Compiler/Parser/StringParser.swift",
"Compiler/Parser/UnsupportedConstructDetector.swift",
"Decoder/ContainerNode.swift",
"Decoder/InkDecoder.swift",
"Decoder/NodeKind.swift",
"Engine/InkEngine.swift",
"Engine/StoryState.swift",
"Engine/TagParser.swift",
"Engine/TreeWalker.swift",
"Facade/Story.swift",
"Facade/StoryBlueprint.swift"
],
"type" : "library"
},
{
"c99name" : "InkSwiftTests",
"module_type" : "SwiftTarget",
"name" : "InkSwiftTests",
"path" : "Tests/InkSwiftTests",
"product_dependencies" : [
"JSONEquality"
],
"resources" : [
{
"path" : "/Users/admin/builder/spi-builder-workspace/Tests/InkSwiftTests/TheIntercept.ink",
"rule" : {
"process" : {
}
}
},
{
"path" : "/Users/admin/builder/spi-builder-workspace/Tests/InkSwiftTests/compare.json",
"rule" : {
"process" : {
}
}
},
{
"path" : "/Users/admin/builder/spi-builder-workspace/Tests/InkSwiftTests/test.ink",
"rule" : {
"process" : {
}
}
},
{
"path" : "/Users/admin/builder/spi-builder-workspace/Tests/InkSwiftTests/test.ink.json",
"rule" : {
"process" : {
}
}
}
],
"sources" : [
"CombineTests.swift",
"CompilerTests.swift",
"InkSwiftTests.swift"
],
"target_dependencies" : [
"InkSwift"
],
"type" : "test"
},
{
"c99name" : "InkSwift",
"module_type" : "SwiftTarget",
"name" : "InkSwift",
"path" : "Sources/InkSwift",
"product_dependencies" : [
"JXKit"
],
"product_memberships" : [
"InkSwift"
],
"resources" : [
{
"path" : "/Users/admin/builder/spi-builder-workspace/Sources/InkSwift/ink-full.js",
"rule" : {
"process" : {
}
}
}
],
"sources" : [
"InkStory.swift"
],
"type" : "library"
}
],
"tools_version" : "5.6"
}
{
"workspace" : {
"name" : "spi-builder-workspace",
"schemes" : [
"InkSwift",
"InkSwift-Package",
"SwiftInkRuntime",
"SwiftInkRuntimeTestSupport"
]
}
}
Running build ...
env DEVELOPER_DIR=/Applications/Xcode-16.3.0.app xcrun xcodebuild -IDEClonedSourcePackagesDirPathOverride=$PWD/.dependencies -skipMacroValidation -skipPackagePluginValidation -derivedDataPath $PWD/.derivedData build -scheme InkSwift-Package -destination generic/platform=watchOS
Command line invocation:
/Applications/Xcode-16.3.0.app/Contents/Developer/usr/bin/xcodebuild -IDEClonedSourcePackagesDirPathOverride=/Users/admin/builder/spi-builder-workspace/.dependencies -skipMacroValidation -skipPackagePluginValidation -derivedDataPath /Users/admin/builder/spi-builder-workspace/.derivedData build -scheme InkSwift-Package -destination generic/platform=watchOS
Resolve Package Graph
Resolved source packages:
JXKit: https://github.com/jectivex/JXKit.git @ 3.6.0
InkSwift: /Users/admin/builder/spi-builder-workspace
JSONEquality: https://github.com/neallester/JSONEquality.git @ master (5dc8726)
ComputePackagePrebuildTargetDependencyGraph
Prepare packages
CreateBuildRequest
SendProjectDescription
CreateBuildOperation
ComputeTargetDependencyGraph
note: Building targets in dependency order
note: Target dependency graph (11 targets)
Target 'SwiftInkRuntimeTestSupport' in project 'InkSwift'
➜ Explicit dependency on target 'SwiftInkRuntimeTestSupport' in project 'InkSwift'
➜ Explicit dependency on target 'SwiftInkRuntime' in project 'InkSwift'
Target 'SwiftInkRuntimeTestSupport' in project 'InkSwift'
➜ Explicit dependency on target 'SwiftInkRuntime' in project 'InkSwift'
Target 'SwiftInkRuntime' in project 'InkSwift'
➜ Explicit dependency on target 'SwiftInkRuntime' in project 'InkSwift'
➜ Explicit dependency on target 'InkSwift_SwiftInkRuntime' in project 'InkSwift'
Target 'SwiftInkRuntime' in project 'InkSwift'
➜ Explicit dependency on target 'InkSwift_SwiftInkRuntime' in project 'InkSwift'
Target 'InkSwift_SwiftInkRuntime' in project 'InkSwift' (no dependencies)
Target 'InkSwift' in project 'InkSwift'
➜ Explicit dependency on target 'InkSwift' in project 'InkSwift'
➜ Explicit dependency on target 'InkSwift_InkSwift' in project 'InkSwift'
➜ Explicit dependency on target 'JXKit' in project 'JXKit'
Target 'InkSwift' in project 'InkSwift'
➜ Explicit dependency on target 'InkSwift_InkSwift' in project 'InkSwift'
➜ Explicit dependency on target 'JXKit' in project 'JXKit'
Target 'JXKit' in project 'JXKit'
➜ Explicit dependency on target 'JXKit' in project 'JXKit'
➜ Explicit dependency on target 'JXKit_JXKit' in project 'JXKit'
Target 'JXKit' in project 'JXKit'
➜ Explicit dependency on target 'JXKit_JXKit' in project 'JXKit'
Target 'JXKit_JXKit' in project 'JXKit' (no dependencies)
Target 'InkSwift_InkSwift' in project 'InkSwift' (no dependencies)
GatherProvisioningInputs
CreateBuildDescription
ExecuteExternalTool /Applications/Xcode-16.3.0.app/Contents/Developer/Toolchains/XcodeDefault.xctoolchain/usr/bin/swiftc --version
ExecuteExternalTool /Applications/Xcode-16.3.0.app/Contents/Developer/Toolchains/XcodeDefault.xctoolchain/usr/bin/clang -v -E -dM -isysroot /Applications/Xcode-16.3.0.app/Contents/Developer/Platforms/WatchOS.platform/Developer/SDKs/WatchOS11.4.sdk -x c -c /dev/null
ExecuteExternalTool /Applications/Xcode-16.3.0.app/Contents/Developer/Toolchains/XcodeDefault.xctoolchain/usr/bin/ld -version_details
ReadFileContents /Applications/Xcode-16.3.0.app/Contents/Developer/Toolchains/XcodeDefault.xctoolchain/usr/share/docc/features.json
Build description signature: 0c922248a2874c21a866ab5382bce113
Build description path: /Users/admin/builder/spi-builder-workspace/.derivedData/Build/Intermediates.noindex/XCBuildData/0c922248a2874c21a866ab5382bce113.xcbuilddata
ClangStatCache /Applications/Xcode-16.3.0.app/Contents/Developer/Toolchains/XcodeDefault.xctoolchain/usr/bin/clang-stat-cache /Applications/Xcode-16.3.0.app/Contents/Developer/Platforms/WatchOS.platform/Developer/SDKs/WatchOS11.4.sdk /Users/admin/builder/spi-builder-workspace/.derivedData/SDKStatCaches.noindex/watchos11.4-22T246-43efb940ff07ba2497b70ec94253f576.sdkstatcache
cd /Users/admin/builder/spi-builder-workspace/.swiftpm/xcode
/Applications/Xcode-16.3.0.app/Contents/Developer/Toolchains/XcodeDefault.xctoolchain/usr/bin/clang-stat-cache /Applications/Xcode-16.3.0.app/Contents/Developer/Platforms/WatchOS.platform/Developer/SDKs/WatchOS11.4.sdk -o /Users/admin/builder/spi-builder-workspace/.derivedData/SDKStatCaches.noindex/watchos11.4-22T246-43efb940ff07ba2497b70ec94253f576.sdkstatcache
ProcessInfoPlistFile /Users/admin/builder/spi-builder-workspace/.derivedData/Build/Products/Debug-watchos/JXKit_JXKit.bundle/Info.plist /Users/admin/builder/spi-builder-workspace/.derivedData/Build/Intermediates.noindex/JXKit.build/Debug-watchos/JXKit_JXKit.build/empty-JXKit_JXKit.plist (in target 'JXKit_JXKit' from project 'JXKit')
cd /Users/admin/builder/spi-builder-workspace/.dependencies/checkouts/JXKit
builtin-infoPlistUtility /Users/admin/builder/spi-builder-workspace/.derivedData/Build/Intermediates.noindex/JXKit.build/Debug-watchos/JXKit_JXKit.build/empty-JXKit_JXKit.plist -producttype com.apple.product-type.bundle -expandbuildsettings -format binary -platform watchos -o /Users/admin/builder/spi-builder-workspace/.derivedData/Build/Products/Debug-watchos/JXKit_JXKit.bundle/Info.plist
ProcessInfoPlistFile /Users/admin/builder/spi-builder-workspace/.derivedData/Build/Products/Debug-watchos/InkSwift_SwiftInkRuntime.bundle/Info.plist /Users/admin/builder/spi-builder-workspace/.derivedData/Build/Intermediates.noindex/InkSwift.build/Debug-watchos/InkSwift_SwiftInkRuntime.build/empty-InkSwift_SwiftInkRuntime.plist (in target 'InkSwift_SwiftInkRuntime' from project 'InkSwift')
cd /Users/admin/builder/spi-builder-workspace
builtin-infoPlistUtility /Users/admin/builder/spi-builder-workspace/.derivedData/Build/Intermediates.noindex/InkSwift.build/Debug-watchos/InkSwift_SwiftInkRuntime.build/empty-InkSwift_SwiftInkRuntime.plist -producttype com.apple.product-type.bundle -expandbuildsettings -format binary -platform watchos -o /Users/admin/builder/spi-builder-workspace/.derivedData/Build/Products/Debug-watchos/InkSwift_SwiftInkRuntime.bundle/Info.plist
ProcessInfoPlistFile /Users/admin/builder/spi-builder-workspace/.derivedData/Build/Products/Debug-watchos/InkSwift_InkSwift.bundle/Info.plist /Users/admin/builder/spi-builder-workspace/.derivedData/Build/Intermediates.noindex/InkSwift.build/Debug-watchos/InkSwift_InkSwift.build/empty-InkSwift_InkSwift.plist (in target 'InkSwift_InkSwift' from project 'InkSwift')
cd /Users/admin/builder/spi-builder-workspace
builtin-infoPlistUtility /Users/admin/builder/spi-builder-workspace/.derivedData/Build/Intermediates.noindex/InkSwift.build/Debug-watchos/InkSwift_InkSwift.build/empty-InkSwift_InkSwift.plist -producttype com.apple.product-type.bundle -expandbuildsettings -format binary -platform watchos -o /Users/admin/builder/spi-builder-workspace/.derivedData/Build/Products/Debug-watchos/InkSwift_InkSwift.bundle/Info.plist
SwiftDriver SwiftInkRuntime normal arm64_32 com.apple.xcode.tools.swift.compiler (in target 'SwiftInkRuntime' from project 'InkSwift')
cd /Users/admin/builder/spi-builder-workspace/.swiftpm/xcode
builtin-SwiftDriver -- /Applications/Xcode-16.3.0.app/Contents/Developer/Toolchains/XcodeDefault.xctoolchain/usr/bin/swiftc -module-name SwiftInkRuntime -Onone -enforce-exclusivity\=checked @/Users/admin/builder/spi-builder-workspace/.derivedData/Build/Intermediates.noindex/InkSwift.build/Debug-watchos/SwiftInkRuntime.build/Objects-normal/arm64_32/SwiftInkRuntime.SwiftFileList -DSWIFT_PACKAGE -DDEBUG -DXcode -plugin-path /Applications/Xcode-16.3.0.app/Contents/Developer/Toolchains/XcodeDefault.xctoolchain/usr/lib/swift/host/plugins/testing -enable-experimental-feature DebugDescriptionMacro -sdk /Applications/Xcode-16.3.0.app/Contents/Developer/Platforms/WatchOS.platform/Developer/SDKs/WatchOS11.4.sdk -target arm64_32-apple-watchos6.0 -g -module-cache-path /Users/admin/builder/spi-builder-workspace/.derivedData/ModuleCache.noindex -Xfrontend -serialize-debugging-options -profile-coverage-mapping -profile-generate -enable-testing -index-store-path /Users/admin/builder/spi-builder-workspace/.derivedData/Index.noindex/DataStore -swift-version 5 -I /Users/admin/builder/spi-builder-workspace/.derivedData/Build/Products/Debug-watchos -I /Applications/Xcode-16.3.0.app/Contents/Developer/Platforms/WatchOS.platform/Developer/usr/lib -F /Users/admin/builder/spi-builder-workspace/.derivedData/Build/Products/Debug-watchos -F /Applications/Xcode-16.3.0.app/Contents/Developer/Platforms/WatchOS.platform/Developer/Library/Frameworks -F /Applications/Xcode-16.3.0.app/Contents/Developer/Platforms/WatchOS.platform/Developer/SDKs/WatchOS11.4.sdk/Developer/Library/Frameworks -c -j10 -enable-batch-mode -incremental -Xcc -ivfsstatcache -Xcc /Users/admin/builder/spi-builder-workspace/.derivedData/SDKStatCaches.noindex/watchos11.4-22T246-43efb940ff07ba2497b70ec94253f576.sdkstatcache -output-file-map /Users/admin/builder/spi-builder-workspace/.derivedData/Build/Intermediates.noindex/InkSwift.build/Debug-watchos/SwiftInkRuntime.build/Objects-normal/arm64_32/SwiftInkRuntime-OutputFileMap.json -use-frontend-parseable-output -save-temps -no-color-diagnostics -serialize-diagnostics -emit-dependencies -emit-module -emit-module-path /Users/admin/builder/spi-builder-workspace/.derivedData/Build/Intermediates.noindex/InkSwift.build/Debug-watchos/SwiftInkRuntime.build/Objects-normal/arm64_32/SwiftInkRuntime.swiftmodule -validate-clang-modules-once -clang-build-session-file /Users/admin/builder/spi-builder-workspace/.derivedData/ModuleCache.noindex/Session.modulevalidation -Xcc -I/Users/admin/builder/spi-builder-workspace/.derivedData/Build/Intermediates.noindex/InkSwift.build/Debug-watchos/SwiftInkRuntime.build/swift-overrides.hmap -emit-const-values -Xfrontend -const-gather-protocols-file -Xfrontend /Users/admin/builder/spi-builder-workspace/.derivedData/Build/Intermediates.noindex/InkSwift.build/Debug-watchos/SwiftInkRuntime.build/Objects-normal/arm64_32/SwiftInkRuntime_const_extract_protocols.json -Xcc -I/Users/admin/builder/spi-builder-workspace/.derivedData/Build/Products/Debug-watchos/include -Xcc -I/Users/admin/builder/spi-builder-workspace/.derivedData/Build/Intermediates.noindex/InkSwift.build/Debug-watchos/SwiftInkRuntime.build/DerivedSources-normal/arm64_32 -Xcc -I/Users/admin/builder/spi-builder-workspace/.derivedData/Build/Intermediates.noindex/InkSwift.build/Debug-watchos/SwiftInkRuntime.build/DerivedSources/arm64_32 -Xcc -I/Users/admin/builder/spi-builder-workspace/.derivedData/Build/Intermediates.noindex/InkSwift.build/Debug-watchos/SwiftInkRuntime.build/DerivedSources -Xcc -DSWIFT_PACKAGE -Xcc -DDEBUG\=1 -emit-objc-header -emit-objc-header-path /Users/admin/builder/spi-builder-workspace/.derivedData/Build/Intermediates.noindex/InkSwift.build/Debug-watchos/SwiftInkRuntime.build/Objects-normal/arm64_32/SwiftInkRuntime-Swift.h -working-directory /Users/admin/builder/spi-builder-workspace/.swiftpm/xcode -experimental-emit-module-separately -disable-cmo
SwiftDriver SwiftInkRuntime normal arm64 com.apple.xcode.tools.swift.compiler (in target 'SwiftInkRuntime' from project 'InkSwift')
cd /Users/admin/builder/spi-builder-workspace/.swiftpm/xcode
builtin-SwiftDriver -- /Applications/Xcode-16.3.0.app/Contents/Developer/Toolchains/XcodeDefault.xctoolchain/usr/bin/swiftc -module-name SwiftInkRuntime -Onone -enforce-exclusivity\=checked @/Users/admin/builder/spi-builder-workspace/.derivedData/Build/Intermediates.noindex/InkSwift.build/Debug-watchos/SwiftInkRuntime.build/Objects-normal/arm64/SwiftInkRuntime.SwiftFileList -DSWIFT_PACKAGE -DDEBUG -DXcode -plugin-path /Applications/Xcode-16.3.0.app/Contents/Developer/Toolchains/XcodeDefault.xctoolchain/usr/lib/swift/host/plugins/testing -enable-experimental-feature DebugDescriptionMacro -sdk /Applications/Xcode-16.3.0.app/Contents/Developer/Platforms/WatchOS.platform/Developer/SDKs/WatchOS11.4.sdk -target arm64-apple-watchos6.0 -g -module-cache-path /Users/admin/builder/spi-builder-workspace/.derivedData/ModuleCache.noindex -Xfrontend -serialize-debugging-options -profile-coverage-mapping -profile-generate -enable-testing -index-store-path /Users/admin/builder/spi-builder-workspace/.derivedData/Index.noindex/DataStore -swift-version 5 -I /Users/admin/builder/spi-builder-workspace/.derivedData/Build/Products/Debug-watchos -I /Applications/Xcode-16.3.0.app/Contents/Developer/Platforms/WatchOS.platform/Developer/usr/lib -F /Users/admin/builder/spi-builder-workspace/.derivedData/Build/Products/Debug-watchos -F /Applications/Xcode-16.3.0.app/Contents/Developer/Platforms/WatchOS.platform/Developer/Library/Frameworks -F /Applications/Xcode-16.3.0.app/Contents/Developer/Platforms/WatchOS.platform/Developer/SDKs/WatchOS11.4.sdk/Developer/Library/Frameworks -c -j10 -enable-batch-mode -incremental -Xcc -ivfsstatcache -Xcc /Users/admin/builder/spi-builder-workspace/.derivedData/SDKStatCaches.noindex/watchos11.4-22T246-43efb940ff07ba2497b70ec94253f576.sdkstatcache -output-file-map /Users/admin/builder/spi-builder-workspace/.derivedData/Build/Intermediates.noindex/InkSwift.build/Debug-watchos/SwiftInkRuntime.build/Objects-normal/arm64/SwiftInkRuntime-OutputFileMap.json -use-frontend-parseable-output -save-temps -no-color-diagnostics -serialize-diagnostics -emit-dependencies -emit-module -emit-module-path /Users/admin/builder/spi-builder-workspace/.derivedData/Build/Intermediates.noindex/InkSwift.build/Debug-watchos/SwiftInkRuntime.build/Objects-normal/arm64/SwiftInkRuntime.swiftmodule -validate-clang-modules-once -clang-build-session-file /Users/admin/builder/spi-builder-workspace/.derivedData/ModuleCache.noindex/Session.modulevalidation -Xcc -I/Users/admin/builder/spi-builder-workspace/.derivedData/Build/Intermediates.noindex/InkSwift.build/Debug-watchos/SwiftInkRuntime.build/swift-overrides.hmap -emit-const-values -Xfrontend -const-gather-protocols-file -Xfrontend /Users/admin/builder/spi-builder-workspace/.derivedData/Build/Intermediates.noindex/InkSwift.build/Debug-watchos/SwiftInkRuntime.build/Objects-normal/arm64/SwiftInkRuntime_const_extract_protocols.json -Xcc -I/Users/admin/builder/spi-builder-workspace/.derivedData/Build/Products/Debug-watchos/include -Xcc -I/Users/admin/builder/spi-builder-workspace/.derivedData/Build/Intermediates.noindex/InkSwift.build/Debug-watchos/SwiftInkRuntime.build/DerivedSources-normal/arm64 -Xcc -I/Users/admin/builder/spi-builder-workspace/.derivedData/Build/Intermediates.noindex/InkSwift.build/Debug-watchos/SwiftInkRuntime.build/DerivedSources/arm64 -Xcc -I/Users/admin/builder/spi-builder-workspace/.derivedData/Build/Intermediates.noindex/InkSwift.build/Debug-watchos/SwiftInkRuntime.build/DerivedSources -Xcc -DSWIFT_PACKAGE -Xcc -DDEBUG\=1 -emit-objc-header -emit-objc-header-path /Users/admin/builder/spi-builder-workspace/.derivedData/Build/Intermediates.noindex/InkSwift.build/Debug-watchos/SwiftInkRuntime.build/Objects-normal/arm64/SwiftInkRuntime-Swift.h -working-directory /Users/admin/builder/spi-builder-workspace/.swiftpm/xcode -experimental-emit-module-separately -disable-cmo
SwiftDriver JXKit normal arm64_32 com.apple.xcode.tools.swift.compiler (in target 'JXKit' from project 'JXKit')
cd /Users/admin/builder/spi-builder-workspace/.swiftpm/xcode
builtin-SwiftDriver -- /Applications/Xcode-16.3.0.app/Contents/Developer/Toolchains/XcodeDefault.xctoolchain/usr/bin/swiftc -module-name JXKit -Onone -enforce-exclusivity\=checked @/Users/admin/builder/spi-builder-workspace/.derivedData/Build/Intermediates.noindex/JXKit.build/Debug-watchos/JXKit.build/Objects-normal/arm64_32/JXKit.SwiftFileList -DSWIFT_PACKAGE -DDEBUG -DXcode -plugin-path /Applications/Xcode-16.3.0.app/Contents/Developer/Toolchains/XcodeDefault.xctoolchain/usr/lib/swift/host/plugins/testing -enable-experimental-feature DebugDescriptionMacro -sdk /Applications/Xcode-16.3.0.app/Contents/Developer/Platforms/WatchOS.platform/Developer/SDKs/WatchOS11.4.sdk -target arm64_32-apple-watchos6.0 -g -module-cache-path /Users/admin/builder/spi-builder-workspace/.derivedData/ModuleCache.noindex -Xfrontend -serialize-debugging-options -profile-coverage-mapping -profile-generate -enable-testing -suppress-warnings -index-store-path /Users/admin/builder/spi-builder-workspace/.derivedData/Index.noindex/DataStore -swift-version 5 -I /Users/admin/builder/spi-builder-workspace/.derivedData/Build/Products/Debug-watchos -I /Applications/Xcode-16.3.0.app/Contents/Developer/Platforms/WatchOS.platform/Developer/usr/lib -F /Users/admin/builder/spi-builder-workspace/.derivedData/Build/Products/Debug-watchos -F /Applications/Xcode-16.3.0.app/Contents/Developer/Platforms/WatchOS.platform/Developer/Library/Frameworks -F /Applications/Xcode-16.3.0.app/Contents/Developer/Platforms/WatchOS.platform/Developer/SDKs/WatchOS11.4.sdk/Developer/Library/Frameworks -c -j10 -enable-batch-mode -incremental -Xcc -ivfsstatcache -Xcc /Users/admin/builder/spi-builder-workspace/.derivedData/SDKStatCaches.noindex/watchos11.4-22T246-43efb940ff07ba2497b70ec94253f576.sdkstatcache -output-file-map /Users/admin/builder/spi-builder-workspace/.derivedData/Build/Intermediates.noindex/JXKit.build/Debug-watchos/JXKit.build/Objects-normal/arm64_32/JXKit-OutputFileMap.json -use-frontend-parseable-output -save-temps -no-color-diagnostics -serialize-diagnostics -emit-dependencies -emit-module -emit-module-path /Users/admin/builder/spi-builder-workspace/.derivedData/Build/Intermediates.noindex/JXKit.build/Debug-watchos/JXKit.build/Objects-normal/arm64_32/JXKit.swiftmodule -validate-clang-modules-once -clang-build-session-file /Users/admin/builder/spi-builder-workspace/.derivedData/ModuleCache.noindex/Session.modulevalidation -Xcc -I/Users/admin/builder/spi-builder-workspace/.derivedData/Build/Intermediates.noindex/JXKit.build/Debug-watchos/JXKit.build/swift-overrides.hmap -emit-const-values -Xfrontend -const-gather-protocols-file -Xfrontend /Users/admin/builder/spi-builder-workspace/.derivedData/Build/Intermediates.noindex/JXKit.build/Debug-watchos/JXKit.build/Objects-normal/arm64_32/JXKit_const_extract_protocols.json -Xcc -I/Users/admin/builder/spi-builder-workspace/.derivedData/Build/Products/Debug-watchos/include -Xcc -I/Users/admin/builder/spi-builder-workspace/.derivedData/Build/Intermediates.noindex/JXKit.build/Debug-watchos/JXKit.build/DerivedSources-normal/arm64_32 -Xcc -I/Users/admin/builder/spi-builder-workspace/.derivedData/Build/Intermediates.noindex/JXKit.build/Debug-watchos/JXKit.build/DerivedSources/arm64_32 -Xcc -I/Users/admin/builder/spi-builder-workspace/.derivedData/Build/Intermediates.noindex/JXKit.build/Debug-watchos/JXKit.build/DerivedSources -Xcc -DSWIFT_PACKAGE -Xcc -DDEBUG\=1 -emit-objc-header -emit-objc-header-path /Users/admin/builder/spi-builder-workspace/.derivedData/Build/Intermediates.noindex/JXKit.build/Debug-watchos/JXKit.build/Objects-normal/arm64_32/JXKit-Swift.h -working-directory /Users/admin/builder/spi-builder-workspace/.swiftpm/xcode -experimental-emit-module-separately -disable-cmo
SwiftDriver SwiftInkRuntime normal armv7k com.apple.xcode.tools.swift.compiler (in target 'SwiftInkRuntime' from project 'InkSwift')
cd /Users/admin/builder/spi-builder-workspace/.swiftpm/xcode
builtin-SwiftDriver -- /Applications/Xcode-16.3.0.app/Contents/Developer/Toolchains/XcodeDefault.xctoolchain/usr/bin/swiftc -module-name SwiftInkRuntime -Onone -enforce-exclusivity\=checked @/Users/admin/builder/spi-builder-workspace/.derivedData/Build/Intermediates.noindex/InkSwift.build/Debug-watchos/SwiftInkRuntime.build/Objects-normal/armv7k/SwiftInkRuntime.SwiftFileList -DSWIFT_PACKAGE -DDEBUG -DXcode -plugin-path /Applications/Xcode-16.3.0.app/Contents/Developer/Toolchains/XcodeDefault.xctoolchain/usr/lib/swift/host/plugins/testing -enable-experimental-feature DebugDescriptionMacro -sdk /Applications/Xcode-16.3.0.app/Contents/Developer/Platforms/WatchOS.platform/Developer/SDKs/WatchOS11.4.sdk -target armv7k-apple-watchos6.0 -g -module-cache-path /Users/admin/builder/spi-builder-workspace/.derivedData/ModuleCache.noindex -Xfrontend -serialize-debugging-options -profile-coverage-mapping -profile-generate -enable-testing -index-store-path /Users/admin/builder/spi-builder-workspace/.derivedData/Index.noindex/DataStore -swift-version 5 -I /Users/admin/builder/spi-builder-workspace/.derivedData/Build/Products/Debug-watchos -I /Applications/Xcode-16.3.0.app/Contents/Developer/Platforms/WatchOS.platform/Developer/usr/lib -F /Users/admin/builder/spi-builder-workspace/.derivedData/Build/Products/Debug-watchos -F /Applications/Xcode-16.3.0.app/Contents/Developer/Platforms/WatchOS.platform/Developer/Library/Frameworks -F /Applications/Xcode-16.3.0.app/Contents/Developer/Platforms/WatchOS.platform/Developer/SDKs/WatchOS11.4.sdk/Developer/Library/Frameworks -c -j10 -enable-batch-mode -incremental -Xcc -ivfsstatcache -Xcc /Users/admin/builder/spi-builder-workspace/.derivedData/SDKStatCaches.noindex/watchos11.4-22T246-43efb940ff07ba2497b70ec94253f576.sdkstatcache -output-file-map /Users/admin/builder/spi-builder-workspace/.derivedData/Build/Intermediates.noindex/InkSwift.build/Debug-watchos/SwiftInkRuntime.build/Objects-normal/armv7k/SwiftInkRuntime-OutputFileMap.json -use-frontend-parseable-output -save-temps -no-color-diagnostics -serialize-diagnostics -emit-dependencies -emit-module -emit-module-path /Users/admin/builder/spi-builder-workspace/.derivedData/Build/Intermediates.noindex/InkSwift.build/Debug-watchos/SwiftInkRuntime.build/Objects-normal/armv7k/SwiftInkRuntime.swiftmodule -validate-clang-modules-once -clang-build-session-file /Users/admin/builder/spi-builder-workspace/.derivedData/ModuleCache.noindex/Session.modulevalidation -Xcc -I/Users/admin/builder/spi-builder-workspace/.derivedData/Build/Intermediates.noindex/InkSwift.build/Debug-watchos/SwiftInkRuntime.build/swift-overrides.hmap -emit-const-values -Xfrontend -const-gather-protocols-file -Xfrontend /Users/admin/builder/spi-builder-workspace/.derivedData/Build/Intermediates.noindex/InkSwift.build/Debug-watchos/SwiftInkRuntime.build/Objects-normal/armv7k/SwiftInkRuntime_const_extract_protocols.json -Xcc -I/Users/admin/builder/spi-builder-workspace/.derivedData/Build/Products/Debug-watchos/include -Xcc -I/Users/admin/builder/spi-builder-workspace/.derivedData/Build/Intermediates.noindex/InkSwift.build/Debug-watchos/SwiftInkRuntime.build/DerivedSources-normal/armv7k -Xcc -I/Users/admin/builder/spi-builder-workspace/.derivedData/Build/Intermediates.noindex/InkSwift.build/Debug-watchos/SwiftInkRuntime.build/DerivedSources/armv7k -Xcc -I/Users/admin/builder/spi-builder-workspace/.derivedData/Build/Intermediates.noindex/InkSwift.build/Debug-watchos/SwiftInkRuntime.build/DerivedSources -Xcc -DSWIFT_PACKAGE -Xcc -DDEBUG\=1 -emit-objc-header -emit-objc-header-path /Users/admin/builder/spi-builder-workspace/.derivedData/Build/Intermediates.noindex/InkSwift.build/Debug-watchos/SwiftInkRuntime.build/Objects-normal/armv7k/SwiftInkRuntime-Swift.h -working-directory /Users/admin/builder/spi-builder-workspace/.swiftpm/xcode -experimental-emit-module-separately -disable-cmo
SwiftDriver JXKit normal armv7k com.apple.xcode.tools.swift.compiler (in target 'JXKit' from project 'JXKit')
cd /Users/admin/builder/spi-builder-workspace/.swiftpm/xcode
builtin-SwiftDriver -- /Applications/Xcode-16.3.0.app/Contents/Developer/Toolchains/XcodeDefault.xctoolchain/usr/bin/swiftc -module-name JXKit -Onone -enforce-exclusivity\=checked @/Users/admin/builder/spi-builder-workspace/.derivedData/Build/Intermediates.noindex/JXKit.build/Debug-watchos/JXKit.build/Objects-normal/armv7k/JXKit.SwiftFileList -DSWIFT_PACKAGE -DDEBUG -DXcode -plugin-path /Applications/Xcode-16.3.0.app/Contents/Developer/Toolchains/XcodeDefault.xctoolchain/usr/lib/swift/host/plugins/testing -enable-experimental-feature DebugDescriptionMacro -sdk /Applications/Xcode-16.3.0.app/Contents/Developer/Platforms/WatchOS.platform/Developer/SDKs/WatchOS11.4.sdk -target armv7k-apple-watchos6.0 -g -module-cache-path /Users/admin/builder/spi-builder-workspace/.derivedData/ModuleCache.noindex -Xfrontend -serialize-debugging-options -profile-coverage-mapping -profile-generate -enable-testing -suppress-warnings -index-store-path /Users/admin/builder/spi-builder-workspace/.derivedData/Index.noindex/DataStore -swift-version 5 -I /Users/admin/builder/spi-builder-workspace/.derivedData/Build/Products/Debug-watchos -I /Applications/Xcode-16.3.0.app/Contents/Developer/Platforms/WatchOS.platform/Developer/usr/lib -F /Users/admin/builder/spi-builder-workspace/.derivedData/Build/Products/Debug-watchos -F /Applications/Xcode-16.3.0.app/Contents/Developer/Platforms/WatchOS.platform/Developer/Library/Frameworks -F /Applications/Xcode-16.3.0.app/Contents/Developer/Platforms/WatchOS.platform/Developer/SDKs/WatchOS11.4.sdk/Developer/Library/Frameworks -c -j10 -enable-batch-mode -incremental -Xcc -ivfsstatcache -Xcc /Users/admin/builder/spi-builder-workspace/.derivedData/SDKStatCaches.noindex/watchos11.4-22T246-43efb940ff07ba2497b70ec94253f576.sdkstatcache -output-file-map /Users/admin/builder/spi-builder-workspace/.derivedData/Build/Intermediates.noindex/JXKit.build/Debug-watchos/JXKit.build/Objects-normal/armv7k/JXKit-OutputFileMap.json -use-frontend-parseable-output -save-temps -no-color-diagnostics -serialize-diagnostics -emit-dependencies -emit-module -emit-module-path /Users/admin/builder/spi-builder-workspace/.derivedData/Build/Intermediates.noindex/JXKit.build/Debug-watchos/JXKit.build/Objects-normal/armv7k/JXKit.swiftmodule -validate-clang-modules-once -clang-build-session-file /Users/admin/builder/spi-builder-workspace/.derivedData/ModuleCache.noindex/Session.modulevalidation -Xcc -I/Users/admin/builder/spi-builder-workspace/.derivedData/Build/Intermediates.noindex/JXKit.build/Debug-watchos/JXKit.build/swift-overrides.hmap -emit-const-values -Xfrontend -const-gather-protocols-file -Xfrontend /Users/admin/builder/spi-builder-workspace/.derivedData/Build/Intermediates.noindex/JXKit.build/Debug-watchos/JXKit.build/Objects-normal/armv7k/JXKit_const_extract_protocols.json -Xcc -I/Users/admin/builder/spi-builder-workspace/.derivedData/Build/Products/Debug-watchos/include -Xcc -I/Users/admin/builder/spi-builder-workspace/.derivedData/Build/Intermediates.noindex/JXKit.build/Debug-watchos/JXKit.build/DerivedSources-normal/armv7k -Xcc -I/Users/admin/builder/spi-builder-workspace/.derivedData/Build/Intermediates.noindex/JXKit.build/Debug-watchos/JXKit.build/DerivedSources/armv7k -Xcc -I/Users/admin/builder/spi-builder-workspace/.derivedData/Build/Intermediates.noindex/JXKit.build/Debug-watchos/JXKit.build/DerivedSources -Xcc -DSWIFT_PACKAGE -Xcc -DDEBUG\=1 -emit-objc-header -emit-objc-header-path /Users/admin/builder/spi-builder-workspace/.derivedData/Build/Intermediates.noindex/JXKit.build/Debug-watchos/JXKit.build/Objects-normal/armv7k/JXKit-Swift.h -working-directory /Users/admin/builder/spi-builder-workspace/.swiftpm/xcode -experimental-emit-module-separately -disable-cmo
SwiftDriver JXKit normal arm64 com.apple.xcode.tools.swift.compiler (in target 'JXKit' from project 'JXKit')
cd /Users/admin/builder/spi-builder-workspace/.swiftpm/xcode
builtin-SwiftDriver -- /Applications/Xcode-16.3.0.app/Contents/Developer/Toolchains/XcodeDefault.xctoolchain/usr/bin/swiftc -module-name JXKit -Onone -enforce-exclusivity\=checked @/Users/admin/builder/spi-builder-workspace/.derivedData/Build/Intermediates.noindex/JXKit.build/Debug-watchos/JXKit.build/Objects-normal/arm64/JXKit.SwiftFileList -DSWIFT_PACKAGE -DDEBUG -DXcode -plugin-path /Applications/Xcode-16.3.0.app/Contents/Developer/Toolchains/XcodeDefault.xctoolchain/usr/lib/swift/host/plugins/testing -enable-experimental-feature DebugDescriptionMacro -sdk /Applications/Xcode-16.3.0.app/Contents/Developer/Platforms/WatchOS.platform/Developer/SDKs/WatchOS11.4.sdk -target arm64-apple-watchos6.0 -g -module-cache-path /Users/admin/builder/spi-builder-workspace/.derivedData/ModuleCache.noindex -Xfrontend -serialize-debugging-options -profile-coverage-mapping -profile-generate -enable-testing -suppress-warnings -index-store-path /Users/admin/builder/spi-builder-workspace/.derivedData/Index.noindex/DataStore -swift-version 5 -I /Users/admin/builder/spi-builder-workspace/.derivedData/Build/Products/Debug-watchos -I /Applications/Xcode-16.3.0.app/Contents/Developer/Platforms/WatchOS.platform/Developer/usr/lib -F /Users/admin/builder/spi-builder-workspace/.derivedData/Build/Products/Debug-watchos -F /Applications/Xcode-16.3.0.app/Contents/Developer/Platforms/WatchOS.platform/Developer/Library/Frameworks -F /Applications/Xcode-16.3.0.app/Contents/Developer/Platforms/WatchOS.platform/Developer/SDKs/WatchOS11.4.sdk/Developer/Library/Frameworks -c -j10 -enable-batch-mode -incremental -Xcc -ivfsstatcache -Xcc /Users/admin/builder/spi-builder-workspace/.derivedData/SDKStatCaches.noindex/watchos11.4-22T246-43efb940ff07ba2497b70ec94253f576.sdkstatcache -output-file-map /Users/admin/builder/spi-builder-workspace/.derivedData/Build/Intermediates.noindex/JXKit.build/Debug-watchos/JXKit.build/Objects-normal/arm64/JXKit-OutputFileMap.json -use-frontend-parseable-output -save-temps -no-color-diagnostics -serialize-diagnostics -emit-dependencies -emit-module -emit-module-path /Users/admin/builder/spi-builder-workspace/.derivedData/Build/Intermediates.noindex/JXKit.build/Debug-watchos/JXKit.build/Objects-normal/arm64/JXKit.swiftmodule -validate-clang-modules-once -clang-build-session-file /Users/admin/builder/spi-builder-workspace/.derivedData/ModuleCache.noindex/Session.modulevalidation -Xcc -I/Users/admin/builder/spi-builder-workspace/.derivedData/Build/Intermediates.noindex/JXKit.build/Debug-watchos/JXKit.build/swift-overrides.hmap -emit-const-values -Xfrontend -const-gather-protocols-file -Xfrontend /Users/admin/builder/spi-builder-workspace/.derivedData/Build/Intermediates.noindex/JXKit.build/Debug-watchos/JXKit.build/Objects-normal/arm64/JXKit_const_extract_protocols.json -Xcc -I/Users/admin/builder/spi-builder-workspace/.derivedData/Build/Products/Debug-watchos/include -Xcc -I/Users/admin/builder/spi-builder-workspace/.derivedData/Build/Intermediates.noindex/JXKit.build/Debug-watchos/JXKit.build/DerivedSources-normal/arm64 -Xcc -I/Users/admin/builder/spi-builder-workspace/.derivedData/Build/Intermediates.noindex/JXKit.build/Debug-watchos/JXKit.build/DerivedSources/arm64 -Xcc -I/Users/admin/builder/spi-builder-workspace/.derivedData/Build/Intermediates.noindex/JXKit.build/Debug-watchos/JXKit.build/DerivedSources -Xcc -DSWIFT_PACKAGE -Xcc -DDEBUG\=1 -emit-objc-header -emit-objc-header-path /Users/admin/builder/spi-builder-workspace/.derivedData/Build/Intermediates.noindex/JXKit.build/Debug-watchos/JXKit.build/Objects-normal/arm64/JXKit-Swift.h -working-directory /Users/admin/builder/spi-builder-workspace/.swiftpm/xcode -experimental-emit-module-separately -disable-cmo
SwiftCompile normal arm64 Compiling\ JXCoding.swift,\ JXContext.swift /Users/admin/builder/spi-builder-workspace/.dependencies/checkouts/JXKit/Sources/JXKit/JXCoding.swift /Users/admin/builder/spi-builder-workspace/.dependencies/checkouts/JXKit/Sources/JXKit/JXContext.swift (in target 'JXKit' from project 'JXKit')
SwiftCompile normal arm64 /Users/admin/builder/spi-builder-workspace/.dependencies/checkouts/JXKit/Sources/JXKit/JXCoding.swift (in target 'JXKit' from project 'JXKit')
cd /Users/admin/builder/spi-builder-workspace/.swiftpm/xcode
SwiftCompile normal arm64 /Users/admin/builder/spi-builder-workspace/.dependencies/checkouts/JXKit/Sources/JXKit/JXContext.swift (in target 'JXKit' from project 'JXKit')
cd /Users/admin/builder/spi-builder-workspace/.swiftpm/xcode
SwiftCompile normal arm64 Compiling\ resource_bundle_accessor.swift,\ JXCancellable.swift /Users/admin/builder/spi-builder-workspace/.derivedData/Build/Intermediates.noindex/JXKit.build/Debug-watchos/JXKit.build/DerivedSources/resource_bundle_accessor.swift /Users/admin/builder/spi-builder-workspace/.dependencies/checkouts/JXKit/Sources/JXKit/JXCancellable.swift (in target 'JXKit' from project 'JXKit')
SwiftCompile normal arm64 /Users/admin/builder/spi-builder-workspace/.derivedData/Build/Intermediates.noindex/JXKit.build/Debug-watchos/JXKit.build/DerivedSources/resource_bundle_accessor.swift (in target 'JXKit' from project 'JXKit')
cd /Users/admin/builder/spi-builder-workspace/.swiftpm/xcode
SwiftCompile normal arm64 /Users/admin/builder/spi-builder-workspace/.dependencies/checkouts/JXKit/Sources/JXKit/JXCancellable.swift (in target 'JXKit' from project 'JXKit')
cd /Users/admin/builder/spi-builder-workspace/.swiftpm/xcode
SwiftCompile normal arm64 Compiling\ JXType.swift /Users/admin/builder/spi-builder-workspace/.dependencies/checkouts/JXKit/Sources/JXKit/JXType.swift (in target 'JXKit' from project 'JXKit')
SwiftCompile normal arm64 /Users/admin/builder/spi-builder-workspace/.dependencies/checkouts/JXKit/Sources/JXKit/JXType.swift (in target 'JXKit' from project 'JXKit')
cd /Users/admin/builder/spi-builder-workspace/.swiftpm/xcode
SwiftCompile normal arm64 Compiling\ JXProperty.swift,\ JXScriptLoader.swift /Users/admin/builder/spi-builder-workspace/.dependencies/checkouts/JXKit/Sources/JXKit/JXProperty.swift /Users/admin/builder/spi-builder-workspace/.dependencies/checkouts/JXKit/Sources/JXKit/JXScriptLoader.swift (in target 'JXKit' from project 'JXKit')
SwiftCompile normal arm64 /Users/admin/builder/spi-builder-workspace/.dependencies/checkouts/JXKit/Sources/JXKit/JXProperty.swift (in target 'JXKit' from project 'JXKit')
cd /Users/admin/builder/spi-builder-workspace/.swiftpm/xcode
SwiftCompile normal arm64 /Users/admin/builder/spi-builder-workspace/.dependencies/checkouts/JXKit/Sources/JXKit/JXScriptLoader.swift (in target 'JXKit' from project 'JXKit')
cd /Users/admin/builder/spi-builder-workspace/.swiftpm/xcode
SwiftCompile normal arm64 Compiling\ JXValue.swift /Users/admin/builder/spi-builder-workspace/.dependencies/checkouts/JXKit/Sources/JXKit/JXValue.swift (in target 'JXKit' from project 'JXKit')
SwiftCompile normal arm64 /Users/admin/builder/spi-builder-workspace/.dependencies/checkouts/JXKit/Sources/JXKit/JXValue.swift (in target 'JXKit' from project 'JXKit')
cd /Users/admin/builder/spi-builder-workspace/.swiftpm/xcode
SwiftCompile normal arm64 Compiling\ JXVM.swift /Users/admin/builder/spi-builder-workspace/.dependencies/checkouts/JXKit/Sources/JXKit/JXVM.swift (in target 'JXKit' from project 'JXKit')
SwiftCompile normal arm64 /Users/admin/builder/spi-builder-workspace/.dependencies/checkouts/JXKit/Sources/JXKit/JXVM.swift (in target 'JXKit' from project 'JXKit')
cd /Users/admin/builder/spi-builder-workspace/.swiftpm/xcode
SwiftEmitModule normal arm64 Emitting\ module\ for\ JXKit (in target 'JXKit' from project 'JXKit')
Failed frontend command:
/Applications/Xcode-16.3.0.app/Contents/Developer/Toolchains/XcodeDefault.xctoolchain/usr/bin/swift-frontend -frontend -emit-module -experimental-skip-non-inlinable-function-bodies-without-types /Users/admin/builder/spi-builder-workspace/.derivedData/Build/Intermediates.noindex/JXKit.build/Debug-watchos/JXKit.build/DerivedSources/resource_bundle_accessor.swift /Users/admin/builder/spi-builder-workspace/.dependencies/checkouts/JXKit/Sources/JXKit/JXCancellable.swift /Users/admin/builder/spi-builder-workspace/.dependencies/checkouts/JXKit/Sources/JXKit/JXCoding.swift /Users/admin/builder/spi-builder-workspace/.dependencies/checkouts/JXKit/Sources/JXKit/JXContext.swift /Users/admin/builder/spi-builder-workspace/.dependencies/checkouts/JXKit/Sources/JXKit/JXConvertible.swift /Users/admin/builder/spi-builder-workspace/.dependencies/checkouts/JXKit/Sources/JXKit/JXDefs.swift /Users/admin/builder/spi-builder-workspace/.dependencies/checkouts/JXKit/Sources/JXKit/JXError.swift /Users/admin/builder/spi-builder-workspace/.dependencies/checkouts/JXKit/Sources/JXKit/JXListenerCollection.swift /Users/admin/builder/spi-builder-workspace/.dependencies/checkouts/JXKit/Sources/JXKit/JXProperty.swift /Users/admin/builder/spi-builder-workspace/.dependencies/checkouts/JXKit/Sources/JXKit/JXScriptLoader.swift /Users/admin/builder/spi-builder-workspace/.dependencies/checkouts/JXKit/Sources/JXKit/JXType.swift /Users/admin/builder/spi-builder-workspace/.dependencies/checkouts/JXKit/Sources/JXKit/JXVM.swift /Users/admin/builder/spi-builder-workspace/.dependencies/checkouts/JXKit/Sources/JXKit/JXValue.swift /Users/admin/builder/spi-builder-workspace/.dependencies/checkouts/JXKit/Sources/JXKit/Module.swift /Users/admin/builder/spi-builder-workspace/.dependencies/checkouts/JXKit/Sources/JXKit/ScriptManager.swift -target arm64-apple-watchos6.0 -Xllvm -aarch64-use-tbi -enable-objc-interop -stack-check -sdk /Applications/Xcode-16.3.0.app/Contents/Developer/Platforms/WatchOS.platform/Developer/SDKs/WatchOS11.4.sdk -I /Users/admin/builder/spi-builder-workspace/.derivedData/Build/Products/Debug-watchos -I /Applications/Xcode-16.3.0.app/Contents/Developer/Platforms/WatchOS.platform/Developer/usr/lib -F /Users/admin/builder/spi-builder-workspace/.derivedData/Build/Products/Debug-watchos -F /Applications/Xcode-16.3.0.app/Contents/Developer/Platforms/WatchOS.platform/Developer/Library/Frameworks -F /Applications/Xcode-16.3.0.app/Contents/Developer/Platforms/WatchOS.platform/Developer/SDKs/WatchOS11.4.sdk/Developer/Library/Frameworks -no-color-diagnostics -enable-testing -g -debug-info-format\=dwarf -dwarf-version\=4 -module-cache-path /Users/admin/builder/spi-builder-workspace/.derivedData/ModuleCache.noindex -suppress-warnings -profile-generate -profile-coverage-mapping -swift-version 5 -enforce-exclusivity\=checked -Onone -D SWIFT_PACKAGE -D DEBUG -D Xcode -serialize-debugging-options -const-gather-protocols-file /Users/admin/builder/spi-builder-workspace/.derivedData/Build/Intermediates.noindex/JXKit.build/Debug-watchos/JXKit.build/Objects-normal/arm64/JXKit_const_extract_protocols.json -enable-experimental-feature DebugDescriptionMacro -empty-abi-descriptor -plugin-path /Applications/Xcode-16.3.0.app/Contents/Developer/Toolchains/XcodeDefault.xctoolchain/usr/lib/swift/host/plugins/testing -validate-clang-modules-once -clang-build-session-file /Users/admin/builder/spi-builder-workspace/.derivedData/ModuleCache.noindex/Session.modulevalidation -Xcc -working-directory -Xcc /Users/admin/builder/spi-builder-workspace/.swiftpm/xcode -resource-dir /Applications/Xcode-16.3.0.app/Contents/Developer/Toolchains/XcodeDefault.xctoolchain/usr/lib/swift -enable-anonymous-context-mangled-names -file-compilation-dir /Users/admin/builder/spi-builder-workspace/.swiftpm/xcode -Xcc -ivfsstatcache -Xcc /Users/admin/builder/spi-builder-workspace/.derivedData/SDKStatCaches.noindex/watchos11.4-22T246-43efb940ff07ba2497b70ec94253f576.sdkstatcache -Xcc -I/Users/admin/builder/spi-builder-workspace/.derivedData/Build/Intermediates.noindex/JXKit.build/Debug-watchos/JXKit.build/swift-overrides.hmap -Xcc -I/Users/admin/builder/spi-builder-workspace/.derivedData/Build/Products/Debug-watchos/include -Xcc -I/Users/admin/builder/spi-builder-workspace/.derivedData/Build/Intermediates.noindex/JXKit.build/Debug-watchos/JXKit.build/DerivedSources-normal/arm64 -Xcc -I/Users/admin/builder/spi-builder-workspace/.derivedData/Build/Intermediates.noindex/JXKit.build/Debug-watchos/JXKit.build/DerivedSources/arm64 -Xcc -I/Users/admin/builder/spi-builder-workspace/.derivedData/Build/Intermediates.noindex/JXKit.build/Debug-watchos/JXKit.build/DerivedSources -Xcc -DSWIFT_PACKAGE -Xcc -DDEBUG\=1 -module-name JXKit -frontend-parseable-output -disable-clang-spi -target-sdk-version 11.4 -target-sdk-name watchos11.4 -external-plugin-path /Applications/Xcode-16.3.0.app/Contents/Developer/Platforms/WatchOS.platform/Developer/usr/lib/swift/host/plugins\#/Applications/Xcode-16.3.0.app/Contents/Developer/Platforms/WatchOS.platform/Developer/usr/bin/swift-plugin-server -external-plugin-path /Applications/Xcode-16.3.0.app/Contents/Developer/Platforms/WatchOS.platform/Developer/usr/local/lib/swift/host/plugins\#/Applications/Xcode-16.3.0.app/Contents/Developer/Platforms/WatchOS.platform/Developer/usr/bin/swift-plugin-server -in-process-plugin-server-path /Applications/Xcode-16.3.0.app/Contents/Developer/Toolchains/XcodeDefault.xctoolchain/usr/lib/swift/host/libSwiftInProcPluginServer.dylib -plugin-path /Applications/Xcode-16.3.0.app/Contents/Developer/Toolchains/XcodeDefault.xctoolchain/usr/lib/swift/host/plugins -plugin-path /Applications/Xcode-16.3.0.app/Contents/Developer/Toolchains/XcodeDefault.xctoolchain/usr/local/lib/swift/host/plugins -emit-module-doc-path /Users/admin/builder/spi-builder-workspace/.derivedData/Build/Intermediates.noindex/JXKit.build/Debug-watchos/JXKit.build/Objects-normal/arm64/JXKit.swiftdoc -emit-module-source-info-path /Users/admin/builder/spi-builder-workspace/.derivedData/Build/Intermediates.noindex/JXKit.build/Debug-watchos/JXKit.build/Objects-normal/arm64/JXKit.swiftsourceinfo -emit-objc-header-path /Users/admin/builder/spi-builder-workspace/.derivedData/Build/Intermediates.noindex/JXKit.build/Debug-watchos/JXKit.build/Objects-normal/arm64/JXKit-Swift.h -serialize-diagnostics-path /Users/admin/builder/spi-builder-workspace/.derivedData/Build/Intermediates.noindex/JXKit.build/Debug-watchos/JXKit.build/Objects-normal/arm64/JXKit-master-emit-module.dia -emit-dependencies-path /Users/admin/builder/spi-builder-workspace/.derivedData/Build/Intermediates.noindex/JXKit.build/Debug-watchos/JXKit.build/Objects-normal/arm64/JXKit-master-emit-module.d -o /Users/admin/builder/spi-builder-workspace/.derivedData/Build/Intermediates.noindex/JXKit.build/Debug-watchos/JXKit.build/Objects-normal/arm64/JXKit.swiftmodule -emit-abi-descriptor-path /Users/admin/builder/spi-builder-workspace/.derivedData/Build/Intermediates.noindex/JXKit.build/Debug-watchos/JXKit.build/Objects-normal/arm64/JXKit.abi.json
EmitSwiftModule normal arm64 (in target 'JXKit' from project 'JXKit')
cd /Users/admin/builder/spi-builder-workspace/.swiftpm/xcode
/Users/admin/builder/spi-builder-workspace/.dependencies/checkouts/JXKit/Sources/JXKit/JXContext.swift:5:8: error: no such module 'CJSCore'
import CJSCore
^
SwiftCompile normal arm64 Compiling\ JXConvertible.swift,\ JXDefs.swift /Users/admin/builder/spi-builder-workspace/.dependencies/checkouts/JXKit/Sources/JXKit/JXConvertible.swift /Users/admin/builder/spi-builder-workspace/.dependencies/checkouts/JXKit/Sources/JXKit/JXDefs.swift (in target 'JXKit' from project 'JXKit')
SwiftCompile normal arm64 /Users/admin/builder/spi-builder-workspace/.dependencies/checkouts/JXKit/Sources/JXKit/JXConvertible.swift (in target 'JXKit' from project 'JXKit')
cd /Users/admin/builder/spi-builder-workspace/.swiftpm/xcode
SwiftCompile normal arm64 /Users/admin/builder/spi-builder-workspace/.dependencies/checkouts/JXKit/Sources/JXKit/JXDefs.swift (in target 'JXKit' from project 'JXKit')
cd /Users/admin/builder/spi-builder-workspace/.swiftpm/xcode
SwiftCompile normal arm64 Compiling\ ScriptManager.swift /Users/admin/builder/spi-builder-workspace/.dependencies/checkouts/JXKit/Sources/JXKit/ScriptManager.swift (in target 'JXKit' from project 'JXKit')
SwiftCompile normal arm64 /Users/admin/builder/spi-builder-workspace/.dependencies/checkouts/JXKit/Sources/JXKit/ScriptManager.swift (in target 'JXKit' from project 'JXKit')
cd /Users/admin/builder/spi-builder-workspace/.swiftpm/xcode
SwiftCompile normal arm64 Compiling\ JXError.swift,\ JXListenerCollection.swift /Users/admin/builder/spi-builder-workspace/.dependencies/checkouts/JXKit/Sources/JXKit/JXError.swift /Users/admin/builder/spi-builder-workspace/.dependencies/checkouts/JXKit/Sources/JXKit/JXListenerCollection.swift (in target 'JXKit' from project 'JXKit')
SwiftCompile normal arm64 /Users/admin/builder/spi-builder-workspace/.dependencies/checkouts/JXKit/Sources/JXKit/JXError.swift (in target 'JXKit' from project 'JXKit')
cd /Users/admin/builder/spi-builder-workspace/.swiftpm/xcode
SwiftCompile normal arm64 /Users/admin/builder/spi-builder-workspace/.dependencies/checkouts/JXKit/Sources/JXKit/JXListenerCollection.swift (in target 'JXKit' from project 'JXKit')
cd /Users/admin/builder/spi-builder-workspace/.swiftpm/xcode
SwiftEmitModule normal arm64 Emitting\ module\ for\ SwiftInkRuntime (in target 'SwiftInkRuntime' from project 'InkSwift')
Command SwiftEmitModule failed with a nonzero exit code
** BUILD FAILED **
The following build commands failed:
SwiftEmitModule normal arm64 Emitting\ module\ for\ JXKit (in target 'JXKit' from project 'JXKit')
EmitSwiftModule normal arm64 (in target 'JXKit' from project 'JXKit')
SwiftEmitModule normal arm64 Emitting\ module\ for\ SwiftInkRuntime (in target 'SwiftInkRuntime' from project 'InkSwift')
Building workspace spi-builder-workspace with scheme InkSwift-Package
(4 failures)
BUILD FAILURE 6.1 watchOS