Build Information
Failed to build RemoteImageView, reference 1.0.0-alpha.2 (5ad041), with Swift 6.4 for iOS using Xcode 27.0 on 18 Sep 2026 20:55:25 UTC.
Build Command
No build command. This typically means the build failed at an early stage where we determine the build command.Build Log
========================================
RunAll
========================================
Builder version: 5.1.0
Interrupt handler set up.
========================================
Checkout
========================================
Clone URL: https://github.com/Frizlab/RemoteImageView.git
Reference: 1.0.0-alpha.2
Initialized empty Git repository in /Users/admin/builder/spi-builder-workspace/.git/
From https://github.com/Frizlab/RemoteImageView
* tag 1.0.0-alpha.2 -> FETCH_HEAD
HEAD is now at 5ad041e Fix constraints on iOS 15-
Cloned https://github.com/Frizlab/RemoteImageView.git
Revision (git rev-parse @):
5ad041e6b252cb2c6b6d725a1ee35ce7e02674f1
SUCCESS checkout https://github.com/Frizlab/RemoteImageView.git at 1.0.0-alpha.2
========================================
Build
========================================
Selected platform: iOS
Swift version: 6.4
Building package at path: $PWD
https://github.com/Frizlab/RemoteImageView.git
Command line invocation:
/Applications/Xcode-27.0.0-Release.Candidate.app/Contents/Developer/usr/bin/xcodebuild -IDEClonedSourcePackagesDirPathOverride=/Users/admin/builder/spi-builder-workspace/.dependencies -resolvePackageDependencies
Resolve Package Graph
Fetching from https://github.com/happn-tech/URLRequestOperation.git
Fetching from https://github.com/Frizlab/OperationAwaiting.git
Fetching from https://github.com/Frizlab/HasResult.git
Fetching from https://github.com/happn-app/RetryingOperation.git
Fetching from https://github.com/happn-app/HTTPCoders.git
skipping cache due to an error: Failed to clone repository https://github.com/happn-app/HTTPCoders.git:
Cloning into bare repository '/Users/admin/Library/Caches/org.swift.swiftpm/repositories/HTTPCoders-6914c263'...
fatal: could not read Username for 'https://github.com': terminal prompts disabled
Fetching from https://github.com/happn-app/SemiSingleton.git
Fetching from https://github.com/apple/swift-log.git
Fetching from https://github.com/happn-app/HTTPCoders.git
skipping cache due to an error: Failed to clone repository https://github.com/happn-app/HTTPCoders.git:
Cloning into bare repository '/Users/admin/Library/Caches/org.swift.swiftpm/repositories/HTTPCoders-6914c263'...
fatal: could not read Username for 'https://github.com': terminal prompts disabled
Resolve Package Graph
Updating from https://github.com/Frizlab/OperationAwaiting.git
Updating from https://github.com/happn-tech/URLRequestOperation.git
Updating from https://github.com/Frizlab/HasResult.git
Updating from https://github.com/happn-app/RetryingOperation.git
Updating from https://github.com/happn-app/SemiSingleton.git
Updating from https://github.com/apple/swift-log.git
Fetching from https://github.com/happn-app/HTTPCoders.git
skipping cache due to an error: Failed to clone repository https://github.com/happn-app/HTTPCoders.git:
Cloning into bare repository '/Users/admin/Library/Caches/org.swift.swiftpm/repositories/HTTPCoders-6914c263'...
fatal: could not read Username for 'https://github.com': terminal prompts disabled
Fetching from https://github.com/happn-app/HTTPCoders.git
skipping cache due to an error: Failed to clone repository https://github.com/happn-app/HTTPCoders.git:
Cloning into bare repository '/Users/admin/Library/Caches/org.swift.swiftpm/repositories/HTTPCoders-6914c263'...
fatal: could not read Username for 'https://github.com': terminal prompts disabled
Resolve Package Graph
Updating from https://github.com/happn-tech/URLRequestOperation.git
Updating from https://github.com/Frizlab/OperationAwaiting.git
Updating from https://github.com/Frizlab/HasResult.git
Fetching from https://github.com/happn-app/HTTPCoders.git
skipping cache due to an error: Failed to clone repository https://github.com/happn-app/HTTPCoders.git:
Cloning into bare repository '/Users/admin/Library/Caches/org.swift.swiftpm/repositories/HTTPCoders-6914c263'...
fatal: could not read Username for 'https://github.com': terminal prompts disabled
Updating from https://github.com/apple/swift-log.git
Updating from https://github.com/happn-app/SemiSingleton.git
Updating from https://github.com/happn-app/RetryingOperation.git
Fetching from https://github.com/happn-app/HTTPCoders.git
skipping cache due to an error: Failed to clone repository https://github.com/happn-app/HTTPCoders.git:
Cloning into bare repository '/Users/admin/Library/Caches/org.swift.swiftpm/repositories/HTTPCoders-6914c263'...
fatal: could not read Username for 'https://github.com': terminal prompts disabled
Resolve Package Graph
Updating from https://github.com/Frizlab/OperationAwaiting.git
Updating from https://github.com/happn-tech/URLRequestOperation.git
Updating from https://github.com/Frizlab/HasResult.git
Fetching from https://github.com/happn-app/HTTPCoders.git
skipping cache due to an error: Failed to clone repository https://github.com/happn-app/HTTPCoders.git:
Cloning into bare repository '/Users/admin/Library/Caches/org.swift.swiftpm/repositories/HTTPCoders-6914c263'...
fatal: could not read Username for 'https://github.com': terminal prompts disabled
Updating from https://github.com/happn-app/SemiSingleton.git
Updating from https://github.com/happn-app/RetryingOperation.git
Updating from https://github.com/apple/swift-log.git
Fetching from https://github.com/happn-app/HTTPCoders.git
skipping cache due to an error: Failed to clone repository https://github.com/happn-app/HTTPCoders.git:
Cloning into bare repository '/Users/admin/Library/Caches/org.swift.swiftpm/repositories/HTTPCoders-6914c263'...
fatal: could not read Username for 'https://github.com': terminal prompts disabled
Resolve Package Graph
Updating from https://github.com/Frizlab/OperationAwaiting.git
Updating from https://github.com/happn-tech/URLRequestOperation.git
Updating from https://github.com/Frizlab/HasResult.git
Updating from https://github.com/apple/swift-log.git
Fetching from https://github.com/happn-app/HTTPCoders.git
skipping cache due to an error: Failed to clone repository https://github.com/happn-app/HTTPCoders.git:
Cloning into bare repository '/Users/admin/Library/Caches/org.swift.swiftpm/repositories/HTTPCoders-6914c263'...
fatal: could not read Username for 'https://github.com': terminal prompts disabled
Updating from https://github.com/happn-app/SemiSingleton.git
Updating from https://github.com/happn-app/RetryingOperation.git
Fetching from https://github.com/happn-app/HTTPCoders.git
skipping cache due to an error: Failed to clone repository https://github.com/happn-app/HTTPCoders.git:
Cloning into bare repository '/Users/admin/Library/Caches/org.swift.swiftpm/repositories/HTTPCoders-6914c263'...
fatal: could not read Username for 'https://github.com': terminal prompts disabled
Resolve Package Graph
Updating from https://github.com/Frizlab/OperationAwaiting.git
Updating from https://github.com/happn-tech/URLRequestOperation.git
Updating from https://github.com/Frizlab/HasResult.git
Fetching from https://github.com/happn-app/HTTPCoders.git
skipping cache due to an error: Failed to clone repository https://github.com/happn-app/HTTPCoders.git:
Cloning into bare repository '/Users/admin/Library/Caches/org.swift.swiftpm/repositories/HTTPCoders-6914c263'...
fatal: could not read Username for 'https://github.com': terminal prompts disabled
Updating from https://github.com/happn-app/RetryingOperation.git
Updating from https://github.com/happn-app/SemiSingleton.git
Updating from https://github.com/apple/swift-log.git
Fetching from https://github.com/happn-app/HTTPCoders.git
skipping cache due to an error: Failed to clone repository https://github.com/happn-app/HTTPCoders.git:
Cloning into bare repository '/Users/admin/Library/Caches/org.swift.swiftpm/repositories/HTTPCoders-6914c263'...
fatal: could not read Username for 'https://github.com': terminal prompts disabled
Resolve Package Graph
Updating from https://github.com/happn-tech/URLRequestOperation.git
Updating from https://github.com/Frizlab/OperationAwaiting.git
Updating from https://github.com/Frizlab/HasResult.git
Fetching from https://github.com/happn-app/HTTPCoders.git
skipping cache due to an error: Failed to clone repository https://github.com/happn-app/HTTPCoders.git:
Cloning into bare repository '/Users/admin/Library/Caches/org.swift.swiftpm/repositories/HTTPCoders-6914c263'...
fatal: could not read Username for 'https://github.com': terminal prompts disabled
Updating from https://github.com/happn-app/SemiSingleton.git
Updating from https://github.com/happn-app/RetryingOperation.git
Updating from https://github.com/apple/swift-log.git
Fetching from https://github.com/happn-app/HTTPCoders.git
skipping cache due to an error: Failed to clone repository https://github.com/happn-app/HTTPCoders.git:
Cloning into bare repository '/Users/admin/Library/Caches/org.swift.swiftpm/repositories/HTTPCoders-6914c263'...
fatal: could not read Username for 'https://github.com': terminal prompts disabled
Resolve Package Graph
Updating from https://github.com/happn-tech/URLRequestOperation.git
Updating from https://github.com/Frizlab/OperationAwaiting.git
Updating from https://github.com/Frizlab/HasResult.git
Fetching from https://github.com/happn-app/HTTPCoders.git
skipping cache due to an error: Failed to clone repository https://github.com/happn-app/HTTPCoders.git:
Cloning into bare repository '/Users/admin/Library/Caches/org.swift.swiftpm/repositories/HTTPCoders-6914c263'...
fatal: could not read Username for 'https://github.com': terminal prompts disabled
Updating from https://github.com/apple/swift-log.git
Updating from https://github.com/happn-app/RetryingOperation.git
Updating from https://github.com/happn-app/SemiSingleton.git
Fetching from https://github.com/happn-app/HTTPCoders.git
skipping cache due to an error: Failed to clone repository https://github.com/happn-app/HTTPCoders.git:
Cloning into bare repository '/Users/admin/Library/Caches/org.swift.swiftpm/repositories/HTTPCoders-6914c263'...
fatal: could not read Username for 'https://github.com': terminal prompts disabled
Resolve Package Graph
Updating from https://github.com/Frizlab/OperationAwaiting.git
Updating from https://github.com/happn-tech/URLRequestOperation.git
Updating from https://github.com/Frizlab/HasResult.git
Fetching from https://github.com/happn-app/HTTPCoders.git
skipping cache due to an error: Failed to clone repository https://github.com/happn-app/HTTPCoders.git:
Cloning into bare repository '/Users/admin/Library/Caches/org.swift.swiftpm/repositories/HTTPCoders-6914c263'...
fatal: could not read Username for 'https://github.com': terminal prompts disabled
Updating from https://github.com/apple/swift-log.git
Updating from https://github.com/happn-app/SemiSingleton.git
Updating from https://github.com/happn-app/RetryingOperation.git
Fetching from https://github.com/happn-app/HTTPCoders.git
skipping cache due to an error: Failed to clone repository https://github.com/happn-app/HTTPCoders.git:
Cloning into bare repository '/Users/admin/Library/Caches/org.swift.swiftpm/repositories/HTTPCoders-6914c263'...
fatal: could not read Username for 'https://github.com': terminal prompts disabled
Resolve Package Graph
Updating from https://github.com/happn-tech/URLRequestOperation.git
Updating from https://github.com/Frizlab/OperationAwaiting.git
Updating from https://github.com/Frizlab/HasResult.git
Fetching from https://github.com/happn-app/HTTPCoders.git
skipping cache due to an error: Failed to clone repository https://github.com/happn-app/HTTPCoders.git:
Cloning into bare repository '/Users/admin/Library/Caches/org.swift.swiftpm/repositories/HTTPCoders-6914c263'...
fatal: could not read Username for 'https://github.com': terminal prompts disabled
Updating from https://github.com/happn-app/SemiSingleton.git
Updating from https://github.com/apple/swift-log.git
Updating from https://github.com/happn-app/RetryingOperation.git
Fetching from https://github.com/happn-app/HTTPCoders.git
skipping cache due to an error: Failed to clone repository https://github.com/happn-app/HTTPCoders.git:
Cloning into bare repository '/Users/admin/Library/Caches/org.swift.swiftpm/repositories/HTTPCoders-6914c263'...
fatal: could not read Username for 'https://github.com': terminal prompts disabled
Resolve Package Graph
Updating from https://github.com/happn-tech/URLRequestOperation.git
Updating from https://github.com/Frizlab/OperationAwaiting.git
Updating from https://github.com/Frizlab/HasResult.git
Fetching from https://github.com/happn-app/HTTPCoders.git
skipping cache due to an error: Failed to clone repository https://github.com/happn-app/HTTPCoders.git:
Cloning into bare repository '/Users/admin/Library/Caches/org.swift.swiftpm/repositories/HTTPCoders-6914c263'...
fatal: could not read Username for 'https://github.com': terminal prompts disabled
Updating from https://github.com/happn-app/RetryingOperation.git
Updating from https://github.com/happn-app/SemiSingleton.git
Updating from https://github.com/apple/swift-log.git
Fetching from https://github.com/happn-app/HTTPCoders.git
skipping cache due to an error: Failed to clone repository https://github.com/happn-app/HTTPCoders.git:
Cloning into bare repository '/Users/admin/Library/Caches/org.swift.swiftpm/repositories/HTTPCoders-6914c263'...
fatal: could not read Username for 'https://github.com': terminal prompts disabled
Resolve Package Graph
Updating from https://github.com/happn-tech/URLRequestOperation.git
Updating from https://github.com/Frizlab/OperationAwaiting.git
Updating from https://github.com/Frizlab/HasResult.git
Updating from https://github.com/happn-app/RetryingOperation.git
Fetching from https://github.com/happn-app/HTTPCoders.git
skipping cache due to an error: Failed to clone repository https://github.com/happn-app/HTTPCoders.git:
Cloning into bare repository '/Users/admin/Library/Caches/org.swift.swiftpm/repositories/HTTPCoders-6914c263'...
fatal: could not read Username for 'https://github.com': terminal prompts disabled
Updating from https://github.com/apple/swift-log.git
Updating from https://github.com/happn-app/SemiSingleton.git
Fetching from https://github.com/happn-app/HTTPCoders.git
skipping cache due to an error: Failed to clone repository https://github.com/happn-app/HTTPCoders.git:
Cloning into bare repository '/Users/admin/Library/Caches/org.swift.swiftpm/repositories/HTTPCoders-6914c263'...
fatal: could not read Username for 'https://github.com': terminal prompts disabled
Resolve Package Graph
Updating from https://github.com/Frizlab/OperationAwaiting.git
Updating from https://github.com/happn-tech/URLRequestOperation.git
Updating from https://github.com/Frizlab/HasResult.git
Updating from https://github.com/happn-app/RetryingOperation.git
Updating from https://github.com/apple/swift-log.git
Fetching from https://github.com/happn-app/HTTPCoders.git
skipping cache due to an error: Failed to clone repository https://github.com/happn-app/HTTPCoders.git:
Cloning into bare repository '/Users/admin/Library/Caches/org.swift.swiftpm/repositories/HTTPCoders-6914c263'...
fatal: could not read Username for 'https://github.com': terminal prompts disabled
Updating from https://github.com/happn-app/SemiSingleton.git
Fetching from https://github.com/happn-app/HTTPCoders.git
skipping cache due to an error: Failed to clone repository https://github.com/happn-app/HTTPCoders.git:
Cloning into bare repository '/Users/admin/Library/Caches/org.swift.swiftpm/repositories/HTTPCoders-6914c263'...
fatal: could not read Username for 'https://github.com': terminal prompts disabled
Resolve Package Graph
Updating from https://github.com/Frizlab/OperationAwaiting.git
Updating from https://github.com/happn-tech/URLRequestOperation.git
Updating from https://github.com/Frizlab/HasResult.git
Updating from https://github.com/apple/swift-log.git
Fetching from https://github.com/happn-app/HTTPCoders.git
skipping cache due to an error: Failed to clone repository https://github.com/happn-app/HTTPCoders.git:
Cloning into bare repository '/Users/admin/Library/Caches/org.swift.swiftpm/repositories/HTTPCoders-6914c263'...
fatal: could not read Username for 'https://github.com': terminal prompts disabled
Updating from https://github.com/happn-app/RetryingOperation.git
Updating from https://github.com/happn-app/SemiSingleton.git
Fetching from https://github.com/happn-app/HTTPCoders.git
skipping cache due to an error: Failed to clone repository https://github.com/happn-app/HTTPCoders.git:
Cloning into bare repository '/Users/admin/Library/Caches/org.swift.swiftpm/repositories/HTTPCoders-6914c263'...
fatal: could not read Username for 'https://github.com': terminal prompts disabled
Resolve Package Graph
Updating from https://github.com/Frizlab/OperationAwaiting.git
Updating from https://github.com/happn-tech/URLRequestOperation.git
Updating from https://github.com/Frizlab/HasResult.git
Fetching from https://github.com/happn-app/HTTPCoders.git
skipping cache due to an error: Failed to clone repository https://github.com/happn-app/HTTPCoders.git:
Cloning into bare repository '/Users/admin/Library/Caches/org.swift.swiftpm/repositories/HTTPCoders-6914c263'...
fatal: could not read Username for 'https://github.com': terminal prompts disabled
Updating from https://github.com/happn-app/SemiSingleton.git
Updating from https://github.com/apple/swift-log.git
Updating from https://github.com/happn-app/RetryingOperation.git
Fetching from https://github.com/happn-app/HTTPCoders.git
skipping cache due to an error: Failed to clone repository https://github.com/happn-app/HTTPCoders.git:
Cloning into bare repository '/Users/admin/Library/Caches/org.swift.swiftpm/repositories/HTTPCoders-6914c263'...
fatal: could not read Username for 'https://github.com': terminal prompts disabled
Resolve Package Graph
Updating from https://github.com/happn-tech/URLRequestOperation.git
Updating from https://github.com/Frizlab/OperationAwaiting.git
Updating from https://github.com/Frizlab/HasResult.git
Fetching from https://github.com/happn-app/HTTPCoders.git
skipping cache due to an error: Failed to clone repository https://github.com/happn-app/HTTPCoders.git:
Cloning into bare repository '/Users/admin/Library/Caches/org.swift.swiftpm/repositories/HTTPCoders-6914c263'...
fatal: could not read Username for 'https://github.com': terminal prompts disabled
Updating from https://github.com/happn-app/RetryingOperation.git
Updating from https://github.com/happn-app/SemiSingleton.git
Updating from https://github.com/apple/swift-log.git
Fetching from https://github.com/happn-app/HTTPCoders.git
skipping cache due to an error: Failed to clone repository https://github.com/happn-app/HTTPCoders.git:
Cloning into bare repository '/Users/admin/Library/Caches/org.swift.swiftpm/repositories/HTTPCoders-6914c263'...
fatal: could not read Username for 'https://github.com': terminal prompts disabled
Resolve Package Graph
Updating from https://github.com/Frizlab/OperationAwaiting.git
Updating from https://github.com/happn-tech/URLRequestOperation.git
Updating from https://github.com/Frizlab/HasResult.git
Fetching from https://github.com/happn-app/HTTPCoders.git
skipping cache due to an error: Failed to clone repository https://github.com/happn-app/HTTPCoders.git:
Cloning into bare repository '/Users/admin/Library/Caches/org.swift.swiftpm/repositories/HTTPCoders-6914c263'...
fatal: could not read Username for 'https://github.com': terminal prompts disabled
Updating from https://github.com/happn-app/SemiSingleton.git
Updating from https://github.com/apple/swift-log.git
Updating from https://github.com/happn-app/RetryingOperation.git
Fetching from https://github.com/happn-app/HTTPCoders.git
skipping cache due to an error: Failed to clone repository https://github.com/happn-app/HTTPCoders.git:
Cloning into bare repository '/Users/admin/Library/Caches/org.swift.swiftpm/repositories/HTTPCoders-6914c263'...
fatal: could not read Username for 'https://github.com': terminal prompts disabled
Resolve Package Graph
Updating from https://github.com/Frizlab/OperationAwaiting.git
Updating from https://github.com/happn-tech/URLRequestOperation.git
Updating from https://github.com/Frizlab/HasResult.git
Fetching from https://github.com/happn-app/HTTPCoders.git
skipping cache due to an error: Failed to clone repository https://github.com/happn-app/HTTPCoders.git:
Cloning into bare repository '/Users/admin/Library/Caches/org.swift.swiftpm/repositories/HTTPCoders-6914c263'...
fatal: could not read Username for 'https://github.com': terminal prompts disabled
Updating from https://github.com/apple/swift-log.git
Updating from https://github.com/happn-app/SemiSingleton.git
Updating from https://github.com/happn-app/RetryingOperation.git
Fetching from https://github.com/happn-app/HTTPCoders.git
skipping cache due to an error: Failed to clone repository https://github.com/happn-app/HTTPCoders.git:
Cloning into bare repository '/Users/admin/Library/Caches/org.swift.swiftpm/repositories/HTTPCoders-6914c263'...
fatal: could not read Username for 'https://github.com': terminal prompts disabled
Resolve Package Graph
Updating from https://github.com/happn-tech/URLRequestOperation.git
Updating from https://github.com/Frizlab/OperationAwaiting.git
Updating from https://github.com/Frizlab/HasResult.git
Updating from https://github.com/apple/swift-log.git
Fetching from https://github.com/happn-app/HTTPCoders.git
skipping cache due to an error: Failed to clone repository https://github.com/happn-app/HTTPCoders.git:
Cloning into bare repository '/Users/admin/Library/Caches/org.swift.swiftpm/repositories/HTTPCoders-6914c263'...
fatal: could not read Username for 'https://github.com': terminal prompts disabled
Updating from https://github.com/happn-app/RetryingOperation.git
Updating from https://github.com/happn-app/SemiSingleton.git
Fetching from https://github.com/happn-app/HTTPCoders.git
skipping cache due to an error: Failed to clone repository https://github.com/happn-app/HTTPCoders.git:
Cloning into bare repository '/Users/admin/Library/Caches/org.swift.swiftpm/repositories/HTTPCoders-6914c263'...
fatal: could not read Username for 'https://github.com': terminal prompts disabled
Resolve Package Graph
Updating from https://github.com/Frizlab/OperationAwaiting.git
Updating from https://github.com/happn-tech/URLRequestOperation.git
Updating from https://github.com/Frizlab/HasResult.git
Updating from https://github.com/happn-app/RetryingOperation.git
Updating from https://github.com/happn-app/SemiSingleton.git
Updating from https://github.com/apple/swift-log.git
Fetching from https://github.com/happn-app/HTTPCoders.git
skipping cache due to an error: Failed to clone repository https://github.com/happn-app/HTTPCoders.git:
Cloning into bare repository '/Users/admin/Library/Caches/org.swift.swiftpm/repositories/HTTPCoders-6914c263'...
fatal: could not read Username for 'https://github.com': terminal prompts disabled
Fetching from https://github.com/happn-app/HTTPCoders.git
skipping cache due to an error: Failed to clone repository https://github.com/happn-app/HTTPCoders.git:
Cloning into bare repository '/Users/admin/Library/Caches/org.swift.swiftpm/repositories/HTTPCoders-6914c263'...
fatal: could not read Username for 'https://github.com': terminal prompts disabled
Resolve Package Graph
Updating from https://github.com/happn-tech/URLRequestOperation.git
Updating from https://github.com/Frizlab/OperationAwaiting.git
Updating from https://github.com/Frizlab/HasResult.git
Updating from https://github.com/happn-app/SemiSingleton.git
Updating from https://github.com/apple/swift-log.git
Updating from https://github.com/happn-app/RetryingOperation.git
Fetching from https://github.com/happn-app/HTTPCoders.git
skipping cache due to an error: Failed to clone repository https://github.com/happn-app/HTTPCoders.git:
Cloning into bare repository '/Users/admin/Library/Caches/org.swift.swiftpm/repositories/HTTPCoders-6914c263'...
fatal: could not read Username for 'https://github.com': terminal prompts disabled
Fetching from https://github.com/happn-app/HTTPCoders.git
skipping cache due to an error: Failed to clone repository https://github.com/happn-app/HTTPCoders.git:
Cloning into bare repository '/Users/admin/Library/Caches/org.swift.swiftpm/repositories/HTTPCoders-6914c263'...
fatal: could not read Username for 'https://github.com': terminal prompts disabled
Resolve Package Graph
Updating from https://github.com/Frizlab/OperationAwaiting.git
Updating from https://github.com/happn-tech/URLRequestOperation.git
Updating from https://github.com/Frizlab/HasResult.git
Updating from https://github.com/happn-app/SemiSingleton.git
Fetching from https://github.com/happn-app/HTTPCoders.git
skipping cache due to an error: Failed to clone repository https://github.com/happn-app/HTTPCoders.git:
Cloning into bare repository '/Users/admin/Library/Caches/org.swift.swiftpm/repositories/HTTPCoders-6914c263'...
fatal: could not read Username for 'https://github.com': terminal prompts disabled
Updating from https://github.com/apple/swift-log.git
Updating from https://github.com/happn-app/RetryingOperation.git
Fetching from https://github.com/happn-app/HTTPCoders.git
skipping cache due to an error: Failed to clone repository https://github.com/happn-app/HTTPCoders.git:
Cloning into bare repository '/Users/admin/Library/Caches/org.swift.swiftpm/repositories/HTTPCoders-6914c263'...
fatal: could not read Username for 'https://github.com': terminal prompts disabled
Resolve Package Graph
Updating from https://github.com/happn-tech/URLRequestOperation.git
Updating from https://github.com/Frizlab/OperationAwaiting.git
Updating from https://github.com/Frizlab/HasResult.git
Fetching from https://github.com/happn-app/HTTPCoders.git
skipping cache due to an error: Failed to clone repository https://github.com/happn-app/HTTPCoders.git:
Cloning into bare repository '/Users/admin/Library/Caches/org.swift.swiftpm/repositories/HTTPCoders-6914c263'...
fatal: could not read Username for 'https://github.com': terminal prompts disabled
Updating from https://github.com/happn-app/RetryingOperation.git
Updating from https://github.com/happn-app/SemiSingleton.git
Updating from https://github.com/apple/swift-log.git
Fetching from https://github.com/happn-app/HTTPCoders.git
skipping cache due to an error: Failed to clone repository https://github.com/happn-app/HTTPCoders.git:
Cloning into bare repository '/Users/admin/Library/Caches/org.swift.swiftpm/repositories/HTTPCoders-6914c263'...
fatal: could not read Username for 'https://github.com': terminal prompts disabled
Resolve Package Graph
Updating from https://github.com/Frizlab/OperationAwaiting.git
Updating from https://github.com/happn-tech/URLRequestOperation.git
Updating from https://github.com/Frizlab/HasResult.git
Fetching from https://github.com/happn-app/HTTPCoders.git
skipping cache due to an error: Failed to clone repository https://github.com/happn-app/HTTPCoders.git:
Cloning into bare repository '/Users/admin/Library/Caches/org.swift.swiftpm/repositories/HTTPCoders-6914c263'...
fatal: could not read Username for 'https://github.com': terminal prompts disabled
Updating from https://github.com/happn-app/SemiSingleton.git
Updating from https://github.com/apple/swift-log.git
Updating from https://github.com/happn-app/RetryingOperation.git
Fetching from https://github.com/happn-app/HTTPCoders.git
skipping cache due to an error: Failed to clone repository https://github.com/happn-app/HTTPCoders.git:
Cloning into bare repository '/Users/admin/Library/Caches/org.swift.swiftpm/repositories/HTTPCoders-6914c263'...
fatal: could not read Username for 'https://github.com': terminal prompts disabled
Resolve Package Graph
Updating from https://github.com/Frizlab/OperationAwaiting.git
Updating from https://github.com/happn-tech/URLRequestOperation.git
Updating from https://github.com/Frizlab/HasResult.git
Updating from https://github.com/happn-app/RetryingOperation.git
Fetching from https://github.com/happn-app/HTTPCoders.git
skipping cache due to an error: Failed to clone repository https://github.com/happn-app/HTTPCoders.git:
Cloning into bare repository '/Users/admin/Library/Caches/org.swift.swiftpm/repositories/HTTPCoders-6914c263'...
fatal: could not read Username for 'https://github.com': terminal prompts disabled
Updating from https://github.com/happn-app/SemiSingleton.git
Updating from https://github.com/apple/swift-log.git
Fetching from https://github.com/happn-app/HTTPCoders.git
skipping cache due to an error: Failed to clone repository https://github.com/happn-app/HTTPCoders.git:
Cloning into bare repository '/Users/admin/Library/Caches/org.swift.swiftpm/repositories/HTTPCoders-6914c263'...
fatal: could not read Username for 'https://github.com': terminal prompts disabled
Resolve Package Graph
Updating from https://github.com/happn-tech/URLRequestOperation.git
Updating from https://github.com/Frizlab/OperationAwaiting.git
Updating from https://github.com/Frizlab/HasResult.git
Updating from https://github.com/happn-app/SemiSingleton.git
Updating from https://github.com/happn-app/RetryingOperation.git
Updating from https://github.com/apple/swift-log.git
Fetching from https://github.com/happn-app/HTTPCoders.git
skipping cache due to an error: Failed to clone repository https://github.com/happn-app/HTTPCoders.git:
Cloning into bare repository '/Users/admin/Library/Caches/org.swift.swiftpm/repositories/HTTPCoders-6914c263'...
fatal: could not read Username for 'https://github.com': terminal prompts disabled
Fetching from https://github.com/happn-app/HTTPCoders.git
skipping cache due to an error: Failed to clone repository https://github.com/happn-app/HTTPCoders.git:
Cloning into bare repository '/Users/admin/Library/Caches/org.swift.swiftpm/repositories/HTTPCoders-6914c263'...
fatal: could not read Username for 'https://github.com': terminal prompts disabled
Resolve Package Graph
Updating from https://github.com/Frizlab/OperationAwaiting.git
Updating from https://github.com/happn-tech/URLRequestOperation.git
Updating from https://github.com/Frizlab/HasResult.git
Updating from https://github.com/happn-app/RetryingOperation.git
Updating from https://github.com/apple/swift-log.git
Updating from https://github.com/happn-app/SemiSingleton.git
Fetching from https://github.com/happn-app/HTTPCoders.git
skipping cache due to an error: Failed to clone repository https://github.com/happn-app/HTTPCoders.git:
Cloning into bare repository '/Users/admin/Library/Caches/org.swift.swiftpm/repositories/HTTPCoders-6914c263'...
fatal: could not read Username for 'https://github.com': terminal prompts disabled
Fetching from https://github.com/happn-app/HTTPCoders.git
skipping cache due to an error: Failed to clone repository https://github.com/happn-app/HTTPCoders.git:
Cloning into bare repository '/Users/admin/Library/Caches/org.swift.swiftpm/repositories/HTTPCoders-6914c263'...
fatal: could not read Username for 'https://github.com': terminal prompts disabled
Resolve Package Graph
Updating from https://github.com/happn-tech/URLRequestOperation.git
Updating from https://github.com/Frizlab/OperationAwaiting.git
Updating from https://github.com/Frizlab/HasResult.git
Updating from https://github.com/apple/swift-log.git
Updating from https://github.com/happn-app/SemiSingleton.git
Updating from https://github.com/happn-app/RetryingOperation.git
Fetching from https://github.com/happn-app/HTTPCoders.git
skipping cache due to an error: Failed to clone repository https://github.com/happn-app/HTTPCoders.git:
Cloning into bare repository '/Users/admin/Library/Caches/org.swift.swiftpm/repositories/HTTPCoders-6914c263'...
fatal: could not read Username for 'https://github.com': terminal prompts disabled
Fetching from https://github.com/happn-app/HTTPCoders.git
skipping cache due to an error: Failed to clone repository https://github.com/happn-app/HTTPCoders.git:
Cloning into bare repository '/Users/admin/Library/Caches/org.swift.swiftpm/repositories/HTTPCoders-6914c263'...
fatal: could not read Username for 'https://github.com': terminal prompts disabled
Resolve Package Graph
Updating from https://github.com/happn-tech/URLRequestOperation.git
Updating from https://github.com/Frizlab/OperationAwaiting.git
Updating from https://github.com/Frizlab/HasResult.git
Updating from https://github.com/happn-app/RetryingOperation.git
Updating from https://github.com/happn-app/SemiSingleton.git
Fetching from https://github.com/happn-app/HTTPCoders.git
skipping cache due to an error: Failed to clone repository https://github.com/happn-app/HTTPCoders.git:
Cloning into bare repository '/Users/admin/Library/Caches/org.swift.swiftpm/repositories/HTTPCoders-6914c263'...
fatal: could not read Username for 'https://github.com': terminal prompts disabled
Updating from https://github.com/apple/swift-log.git
Fetching from https://github.com/happn-app/HTTPCoders.git
skipping cache due to an error: Failed to clone repository https://github.com/happn-app/HTTPCoders.git:
Cloning into bare repository '/Users/admin/Library/Caches/org.swift.swiftpm/repositories/HTTPCoders-6914c263'...
fatal: could not read Username for 'https://github.com': terminal prompts disabled
Resolve Package Graph
Updating from https://github.com/Frizlab/OperationAwaiting.git
Updating from https://github.com/happn-tech/URLRequestOperation.git
Updating from https://github.com/Frizlab/HasResult.git
Fetching from https://github.com/happn-app/HTTPCoders.git
skipping cache due to an error: Failed to clone repository https://github.com/happn-app/HTTPCoders.git:
Cloning into bare repository '/Users/admin/Library/Caches/org.swift.swiftpm/repositories/HTTPCoders-6914c263'...
fatal: could not read Username for 'https://github.com': terminal prompts disabled
Updating from https://github.com/happn-app/RetryingOperation.git
Updating from https://github.com/happn-app/SemiSingleton.git
Updating from https://github.com/apple/swift-log.git
Fetching from https://github.com/happn-app/HTTPCoders.git
skipping cache due to an error: Failed to clone repository https://github.com/happn-app/HTTPCoders.git:
Cloning into bare repository '/Users/admin/Library/Caches/org.swift.swiftpm/repositories/HTTPCoders-6914c263'...
fatal: could not read Username for 'https://github.com': terminal prompts disabled
Resolve Package Graph
Updating from https://github.com/happn-tech/URLRequestOperation.git
Updating from https://github.com/Frizlab/OperationAwaiting.git
Updating from https://github.com/Frizlab/HasResult.git
Fetching from https://github.com/happn-app/HTTPCoders.git
skipping cache due to an error: Failed to clone repository https://github.com/happn-app/HTTPCoders.git:
Cloning into bare repository '/Users/admin/Library/Caches/org.swift.swiftpm/repositories/HTTPCoders-6914c263'...
fatal: could not read Username for 'https://github.com': terminal prompts disabled
Updating from https://github.com/happn-app/RetryingOperation.git
Updating from https://github.com/happn-app/SemiSingleton.git
Updating from https://github.com/apple/swift-log.git
Fetching from https://github.com/happn-app/HTTPCoders.git
skipping cache due to an error: Failed to clone repository https://github.com/happn-app/HTTPCoders.git:
Cloning into bare repository '/Users/admin/Library/Caches/org.swift.swiftpm/repositories/HTTPCoders-6914c263'...
fatal: could not read Username for 'https://github.com': terminal prompts disabled
Resolve Package Graph
Updating from https://github.com/happn-tech/URLRequestOperation.git
Updating from https://github.com/Frizlab/OperationAwaiting.git
Updating from https://github.com/Frizlab/HasResult.git
Updating from https://github.com/happn-app/SemiSingleton.git
Fetching from https://github.com/happn-app/HTTPCoders.git
skipping cache due to an error: Failed to clone repository https://github.com/happn-app/HTTPCoders.git:
Cloning into bare repository '/Users/admin/Library/Caches/org.swift.swiftpm/repositories/HTTPCoders-6914c263'...
fatal: could not read Username for 'https://github.com': terminal prompts disabled
Updating from https://github.com/apple/swift-log.git
Updating from https://github.com/happn-app/RetryingOperation.git
Fetching from https://github.com/happn-app/HTTPCoders.git
skipping cache due to an error: Failed to clone repository https://github.com/happn-app/HTTPCoders.git:
Cloning into bare repository '/Users/admin/Library/Caches/org.swift.swiftpm/repositories/HTTPCoders-6914c263'...
fatal: could not read Username for 'https://github.com': terminal prompts disabled
Resolve Package Graph
Updating from https://github.com/Frizlab/OperationAwaiting.git
Updating from https://github.com/happn-tech/URLRequestOperation.git
Updating from https://github.com/Frizlab/HasResult.git
Fetching from https://github.com/happn-app/HTTPCoders.git
skipping cache due to an error: Failed to clone repository https://github.com/happn-app/HTTPCoders.git:
Cloning into bare repository '/Users/admin/Library/Caches/org.swift.swiftpm/repositories/HTTPCoders-6914c263'...
fatal: could not read Username for 'https://github.com': terminal prompts disabled
Updating from https://github.com/happn-app/SemiSingleton.git
Updating from https://github.com/apple/swift-log.git
Updating from https://github.com/happn-app/RetryingOperation.git
Fetching from https://github.com/happn-app/HTTPCoders.git
skipping cache due to an error: Failed to clone repository https://github.com/happn-app/HTTPCoders.git:
Cloning into bare repository '/Users/admin/Library/Caches/org.swift.swiftpm/repositories/HTTPCoders-6914c263'...
fatal: could not read Username for 'https://github.com': terminal prompts disabled
Resolve Package Graph
Updating from https://github.com/happn-tech/URLRequestOperation.git
Updating from https://github.com/Frizlab/OperationAwaiting.git
Updating from https://github.com/Frizlab/HasResult.git
Fetching from https://github.com/happn-app/HTTPCoders.git
skipping cache due to an error: Failed to clone repository https://github.com/happn-app/HTTPCoders.git:
Cloning into bare repository '/Users/admin/Library/Caches/org.swift.swiftpm/repositories/HTTPCoders-6914c263'...
fatal: could not read Username for 'https://github.com': terminal prompts disabled
Updating from https://github.com/happn-app/RetryingOperation.git
Updating from https://github.com/apple/swift-log.git
Updating from https://github.com/happn-app/SemiSingleton.git
Fetching from https://github.com/happn-app/HTTPCoders.git
skipping cache due to an error: Failed to clone repository https://github.com/happn-app/HTTPCoders.git:
Cloning into bare repository '/Users/admin/Library/Caches/org.swift.swiftpm/repositories/HTTPCoders-6914c263'...
fatal: could not read Username for 'https://github.com': terminal prompts disabled
Resolve Package Graph
Updating from https://github.com/happn-tech/URLRequestOperation.git
Updating from https://github.com/Frizlab/OperationAwaiting.git
Updating from https://github.com/Frizlab/HasResult.git
Fetching from https://github.com/happn-app/HTTPCoders.git
skipping cache due to an error: Failed to clone repository https://github.com/happn-app/HTTPCoders.git:
Cloning into bare repository '/Users/admin/Library/Caches/org.swift.swiftpm/repositories/HTTPCoders-6914c263'...
fatal: could not read Username for 'https://github.com': terminal prompts disabled
Updating from https://github.com/happn-app/RetryingOperation.git
Updating from https://github.com/apple/swift-log.git
Updating from https://github.com/happn-app/SemiSingleton.git
Fetching from https://github.com/happn-app/HTTPCoders.git
skipping cache due to an error: Failed to clone repository https://github.com/happn-app/HTTPCoders.git:
Cloning into bare repository '/Users/admin/Library/Caches/org.swift.swiftpm/repositories/HTTPCoders-6914c263'...
fatal: could not read Username for 'https://github.com': terminal prompts disabled
Resolve Package Graph
Updating from https://github.com/Frizlab/OperationAwaiting.git
Updating from https://github.com/happn-tech/URLRequestOperation.git
Updating from https://github.com/Frizlab/HasResult.git
Updating from https://github.com/happn-app/SemiSingleton.git
Updating from https://github.com/apple/swift-log.git
Fetching from https://github.com/happn-app/HTTPCoders.git
skipping cache due to an error: Failed to clone repository https://github.com/happn-app/HTTPCoders.git:
Cloning into bare repository '/Users/admin/Library/Caches/org.swift.swiftpm/repositories/HTTPCoders-6914c263'...
fatal: could not read Username for 'https://github.com': terminal prompts disabled
Updating from https://github.com/happn-app/RetryingOperation.git
Fetching from https://github.com/happn-app/HTTPCoders.git
skipping cache due to an error: Failed to clone repository https://github.com/happn-app/HTTPCoders.git:
Cloning into bare repository '/Users/admin/Library/Caches/org.swift.swiftpm/repositories/HTTPCoders-6914c263'...
fatal: could not read Username for 'https://github.com': terminal prompts disabled
Resolve Package Graph
Updating from https://github.com/happn-tech/URLRequestOperation.git
Updating from https://github.com/Frizlab/OperationAwaiting.git
Updating from https://github.com/Frizlab/HasResult.git
Updating from https://github.com/happn-app/SemiSingleton.git
Fetching from https://github.com/happn-app/HTTPCoders.git
skipping cache due to an error: Failed to clone repository https://github.com/happn-app/HTTPCoders.git:
Cloning into bare repository '/Users/admin/Library/Caches/org.swift.swiftpm/repositories/HTTPCoders-6914c263'...
fatal: could not read Username for 'https://github.com': terminal prompts disabled
Updating from https://github.com/happn-app/RetryingOperation.git
Updating from https://github.com/apple/swift-log.git
Fetching from https://github.com/happn-app/HTTPCoders.git
skipping cache due to an error: Failed to clone repository https://github.com/happn-app/HTTPCoders.git:
Cloning into bare repository '/Users/admin/Library/Caches/org.swift.swiftpm/repositories/HTTPCoders-6914c263'...
fatal: could not read Username for 'https://github.com': terminal prompts disabled
Resolve Package Graph
Updating from https://github.com/happn-tech/URLRequestOperation.git
Updating from https://github.com/Frizlab/OperationAwaiting.git
Updating from https://github.com/Frizlab/HasResult.git
Fetching from https://github.com/happn-app/HTTPCoders.git
skipping cache due to an error: Failed to clone repository https://github.com/happn-app/HTTPCoders.git:
Cloning into bare repository '/Users/admin/Library/Caches/org.swift.swiftpm/repositories/HTTPCoders-6914c263'...
fatal: could not read Username for 'https://github.com': terminal prompts disabled
Updating from https://github.com/happn-app/SemiSingleton.git
Updating from https://github.com/apple/swift-log.git
Updating from https://github.com/happn-app/RetryingOperation.git
Fetching from https://github.com/happn-app/HTTPCoders.git
skipping cache due to an error: Failed to clone repository https://github.com/happn-app/HTTPCoders.git:
Cloning into bare repository '/Users/admin/Library/Caches/org.swift.swiftpm/repositories/HTTPCoders-6914c263'...
fatal: could not read Username for 'https://github.com': terminal prompts disabled
Resolve Package Graph
Updating from https://github.com/Frizlab/OperationAwaiting.git
Updating from https://github.com/happn-tech/URLRequestOperation.git
Updating from https://github.com/Frizlab/HasResult.git
Updating from https://github.com/apple/swift-log.git
Updating from https://github.com/happn-app/SemiSingleton.git
Fetching from https://github.com/happn-app/HTTPCoders.git
skipping cache due to an error: Failed to clone repository https://github.com/happn-app/HTTPCoders.git:
Cloning into bare repository '/Users/admin/Library/Caches/org.swift.swiftpm/repositories/HTTPCoders-6914c263'...
fatal: could not read Username for 'https://github.com': terminal prompts disabled
Updating from https://github.com/happn-app/RetryingOperation.git
Fetching from https://github.com/happn-app/HTTPCoders.git
skipping cache due to an error: Failed to clone repository https://github.com/happn-app/HTTPCoders.git:
Cloning into bare repository '/Users/admin/Library/Caches/org.swift.swiftpm/repositories/HTTPCoders-6914c263'...
fatal: could not read Username for 'https://github.com': terminal prompts disabled
Resolve Package Graph
Updating from https://github.com/happn-tech/URLRequestOperation.git
Updating from https://github.com/Frizlab/OperationAwaiting.git
Updating from https://github.com/Frizlab/HasResult.git
Updating from https://github.com/happn-app/RetryingOperation.git
Updating from https://github.com/apple/swift-log.git
Fetching from https://github.com/happn-app/HTTPCoders.git
skipping cache due to an error: Failed to clone repository https://github.com/happn-app/HTTPCoders.git:
Cloning into bare repository '/Users/admin/Library/Caches/org.swift.swiftpm/repositories/HTTPCoders-6914c263'...
fatal: could not read Username for 'https://github.com': terminal prompts disabled
Updating from https://github.com/happn-app/SemiSingleton.git
Fetching from https://github.com/happn-app/HTTPCoders.git
skipping cache due to an error: Failed to clone repository https://github.com/happn-app/HTTPCoders.git:
Cloning into bare repository '/Users/admin/Library/Caches/org.swift.swiftpm/repositories/HTTPCoders-6914c263'...
fatal: could not read Username for 'https://github.com': terminal prompts disabled
Resolve Package Graph
Updating from https://github.com/happn-tech/URLRequestOperation.git
Updating from https://github.com/Frizlab/OperationAwaiting.git
Updating from https://github.com/Frizlab/HasResult.git
Updating from https://github.com/happn-app/RetryingOperation.git
Updating from https://github.com/happn-app/SemiSingleton.git
Fetching from https://github.com/happn-app/HTTPCoders.git
skipping cache due to an error: Failed to clone repository https://github.com/happn-app/HTTPCoders.git:
Cloning into bare repository '/Users/admin/Library/Caches/org.swift.swiftpm/repositories/HTTPCoders-6914c263'...
fatal: could not read Username for 'https://github.com': terminal prompts disabled
Updating from https://github.com/apple/swift-log.git
Fetching from https://github.com/happn-app/HTTPCoders.git
skipping cache due to an error: Failed to clone repository https://github.com/happn-app/HTTPCoders.git:
Cloning into bare repository '/Users/admin/Library/Caches/org.swift.swiftpm/repositories/HTTPCoders-6914c263'...
fatal: could not read Username for 'https://github.com': terminal prompts disabled
Resolve Package Graph
Updating from https://github.com/Frizlab/OperationAwaiting.git
Updating from https://github.com/happn-tech/URLRequestOperation.git
Updating from https://github.com/Frizlab/HasResult.git
Updating from https://github.com/apple/swift-log.git
Updating from https://github.com/happn-app/SemiSingleton.git
Fetching from https://github.com/happn-app/HTTPCoders.git
skipping cache due to an error: Failed to clone repository https://github.com/happn-app/HTTPCoders.git:
Cloning into bare repository '/Users/admin/Library/Caches/org.swift.swiftpm/repositories/HTTPCoders-6914c263'...
fatal: could not read Username for 'https://github.com': terminal prompts disabled
Updating from https://github.com/happn-app/RetryingOperation.git
Fetching from https://github.com/happn-app/HTTPCoders.git
skipping cache due to an error: Failed to clone repository https://github.com/happn-app/HTTPCoders.git:
Cloning into bare repository '/Users/admin/Library/Caches/org.swift.swiftpm/repositories/HTTPCoders-6914c263'...
fatal: could not read Username for 'https://github.com': terminal prompts disabled
Resolve Package Graph
Updating from https://github.com/Frizlab/OperationAwaiting.git
Updating from https://github.com/happn-tech/URLRequestOperation.git
Updating from https://github.com/Frizlab/HasResult.git
Updating from https://github.com/apple/swift-log.git
Updating from https://github.com/happn-app/RetryingOperation.git
Updating from https://github.com/happn-app/SemiSingleton.git
Fetching from https://github.com/happn-app/HTTPCoders.git
skipping cache due to an error: Failed to clone repository https://github.com/happn-app/HTTPCoders.git:
Cloning into bare repository '/Users/admin/Library/Caches/org.swift.swiftpm/repositories/HTTPCoders-6914c263'...
fatal: could not read Username for 'https://github.com': terminal prompts disabled
Fetching from https://github.com/happn-app/HTTPCoders.git
skipping cache due to an error: Failed to clone repository https://github.com/happn-app/HTTPCoders.git:
Cloning into bare repository '/Users/admin/Library/Caches/org.swift.swiftpm/repositories/HTTPCoders-6914c263'...
fatal: could not read Username for 'https://github.com': terminal prompts disabled
Resolve Package Graph
Updating from https://github.com/happn-tech/URLRequestOperation.git
Updating from https://github.com/Frizlab/OperationAwaiting.git
Updating from https://github.com/Frizlab/HasResult.git
Fetching from https://github.com/happn-app/HTTPCoders.git
skipping cache due to an error: Failed to clone repository https://github.com/happn-app/HTTPCoders.git:
Cloning into bare repository '/Users/admin/Library/Caches/org.swift.swiftpm/repositories/HTTPCoders-6914c263'...
fatal: could not read Username for 'https://github.com': terminal prompts disabled
Updating from https://github.com/happn-app/RetryingOperation.git
Updating from https://github.com/apple/swift-log.git
Updating from https://github.com/happn-app/SemiSingleton.git
Fetching from https://github.com/happn-app/HTTPCoders.git
skipping cache due to an error: Failed to clone repository https://github.com/happn-app/HTTPCoders.git:
Cloning into bare repository '/Users/admin/Library/Caches/org.swift.swiftpm/repositories/HTTPCoders-6914c263'...
fatal: could not read Username for 'https://github.com': terminal prompts disabled
Resolve Package Graph
Updating from https://github.com/happn-tech/URLRequestOperation.git
Updating from https://github.com/Frizlab/OperationAwaiting.git
Updating from https://github.com/Frizlab/HasResult.git
Updating from https://github.com/apple/swift-log.git
Fetching from https://github.com/happn-app/HTTPCoders.git
skipping cache due to an error: Failed to clone repository https://github.com/happn-app/HTTPCoders.git:
Cloning into bare repository '/Users/admin/Library/Caches/org.swift.swiftpm/repositories/HTTPCoders-6914c263'...
fatal: could not read Username for 'https://github.com': terminal prompts disabled
Updating from https://github.com/happn-app/SemiSingleton.git
Updating from https://github.com/happn-app/RetryingOperation.git
Fetching from https://github.com/happn-app/HTTPCoders.git
skipping cache due to an error: Failed to clone repository https://github.com/happn-app/HTTPCoders.git:
Cloning into bare repository '/Users/admin/Library/Caches/org.swift.swiftpm/repositories/HTTPCoders-6914c263'...
fatal: could not read Username for 'https://github.com': terminal prompts disabled
Resolve Package Graph
Updating from https://github.com/happn-tech/URLRequestOperation.git
Updating from https://github.com/Frizlab/OperationAwaiting.git
Updating from https://github.com/Frizlab/HasResult.git
Updating from https://github.com/happn-app/RetryingOperation.git
Fetching from https://github.com/happn-app/HTTPCoders.git
skipping cache due to an error: Failed to clone repository https://github.com/happn-app/HTTPCoders.git:
Cloning into bare repository '/Users/admin/Library/Caches/org.swift.swiftpm/repositories/HTTPCoders-6914c263'...
fatal: could not read Username for 'https://github.com': terminal prompts disabled
Updating from https://github.com/happn-app/SemiSingleton.git
Updating from https://github.com/apple/swift-log.git
Fetching from https://github.com/happn-app/HTTPCoders.git
skipping cache due to an error: Failed to clone repository https://github.com/happn-app/HTTPCoders.git:
Cloning into bare repository '/Users/admin/Library/Caches/org.swift.swiftpm/repositories/HTTPCoders-6914c263'...
fatal: could not read Username for 'https://github.com': terminal prompts disabled
Resolve Package Graph
Updating from https://github.com/happn-tech/URLRequestOperation.git
Updating from https://github.com/Frizlab/OperationAwaiting.git
Updating from https://github.com/Frizlab/HasResult.git
Updating from https://github.com/happn-app/SemiSingleton.git
Fetching from https://github.com/happn-app/HTTPCoders.git
skipping cache due to an error: Failed to clone repository https://github.com/happn-app/HTTPCoders.git:
Cloning into bare repository '/Users/admin/Library/Caches/org.swift.swiftpm/repositories/HTTPCoders-6914c263'...
fatal: could not read Username for 'https://github.com': terminal prompts disabled
Updating from https://github.com/happn-app/RetryingOperation.git
Updating from https://github.com/apple/swift-log.git
Fetching from https://github.com/happn-app/HTTPCoders.git
skipping cache due to an error: Failed to clone repository https://github.com/happn-app/HTTPCoders.git:
Cloning into bare repository '/Users/admin/Library/Caches/org.swift.swiftpm/repositories/HTTPCoders-6914c263'...
fatal: could not read Username for 'https://github.com': terminal prompts disabled
Resolve Package Graph
Updating from https://github.com/happn-tech/URLRequestOperation.git
Updating from https://github.com/Frizlab/OperationAwaiting.git
Updating from https://github.com/Frizlab/HasResult.git
Fetching from https://github.com/happn-app/HTTPCoders.git
skipping cache due to an error: Failed to clone repository https://github.com/happn-app/HTTPCoders.git:
Cloning into bare repository '/Users/admin/Library/Caches/org.swift.swiftpm/repositories/HTTPCoders-6914c263'...
fatal: could not read Username for 'https://github.com': terminal prompts disabled
Updating from https://github.com/apple/swift-log.git
Updating from https://github.com/happn-app/RetryingOperation.git
Updating from https://github.com/happn-app/SemiSingleton.git
Fetching from https://github.com/happn-app/HTTPCoders.git
skipping cache due to an error: Failed to clone repository https://github.com/happn-app/HTTPCoders.git:
Cloning into bare repository '/Users/admin/Library/Caches/org.swift.swiftpm/repositories/HTTPCoders-6914c263'...
fatal: could not read Username for 'https://github.com': terminal prompts disabled
Resolve Package Graph
Updating from https://github.com/happn-tech/URLRequestOperation.git
Updating from https://github.com/Frizlab/OperationAwaiting.git
Updating from https://github.com/Frizlab/HasResult.git
Fetching from https://github.com/happn-app/HTTPCoders.git
skipping cache due to an error: Failed to clone repository https://github.com/happn-app/HTTPCoders.git:
Cloning into bare repository '/Users/admin/Library/Caches/org.swift.swiftpm/repositories/HTTPCoders-6914c263'...
fatal: could not read Username for 'https://github.com': terminal prompts disabled
Updating from https://github.com/happn-app/SemiSingleton.git
Updating from https://github.com/happn-app/RetryingOperation.git
Updating from https://github.com/apple/swift-log.git
Fetching from https://github.com/happn-app/HTTPCoders.git
skipping cache due to an error: Failed to clone repository https://github.com/happn-app/HTTPCoders.git:
Cloning into bare repository '/Users/admin/Library/Caches/org.swift.swiftpm/repositories/HTTPCoders-6914c263'...
fatal: could not read Username for 'https://github.com': terminal prompts disabled
Resolve Package Graph
Updating from https://github.com/happn-tech/URLRequestOperation.git
Updating from https://github.com/Frizlab/OperationAwaiting.git
Updating from https://github.com/Frizlab/HasResult.git
Updating from https://github.com/happn-app/RetryingOperation.git
Fetching from https://github.com/happn-app/HTTPCoders.git
skipping cache due to an error: Failed to clone repository https://github.com/happn-app/HTTPCoders.git:
Cloning into bare repository '/Users/admin/Library/Caches/org.swift.swiftpm/repositories/HTTPCoders-6914c263'...
fatal: could not read Username for 'https://github.com': terminal prompts disabled
Updating from https://github.com/happn-app/SemiSingleton.git
Updating from https://github.com/apple/swift-log.git
Fetching from https://github.com/happn-app/HTTPCoders.git
skipping cache due to an error: Failed to clone repository https://github.com/happn-app/HTTPCoders.git:
Cloning into bare repository '/Users/admin/Library/Caches/org.swift.swiftpm/repositories/HTTPCoders-6914c263'...
fatal: could not read Username for 'https://github.com': terminal prompts disabled
Resolve Package Graph
Updating from https://github.com/happn-tech/URLRequestOperation.git
Updating from https://github.com/Frizlab/OperationAwaiting.git
Updating from https://github.com/Frizlab/HasResult.git
Fetching from https://github.com/happn-app/HTTPCoders.git
skipping cache due to an error: Failed to clone repository https://github.com/happn-app/HTTPCoders.git:
Cloning into bare repository '/Users/admin/Library/Caches/org.swift.swiftpm/repositories/HTTPCoders-6914c263'...
fatal: could not read Username for 'https://github.com': terminal prompts disabled
Updating from https://github.com/happn-app/SemiSingleton.git
Updating from https://github.com/apple/swift-log.git
Updating from https://github.com/happn-app/RetryingOperation.git
Fetching from https://github.com/happn-app/HTTPCoders.git
skipping cache due to an error: Failed to clone repository https://github.com/happn-app/HTTPCoders.git:
Cloning into bare repository '/Users/admin/Library/Caches/org.swift.swiftpm/repositories/HTTPCoders-6914c263'...
fatal: could not read Username for 'https://github.com': terminal prompts disabled
Resolve Package Graph
Updating from https://github.com/Frizlab/OperationAwaiting.git
Updating from https://github.com/happn-tech/URLRequestOperation.git
Updating from https://github.com/Frizlab/HasResult.git
Updating from https://github.com/happn-app/RetryingOperation.git
Updating from https://github.com/apple/swift-log.git
Fetching from https://github.com/happn-app/HTTPCoders.git
skipping cache due to an error: Failed to clone repository https://github.com/happn-app/HTTPCoders.git:
Cloning into bare repository '/Users/admin/Library/Caches/org.swift.swiftpm/repositories/HTTPCoders-6914c263'...
fatal: could not read Username for 'https://github.com': terminal prompts disabled
Updating from https://github.com/happn-app/SemiSingleton.git
Fetching from https://github.com/happn-app/HTTPCoders.git
skipping cache due to an error: Failed to clone repository https://github.com/happn-app/HTTPCoders.git:
Cloning into bare repository '/Users/admin/Library/Caches/org.swift.swiftpm/repositories/HTTPCoders-6914c263'...
fatal: could not read Username for 'https://github.com': terminal prompts disabled
Resolve Package Graph
Updating from https://github.com/Frizlab/OperationAwaiting.git
Updating from https://github.com/happn-tech/URLRequestOperation.git
Updating from https://github.com/Frizlab/HasResult.git
Fetching from https://github.com/happn-app/HTTPCoders.git
skipping cache due to an error: Failed to clone repository https://github.com/happn-app/HTTPCoders.git:
Cloning into bare repository '/Users/admin/Library/Caches/org.swift.swiftpm/repositories/HTTPCoders-6914c263'...
fatal: could not read Username for 'https://github.com': terminal prompts disabled
Updating from https://github.com/happn-app/SemiSingleton.git
Updating from https://github.com/happn-app/RetryingOperation.git
Updating from https://github.com/apple/swift-log.git
Fetching from https://github.com/happn-app/HTTPCoders.git
skipping cache due to an error: Failed to clone repository https://github.com/happn-app/HTTPCoders.git:
Cloning into bare repository '/Users/admin/Library/Caches/org.swift.swiftpm/repositories/HTTPCoders-6914c263'...
fatal: could not read Username for 'https://github.com': terminal prompts disabled
Resolve Package Graph
Updating from https://github.com/Frizlab/OperationAwaiting.git
Updating from https://github.com/happn-tech/URLRequestOperation.git
Updating from https://github.com/Frizlab/HasResult.git
Fetching from https://github.com/happn-app/HTTPCoders.git
skipping cache due to an error: Failed to clone repository https://github.com/happn-app/HTTPCoders.git:
Cloning into bare repository '/Users/admin/Library/Caches/org.swift.swiftpm/repositories/HTTPCoders-6914c263'...
fatal: could not read Username for 'https://github.com': terminal prompts disabled
Updating from https://github.com/happn-app/SemiSingleton.git
Updating from https://github.com/happn-app/RetryingOperation.git
Updating from https://github.com/apple/swift-log.git
Fetching from https://github.com/happn-app/HTTPCoders.git
skipping cache due to an error: Failed to clone repository https://github.com/happn-app/HTTPCoders.git:
Cloning into bare repository '/Users/admin/Library/Caches/org.swift.swiftpm/repositories/HTTPCoders-6914c263'...
fatal: could not read Username for 'https://github.com': terminal prompts disabled
Resolved source packages:
spi-builder-workspace: (null)
2026-09-18 16:55:21.568 xcodebuild[525:2990] Writing error result bundle to /var/folders/xq/y_g06wb113726d38xsyx71_h0000gn/T/ResultBundle_2026-18-09_16-55-0021.xcresult
xcodebuild: error: Could not resolve package dependencies:
Failed to clone repository https://github.com/happn-app/HTTPCoders.git:
Cloning into bare repository '/Users/admin/builder/spi-builder-workspace/.dependencies/repositories/HTTPCoders-6914c263'...
fatal: could not read Username for 'https://github.com': terminal prompts disabled
Command line invocation:
/Applications/Xcode-27.0.0-Release.Candidate.app/Contents/Developer/usr/bin/xcodebuild -IDEClonedSourcePackagesDirPathOverride=/Users/admin/builder/spi-builder-workspace/.dependencies -resolvePackageDependencies
Resolve Package Graph
Updating from https://github.com/Frizlab/OperationAwaiting.git
Updating from https://github.com/happn-tech/URLRequestOperation.git
Updating from https://github.com/Frizlab/HasResult.git
Updating from https://github.com/happn-app/SemiSingleton.git
Fetching from https://github.com/happn-app/HTTPCoders.git
skipping cache due to an error: Failed to clone repository https://github.com/happn-app/HTTPCoders.git:
Cloning into bare repository '/Users/admin/Library/Caches/org.swift.swiftpm/repositories/HTTPCoders-6914c263'...
fatal: could not read Username for 'https://github.com': terminal prompts disabled
Updating from https://github.com/happn-app/RetryingOperation.git
Updating from https://github.com/apple/swift-log.git
Fetching from https://github.com/happn-app/HTTPCoders.git
skipping cache due to an error: Failed to clone repository https://github.com/happn-app/HTTPCoders.git:
Cloning into bare repository '/Users/admin/Library/Caches/org.swift.swiftpm/repositories/HTTPCoders-6914c263'...
fatal: could not read Username for 'https://github.com': terminal prompts disabled
Resolved source packages:
spi-builder-workspace: (null)
2026-09-18 16:55:25.147 xcodebuild[5515:18047] Writing error result bundle to /var/folders/xq/y_g06wb113726d38xsyx71_h0000gn/T/ResultBundle_2026-18-09_16-55-0025.xcresult
xcodebuild: error: Could not resolve package dependencies:
Failed to clone repository https://github.com/happn-app/HTTPCoders.git:
Cloning into bare repository '/Users/admin/builder/spi-builder-workspace/.dependencies/repositories/HTTPCoders-6914c263'...
fatal: could not read Username for 'https://github.com': terminal prompts disabled
BUILD FAILURE 6.4 iOS