The Swift Package Index logo.Swift Package Index

Build Information

Failed to build SymbolLocator, reference 0.2.1 (546053), with Swift 6.4 for Wasm on 22 Sep 2026 10:00:05 UTC.

Build Command

bash -c docker run --pull=always --rm -v "checkouts-54344845-1":/host -w "$PWD" -e JAVA_HOME="/root/.sdkman/candidates/java/current" -e SPI_BUILD="1" -e SPI_PROCESSING="1" registry.gitlab.com/saguaro1/spi-images:wasm-6.4-latest swift build --swift-sdk swift-6.4.x-DEVELOPMENT-SNAPSHOT-2026-09-04-a_wasm 2>&1

Build Log

========================================
RunAll
========================================
Builder version: 5.1.0
Interrupt handler set up.
========================================
Checkout
========================================
Clone URL: https://github.com/OpenSwiftUIProject/SymbolLocator.git
Reference: 0.2.1
Initialized empty Git repository in /host/spi-builder-workspace/.git/
hint: Using 'master' as the name for the initial branch. This default branch name
hint: is subject to change. To configure the initial branch name to use in all
hint: of your new repositories, which will suppress this warning, call:
hint:
hint: 	git config --global init.defaultBranch <name>
hint:
hint: Names commonly chosen instead of 'master' are 'main', 'trunk' and
hint: 'development'. The just-created branch can be renamed via this command:
hint:
hint: 	git branch -m <name>
From https://github.com/OpenSwiftUIProject/SymbolLocator
 * tag               0.2.1      -> FETCH_HEAD
HEAD is now at 546053c Add manual safe check description (#3)
Cloned https://github.com/OpenSwiftUIProject/SymbolLocator.git
Revision (git rev-parse @):
546053c03f282df1a8270853da6692e1b078be09
SUCCESS checkout https://github.com/OpenSwiftUIProject/SymbolLocator.git at 0.2.1
========================================
Build
========================================
Selected platform:         wasm
Swift version:             6.4
Building package at path:  $PWD
https://github.com/OpenSwiftUIProject/SymbolLocator.git
Running build ...
bash -c docker run --pull=always --rm -v "checkouts-54344845-1":/host -w "$PWD" -e JAVA_HOME="/root/.sdkman/candidates/java/current" -e SPI_BUILD="1" -e SPI_PROCESSING="1" registry.gitlab.com/saguaro1/spi-images:wasm-6.4-latest swift build --swift-sdk swift-6.4.x-DEVELOPMENT-SNAPSHOT-2026-09-04-a_wasm 2>&1
wasm-6.4-latest: Pulling from saguaro1/spi-images
Digest: sha256:4328fdb43c680d205c1d6761b1e3267aa38277eefdda9ddfb17b6a0f1a77857a
Status: Image is up to date for registry.gitlab.com/saguaro1/spi-images:wasm-6.4-latest
Building for debugging...
[Planning deferred tasks]
In file included from /host/spi-builder-workspace/Sources/SymbolLocator/SymbolLocatorLog.m:5:
/host/spi-builder-workspace/Sources/SymbolLocator/include/SymbolLocatorLog.h:8:10: fatal error: 'CoreFoundation/CoreFoundation.h' file not found
    8 | #include <CoreFoundation/CoreFoundation.h>
      |          ^~~~~~~~~~~~~~~~~~~~~~~~~~~~~~~~~
1 error generated.
error: CompileC /host/spi-builder-workspace/.build/out/Intermediates.noindex/SymbolLocator.build/Debug-webassembly-wasm32/SymbolLocator-t.build/Objects-normal/wasm32/SymbolLocatorLog.o /host/spi-builder-workspace/Sources/SymbolLocator/SymbolLocatorLog.m normal wasm32 objective-c com.apple.compilers.llvm.clang.1_0.compiler failed with a nonzero exit code. Command line:     cd /host

    Using response file: /host/spi-builder-workspace/.build/out/Intermediates.noindex/SymbolLocator.build/Debug-webassembly-wasm32/SymbolLocator-t.build/Objects-normal/wasm32/6f95552a3397ee1cec971b90cf334075d5f321c3a3b0689ad55c3d1e24702600-common-args.resp

    /usr/bin/clang -x objective-c -target wasm32-unknown-wasip1 -fmessage-length\=0 -fdiagnostics-show-note-include-stack -fmacro-backtrace-limit\=0 -fcolor-diagnostics -Wno-trigraphs -Wno-missing-field-initializers -Wno-missing-prototypes -Wno-return-type -Wno-implicit-atomic-properties -Wno-objc-interface-ivars -Wno-arc-repeated-use-of-weak -Wno-missing-braces -Wparentheses -Wswitch -Wno-unused-function -Wno-unused-label -Wno-unused-parameter -Wno-unused-variable -Wunused-value -Wno-empty-body -Wno-uninitialized -Wno-unknown-pragmas -Wno-shadow -Wno-four-char-constants -Wno-conversion -Wno-constant-conversion -Wno-int-conversion -Wno-bool-conversion -Wno-enum-conversion -Wno-float-conversion -Wno-non-literal-null-conversion -Wno-objc-literal-conversion -Wno-shorten-64-to-32 -Wpointer-sign -Wno-newline-eof -Wno-selector -Wno-strict-selector-match -Wno-undeclared-selector -Wno-deprecated-implementations -Wno-implicit-fallthrough -fstrict-aliasing -Wprotocol -Wdeprecated-declarations -Wno-sign-conversion -Wno-infinite-recursion -Wno-comma -Wno-block-capture-autoreleasing -Wno-strict-prototypes -Wno-semicolon-before-method-body --sysroot /root/.swiftpm/swift-sdks/swift-6.4.x-DEVELOPMENT-SNAPSHOT-2026-09-04-a_wasm.artifactbundle/swift-6.4.x-DEVELOPMENT-SNAPSHOT-2026-09-04-a_wasm/wasm32-unknown-wasip1/WASI.sdk @/host/spi-builder-workspace/.build/out/Intermediates.noindex/SymbolLocator.build/Debug-webassembly-wasm32/SymbolLocator-t.build/Objects-normal/wasm32/6f95552a3397ee1cec971b90cf334075d5f321c3a3b0689ad55c3d1e24702600-common-args.resp -MMD -MT dependencies -MF /host/spi-builder-workspace/.build/out/Intermediates.noindex/SymbolLocator.build/Debug-webassembly-wasm32/SymbolLocator-t.build/Objects-normal/wasm32/SymbolLocatorLog.d --serialize-diagnostics /host/spi-builder-workspace/.build/out/Intermediates.noindex/SymbolLocator.build/Debug-webassembly-wasm32/SymbolLocator-t.build/Objects-normal/wasm32/SymbolLocatorLog.dia -c /host/spi-builder-workspace/Sources/SymbolLocator/SymbolLocatorLog.m -o /host/spi-builder-workspace/.build/out/Intermediates.noindex/SymbolLocator.build/Debug-webassembly-wasm32/SymbolLocator-t.build/Objects-normal/wasm32/SymbolLocatorLog.o
In file included from /host/spi-builder-workspace/Sources/SymbolLocator/SymbolLocator.c:5:
/host/spi-builder-workspace/Sources/SymbolLocator/include/SymbolLocator.h:95:2: error: "Architecture not supported"
   95 | #error "Architecture not supported"
      |  ^
/host/spi-builder-workspace/Sources/SymbolLocator/include/SymbolLocator.h:142:2: error: "Architecture not supported"
  142 | #error "Architecture not supported"
      |  ^
2 errors generated.
error: CompileC /host/spi-builder-workspace/.build/out/Intermediates.noindex/SymbolLocator.build/Debug-webassembly-wasm32/SymbolLocator-t.build/Objects-normal/wasm32/SymbolLocator.o /host/spi-builder-workspace/Sources/SymbolLocator/SymbolLocator.c normal wasm32 c com.apple.compilers.llvm.clang.1_0.compiler failed with a nonzero exit code. Command line:     cd /host

    Using response file: /host/spi-builder-workspace/.build/out/Intermediates.noindex/SymbolLocator.build/Debug-webassembly-wasm32/SymbolLocator-t.build/Objects-normal/wasm32/9f65232cb83f8421e3a495a5062eba382369c975104ee97bafc405ab795bfc5e-common-args.resp

    /usr/bin/clang -x c -target wasm32-unknown-wasip1 -fmessage-length\=0 -fdiagnostics-show-note-include-stack -fmacro-backtrace-limit\=0 -fcolor-diagnostics -Wno-trigraphs -Wno-missing-field-initializers -Wno-missing-prototypes -Wno-return-type -Wno-missing-braces -Wparentheses -Wswitch -Wno-unused-function -Wno-unused-label -Wno-unused-parameter -Wno-unused-variable -Wunused-value -Wno-empty-body -Wno-uninitialized -Wno-unknown-pragmas -Wno-shadow -Wno-four-char-constants -Wno-conversion -Wno-constant-conversion -Wno-int-conversion -Wno-bool-conversion -Wno-enum-conversion -Wno-float-conversion -Wno-non-literal-null-conversion -Wno-objc-literal-conversion -Wno-shorten-64-to-32 -Wpointer-sign -Wno-newline-eof -Wno-implicit-fallthrough -fstrict-aliasing -Wdeprecated-declarations -Wno-sign-conversion -Wno-infinite-recursion -Wno-comma -Wno-block-capture-autoreleasing -Wno-strict-prototypes -Wno-semicolon-before-method-body --sysroot /root/.swiftpm/swift-sdks/swift-6.4.x-DEVELOPMENT-SNAPSHOT-2026-09-04-a_wasm.artifactbundle/swift-6.4.x-DEVELOPMENT-SNAPSHOT-2026-09-04-a_wasm/wasm32-unknown-wasip1/WASI.sdk @/host/spi-builder-workspace/.build/out/Intermediates.noindex/SymbolLocator.build/Debug-webassembly-wasm32/SymbolLocator-t.build/Objects-normal/wasm32/9f65232cb83f8421e3a495a5062eba382369c975104ee97bafc405ab795bfc5e-common-args.resp -MMD -MT dependencies -MF /host/spi-builder-workspace/.build/out/Intermediates.noindex/SymbolLocator.build/Debug-webassembly-wasm32/SymbolLocator-t.build/Objects-normal/wasm32/SymbolLocator.d --serialize-diagnostics /host/spi-builder-workspace/.build/out/Intermediates.noindex/SymbolLocator.build/Debug-webassembly-wasm32/SymbolLocator-t.build/Objects-normal/wasm32/SymbolLocator.dia -c /host/spi-builder-workspace/Sources/SymbolLocator/SymbolLocator.c -o /host/spi-builder-workspace/.build/out/Intermediates.noindex/SymbolLocator.build/Debug-webassembly-wasm32/SymbolLocator-t.build/Objects-normal/wasm32/SymbolLocator.o
In file included from /host/spi-builder-workspace/Sources/SymbolLocatorTestsSupport/SymbolLocatorTestsSupport.c:5:
/host/spi-builder-workspace/Sources/SymbolLocator/include/SymbolLocator.h:95:2: error: "Architecture not supported"
   95 | #error "Architecture not supported"
      |  ^
/host/spi-builder-workspace/Sources/SymbolLocator/include/SymbolLocator.h:142:2: error: "Architecture not supported"
  142 | #error "Architecture not supported"
      |  ^
/host/spi-builder-workspace/Sources/SymbolLocatorTestsSupport/SymbolLocatorTestsSupport.c:7:1: error: type specifier missing, defaults to 'int'; ISO C99 and later do not support implicit int [-Wimplicit-int]
    7 | DEFINE_SL_STUB_SLF(SymbolLocatorTestsSupportTestStub_CGSizeHasZero, SwiftUI, $sSo6CGSizeV7SwiftUIE7hasZeroSbvg);
      | ^
In file included from /host/spi-builder-workspace/Sources/SymbolLocatorTestsSupport/SymbolLocatorTestsSupport.c:5:
/host/spi-builder-workspace/Sources/SymbolLocator/include/SymbolLocator.h:34:5: note: expanded from macro 'DEFINE_SL_STUB_SLF'
   34 |     DEFINE_SL_STUB(symbolName, \
      |     ^
/host/spi-builder-workspace/Sources/SymbolLocator/include/SymbolLocator.h:148:5: note: expanded from macro 'DEFINE_SL_STUB'
  148 |     _SL_STUB_ASM(symbolName)
      |     ^
/host/spi-builder-workspace/Sources/SymbolLocatorTestsSupport/SymbolLocatorTestsSupport.c:7:20: error: a parameter list without types is only allowed in a function definition
    7 | DEFINE_SL_STUB_SLF(SymbolLocatorTestsSupportTestStub_CGSizeHasZero, SwiftUI, $sSo6CGSizeV7SwiftUIE7hasZeroSbvg);
      |                    ^
/host/spi-builder-workspace/Sources/SymbolLocatorTestsSupport/SymbolLocatorTestsSupport.c:8:1: error: type specifier missing, defaults to 'int'; ISO C99 and later do not support implicit int [-Wimplicit-int]
    8 | DEFINE_SL_STUB_SLF(SymbolLocatorTestsSupportTestStub_UpdateLocked, SwiftUI, $s7SwiftUI6UpdateO6lockedyxxyKXEKlFZ);
      | ^
In file included from /host/spi-builder-workspace/Sources/SymbolLocatorTestsSupport/SymbolLocatorTestsSupport.c:5:
/host/spi-builder-workspace/Sources/SymbolLocator/include/SymbolLocator.h:34:5: note: expanded from macro 'DEFINE_SL_STUB_SLF'
   34 |     DEFINE_SL_STUB(symbolName, \
      |     ^
/host/spi-builder-workspace/Sources/SymbolLocator/include/SymbolLocator.h:148:5: note: expanded from macro 'DEFINE_SL_STUB'
  148 |     _SL_STUB_ASM(symbolName)
      |     ^
/host/spi-builder-workspace/Sources/SymbolLocatorTestsSupport/SymbolLocatorTestsSupport.c:8:20: error: a parameter list without types is only allowed in a function definition
    8 | DEFINE_SL_STUB_SLF(SymbolLocatorTestsSupportTestStub_UpdateLocked, SwiftUI, $s7SwiftUI6UpdateO6lockedyxxyKXEKlFZ);
      |                    ^
/host/spi-builder-workspace/Sources/SymbolLocatorTestsSupport/SymbolLocatorTestsSupport.c:11:1: error: type specifier missing, defaults to 'int'; ISO C99 and later do not support implicit int [-Wimplicit-int]
   11 | DEFINE_SL_SAFE_STUB_SLF(SymbolLocatorTestsSupportTestStub_UNKNOWN_SYMBOL_VOID, SwiftUI, UNKNOWN_SYMBOL_VOID);
      | ^
In file included from /host/spi-builder-workspace/Sources/SymbolLocatorTestsSupport/SymbolLocatorTestsSupport.c:5:
/host/spi-builder-workspace/Sources/SymbolLocator/include/SymbolLocator.h:46:5: note: expanded from macro 'DEFINE_SL_SAFE_STUB_SLF'
   46 |     DEFINE_SL_SAFE_STUB(symbolName, \
      |     ^
/host/spi-builder-workspace/Sources/SymbolLocator/include/SymbolLocator.h:151:5: note: expanded from macro 'DEFINE_SL_SAFE_STUB'
  151 |     _SL_SAFE_STUB_ASM(symbolName)
      |     ^
/host/spi-builder-workspace/Sources/SymbolLocatorTestsSupport/SymbolLocatorTestsSupport.c:11:25: error: a parameter list without types is only allowed in a function definition
   11 | DEFINE_SL_SAFE_STUB_SLF(SymbolLocatorTestsSupportTestStub_UNKNOWN_SYMBOL_VOID, SwiftUI, UNKNOWN_SYMBOL_VOID);
      |                         ^
/host/spi-builder-workspace/Sources/SymbolLocatorTestsSupport/SymbolLocatorTestsSupport.c:12:1: error: type specifier missing, defaults to 'int'; ISO C99 and later do not support implicit int [-Wimplicit-int]
   12 | DEFINE_SL_SAFE_STUB_SLF(SymbolLocatorTestsSupportTestStub_UNKNOWN_SYMBOL_CGCOLOR, SwiftUI, UNKNOWN_SYMBOL_CGCOLOR);
      | ^
In file included from /host/spi-builder-workspace/Sources/SymbolLocatorTestsSupport/SymbolLocatorTestsSupport.c:5:
/host/spi-builder-workspace/Sources/SymbolLocator/include/SymbolLocator.h:46:5: note: expanded from macro 'DEFINE_SL_SAFE_STUB_SLF'
   46 |     DEFINE_SL_SAFE_STUB(symbolName, \
      |     ^
/host/spi-builder-workspace/Sources/SymbolLocator/include/SymbolLocator.h:151:5: note: expanded from macro 'DEFINE_SL_SAFE_STUB'
  151 |     _SL_SAFE_STUB_ASM(symbolName)
      |     ^
/host/spi-builder-workspace/Sources/SymbolLocatorTestsSupport/SymbolLocatorTestsSupport.c:12:25: error: a parameter list without types is only allowed in a function definition
   12 | DEFINE_SL_SAFE_STUB_SLF(SymbolLocatorTestsSupportTestStub_UNKNOWN_SYMBOL_CGCOLOR, SwiftUI, UNKNOWN_SYMBOL_CGCOLOR);
      |                         ^
/host/spi-builder-workspace/Sources/SymbolLocatorTestsSupport/SymbolLocatorTestsSupport.c:15:1: error: type specifier missing, defaults to 'int'; ISO C99 and later do not support implicit int [-Wimplicit-int]
   15 | DEFINE_SL_SAFE_STUB_SLF(SymbolLocatorTestsSupportTestStub_UNKNOWN_SYMBOL_SAFE_VOID, SwiftUI, UNKNOWN_SYMBOL_SAFE_VOID);
      | ^
In file included from /host/spi-builder-workspace/Sources/SymbolLocatorTestsSupport/SymbolLocatorTestsSupport.c:5:
/host/spi-builder-workspace/Sources/SymbolLocator/include/SymbolLocator.h:46:5: note: expanded from macro 'DEFINE_SL_SAFE_STUB_SLF'
   46 |     DEFINE_SL_SAFE_STUB(symbolName, \
      |     ^
/host/spi-builder-workspace/Sources/SymbolLocator/include/SymbolLocator.h:151:5: note: expanded from macro 'DEFINE_SL_SAFE_STUB'
  151 |     _SL_SAFE_STUB_ASM(symbolName)
      |     ^
/host/spi-builder-workspace/Sources/SymbolLocatorTestsSupport/SymbolLocatorTestsSupport.c:15:25: error: a parameter list without types is only allowed in a function definition
   15 | DEFINE_SL_SAFE_STUB_SLF(SymbolLocatorTestsSupportTestStub_UNKNOWN_SYMBOL_SAFE_VOID, SwiftUI, UNKNOWN_SYMBOL_SAFE_VOID);
      |                         ^
/host/spi-builder-workspace/Sources/SymbolLocatorTestsSupport/SymbolLocatorTestsSupport.c:16:1: error: type specifier missing, defaults to 'int'; ISO C99 and later do not support implicit int [-Wimplicit-int]
   16 | DEFINE_SL_SAFE_STUB_SLF(SymbolLocatorTestsSupportTestStub_UNKNOWN_SYMBOL_SAFE_CGCOLOR, SwiftUI, UNKNOWN_SYMBOL_SAFE_CGCOLOR);
      | ^
In file included from /host/spi-builder-workspace/Sources/SymbolLocatorTestsSupport/SymbolLocatorTestsSupport.c:5:
/host/spi-builder-workspace/Sources/SymbolLocator/include/SymbolLocator.h:46:5: note: expanded from macro 'DEFINE_SL_SAFE_STUB_SLF'
   46 |     DEFINE_SL_SAFE_STUB(symbolName, \
      |     ^
/host/spi-builder-workspace/Sources/SymbolLocator/include/SymbolLocator.h:151:5: note: expanded from macro 'DEFINE_SL_SAFE_STUB'
  151 |     _SL_SAFE_STUB_ASM(symbolName)
      |     ^
/host/spi-builder-workspace/Sources/SymbolLocatorTestsSupport/SymbolLocatorTestsSupport.c:16:25: error: a parameter list without types is only allowed in a function definition
   16 | DEFINE_SL_SAFE_STUB_SLF(SymbolLocatorTestsSupportTestStub_UNKNOWN_SYMBOL_SAFE_CGCOLOR, SwiftUI, UNKNOWN_SYMBOL_SAFE_CGCOLOR);
      |                         ^
14 errors generated.
error: CompileC /host/spi-builder-workspace/.build/out/Intermediates.noindex/SymbolLocator.build/Debug-webassembly-wasm32/SymbolLocatorTestsSupport-t.build/Objects-normal/wasm32/SymbolLocatorTestsSupport.o /host/spi-builder-workspace/Sources/SymbolLocatorTestsSupport/SymbolLocatorTestsSupport.c normal wasm32 c com.apple.compilers.llvm.clang.1_0.compiler failed with a nonzero exit code. Command line:     cd /host

    Using response file: /host/spi-builder-workspace/.build/out/Intermediates.noindex/SymbolLocator.build/Debug-webassembly-wasm32/SymbolLocatorTestsSupport-t.build/Objects-normal/wasm32/9f65232cb83f8421e3a495a5062eba382369c975104ee97bafc405ab795bfc5e-common-args.resp

    /usr/bin/clang -x c -target wasm32-unknown-wasip1 -fmessage-length\=0 -fdiagnostics-show-note-include-stack -fmacro-backtrace-limit\=0 -fcolor-diagnostics -Wno-trigraphs -Wno-missing-field-initializers -Wno-missing-prototypes -Wno-return-type -Wno-missing-braces -Wparentheses -Wswitch -Wno-unused-function -Wno-unused-label -Wno-unused-parameter -Wno-unused-variable -Wunused-value -Wno-empty-body -Wno-uninitialized -Wno-unknown-pragmas -Wno-shadow -Wno-four-char-constants -Wno-conversion -Wno-constant-conversion -Wno-int-conversion -Wno-bool-conversion -Wno-enum-conversion -Wno-float-conversion -Wno-non-literal-null-conversion -Wno-objc-literal-conversion -Wno-shorten-64-to-32 -Wpointer-sign -Wno-newline-eof -Wno-implicit-fallthrough -fstrict-aliasing -Wdeprecated-declarations -Wno-sign-conversion -Wno-infinite-recursion -Wno-comma -Wno-block-capture-autoreleasing -Wno-strict-prototypes -Wno-semicolon-before-method-body --sysroot /root/.swiftpm/swift-sdks/swift-6.4.x-DEVELOPMENT-SNAPSHOT-2026-09-04-a_wasm.artifactbundle/swift-6.4.x-DEVELOPMENT-SNAPSHOT-2026-09-04-a_wasm/wasm32-unknown-wasip1/WASI.sdk @/host/spi-builder-workspace/.build/out/Intermediates.noindex/SymbolLocator.build/Debug-webassembly-wasm32/SymbolLocatorTestsSupport-t.build/Objects-normal/wasm32/9f65232cb83f8421e3a495a5062eba382369c975104ee97bafc405ab795bfc5e-common-args.resp -MMD -MT dependencies -MF /host/spi-builder-workspace/.build/out/Intermediates.noindex/SymbolLocator.build/Debug-webassembly-wasm32/SymbolLocatorTestsSupport-t.build/Objects-normal/wasm32/SymbolLocatorTestsSupport.d --serialize-diagnostics /host/spi-builder-workspace/.build/out/Intermediates.noindex/SymbolLocator.build/Debug-webassembly-wasm32/SymbolLocatorTestsSupport-t.build/Objects-normal/wasm32/SymbolLocatorTestsSupport.dia -c /host/spi-builder-workspace/Sources/SymbolLocatorTestsSupport/SymbolLocatorTestsSupport.c -o /host/spi-builder-workspace/.build/out/Intermediates.noindex/SymbolLocator.build/Debug-webassembly-wasm32/SymbolLocatorTestsSupport-t.build/Objects-normal/wasm32/SymbolLocatorTestsSupport.o
error: Build failed
BUILD FAILURE 6.4 wasm