Build Information
Failed to build AAInfographics, reference master (fc891f), with Swift 6.4 for watchOS using Xcode 27.0 on 24 Sep 2026 22:31:20 UTC.
Build Command
env DEVELOPER_DIR=/Applications/Xcode-27.0.0-Release.Candidate.app xcrun xcodebuild -IDEClonedSourcePackagesDirPathOverride=$PWD/.dependencies -skipMacroValidation -skipPackagePluginValidation -derivedDataPath $PWD/.derivedData build -scheme AAInfographics -destination generic/platform=watchOSBuild Log
========================================
RunAll
========================================
Builder version: 5.1.0
Interrupt handler set up.
========================================
Checkout
========================================
Clone URL: https://github.com/AAChartModel/AAChartKit-Swift.git
Reference: master
Initialized empty Git repository in /Users/admin/builder/spi-builder-workspace/.git/
From https://github.com/AAChartModel/AAChartKit-Swift
* branch master -> FETCH_HEAD
* [new branch] master -> origin/master
HEAD is now at fc891fc Merge branch 'dev'
Cloned https://github.com/AAChartModel/AAChartKit-Swift.git
Revision (git rev-parse @):
fc891fc1f370a0c364a3ce81db0b7fdd011915ce
SUCCESS checkout https://github.com/AAChartModel/AAChartKit-Swift.git at master
========================================
Build
========================================
Selected platform: watchOS
Swift version: 6.4
Building package at path: $PWD
https://github.com/AAChartModel/AAChartKit-Swift.git
Command line invocation:
/Applications/Xcode-27.0.0-Release.Candidate.app/Contents/Developer/usr/bin/xcodebuild -IDEClonedSourcePackagesDirPathOverride=/Users/admin/builder/spi-builder-workspace/.dependencies -resolvePackageDependencies
resolved source packages:
{
"dependencies" : [
],
"manifest_display_name" : "AAInfographics",
"name" : "AAInfographics",
"path" : "/Users/admin/builder/spi-builder-workspace",
"platforms" : [
{
"name" : "ios",
"version" : "10.0"
},
{
"name" : "macos",
"version" : "10.13"
}
],
"products" : [
{
"name" : "AAInfographics",
"targets" : [
"AAInfographics"
],
"type" : {
"library" : [
"automatic"
]
}
}
],
"targets" : [
{
"c99name" : "AAInfographics",
"module_type" : "SwiftTarget",
"name" : "AAInfographics",
"path" : "AAInfographics",
"product_memberships" : [
"AAInfographics"
],
"resources" : [
{
"path" : "/Users/admin/builder/spi-builder-workspace/AAInfographics/AAJSFiles.bundle",
"rule" : {
"copy" : {
}
}
}
],
"sources" : [
"AAChartCreator/AAChartOptions/AAChartModel.swift",
"AAChartCreator/AAChartOptions/AAOptions.swift",
"AAChartCreator/AAChartOptions/AASeriesElement.swift",
"AAChartCreator/AAChartView/AAChartView+API.swift",
"AAChartCreator/AAChartView/AAChartView.swift",
"AAChartCreator/AAChartView/AAChartViewPluginLoader.swift",
"AAChartCreator/AAChartView/AAChartViewPluginProvider.swift",
"AAChartCreator/AASerializable.swift",
"AAOptionsModel/AAAnimation.swift",
"AAOptionsModel/AAAxis.swift",
"AAOptionsModel/AAAxisTitle.swift",
"AAOptionsModel/AABoxplot.swift",
"AAOptionsModel/AABubbleLegend.swift",
"AAOptionsModel/AAButtonTheme.swift",
"AAOptionsModel/AAChart.swift",
"AAOptionsModel/AAColumn.swift",
"AAOptionsModel/AACredits.swift",
"AAOptionsModel/AACrosshair.swift",
"AAOptionsModel/AADataLabels.swift",
"AAOptionsModel/AAEasing.swift",
"AAOptionsModel/AALabel.swift",
"AAOptionsModel/AALabels.swift",
"AAOptionsModel/AALang.swift",
"AAOptionsModel/AALayoutAlgorithm.swift",
"AAOptionsModel/AALegend.swift",
"AAOptionsModel/AAMarker.swift",
"AAOptionsModel/AAPackedbubble.swift",
"AAOptionsModel/AAPane.swift",
"AAOptionsModel/AAPie.swift",
"AAOptionsModel/AAPlotBandsElement.swift",
"AAOptionsModel/AAPlotLinesElement.swift",
"AAOptionsModel/AAPlotOptions.swift",
"AAOptionsModel/AAScatter.swift",
"AAOptionsModel/AAScrollablePlotArea.swift",
"AAOptionsModel/AASeries.swift",
"AAOptionsModel/AAStates.swift",
"AAOptionsModel/AAStyle.swift",
"AAOptionsModel/AASubtitle.swift",
"AAOptionsModel/AATitle.swift",
"AAOptionsModel/AATooltip.swift",
"AAOptionsModel/AAXAxis.swift",
"AAOptionsModel/AAYAxis.swift",
"AATool/AAColor.swift",
"AATool/AAExtension.swift",
"AATool/AAGradientColor+DefaultThemes.swift",
"AATool/AAGradientColor+LinearGradient.swift",
"AATool/AAGradientColor+RadialGradient.swift",
"AATool/AAGradientColor.swift",
"PackageBundlePathLoader.swift"
],
"type" : "library"
}
],
"tools_version" : "5.3"
}
{
"project" : {
"configurations" : [
"Debug",
"Release"
],
"name" : "AAInfographicsDemo",
"schemes" : [
"AAInfographics",
"AAInfographicsDemo"
],
"targets" : [
"AAInfographicsDemo",
"AAInfographicsDemoTests",
"AAInfographicsDemoUITests",
"AAInfographics"
]
}
}
{
"workspace" : {
"name" : "AAInfographics",
"schemes" : [
"AAInfographics"
]
}
}
2026-09-24 18:31:13.364 xcodebuild[652:4138] [MT] IDERunDestination: Supported platforms for the buildables in the current scheme is empty.
Running build ...
env DEVELOPER_DIR=/Applications/Xcode-27.0.0-Release.Candidate.app xcrun xcodebuild -IDEClonedSourcePackagesDirPathOverride=$PWD/.dependencies -skipMacroValidation -skipPackagePluginValidation -derivedDataPath $PWD/.derivedData build -scheme AAInfographics -destination generic/platform=watchOS
Command line invocation:
/Applications/Xcode-27.0.0-Release.Candidate.app/Contents/Developer/usr/bin/xcodebuild -IDEClonedSourcePackagesDirPathOverride=/Users/admin/builder/spi-builder-workspace/.dependencies -skipMacroValidation -skipPackagePluginValidation -derivedDataPath /Users/admin/builder/spi-builder-workspace/.derivedData build -scheme AAInfographics -destination generic/platform=watchOS
Resolve Package Graph
Resolved source packages:
AAInfographics: /Users/admin/builder/spi-builder-workspace
ComputePackagePrebuildTargetDependencyGraph
Prepare packages
CreateBuildRequest
SendProjectDescription
CreateBuildOperation
ComputeTargetDependencyGraph
note: Building targets in dependency order
note: Target dependency graph (3 targets)
Target 'AAInfographics-product' in project 'AAInfographics'
➜ Explicit dependency on target 'AAInfographics' in project 'AAInfographics'
➜ Explicit dependency on target 'AAInfographics_AAInfographics' in project 'AAInfographics'
Target 'AAInfographics' in project 'AAInfographics'
➜ Explicit dependency on target 'AAInfographics_AAInfographics' in project 'AAInfographics'
Target 'AAInfographics_AAInfographics' in project 'AAInfographics' (no dependencies)
GatherProvisioningInputs
CreateBuildDescription
ExecuteExternalTool /Applications/Xcode-27.0.0-Release.Candidate.app/Contents/Developer/Toolchains/XcodeDefault.xctoolchain/usr/bin/clang -v -E -dM -isysroot /Applications/Xcode-27.0.0-Release.Candidate.app/Contents/Developer/Platforms/WatchOS.platform/Developer/SDKs/WatchOS27.0.sdk -x c -c /dev/null
ExecuteExternalTool /Applications/Xcode-27.0.0-Release.Candidate.app/Contents/Developer/Toolchains/XcodeDefault.xctoolchain/usr/bin/swiftc --version
ExecuteExternalTool /Applications/Xcode-27.0.0-Release.Candidate.app/Contents/Developer/Toolchains/XcodeDefault.xctoolchain/usr/bin/ld -version_details
Build description signature: d49de53d9115f889e66a445fb506614b
Build description path: /Users/admin/builder/spi-builder-workspace/.derivedData/Build/Intermediates.noindex/XCBuildData/d49de53d9115f889e66a445fb506614b.xcbuilddata
CreateBuildDirectory /Users/admin/builder/spi-builder-workspace/.derivedData/SDKExplicitPrecompiledModules
cd /Users/admin/builder/spi-builder-workspace/.swiftpm/xcode
builtin-create-build-directory /Users/admin/builder/spi-builder-workspace/.derivedData/SDKExplicitPrecompiledModules
CreateBuildDirectory /Users/admin/builder/spi-builder-workspace/.derivedData/ModuleCache.noindex
cd /Users/admin/builder/spi-builder-workspace/.swiftpm/xcode
builtin-create-build-directory /Users/admin/builder/spi-builder-workspace/.derivedData/ModuleCache.noindex
CreateBuildDirectory /Users/admin/builder/spi-builder-workspace/.derivedData/CompilationCache.noindex
cd /Users/admin/builder/spi-builder-workspace/.swiftpm/xcode
builtin-create-build-directory /Users/admin/builder/spi-builder-workspace/.derivedData/CompilationCache.noindex
CreateBuildDirectory /Users/admin/builder/spi-builder-workspace/.derivedData/Build/Intermediates.noindex
cd /Users/admin/builder/spi-builder-workspace/.swiftpm/xcode
builtin-create-build-directory /Users/admin/builder/spi-builder-workspace/.derivedData/Build/Intermediates.noindex
ClangStatCache /Applications/Xcode-27.0.0-Release.Candidate.app/Contents/Developer/Toolchains/XcodeDefault.xctoolchain/usr/bin/clang-stat-cache /Applications/Xcode-27.0.0-Release.Candidate.app/Contents/Developer/Platforms/WatchOS.platform/Developer/SDKs/WatchOS27.0.sdk /Users/admin/builder/spi-builder-workspace/.derivedData/SDKStatCaches.noindex/watchos27.0-24R360-e829b21a6f8c9b70876ba0858053c04477534ef55a1706bf4c1112bbb242f0a2.sdkstatcache
cd /Users/admin/builder/spi-builder-workspace/.swiftpm/xcode
/Applications/Xcode-27.0.0-Release.Candidate.app/Contents/Developer/Toolchains/XcodeDefault.xctoolchain/usr/bin/clang-stat-cache /Applications/Xcode-27.0.0-Release.Candidate.app/Contents/Developer/Platforms/WatchOS.platform/Developer/SDKs/WatchOS27.0.sdk -o /Users/admin/builder/spi-builder-workspace/.derivedData/SDKStatCaches.noindex/watchos27.0-24R360-e829b21a6f8c9b70876ba0858053c04477534ef55a1706bf4c1112bbb242f0a2.sdkstatcache
CreateBuildDirectory /Users/admin/builder/spi-builder-workspace/.derivedData/Build/Products
cd /Users/admin/builder/spi-builder-workspace/.swiftpm/xcode
builtin-create-build-directory /Users/admin/builder/spi-builder-workspace/.derivedData/Build/Products
CreateBuildDirectory /Users/admin/builder/spi-builder-workspace/.derivedData/Build/Intermediates.noindex/SwiftExplicitPrecompiledModules
cd /Users/admin/builder/spi-builder-workspace/.swiftpm/xcode
builtin-create-build-directory /Users/admin/builder/spi-builder-workspace/.derivedData/Build/Intermediates.noindex/SwiftExplicitPrecompiledModules
CreateBuildDirectory /Users/admin/builder/spi-builder-workspace/.derivedData/Build/Intermediates.noindex/PrecompiledHeaders
cd /Users/admin/builder/spi-builder-workspace/.swiftpm/xcode
builtin-create-build-directory /Users/admin/builder/spi-builder-workspace/.derivedData/Build/Intermediates.noindex/PrecompiledHeaders
CreateBuildDirectory /Users/admin/builder/spi-builder-workspace/.derivedData/Build/Intermediates.noindex/ExplicitPrecompiledModules
cd /Users/admin/builder/spi-builder-workspace/.swiftpm/xcode
builtin-create-build-directory /Users/admin/builder/spi-builder-workspace/.derivedData/Build/Intermediates.noindex/ExplicitPrecompiledModules
CreateBuildDirectory /Users/admin/builder/spi-builder-workspace/.derivedData/Build/Intermediates.noindex/EagerLinkingTBDs/Debug-watchos
cd /Users/admin/builder/spi-builder-workspace/.swiftpm/xcode
builtin-create-build-directory /Users/admin/builder/spi-builder-workspace/.derivedData/Build/Intermediates.noindex/EagerLinkingTBDs/Debug-watchos
CreateBuildDirectory /Users/admin/builder/spi-builder-workspace/.derivedData/Build/Products/Debug-watchos
cd /Users/admin/builder/spi-builder-workspace/.swiftpm/xcode
builtin-create-build-directory /Users/admin/builder/spi-builder-workspace/.derivedData/Build/Products/Debug-watchos
CreateBuildDirectory /Users/admin/builder/spi-builder-workspace/.derivedData/Build/Products/Debug-watchos/PackageFrameworks
cd /Users/admin/builder/spi-builder-workspace/.swiftpm/xcode
builtin-create-build-directory /Users/admin/builder/spi-builder-workspace/.derivedData/Build/Products/Debug-watchos/PackageFrameworks
MkDir /Users/admin/builder/spi-builder-workspace/.derivedData/Build/Products/Debug-watchos/AAInfographics_AAInfographics.bundle (in target 'AAInfographics_AAInfographics' from project 'AAInfographics')
cd /Users/admin/builder/spi-builder-workspace
/bin/mkdir -p /Users/admin/builder/spi-builder-workspace/.derivedData/Build/Products/Debug-watchos/AAInfographics_AAInfographics.bundle
WriteAuxiliaryFile /Users/admin/builder/spi-builder-workspace/.derivedData/Build/Intermediates.noindex/AAInfographics.build/Debug-watchos/AAInfographics_AAInfographics-b.build/AAInfographics_AAInfographics.DependencyStaticMetadataFileList (in target 'AAInfographics_AAInfographics' from project 'AAInfographics')
cd /Users/admin/builder/spi-builder-workspace
write-file /Users/admin/builder/spi-builder-workspace/.derivedData/Build/Intermediates.noindex/AAInfographics.build/Debug-watchos/AAInfographics_AAInfographics-b.build/AAInfographics_AAInfographics.DependencyStaticMetadataFileList
WriteAuxiliaryFile /Users/admin/builder/spi-builder-workspace/.derivedData/Build/Intermediates.noindex/AAInfographics.build/Debug-watchos/AAInfographics_AAInfographics-b.build/AAInfographics_AAInfographics.DependencyMetadataFileList (in target 'AAInfographics_AAInfographics' from project 'AAInfographics')
cd /Users/admin/builder/spi-builder-workspace
write-file /Users/admin/builder/spi-builder-workspace/.derivedData/Build/Intermediates.noindex/AAInfographics.build/Debug-watchos/AAInfographics_AAInfographics-b.build/AAInfographics_AAInfographics.DependencyMetadataFileList
WriteAuxiliaryFile /Users/admin/builder/spi-builder-workspace/.derivedData/Build/Intermediates.noindex/AAInfographics.build/Debug-watchos/AAInfographics_AAInfographics-b.build/empty-AAInfographics_AAInfographics.plist (in target 'AAInfographics_AAInfographics' from project 'AAInfographics')
cd /Users/admin/builder/spi-builder-workspace
write-file /Users/admin/builder/spi-builder-workspace/.derivedData/Build/Intermediates.noindex/AAInfographics.build/Debug-watchos/AAInfographics_AAInfographics-b.build/empty-AAInfographics_AAInfographics.plist
WriteAuxiliaryFile /Users/admin/builder/spi-builder-workspace/.derivedData/Build/Intermediates.noindex/AAInfographics.build/Debug-watchos/AAInfographics-t.build/Objects-normal/arm64_32/AAInfographics-OutputFileMap.json (in target 'AAInfographics' from project 'AAInfographics')
cd /Users/admin/builder/spi-builder-workspace
write-file /Users/admin/builder/spi-builder-workspace/.derivedData/Build/Intermediates.noindex/AAInfographics.build/Debug-watchos/AAInfographics-t.build/Objects-normal/arm64_32/AAInfographics-OutputFileMap.json
WriteAuxiliaryFile /Users/admin/builder/spi-builder-workspace/.derivedData/Build/Intermediates.noindex/AAInfographics.build/Debug-watchos/AAInfographics-t.build/Objects-normal/arm64_32/AAInfographics.SwiftConstValuesFileList (in target 'AAInfographics' from project 'AAInfographics')
cd /Users/admin/builder/spi-builder-workspace
write-file /Users/admin/builder/spi-builder-workspace/.derivedData/Build/Intermediates.noindex/AAInfographics.build/Debug-watchos/AAInfographics-t.build/Objects-normal/arm64_32/AAInfographics.SwiftConstValuesFileList
WriteAuxiliaryFile /Users/admin/builder/spi-builder-workspace/.derivedData/Build/Intermediates.noindex/AAInfographics.build/Debug-watchos/AAInfographics-t.build/Objects-normal/arm64_32/AAInfographics.LinkFileList (in target 'AAInfographics' from project 'AAInfographics')
cd /Users/admin/builder/spi-builder-workspace
write-file /Users/admin/builder/spi-builder-workspace/.derivedData/Build/Intermediates.noindex/AAInfographics.build/Debug-watchos/AAInfographics-t.build/Objects-normal/arm64_32/AAInfographics.LinkFileList
WriteAuxiliaryFile /Users/admin/builder/spi-builder-workspace/.derivedData/Build/Intermediates.noindex/AAInfographics.build/Debug-watchos/AAInfographics-t.build/Objects-normal/arm64_32/AAInfographics.SwiftFileList (in target 'AAInfographics' from project 'AAInfographics')
cd /Users/admin/builder/spi-builder-workspace
write-file /Users/admin/builder/spi-builder-workspace/.derivedData/Build/Intermediates.noindex/AAInfographics.build/Debug-watchos/AAInfographics-t.build/Objects-normal/arm64_32/AAInfographics.SwiftFileList
WriteAuxiliaryFile /Users/admin/builder/spi-builder-workspace/.derivedData/Build/Intermediates.noindex/AAInfographics.build/Debug-watchos/AAInfographics-t.build/Objects-normal/arm64_32/AAInfographics_const_extract_protocols.json (in target 'AAInfographics' from project 'AAInfographics')
cd /Users/admin/builder/spi-builder-workspace
write-file /Users/admin/builder/spi-builder-workspace/.derivedData/Build/Intermediates.noindex/AAInfographics.build/Debug-watchos/AAInfographics-t.build/Objects-normal/arm64_32/AAInfographics_const_extract_protocols.json
WriteAuxiliaryFile /Users/admin/builder/spi-builder-workspace/.derivedData/Build/Intermediates.noindex/AAInfographics.build/Debug-watchos/AAInfographics-t.build/Objects-normal/arm64/AAInfographics_const_extract_protocols.json (in target 'AAInfographics' from project 'AAInfographics')
cd /Users/admin/builder/spi-builder-workspace
write-file /Users/admin/builder/spi-builder-workspace/.derivedData/Build/Intermediates.noindex/AAInfographics.build/Debug-watchos/AAInfographics-t.build/Objects-normal/arm64/AAInfographics_const_extract_protocols.json
WriteAuxiliaryFile /Users/admin/builder/spi-builder-workspace/.derivedData/Build/Intermediates.noindex/AAInfographics.build/Debug-watchos/AAInfographics-t.build/Objects-normal/arm64/AAInfographics.SwiftFileList (in target 'AAInfographics' from project 'AAInfographics')
cd /Users/admin/builder/spi-builder-workspace
write-file /Users/admin/builder/spi-builder-workspace/.derivedData/Build/Intermediates.noindex/AAInfographics.build/Debug-watchos/AAInfographics-t.build/Objects-normal/arm64/AAInfographics.SwiftFileList
WriteAuxiliaryFile /Users/admin/builder/spi-builder-workspace/.derivedData/Build/Intermediates.noindex/AAInfographics.build/Debug-watchos/AAInfographics-t.build/Objects-normal/arm64/AAInfographics.LinkFileList (in target 'AAInfographics' from project 'AAInfographics')
cd /Users/admin/builder/spi-builder-workspace
write-file /Users/admin/builder/spi-builder-workspace/.derivedData/Build/Intermediates.noindex/AAInfographics.build/Debug-watchos/AAInfographics-t.build/Objects-normal/arm64/AAInfographics.LinkFileList
WriteAuxiliaryFile /Users/admin/builder/spi-builder-workspace/.derivedData/Build/Intermediates.noindex/AAInfographics.build/Debug-watchos/AAInfographics-t.build/Objects-normal/arm64/AAInfographics.SwiftConstValuesFileList (in target 'AAInfographics' from project 'AAInfographics')
cd /Users/admin/builder/spi-builder-workspace
write-file /Users/admin/builder/spi-builder-workspace/.derivedData/Build/Intermediates.noindex/AAInfographics.build/Debug-watchos/AAInfographics-t.build/Objects-normal/arm64/AAInfographics.SwiftConstValuesFileList
WriteAuxiliaryFile /Users/admin/builder/spi-builder-workspace/.derivedData/Build/Intermediates.noindex/AAInfographics.build/Debug-watchos/AAInfographics-t.build/Objects-normal/arm64/AAInfographics-OutputFileMap.json (in target 'AAInfographics' from project 'AAInfographics')
cd /Users/admin/builder/spi-builder-workspace
write-file /Users/admin/builder/spi-builder-workspace/.derivedData/Build/Intermediates.noindex/AAInfographics.build/Debug-watchos/AAInfographics-t.build/Objects-normal/arm64/AAInfographics-OutputFileMap.json
WriteAuxiliaryFile /Users/admin/builder/spi-builder-workspace/.derivedData/Build/Intermediates.noindex/AAInfographics.build/Debug-watchos/AAInfographics-t.build/AAInfographics.modulemap (in target 'AAInfographics' from project 'AAInfographics')
cd /Users/admin/builder/spi-builder-workspace
write-file /Users/admin/builder/spi-builder-workspace/.derivedData/Build/Intermediates.noindex/AAInfographics.build/Debug-watchos/AAInfographics-t.build/AAInfographics.modulemap
WriteAuxiliaryFile /Users/admin/builder/spi-builder-workspace/.derivedData/Build/Intermediates.noindex/AAInfographics.build/Debug-watchos/AAInfographics-t.build/DerivedSources/resource_bundle_accessor.swift (in target 'AAInfographics' from project 'AAInfographics')
cd /Users/admin/builder/spi-builder-workspace
write-file /Users/admin/builder/spi-builder-workspace/.derivedData/Build/Intermediates.noindex/AAInfographics.build/Debug-watchos/AAInfographics-t.build/DerivedSources/resource_bundle_accessor.swift
WriteAuxiliaryFile /Users/admin/builder/spi-builder-workspace/.derivedData/Build/Intermediates.noindex/AAInfographics.build/Debug-watchos/AAInfographics-t.build/AAInfographics.DependencyStaticMetadataFileList (in target 'AAInfographics' from project 'AAInfographics')
cd /Users/admin/builder/spi-builder-workspace
write-file /Users/admin/builder/spi-builder-workspace/.derivedData/Build/Intermediates.noindex/AAInfographics.build/Debug-watchos/AAInfographics-t.build/AAInfographics.DependencyStaticMetadataFileList
WriteAuxiliaryFile /Users/admin/builder/spi-builder-workspace/.derivedData/Build/Intermediates.noindex/AAInfographics.build/Debug-watchos/AAInfographics-t.build/AAInfographics.DependencyMetadataFileList (in target 'AAInfographics' from project 'AAInfographics')
cd /Users/admin/builder/spi-builder-workspace
write-file /Users/admin/builder/spi-builder-workspace/.derivedData/Build/Intermediates.noindex/AAInfographics.build/Debug-watchos/AAInfographics-t.build/AAInfographics.DependencyMetadataFileList
Copy /Users/admin/builder/spi-builder-workspace/.derivedData/Build/Intermediates.noindex/GeneratedModuleMaps-watchos/AAInfographics.modulemap /Users/admin/builder/spi-builder-workspace/.derivedData/Build/Intermediates.noindex/AAInfographics.build/Debug-watchos/AAInfographics-t.build/AAInfographics.modulemap (in target 'AAInfographics' from project 'AAInfographics')
cd /Users/admin/builder/spi-builder-workspace
builtin-copy -exclude .DS_Store -exclude CVS -exclude .svn -exclude .git -exclude .hg -resolve-src-symlinks /Users/admin/builder/spi-builder-workspace/.derivedData/Build/Intermediates.noindex/AAInfographics.build/Debug-watchos/AAInfographics-t.build/AAInfographics.modulemap /Users/admin/builder/spi-builder-workspace/.derivedData/Build/Intermediates.noindex/GeneratedModuleMaps-watchos
CpResource /Users/admin/builder/spi-builder-workspace/.derivedData/Build/Products/Debug-watchos/AAInfographics_AAInfographics.bundle/AAJSFiles.bundle /Users/admin/builder/spi-builder-workspace/AAInfographics/AAJSFiles.bundle (in target 'AAInfographics_AAInfographics' from project 'AAInfographics')
cd /Users/admin/builder/spi-builder-workspace
builtin-copy -exclude .DS_Store -exclude CVS -exclude .svn -exclude .git -exclude .hg -resolve-src-symlinks /Users/admin/builder/spi-builder-workspace/AAInfographics/AAJSFiles.bundle /Users/admin/builder/spi-builder-workspace/.derivedData/Build/Products/Debug-watchos/AAInfographics_AAInfographics.bundle
ProcessInfoPlistFile /Users/admin/builder/spi-builder-workspace/.derivedData/Build/Products/Debug-watchos/AAInfographics_AAInfographics.bundle/Info.plist /Users/admin/builder/spi-builder-workspace/.derivedData/Build/Intermediates.noindex/AAInfographics.build/Debug-watchos/AAInfographics_AAInfographics-b.build/empty-AAInfographics_AAInfographics.plist (in target 'AAInfographics_AAInfographics' from project 'AAInfographics')
cd /Users/admin/builder/spi-builder-workspace
builtin-infoPlistUtility /Users/admin/builder/spi-builder-workspace/.derivedData/Build/Intermediates.noindex/AAInfographics.build/Debug-watchos/AAInfographics_AAInfographics-b.build/empty-AAInfographics_AAInfographics.plist -producttype com.apple.product-type.bundle -expandbuildsettings -format binary -platform watchos -o /Users/admin/builder/spi-builder-workspace/.derivedData/Build/Products/Debug-watchos/AAInfographics_AAInfographics.bundle/Info.plist
RegisterExecutionPolicyException /Users/admin/builder/spi-builder-workspace/.derivedData/Build/Products/Debug-watchos/AAInfographics_AAInfographics.bundle (in target 'AAInfographics_AAInfographics' from project 'AAInfographics')
cd /Users/admin/builder/spi-builder-workspace
builtin-RegisterExecutionPolicyException /Users/admin/builder/spi-builder-workspace/.derivedData/Build/Products/Debug-watchos/AAInfographics_AAInfographics.bundle
Touch /Users/admin/builder/spi-builder-workspace/.derivedData/Build/Products/Debug-watchos/AAInfographics_AAInfographics.bundle (in target 'AAInfographics_AAInfographics' from project 'AAInfographics')
cd /Users/admin/builder/spi-builder-workspace
/usr/bin/touch -c /Users/admin/builder/spi-builder-workspace/.derivedData/Build/Products/Debug-watchos/AAInfographics_AAInfographics.bundle
SwiftDriver AAInfographics normal arm64_32 com.apple.xcode.tools.swift.compiler (in target 'AAInfographics' from project 'AAInfographics')
cd /Users/admin/builder/spi-builder-workspace/.swiftpm/xcode
builtin-SwiftDriver -- /Applications/Xcode-27.0.0-Release.Candidate.app/Contents/Developer/Toolchains/XcodeDefault.xctoolchain/usr/bin/swiftc -parse-as-library -module-name AAInfographics -Onone @/Users/admin/builder/spi-builder-workspace/.derivedData/Build/Intermediates.noindex/AAInfographics.build/Debug-watchos/AAInfographics-t.build/Objects-normal/arm64_32/AAInfographics.SwiftFileList -DSWIFT_PACKAGE -DDEBUG -DSWIFT_MODULE_RESOURCE_BUNDLE_AVAILABLE -DXcode -plugin-path /Applications/Xcode-27.0.0-Release.Candidate.app/Contents/Developer/Toolchains/XcodeDefault.xctoolchain/usr/lib/swift/host/plugins/testing -enable-experimental-feature DebugDescriptionMacro -sdk /Applications/Xcode-27.0.0-Release.Candidate.app/Contents/Developer/Platforms/WatchOS.platform/Developer/SDKs/WatchOS27.0.sdk -target arm64_32-apple-watchos9.0 -g -module-cache-path /Users/admin/builder/spi-builder-workspace/.derivedData/ModuleCache.noindex -Xfrontend -serialize-debugging-options -enable-testing -index-store-path /Users/admin/builder/spi-builder-workspace/.derivedData/Index.noindex/DataStore -Xcc -D_LIBCPP_HARDENING_MODE\=_LIBCPP_HARDENING_MODE_DEBUG -swift-version 5 -I /Users/admin/builder/spi-builder-workspace/.derivedData/Build/Products/Debug-watchos -Isystem /Applications/Xcode-27.0.0-Release.Candidate.app/Contents/Developer/Platforms/WatchOS.platform/Developer/usr/lib -F /Users/admin/builder/spi-builder-workspace/.derivedData/Build/Products/Debug-watchos -F /Applications/Xcode-27.0.0-Release.Candidate.app/Contents/Developer/Platforms/WatchOS.platform/Developer/Library/Frameworks -F /Applications/Xcode-27.0.0-Release.Candidate.app/Contents/Developer/Platforms/WatchOS.platform/Developer/SDKs/WatchOS27.0.sdk/Developer/Library/Frameworks -c -j10 -enable-batch-mode -incremental -Xcc -ivfsstatcache -Xcc /Users/admin/builder/spi-builder-workspace/.derivedData/SDKStatCaches.noindex/watchos27.0-24R360-e829b21a6f8c9b70876ba0858053c04477534ef55a1706bf4c1112bbb242f0a2.sdkstatcache -output-file-map /Users/admin/builder/spi-builder-workspace/.derivedData/Build/Intermediates.noindex/AAInfographics.build/Debug-watchos/AAInfographics-t.build/Objects-normal/arm64_32/AAInfographics-OutputFileMap.json -save-temps -no-color-diagnostics -explicit-module-build -module-cache-path /Users/admin/builder/spi-builder-workspace/.derivedData/Build/Intermediates.noindex/SwiftExplicitPrecompiledModules -clang-scanner-module-cache-path /Users/admin/builder/spi-builder-workspace/.derivedData/ModuleCache.noindex -sdk-module-cache-path /Users/admin/builder/spi-builder-workspace/.derivedData/SDKExplicitPrecompiledModules -emit-dependencies -emit-module -emit-module-path /Users/admin/builder/spi-builder-workspace/.derivedData/Build/Intermediates.noindex/AAInfographics.build/Debug-watchos/AAInfographics-t.build/Objects-normal/arm64_32/AAInfographics.swiftmodule -serialize-diagnostics -dependency-scan-serialize-diagnostics-path /Users/admin/builder/spi-builder-workspace/.derivedData/Build/Intermediates.noindex/AAInfographics.build/Debug-watchos/AAInfographics-t.build/Objects-normal/arm64_32/AAInfographics-dependency-scan.dia -validate-clang-modules-once -clang-build-session-file /Users/admin/builder/spi-builder-workspace/.derivedData/ModuleCache.noindex/Session.modulevalidation -Xcc -fmodules-prune-interval\=86400 -Xcc -fmodules-prune-after\=345600 -emit-const-values -const-gather-protocols-list /Users/admin/builder/spi-builder-workspace/.derivedData/Build/Intermediates.noindex/AAInfographics.build/Debug-watchos/AAInfographics-t.build/Objects-normal/arm64_32/AAInfographics_const_extract_protocols.json -Xcc -I/Users/admin/builder/spi-builder-workspace/.derivedData/Build/Products/Debug-watchos/include -Xcc -I/Users/admin/builder/spi-builder-workspace/.derivedData/Build/Intermediates.noindex/AAInfographics.build/Debug-watchos/AAInfographics-t.build/DerivedSources-normal/arm64_32 -Xcc -I/Users/admin/builder/spi-builder-workspace/.derivedData/Build/Intermediates.noindex/AAInfographics.build/Debug-watchos/AAInfographics-t.build/DerivedSources/arm64_32 -Xcc -I/Users/admin/builder/spi-builder-workspace/.derivedData/Build/Intermediates.noindex/AAInfographics.build/Debug-watchos/AAInfographics-t.build/DerivedSources -Xcc -DSWIFT_PACKAGE -Xcc -DDEBUG\=1 -emit-objc-header -emit-objc-header-path /Users/admin/builder/spi-builder-workspace/.derivedData/Build/Intermediates.noindex/AAInfographics.build/Debug-watchos/AAInfographics-t.build/Objects-normal/arm64_32/AAInfographics-Swift.h -working-directory /Users/admin/builder/spi-builder-workspace/.swiftpm/xcode -experimental-emit-module-separately -disable-cmo
/Users/admin/builder/spi-builder-workspace/AAInfographics/AAChartCreator/AAChartView/AAChartView.swift:33:8: error: Unable to resolve module dependency: 'WebKit' (in target 'AAInfographics' from project 'AAInfographics')
note: A dependency of main module 'AAInfographics'
/Users/admin/builder/spi-builder-workspace/AAInfographics/AAChartCreator/AAChartView/AAChartViewPluginLoader.swift:8:8: note: Also imported here
/Users/admin/builder/spi-builder-workspace/AAInfographics/AAChartCreator/AAChartView/AAChartView.swift:33:8: note: A dependency of main module 'AAInfographics'
import WebKit
^ (in target 'AAInfographics' from project 'AAInfographics')
/Users/admin/builder/spi-builder-workspace/AAInfographics/AAChartCreator/AAChartView/AAChartViewPluginLoader.swift:8:8: note: Also imported here
import WebKit
^ (in target 'AAInfographics' from project 'AAInfographics')
SwiftDriver AAInfographics normal arm64 com.apple.xcode.tools.swift.compiler (in target 'AAInfographics' from project 'AAInfographics')
cd /Users/admin/builder/spi-builder-workspace/.swiftpm/xcode
builtin-SwiftDriver -- /Applications/Xcode-27.0.0-Release.Candidate.app/Contents/Developer/Toolchains/XcodeDefault.xctoolchain/usr/bin/swiftc -parse-as-library -module-name AAInfographics -Onone @/Users/admin/builder/spi-builder-workspace/.derivedData/Build/Intermediates.noindex/AAInfographics.build/Debug-watchos/AAInfographics-t.build/Objects-normal/arm64/AAInfographics.SwiftFileList -DSWIFT_PACKAGE -DDEBUG -DSWIFT_MODULE_RESOURCE_BUNDLE_AVAILABLE -DXcode -plugin-path /Applications/Xcode-27.0.0-Release.Candidate.app/Contents/Developer/Toolchains/XcodeDefault.xctoolchain/usr/lib/swift/host/plugins/testing -enable-experimental-feature DebugDescriptionMacro -sdk /Applications/Xcode-27.0.0-Release.Candidate.app/Contents/Developer/Platforms/WatchOS.platform/Developer/SDKs/WatchOS27.0.sdk -target arm64-apple-watchos9.0 -g -module-cache-path /Users/admin/builder/spi-builder-workspace/.derivedData/ModuleCache.noindex -Xfrontend -serialize-debugging-options -enable-testing -index-store-path /Users/admin/builder/spi-builder-workspace/.derivedData/Index.noindex/DataStore -Xcc -D_LIBCPP_HARDENING_MODE\=_LIBCPP_HARDENING_MODE_DEBUG -swift-version 5 -I /Users/admin/builder/spi-builder-workspace/.derivedData/Build/Products/Debug-watchos -Isystem /Applications/Xcode-27.0.0-Release.Candidate.app/Contents/Developer/Platforms/WatchOS.platform/Developer/usr/lib -F /Users/admin/builder/spi-builder-workspace/.derivedData/Build/Products/Debug-watchos -F /Applications/Xcode-27.0.0-Release.Candidate.app/Contents/Developer/Platforms/WatchOS.platform/Developer/Library/Frameworks -F /Applications/Xcode-27.0.0-Release.Candidate.app/Contents/Developer/Platforms/WatchOS.platform/Developer/SDKs/WatchOS27.0.sdk/Developer/Library/Frameworks -c -j10 -enable-batch-mode -incremental -Xcc -ivfsstatcache -Xcc /Users/admin/builder/spi-builder-workspace/.derivedData/SDKStatCaches.noindex/watchos27.0-24R360-e829b21a6f8c9b70876ba0858053c04477534ef55a1706bf4c1112bbb242f0a2.sdkstatcache -output-file-map /Users/admin/builder/spi-builder-workspace/.derivedData/Build/Intermediates.noindex/AAInfographics.build/Debug-watchos/AAInfographics-t.build/Objects-normal/arm64/AAInfographics-OutputFileMap.json -save-temps -no-color-diagnostics -explicit-module-build -module-cache-path /Users/admin/builder/spi-builder-workspace/.derivedData/Build/Intermediates.noindex/SwiftExplicitPrecompiledModules -clang-scanner-module-cache-path /Users/admin/builder/spi-builder-workspace/.derivedData/ModuleCache.noindex -sdk-module-cache-path /Users/admin/builder/spi-builder-workspace/.derivedData/SDKExplicitPrecompiledModules -emit-dependencies -emit-module -emit-module-path /Users/admin/builder/spi-builder-workspace/.derivedData/Build/Intermediates.noindex/AAInfographics.build/Debug-watchos/AAInfographics-t.build/Objects-normal/arm64/AAInfographics.swiftmodule -serialize-diagnostics -dependency-scan-serialize-diagnostics-path /Users/admin/builder/spi-builder-workspace/.derivedData/Build/Intermediates.noindex/AAInfographics.build/Debug-watchos/AAInfographics-t.build/Objects-normal/arm64/AAInfographics-dependency-scan.dia -validate-clang-modules-once -clang-build-session-file /Users/admin/builder/spi-builder-workspace/.derivedData/ModuleCache.noindex/Session.modulevalidation -Xcc -fmodules-prune-interval\=86400 -Xcc -fmodules-prune-after\=345600 -emit-const-values -const-gather-protocols-list /Users/admin/builder/spi-builder-workspace/.derivedData/Build/Intermediates.noindex/AAInfographics.build/Debug-watchos/AAInfographics-t.build/Objects-normal/arm64/AAInfographics_const_extract_protocols.json -Xcc -I/Users/admin/builder/spi-builder-workspace/.derivedData/Build/Products/Debug-watchos/include -Xcc -I/Users/admin/builder/spi-builder-workspace/.derivedData/Build/Intermediates.noindex/AAInfographics.build/Debug-watchos/AAInfographics-t.build/DerivedSources-normal/arm64 -Xcc -I/Users/admin/builder/spi-builder-workspace/.derivedData/Build/Intermediates.noindex/AAInfographics.build/Debug-watchos/AAInfographics-t.build/DerivedSources/arm64 -Xcc -I/Users/admin/builder/spi-builder-workspace/.derivedData/Build/Intermediates.noindex/AAInfographics.build/Debug-watchos/AAInfographics-t.build/DerivedSources -Xcc -DSWIFT_PACKAGE -Xcc -DDEBUG\=1 -emit-objc-header -emit-objc-header-path /Users/admin/builder/spi-builder-workspace/.derivedData/Build/Intermediates.noindex/AAInfographics.build/Debug-watchos/AAInfographics-t.build/Objects-normal/arm64/AAInfographics-Swift.h -working-directory /Users/admin/builder/spi-builder-workspace/.swiftpm/xcode -experimental-emit-module-separately -disable-cmo
/Users/admin/builder/spi-builder-workspace/AAInfographics/AAChartCreator/AAChartView/AAChartView.swift:33:8: error: Unable to resolve module dependency: 'WebKit' (in target 'AAInfographics' from project 'AAInfographics')
note: A dependency of main module 'AAInfographics'
/Users/admin/builder/spi-builder-workspace/AAInfographics/AAChartCreator/AAChartView/AAChartViewPluginLoader.swift:8:8: note: Also imported here
/Users/admin/builder/spi-builder-workspace/AAInfographics/AAChartCreator/AAChartView/AAChartView.swift:33:8: note: A dependency of main module 'AAInfographics'
import WebKit
^ (in target 'AAInfographics' from project 'AAInfographics')
/Users/admin/builder/spi-builder-workspace/AAInfographics/AAChartCreator/AAChartView/AAChartViewPluginLoader.swift:8:8: note: Also imported here
import WebKit
^ (in target 'AAInfographics' from project 'AAInfographics')
PruneExplicitPrecompiledModules /Users/admin/builder/spi-builder-workspace/.derivedData/SDKExplicitPrecompiledModules
PruneExplicitPrecompiledModules /Users/admin/builder/spi-builder-workspace/.derivedData/Build/Intermediates.noindex/ExplicitPrecompiledModules
PruneExplicitPrecompiledModules /Users/admin/builder/spi-builder-workspace/.derivedData/Build/Intermediates.noindex/SwiftExplicitPrecompiledModules
2026-09-24 18:31:15.032 xcodebuild[673:4369] [MT] IDERunDestination: Supported platforms for the buildables in the current scheme is empty.
** BUILD FAILED **
The following build commands failed:
SwiftDriver AAInfographics normal arm64_32 com.apple.xcode.tools.swift.compiler (in target 'AAInfographics' from project 'AAInfographics')
SwiftDriver AAInfographics normal arm64 com.apple.xcode.tools.swift.compiler (in target 'AAInfographics' from project 'AAInfographics')
Building workspace AAInfographics with scheme AAInfographics
(3 failures)
Command line invocation:
/Applications/Xcode-27.0.0-Release.Candidate.app/Contents/Developer/usr/bin/xcodebuild -IDEClonedSourcePackagesDirPathOverride=/Users/admin/builder/spi-builder-workspace/.dependencies -resolvePackageDependencies
Resolve Package Graph
Resolved source packages:
AAInfographics: /Users/admin/builder/spi-builder-workspace
resolved source packages: AAInfographics
2026-09-24 18:31:17.967 xcodebuild[689:4575] [MT] IDERunDestination: Supported platforms for the buildables in the current scheme is empty.
{
"dependencies" : [
],
"manifest_display_name" : "AAInfographics",
"name" : "AAInfographics",
"path" : "/Users/admin/builder/spi-builder-workspace",
"platforms" : [
{
"name" : "ios",
"version" : "10.0"
},
{
"name" : "macos",
"version" : "10.13"
}
],
"products" : [
{
"name" : "AAInfographics",
"targets" : [
"AAInfographics"
],
"type" : {
"library" : [
"automatic"
]
}
}
],
"targets" : [
{
"c99name" : "AAInfographics",
"module_type" : "SwiftTarget",
"name" : "AAInfographics",
"path" : "AAInfographics",
"product_memberships" : [
"AAInfographics"
],
"resources" : [
{
"path" : "/Users/admin/builder/spi-builder-workspace/AAInfographics/AAJSFiles.bundle",
"rule" : {
"copy" : {
}
}
}
],
"sources" : [
"AAChartCreator/AAChartOptions/AAChartModel.swift",
"AAChartCreator/AAChartOptions/AAOptions.swift",
"AAChartCreator/AAChartOptions/AASeriesElement.swift",
"AAChartCreator/AAChartView/AAChartView+API.swift",
"AAChartCreator/AAChartView/AAChartView.swift",
"AAChartCreator/AAChartView/AAChartViewPluginLoader.swift",
"AAChartCreator/AAChartView/AAChartViewPluginProvider.swift",
"AAChartCreator/AASerializable.swift",
"AAOptionsModel/AAAnimation.swift",
"AAOptionsModel/AAAxis.swift",
"AAOptionsModel/AAAxisTitle.swift",
"AAOptionsModel/AABoxplot.swift",
"AAOptionsModel/AABubbleLegend.swift",
"AAOptionsModel/AAButtonTheme.swift",
"AAOptionsModel/AAChart.swift",
"AAOptionsModel/AAColumn.swift",
"AAOptionsModel/AACredits.swift",
"AAOptionsModel/AACrosshair.swift",
"AAOptionsModel/AADataLabels.swift",
"AAOptionsModel/AAEasing.swift",
"AAOptionsModel/AALabel.swift",
"AAOptionsModel/AALabels.swift",
"AAOptionsModel/AALang.swift",
"AAOptionsModel/AALayoutAlgorithm.swift",
"AAOptionsModel/AALegend.swift",
"AAOptionsModel/AAMarker.swift",
"AAOptionsModel/AAPackedbubble.swift",
"AAOptionsModel/AAPane.swift",
"AAOptionsModel/AAPie.swift",
"AAOptionsModel/AAPlotBandsElement.swift",
"AAOptionsModel/AAPlotLinesElement.swift",
"AAOptionsModel/AAPlotOptions.swift",
"AAOptionsModel/AAScatter.swift",
"AAOptionsModel/AAScrollablePlotArea.swift",
"AAOptionsModel/AASeries.swift",
"AAOptionsModel/AAStates.swift",
"AAOptionsModel/AAStyle.swift",
"AAOptionsModel/AASubtitle.swift",
"AAOptionsModel/AATitle.swift",
"AAOptionsModel/AATooltip.swift",
"AAOptionsModel/AAXAxis.swift",
"AAOptionsModel/AAYAxis.swift",
"AATool/AAColor.swift",
"AATool/AAExtension.swift",
"AATool/AAGradientColor+DefaultThemes.swift",
"AATool/AAGradientColor+LinearGradient.swift",
"AATool/AAGradientColor+RadialGradient.swift",
"AATool/AAGradientColor.swift",
"PackageBundlePathLoader.swift"
],
"type" : "library"
}
],
"tools_version" : "5.3"
}
{
"workspace" : {
"name" : "AAInfographics",
"schemes" : [
"AAInfographics"
]
}
}
2026-09-24 18:31:19.161 xcodebuild[697:4631] [MT] IDERunDestination: Supported platforms for the buildables in the current scheme is empty.
Running build ...
env DEVELOPER_DIR=/Applications/Xcode-27.0.0-Release.Candidate.app xcrun xcodebuild -IDEClonedSourcePackagesDirPathOverride=$PWD/.dependencies -skipMacroValidation -skipPackagePluginValidation -derivedDataPath $PWD/.derivedData build -scheme AAInfographics -destination generic/platform=watchOS
Command line invocation:
/Applications/Xcode-27.0.0-Release.Candidate.app/Contents/Developer/usr/bin/xcodebuild -IDEClonedSourcePackagesDirPathOverride=/Users/admin/builder/spi-builder-workspace/.dependencies -skipMacroValidation -skipPackagePluginValidation -derivedDataPath /Users/admin/builder/spi-builder-workspace/.derivedData build -scheme AAInfographics -destination generic/platform=watchOS
Resolve Package Graph
Resolved source packages:
AAInfographics: /Users/admin/builder/spi-builder-workspace
ComputePackagePrebuildTargetDependencyGraph
Prepare packages
CreateBuildRequest
SendProjectDescription
CreateBuildOperation
ComputeTargetDependencyGraph
note: Building targets in dependency order
note: Target dependency graph (3 targets)
Target 'AAInfographics-product' in project 'AAInfographics'
➜ Explicit dependency on target 'AAInfographics' in project 'AAInfographics'
➜ Explicit dependency on target 'AAInfographics_AAInfographics' in project 'AAInfographics'
Target 'AAInfographics' in project 'AAInfographics'
➜ Explicit dependency on target 'AAInfographics_AAInfographics' in project 'AAInfographics'
Target 'AAInfographics_AAInfographics' in project 'AAInfographics' (no dependencies)
GatherProvisioningInputs
CreateBuildDescription
ClangStatCache /Applications/Xcode-27.0.0-Release.Candidate.app/Contents/Developer/Toolchains/XcodeDefault.xctoolchain/usr/bin/clang-stat-cache /Applications/Xcode-27.0.0-Release.Candidate.app/Contents/Developer/Platforms/WatchOS.platform/Developer/SDKs/WatchOS27.0.sdk /Users/admin/builder/spi-builder-workspace/.derivedData/SDKStatCaches.noindex/watchos27.0-24R360-e829b21a6f8c9b70876ba0858053c04477534ef55a1706bf4c1112bbb242f0a2.sdkstatcache
cd /Users/admin/builder/spi-builder-workspace/.swiftpm/xcode
/Applications/Xcode-27.0.0-Release.Candidate.app/Contents/Developer/Toolchains/XcodeDefault.xctoolchain/usr/bin/clang-stat-cache /Applications/Xcode-27.0.0-Release.Candidate.app/Contents/Developer/Platforms/WatchOS.platform/Developer/SDKs/WatchOS27.0.sdk -o /Users/admin/builder/spi-builder-workspace/.derivedData/SDKStatCaches.noindex/watchos27.0-24R360-e829b21a6f8c9b70876ba0858053c04477534ef55a1706bf4c1112bbb242f0a2.sdkstatcache
SwiftDriver AAInfographics normal arm64_32 com.apple.xcode.tools.swift.compiler (in target 'AAInfographics' from project 'AAInfographics')
cd /Users/admin/builder/spi-builder-workspace/.swiftpm/xcode
builtin-SwiftDriver -- /Applications/Xcode-27.0.0-Release.Candidate.app/Contents/Developer/Toolchains/XcodeDefault.xctoolchain/usr/bin/swiftc -parse-as-library -module-name AAInfographics -Onone @/Users/admin/builder/spi-builder-workspace/.derivedData/Build/Intermediates.noindex/AAInfographics.build/Debug-watchos/AAInfographics-t.build/Objects-normal/arm64_32/AAInfographics.SwiftFileList -DSWIFT_PACKAGE -DDEBUG -DSWIFT_MODULE_RESOURCE_BUNDLE_AVAILABLE -DXcode -plugin-path /Applications/Xcode-27.0.0-Release.Candidate.app/Contents/Developer/Toolchains/XcodeDefault.xctoolchain/usr/lib/swift/host/plugins/testing -enable-experimental-feature DebugDescriptionMacro -sdk /Applications/Xcode-27.0.0-Release.Candidate.app/Contents/Developer/Platforms/WatchOS.platform/Developer/SDKs/WatchOS27.0.sdk -target arm64_32-apple-watchos9.0 -g -module-cache-path /Users/admin/builder/spi-builder-workspace/.derivedData/ModuleCache.noindex -Xfrontend -serialize-debugging-options -enable-testing -index-store-path /Users/admin/builder/spi-builder-workspace/.derivedData/Index.noindex/DataStore -Xcc -D_LIBCPP_HARDENING_MODE\=_LIBCPP_HARDENING_MODE_DEBUG -swift-version 5 -I /Users/admin/builder/spi-builder-workspace/.derivedData/Build/Products/Debug-watchos -Isystem /Applications/Xcode-27.0.0-Release.Candidate.app/Contents/Developer/Platforms/WatchOS.platform/Developer/usr/lib -F /Users/admin/builder/spi-builder-workspace/.derivedData/Build/Products/Debug-watchos -F /Applications/Xcode-27.0.0-Release.Candidate.app/Contents/Developer/Platforms/WatchOS.platform/Developer/Library/Frameworks -F /Applications/Xcode-27.0.0-Release.Candidate.app/Contents/Developer/Platforms/WatchOS.platform/Developer/SDKs/WatchOS27.0.sdk/Developer/Library/Frameworks -c -j10 -enable-batch-mode -incremental -Xcc -ivfsstatcache -Xcc /Users/admin/builder/spi-builder-workspace/.derivedData/SDKStatCaches.noindex/watchos27.0-24R360-e829b21a6f8c9b70876ba0858053c04477534ef55a1706bf4c1112bbb242f0a2.sdkstatcache -output-file-map /Users/admin/builder/spi-builder-workspace/.derivedData/Build/Intermediates.noindex/AAInfographics.build/Debug-watchos/AAInfographics-t.build/Objects-normal/arm64_32/AAInfographics-OutputFileMap.json -save-temps -no-color-diagnostics -explicit-module-build -module-cache-path /Users/admin/builder/spi-builder-workspace/.derivedData/Build/Intermediates.noindex/SwiftExplicitPrecompiledModules -clang-scanner-module-cache-path /Users/admin/builder/spi-builder-workspace/.derivedData/ModuleCache.noindex -sdk-module-cache-path /Users/admin/builder/spi-builder-workspace/.derivedData/SDKExplicitPrecompiledModules -emit-dependencies -emit-module -emit-module-path /Users/admin/builder/spi-builder-workspace/.derivedData/Build/Intermediates.noindex/AAInfographics.build/Debug-watchos/AAInfographics-t.build/Objects-normal/arm64_32/AAInfographics.swiftmodule -serialize-diagnostics -dependency-scan-serialize-diagnostics-path /Users/admin/builder/spi-builder-workspace/.derivedData/Build/Intermediates.noindex/AAInfographics.build/Debug-watchos/AAInfographics-t.build/Objects-normal/arm64_32/AAInfographics-dependency-scan.dia -validate-clang-modules-once -clang-build-session-file /Users/admin/builder/spi-builder-workspace/.derivedData/ModuleCache.noindex/Session.modulevalidation -Xcc -fmodules-prune-interval\=86400 -Xcc -fmodules-prune-after\=345600 -emit-const-values -const-gather-protocols-list /Users/admin/builder/spi-builder-workspace/.derivedData/Build/Intermediates.noindex/AAInfographics.build/Debug-watchos/AAInfographics-t.build/Objects-normal/arm64_32/AAInfographics_const_extract_protocols.json -Xcc -I/Users/admin/builder/spi-builder-workspace/.derivedData/Build/Products/Debug-watchos/include -Xcc -I/Users/admin/builder/spi-builder-workspace/.derivedData/Build/Intermediates.noindex/AAInfographics.build/Debug-watchos/AAInfographics-t.build/DerivedSources-normal/arm64_32 -Xcc -I/Users/admin/builder/spi-builder-workspace/.derivedData/Build/Intermediates.noindex/AAInfographics.build/Debug-watchos/AAInfographics-t.build/DerivedSources/arm64_32 -Xcc -I/Users/admin/builder/spi-builder-workspace/.derivedData/Build/Intermediates.noindex/AAInfographics.build/Debug-watchos/AAInfographics-t.build/DerivedSources -Xcc -DSWIFT_PACKAGE -Xcc -DDEBUG\=1 -emit-objc-header -emit-objc-header-path /Users/admin/builder/spi-builder-workspace/.derivedData/Build/Intermediates.noindex/AAInfographics.build/Debug-watchos/AAInfographics-t.build/Objects-normal/arm64_32/AAInfographics-Swift.h -working-directory /Users/admin/builder/spi-builder-workspace/.swiftpm/xcode -experimental-emit-module-separately -disable-cmo
/Users/admin/builder/spi-builder-workspace/AAInfographics/AAChartCreator/AAChartView/AAChartView.swift:33:8: error: Unable to resolve module dependency: 'WebKit' (in target 'AAInfographics' from project 'AAInfographics')
note: A dependency of main module 'AAInfographics'
/Users/admin/builder/spi-builder-workspace/AAInfographics/AAChartCreator/AAChartView/AAChartViewPluginLoader.swift:8:8: note: Also imported here
/Users/admin/builder/spi-builder-workspace/AAInfographics/AAChartCreator/AAChartView/AAChartView.swift:33:8: note: A dependency of main module 'AAInfographics'
import WebKit
^ (in target 'AAInfographics' from project 'AAInfographics')
/Users/admin/builder/spi-builder-workspace/AAInfographics/AAChartCreator/AAChartView/AAChartViewPluginLoader.swift:8:8: note: Also imported here
import WebKit
^ (in target 'AAInfographics' from project 'AAInfographics')
SwiftDriver AAInfographics normal arm64 com.apple.xcode.tools.swift.compiler (in target 'AAInfographics' from project 'AAInfographics')
cd /Users/admin/builder/spi-builder-workspace/.swiftpm/xcode
builtin-SwiftDriver -- /Applications/Xcode-27.0.0-Release.Candidate.app/Contents/Developer/Toolchains/XcodeDefault.xctoolchain/usr/bin/swiftc -parse-as-library -module-name AAInfographics -Onone @/Users/admin/builder/spi-builder-workspace/.derivedData/Build/Intermediates.noindex/AAInfographics.build/Debug-watchos/AAInfographics-t.build/Objects-normal/arm64/AAInfographics.SwiftFileList -DSWIFT_PACKAGE -DDEBUG -DSWIFT_MODULE_RESOURCE_BUNDLE_AVAILABLE -DXcode -plugin-path /Applications/Xcode-27.0.0-Release.Candidate.app/Contents/Developer/Toolchains/XcodeDefault.xctoolchain/usr/lib/swift/host/plugins/testing -enable-experimental-feature DebugDescriptionMacro -sdk /Applications/Xcode-27.0.0-Release.Candidate.app/Contents/Developer/Platforms/WatchOS.platform/Developer/SDKs/WatchOS27.0.sdk -target arm64-apple-watchos9.0 -g -module-cache-path /Users/admin/builder/spi-builder-workspace/.derivedData/ModuleCache.noindex -Xfrontend -serialize-debugging-options -enable-testing -index-store-path /Users/admin/builder/spi-builder-workspace/.derivedData/Index.noindex/DataStore -Xcc -D_LIBCPP_HARDENING_MODE\=_LIBCPP_HARDENING_MODE_DEBUG -swift-version 5 -I /Users/admin/builder/spi-builder-workspace/.derivedData/Build/Products/Debug-watchos -Isystem /Applications/Xcode-27.0.0-Release.Candidate.app/Contents/Developer/Platforms/WatchOS.platform/Developer/usr/lib -F /Users/admin/builder/spi-builder-workspace/.derivedData/Build/Products/Debug-watchos -F /Applications/Xcode-27.0.0-Release.Candidate.app/Contents/Developer/Platforms/WatchOS.platform/Developer/Library/Frameworks -F /Applications/Xcode-27.0.0-Release.Candidate.app/Contents/Developer/Platforms/WatchOS.platform/Developer/SDKs/WatchOS27.0.sdk/Developer/Library/Frameworks -c -j10 -enable-batch-mode -incremental -Xcc -ivfsstatcache -Xcc /Users/admin/builder/spi-builder-workspace/.derivedData/SDKStatCaches.noindex/watchos27.0-24R360-e829b21a6f8c9b70876ba0858053c04477534ef55a1706bf4c1112bbb242f0a2.sdkstatcache -output-file-map /Users/admin/builder/spi-builder-workspace/.derivedData/Build/Intermediates.noindex/AAInfographics.build/Debug-watchos/AAInfographics-t.build/Objects-normal/arm64/AAInfographics-OutputFileMap.json -save-temps -no-color-diagnostics -explicit-module-build -module-cache-path /Users/admin/builder/spi-builder-workspace/.derivedData/Build/Intermediates.noindex/SwiftExplicitPrecompiledModules -clang-scanner-module-cache-path /Users/admin/builder/spi-builder-workspace/.derivedData/ModuleCache.noindex -sdk-module-cache-path /Users/admin/builder/spi-builder-workspace/.derivedData/SDKExplicitPrecompiledModules -emit-dependencies -emit-module -emit-module-path /Users/admin/builder/spi-builder-workspace/.derivedData/Build/Intermediates.noindex/AAInfographics.build/Debug-watchos/AAInfographics-t.build/Objects-normal/arm64/AAInfographics.swiftmodule -serialize-diagnostics -dependency-scan-serialize-diagnostics-path /Users/admin/builder/spi-builder-workspace/.derivedData/Build/Intermediates.noindex/AAInfographics.build/Debug-watchos/AAInfographics-t.build/Objects-normal/arm64/AAInfographics-dependency-scan.dia -validate-clang-modules-once -clang-build-session-file /Users/admin/builder/spi-builder-workspace/.derivedData/ModuleCache.noindex/Session.modulevalidation -Xcc -fmodules-prune-interval\=86400 -Xcc -fmodules-prune-after\=345600 -emit-const-values -const-gather-protocols-list /Users/admin/builder/spi-builder-workspace/.derivedData/Build/Intermediates.noindex/AAInfographics.build/Debug-watchos/AAInfographics-t.build/Objects-normal/arm64/AAInfographics_const_extract_protocols.json -Xcc -I/Users/admin/builder/spi-builder-workspace/.derivedData/Build/Products/Debug-watchos/include -Xcc -I/Users/admin/builder/spi-builder-workspace/.derivedData/Build/Intermediates.noindex/AAInfographics.build/Debug-watchos/AAInfographics-t.build/DerivedSources-normal/arm64 -Xcc -I/Users/admin/builder/spi-builder-workspace/.derivedData/Build/Intermediates.noindex/AAInfographics.build/Debug-watchos/AAInfographics-t.build/DerivedSources/arm64 -Xcc -I/Users/admin/builder/spi-builder-workspace/.derivedData/Build/Intermediates.noindex/AAInfographics.build/Debug-watchos/AAInfographics-t.build/DerivedSources -Xcc -DSWIFT_PACKAGE -Xcc -DDEBUG\=1 -emit-objc-header -emit-objc-header-path /Users/admin/builder/spi-builder-workspace/.derivedData/Build/Intermediates.noindex/AAInfographics.build/Debug-watchos/AAInfographics-t.build/Objects-normal/arm64/AAInfographics-Swift.h -working-directory /Users/admin/builder/spi-builder-workspace/.swiftpm/xcode -experimental-emit-module-separately -disable-cmo
/Users/admin/builder/spi-builder-workspace/AAInfographics/AAChartCreator/AAChartView/AAChartView.swift:33:8: error: Unable to resolve module dependency: 'WebKit' (in target 'AAInfographics' from project 'AAInfographics')
note: A dependency of main module 'AAInfographics'
/Users/admin/builder/spi-builder-workspace/AAInfographics/AAChartCreator/AAChartView/AAChartViewPluginLoader.swift:8:8: note: Also imported here
/Users/admin/builder/spi-builder-workspace/AAInfographics/AAChartCreator/AAChartView/AAChartView.swift:33:8: note: A dependency of main module 'AAInfographics'
import WebKit
^ (in target 'AAInfographics' from project 'AAInfographics')
/Users/admin/builder/spi-builder-workspace/AAInfographics/AAChartCreator/AAChartView/AAChartViewPluginLoader.swift:8:8: note: Also imported here
import WebKit
^ (in target 'AAInfographics' from project 'AAInfographics')
PruneExplicitPrecompiledModules /Users/admin/builder/spi-builder-workspace/.derivedData/SDKExplicitPrecompiledModules
PruneExplicitPrecompiledModules /Users/admin/builder/spi-builder-workspace/.derivedData/Build/Intermediates.noindex/ExplicitPrecompiledModules
PruneExplicitPrecompiledModules /Users/admin/builder/spi-builder-workspace/.derivedData/Build/Intermediates.noindex/SwiftExplicitPrecompiledModules
2026-09-24 18:31:20.090 xcodebuild[698:4654] [MT] IDERunDestination: Supported platforms for the buildables in the current scheme is empty.
** BUILD FAILED **
The following build commands failed:
SwiftDriver AAInfographics normal arm64_32 com.apple.xcode.tools.swift.compiler (in target 'AAInfographics' from project 'AAInfographics')
SwiftDriver AAInfographics normal arm64 com.apple.xcode.tools.swift.compiler (in target 'AAInfographics' from project 'AAInfographics')
Building workspace AAInfographics with scheme AAInfographics
(3 failures)
BUILD FAILURE 6.4 watchOS