The Swift Package Index logo.Swift Package Index

Build Information

Failed to build WWSimpleAI_Perplexity, reference main (11532b), with Swift 6.4 for tvOS using Xcode 27.0 on 23 Sep 2026 18:01:40 UTC.

Build Command

env DEVELOPER_DIR=/Applications/Xcode-27.0.0-Release.Candidate.app xcrun xcodebuild -IDEClonedSourcePackagesDirPathOverride=$PWD/.dependencies -skipMacroValidation -skipPackagePluginValidation -derivedDataPath $PWD/.derivedData build -scheme WWSimpleAI_Perplexity -destination generic/platform=tvOS

Build Log

========================================
RunAll
========================================
Builder version: 5.1.0
Interrupt handler set up.
========================================
Checkout
========================================
Clone URL: https://github.com/William-Weng/WWSimpleAI_Perplexity.git
Reference: main
Initialized empty Git repository in /Users/admin/builder/spi-builder-workspace/.git/
From https://github.com/William-Weng/WWSimpleAI_Perplexity
 * branch            main       -> FETCH_HEAD
 * [new branch]      main       -> origin/main
HEAD is now at 11532b3 Update README.md
Cloned https://github.com/William-Weng/WWSimpleAI_Perplexity.git
Revision (git rev-parse @):
11532b38f6fa411b7a2e8ebfded1afe7dda4d733
SUCCESS checkout https://github.com/William-Weng/WWSimpleAI_Perplexity.git at main
========================================
Build
========================================
Selected platform:         tvOS
Swift version:             6.4
Building package at path:  $PWD
https://github.com/William-Weng/WWSimpleAI_Perplexity.git
Command line invocation:
    /Applications/Xcode-27.0.0-Release.Candidate.app/Contents/Developer/usr/bin/xcodebuild -IDEClonedSourcePackagesDirPathOverride=/Users/admin/builder/spi-builder-workspace/.dependencies -resolvePackageDependencies
Resolve Package Graph
Fetching from https://github.com/William-Weng/WWSimpleAI_Ollama
Fetching from https://github.com/William-Weng/WWNetworking.git
Creating working copy of package ‘WWNetworking’
Checking out 1.9.1 of package ‘WWNetworking’
Creating working copy of package ‘WWSimpleAI_Ollama’
Checking out 1.2.1 of package ‘WWSimpleAI_Ollama’
Resolve Package Graph
Resolved source packages:
  WWSimpleAI_Perplexity: /Users/admin/builder/spi-builder-workspace
  WWNetworking: https://github.com/William-Weng/WWNetworking.git @ 1.9.1
  WWSimpleAI_Ollama: https://github.com/William-Weng/WWSimpleAI_Ollama @ 1.2.1
resolved source packages: WWSimpleAI_Perplexity, WWNetworking, WWSimpleAI_Ollama
2026-09-23 14:00:44.733 xcodebuild[529:3023] [MT] IDERunDestination: Supported platforms for the buildables in the current scheme is empty.
{
  "dependencies" : [
    {
      "identity" : "wwsimpleai_ollama",
      "requirement" : {
        "range" : [
          {
            "lower_bound" : "1.2.0",
            "upper_bound" : "2.0.0"
          }
        ]
      },
      "type" : "sourceControl",
      "url" : "https://github.com/William-Weng/WWSimpleAI_Ollama"
    }
  ],
  "manifest_display_name" : "WWSimpleAI_Perplexity",
  "name" : "WWSimpleAI_Perplexity",
  "path" : "/Users/admin/builder/spi-builder-workspace",
  "platforms" : [
    {
      "name" : "ios",
      "version" : "16.0"
    }
  ],
  "products" : [
    {
      "name" : "WWSimpleAI_Perplexity",
      "targets" : [
        "WWSimpleAI_Perplexity"
      ],
      "type" : {
        "library" : [
          "automatic"
        ]
      }
    }
  ],
  "swift_languages_versions" : [
    "5"
  ],
  "targets" : [
    {
      "c99name" : "WWSimpleAI_Perplexity",
      "module_type" : "SwiftTarget",
      "name" : "WWSimpleAI_Perplexity",
      "path" : "Sources/WWSimpleAI_Perplexity",
      "product_dependencies" : [
        "WWSimpleAI_Ollama"
      ],
      "product_memberships" : [
        "WWSimpleAI_Perplexity"
      ],
      "resources" : [
        {
          "path" : "/Users/admin/builder/spi-builder-workspace/Sources/WWSimpleAI_Perplexity/Privacy",
          "rule" : {
            "copy" : {
            }
          }
        }
      ],
      "sources" : [
        "Utility/Constant.swift",
        "WWSimpleAI_Perplexity.swift"
      ],
      "type" : "library"
    }
  ],
  "tools_version" : "5.7"
}
{
  "workspace" : {
    "name" : "WWSimpleAI_Perplexity",
    "schemes" : [
      "WWSimpleAI_Perplexity"
    ]
  }
}
2026-09-23 14:01:26.184 xcodebuild[730:4507] [MT] IDERunDestination: Supported platforms for the buildables in the current scheme is empty.
Running build ...
env DEVELOPER_DIR=/Applications/Xcode-27.0.0-Release.Candidate.app xcrun xcodebuild -IDEClonedSourcePackagesDirPathOverride=$PWD/.dependencies -skipMacroValidation -skipPackagePluginValidation -derivedDataPath $PWD/.derivedData build -scheme WWSimpleAI_Perplexity -destination generic/platform=tvOS
Command line invocation:
    /Applications/Xcode-27.0.0-Release.Candidate.app/Contents/Developer/usr/bin/xcodebuild -IDEClonedSourcePackagesDirPathOverride=/Users/admin/builder/spi-builder-workspace/.dependencies -skipMacroValidation -skipPackagePluginValidation -derivedDataPath /Users/admin/builder/spi-builder-workspace/.derivedData build -scheme WWSimpleAI_Perplexity -destination generic/platform=tvOS
Resolve Package Graph
Resolve Package Graph
Resolved source packages:
  WWSimpleAI_Perplexity: /Users/admin/builder/spi-builder-workspace
  WWSimpleAI_Ollama: https://github.com/William-Weng/WWSimpleAI_Ollama @ 1.2.1
  WWNetworking: https://github.com/William-Weng/WWNetworking.git @ 1.9.1
ComputePackagePrebuildTargetDependencyGraph
Prepare packages
CreateBuildRequest
SendProjectDescription
CreateBuildOperation
ComputeTargetDependencyGraph
note: Building targets in dependency order
note: Target dependency graph (9 targets)
    Target 'WWSimpleAI_Perplexity-product' in project 'WWSimpleAI_Perplexity'
        ➜ Explicit dependency on target 'WWSimpleAI_Perplexity' in project 'WWSimpleAI_Perplexity'
        ➜ Explicit dependency on target 'WWSimpleAI_Perplexity_WWSimpleAI_Perplexity' in project 'WWSimpleAI_Perplexity'
        ➜ Explicit dependency on target 'WWSimpleAI_Ollama-product' in project 'WWSimpleAI_Ollama'
    Target 'WWSimpleAI_Perplexity' in project 'WWSimpleAI_Perplexity'
        ➜ Explicit dependency on target 'WWSimpleAI_Perplexity_WWSimpleAI_Perplexity' in project 'WWSimpleAI_Perplexity'
        ➜ Explicit dependency on target 'WWSimpleAI_Ollama-product' in project 'WWSimpleAI_Ollama'
    Target 'WWSimpleAI_Ollama-product' in project 'WWSimpleAI_Ollama'
        ➜ Explicit dependency on target 'WWSimpleAI_Ollama' in project 'WWSimpleAI_Ollama'
        ➜ Explicit dependency on target 'WWSimpleAI_Ollama_WWSimpleAI_Ollama' in project 'WWSimpleAI_Ollama'
        ➜ Explicit dependency on target 'WWNetworking-product' in project 'WWNetworking'
    Target 'WWSimpleAI_Ollama' in project 'WWSimpleAI_Ollama'
        ➜ Explicit dependency on target 'WWSimpleAI_Ollama_WWSimpleAI_Ollama' in project 'WWSimpleAI_Ollama'
        ➜ Explicit dependency on target 'WWNetworking-product' in project 'WWNetworking'
    Target 'WWNetworking-product' in project 'WWNetworking'
        ➜ Explicit dependency on target 'WWNetworking' in project 'WWNetworking'
        ➜ Explicit dependency on target 'WWNetworking_WWNetworking' in project 'WWNetworking'
    Target 'WWNetworking' in project 'WWNetworking'
        ➜ Explicit dependency on target 'WWNetworking_WWNetworking' in project 'WWNetworking'
    Target 'WWNetworking_WWNetworking' in project 'WWNetworking' (no dependencies)
    Target 'WWSimpleAI_Ollama_WWSimpleAI_Ollama' in project 'WWSimpleAI_Ollama' (no dependencies)
    Target 'WWSimpleAI_Perplexity_WWSimpleAI_Perplexity' in project 'WWSimpleAI_Perplexity' (no dependencies)
GatherProvisioningInputs
CreateBuildDescription
ExecuteExternalTool /Applications/Xcode-27.0.0-Release.Candidate.app/Contents/Developer/Toolchains/XcodeDefault.xctoolchain/usr/bin/swiftc --version
ExecuteExternalTool /Applications/Xcode-27.0.0-Release.Candidate.app/Contents/Developer/Toolchains/XcodeDefault.xctoolchain/usr/bin/clang -v -E -dM -isysroot /Applications/Xcode-27.0.0-Release.Candidate.app/Contents/Developer/Platforms/AppleTVOS.platform/Developer/SDKs/AppleTVOS27.0.sdk -x c -c /dev/null
ExecuteExternalTool /Applications/Xcode-27.0.0-Release.Candidate.app/Contents/Developer/Toolchains/XcodeDefault.xctoolchain/usr/bin/ld -version_details
Build description signature: f4b15404ba54b61fa502706251d6bf19
Build description path: /Users/admin/builder/spi-builder-workspace/.derivedData/Build/Intermediates.noindex/XCBuildData/f4b15404ba54b61fa502706251d6bf19.xcbuilddata
CreateBuildDirectory /Users/admin/builder/spi-builder-workspace/.derivedData/SDKExplicitPrecompiledModules
    cd /Users/admin/builder/spi-builder-workspace/.swiftpm/xcode
    builtin-create-build-directory /Users/admin/builder/spi-builder-workspace/.derivedData/SDKExplicitPrecompiledModules
CreateBuildDirectory /Users/admin/builder/spi-builder-workspace/.derivedData/CompilationCache.noindex
    cd /Users/admin/builder/spi-builder-workspace/.swiftpm/xcode
    builtin-create-build-directory /Users/admin/builder/spi-builder-workspace/.derivedData/CompilationCache.noindex
CreateBuildDirectory /Users/admin/builder/spi-builder-workspace/.derivedData/ModuleCache.noindex
    cd /Users/admin/builder/spi-builder-workspace/.swiftpm/xcode
    builtin-create-build-directory /Users/admin/builder/spi-builder-workspace/.derivedData/ModuleCache.noindex
CreateBuildDirectory /Users/admin/builder/spi-builder-workspace/.derivedData/Build/Products
    cd /Users/admin/builder/spi-builder-workspace/.swiftpm/xcode
    builtin-create-build-directory /Users/admin/builder/spi-builder-workspace/.derivedData/Build/Products
CreateBuildDirectory /Users/admin/builder/spi-builder-workspace/.derivedData/Build/Intermediates.noindex
    cd /Users/admin/builder/spi-builder-workspace/.swiftpm/xcode
    builtin-create-build-directory /Users/admin/builder/spi-builder-workspace/.derivedData/Build/Intermediates.noindex
ClangStatCache /Applications/Xcode-27.0.0-Release.Candidate.app/Contents/Developer/Toolchains/XcodeDefault.xctoolchain/usr/bin/clang-stat-cache /Applications/Xcode-27.0.0-Release.Candidate.app/Contents/Developer/Platforms/AppleTVOS.platform/Developer/SDKs/AppleTVOS27.0.sdk /Users/admin/builder/spi-builder-workspace/.derivedData/SDKStatCaches.noindex/appletvos27.0-24J360-e829b21a6f8c9b70876ba0858053c044b32bfd8d43560033f8d89884cdb90028.sdkstatcache
    cd /Users/admin/builder/spi-builder-workspace/.swiftpm/xcode
    /Applications/Xcode-27.0.0-Release.Candidate.app/Contents/Developer/Toolchains/XcodeDefault.xctoolchain/usr/bin/clang-stat-cache /Applications/Xcode-27.0.0-Release.Candidate.app/Contents/Developer/Platforms/AppleTVOS.platform/Developer/SDKs/AppleTVOS27.0.sdk -o /Users/admin/builder/spi-builder-workspace/.derivedData/SDKStatCaches.noindex/appletvos27.0-24J360-e829b21a6f8c9b70876ba0858053c044b32bfd8d43560033f8d89884cdb90028.sdkstatcache
CreateBuildDirectory /Users/admin/builder/spi-builder-workspace/.derivedData/Build/Intermediates.noindex/SwiftExplicitPrecompiledModules
    cd /Users/admin/builder/spi-builder-workspace/.swiftpm/xcode
    builtin-create-build-directory /Users/admin/builder/spi-builder-workspace/.derivedData/Build/Intermediates.noindex/SwiftExplicitPrecompiledModules
CreateBuildDirectory /Users/admin/builder/spi-builder-workspace/.derivedData/Build/Intermediates.noindex/ExplicitPrecompiledModules
    cd /Users/admin/builder/spi-builder-workspace/.swiftpm/xcode
    builtin-create-build-directory /Users/admin/builder/spi-builder-workspace/.derivedData/Build/Intermediates.noindex/ExplicitPrecompiledModules
CreateBuildDirectory /Users/admin/builder/spi-builder-workspace/.derivedData/Build/Intermediates.noindex/PrecompiledHeaders
    cd /Users/admin/builder/spi-builder-workspace/.swiftpm/xcode
    builtin-create-build-directory /Users/admin/builder/spi-builder-workspace/.derivedData/Build/Intermediates.noindex/PrecompiledHeaders
CreateBuildDirectory /Users/admin/builder/spi-builder-workspace/.derivedData/Build/Products/Debug-appletvos
    cd /Users/admin/builder/spi-builder-workspace/.swiftpm/xcode
    builtin-create-build-directory /Users/admin/builder/spi-builder-workspace/.derivedData/Build/Products/Debug-appletvos
CreateBuildDirectory /Users/admin/builder/spi-builder-workspace/.derivedData/Build/Intermediates.noindex/EagerLinkingTBDs/Debug-appletvos
    cd /Users/admin/builder/spi-builder-workspace/.swiftpm/xcode
    builtin-create-build-directory /Users/admin/builder/spi-builder-workspace/.derivedData/Build/Intermediates.noindex/EagerLinkingTBDs/Debug-appletvos
CreateBuildDirectory /Users/admin/builder/spi-builder-workspace/.derivedData/Build/Products/Debug-appletvos/PackageFrameworks
    cd /Users/admin/builder/spi-builder-workspace/.swiftpm/xcode
    builtin-create-build-directory /Users/admin/builder/spi-builder-workspace/.derivedData/Build/Products/Debug-appletvos/PackageFrameworks
WriteAuxiliaryFile /Users/admin/builder/spi-builder-workspace/.derivedData/Build/Intermediates.noindex/WWSimpleAI_Perplexity.build/Debug-appletvos/WWSimpleAI_Perplexity_WWSimpleAI_Perplexity-b.build/WWSimpleAI_Perplexity_WWSimpleAI_Perplexity.DependencyMetadataFileList (in target 'WWSimpleAI_Perplexity_WWSimpleAI_Perplexity' from project 'WWSimpleAI_Perplexity')
    cd /Users/admin/builder/spi-builder-workspace
    write-file /Users/admin/builder/spi-builder-workspace/.derivedData/Build/Intermediates.noindex/WWSimpleAI_Perplexity.build/Debug-appletvos/WWSimpleAI_Perplexity_WWSimpleAI_Perplexity-b.build/WWSimpleAI_Perplexity_WWSimpleAI_Perplexity.DependencyMetadataFileList
WriteAuxiliaryFile /Users/admin/builder/spi-builder-workspace/.derivedData/Build/Intermediates.noindex/WWSimpleAI_Perplexity.build/Debug-appletvos/WWSimpleAI_Perplexity_WWSimpleAI_Perplexity-b.build/empty-WWSimpleAI_Perplexity_WWSimpleAI_Perplexity.plist (in target 'WWSimpleAI_Perplexity_WWSimpleAI_Perplexity' from project 'WWSimpleAI_Perplexity')
    cd /Users/admin/builder/spi-builder-workspace
    write-file /Users/admin/builder/spi-builder-workspace/.derivedData/Build/Intermediates.noindex/WWSimpleAI_Perplexity.build/Debug-appletvos/WWSimpleAI_Perplexity_WWSimpleAI_Perplexity-b.build/empty-WWSimpleAI_Perplexity_WWSimpleAI_Perplexity.plist
WriteAuxiliaryFile /Users/admin/builder/spi-builder-workspace/.derivedData/Build/Intermediates.noindex/WWSimpleAI_Perplexity.build/Debug-appletvos/WWSimpleAI_Perplexity-t.build/WWSimpleAI_Perplexity.modulemap (in target 'WWSimpleAI_Perplexity' from project 'WWSimpleAI_Perplexity')
    cd /Users/admin/builder/spi-builder-workspace
    write-file /Users/admin/builder/spi-builder-workspace/.derivedData/Build/Intermediates.noindex/WWSimpleAI_Perplexity.build/Debug-appletvos/WWSimpleAI_Perplexity-t.build/WWSimpleAI_Perplexity.modulemap
WriteAuxiliaryFile /Users/admin/builder/spi-builder-workspace/.derivedData/Build/Intermediates.noindex/WWSimpleAI_Perplexity.build/Debug-appletvos/WWSimpleAI_Perplexity-t.build/WWSimpleAI_Perplexity.DependencyStaticMetadataFileList (in target 'WWSimpleAI_Perplexity' from project 'WWSimpleAI_Perplexity')
    cd /Users/admin/builder/spi-builder-workspace
    write-file /Users/admin/builder/spi-builder-workspace/.derivedData/Build/Intermediates.noindex/WWSimpleAI_Perplexity.build/Debug-appletvos/WWSimpleAI_Perplexity-t.build/WWSimpleAI_Perplexity.DependencyStaticMetadataFileList
WriteAuxiliaryFile /Users/admin/builder/spi-builder-workspace/.derivedData/Build/Intermediates.noindex/WWSimpleAI_Perplexity.build/Debug-appletvos/WWSimpleAI_Perplexity-t.build/WWSimpleAI_Perplexity.DependencyMetadataFileList (in target 'WWSimpleAI_Perplexity' from project 'WWSimpleAI_Perplexity')
    cd /Users/admin/builder/spi-builder-workspace
    write-file /Users/admin/builder/spi-builder-workspace/.derivedData/Build/Intermediates.noindex/WWSimpleAI_Perplexity.build/Debug-appletvos/WWSimpleAI_Perplexity-t.build/WWSimpleAI_Perplexity.DependencyMetadataFileList
WriteAuxiliaryFile /Users/admin/builder/spi-builder-workspace/.derivedData/Build/Intermediates.noindex/WWSimpleAI_Perplexity.build/Debug-appletvos/WWSimpleAI_Perplexity_WWSimpleAI_Perplexity-b.build/WWSimpleAI_Perplexity_WWSimpleAI_Perplexity.DependencyStaticMetadataFileList (in target 'WWSimpleAI_Perplexity_WWSimpleAI_Perplexity' from project 'WWSimpleAI_Perplexity')
    cd /Users/admin/builder/spi-builder-workspace
    write-file /Users/admin/builder/spi-builder-workspace/.derivedData/Build/Intermediates.noindex/WWSimpleAI_Perplexity.build/Debug-appletvos/WWSimpleAI_Perplexity_WWSimpleAI_Perplexity-b.build/WWSimpleAI_Perplexity_WWSimpleAI_Perplexity.DependencyStaticMetadataFileList
WriteAuxiliaryFile /Users/admin/builder/spi-builder-workspace/.derivedData/Build/Intermediates.noindex/WWSimpleAI_Perplexity.build/Debug-appletvos/WWSimpleAI_Perplexity-t.build/Objects-normal/arm64/WWSimpleAI_Perplexity.SwiftFileList (in target 'WWSimpleAI_Perplexity' from project 'WWSimpleAI_Perplexity')
    cd /Users/admin/builder/spi-builder-workspace
    write-file /Users/admin/builder/spi-builder-workspace/.derivedData/Build/Intermediates.noindex/WWSimpleAI_Perplexity.build/Debug-appletvos/WWSimpleAI_Perplexity-t.build/Objects-normal/arm64/WWSimpleAI_Perplexity.SwiftFileList
WriteAuxiliaryFile /Users/admin/builder/spi-builder-workspace/.derivedData/Build/Intermediates.noindex/WWSimpleAI_Perplexity.build/Debug-appletvos/WWSimpleAI_Perplexity-t.build/Objects-normal/arm64/WWSimpleAI_Perplexity_const_extract_protocols.json (in target 'WWSimpleAI_Perplexity' from project 'WWSimpleAI_Perplexity')
    cd /Users/admin/builder/spi-builder-workspace
    write-file /Users/admin/builder/spi-builder-workspace/.derivedData/Build/Intermediates.noindex/WWSimpleAI_Perplexity.build/Debug-appletvos/WWSimpleAI_Perplexity-t.build/Objects-normal/arm64/WWSimpleAI_Perplexity_const_extract_protocols.json
WriteAuxiliaryFile /Users/admin/builder/spi-builder-workspace/.derivedData/Build/Intermediates.noindex/WWSimpleAI_Perplexity.build/Debug-appletvos/WWSimpleAI_Perplexity-t.build/Objects-normal/arm64/WWSimpleAI_Perplexity.SwiftConstValuesFileList (in target 'WWSimpleAI_Perplexity' from project 'WWSimpleAI_Perplexity')
    cd /Users/admin/builder/spi-builder-workspace
    write-file /Users/admin/builder/spi-builder-workspace/.derivedData/Build/Intermediates.noindex/WWSimpleAI_Perplexity.build/Debug-appletvos/WWSimpleAI_Perplexity-t.build/Objects-normal/arm64/WWSimpleAI_Perplexity.SwiftConstValuesFileList
WriteAuxiliaryFile /Users/admin/builder/spi-builder-workspace/.derivedData/Build/Intermediates.noindex/WWSimpleAI_Perplexity.build/Debug-appletvos/WWSimpleAI_Perplexity-t.build/Objects-normal/arm64/WWSimpleAI_Perplexity.LinkFileList (in target 'WWSimpleAI_Perplexity' from project 'WWSimpleAI_Perplexity')
    cd /Users/admin/builder/spi-builder-workspace
    write-file /Users/admin/builder/spi-builder-workspace/.derivedData/Build/Intermediates.noindex/WWSimpleAI_Perplexity.build/Debug-appletvos/WWSimpleAI_Perplexity-t.build/Objects-normal/arm64/WWSimpleAI_Perplexity.LinkFileList
WriteAuxiliaryFile /Users/admin/builder/spi-builder-workspace/.derivedData/Build/Intermediates.noindex/WWSimpleAI_Perplexity.build/Debug-appletvos/WWSimpleAI_Perplexity-t.build/Objects-normal/arm64/WWSimpleAI_Perplexity-OutputFileMap.json (in target 'WWSimpleAI_Perplexity' from project 'WWSimpleAI_Perplexity')
    cd /Users/admin/builder/spi-builder-workspace
    write-file /Users/admin/builder/spi-builder-workspace/.derivedData/Build/Intermediates.noindex/WWSimpleAI_Perplexity.build/Debug-appletvos/WWSimpleAI_Perplexity-t.build/Objects-normal/arm64/WWSimpleAI_Perplexity-OutputFileMap.json
WriteAuxiliaryFile /Users/admin/builder/spi-builder-workspace/.derivedData/Build/Intermediates.noindex/WWSimpleAI_Perplexity.build/Debug-appletvos/WWSimpleAI_Perplexity-t.build/DerivedSources/resource_bundle_accessor.swift (in target 'WWSimpleAI_Perplexity' from project 'WWSimpleAI_Perplexity')
    cd /Users/admin/builder/spi-builder-workspace
    write-file /Users/admin/builder/spi-builder-workspace/.derivedData/Build/Intermediates.noindex/WWSimpleAI_Perplexity.build/Debug-appletvos/WWSimpleAI_Perplexity-t.build/DerivedSources/resource_bundle_accessor.swift
WriteAuxiliaryFile /Users/admin/builder/spi-builder-workspace/.derivedData/Build/Intermediates.noindex/WWSimpleAI_Ollama.build/Debug-appletvos/WWSimpleAI_Ollama_WWSimpleAI_Ollama-b.build/WWSimpleAI_Ollama_WWSimpleAI_Ollama.DependencyStaticMetadataFileList (in target 'WWSimpleAI_Ollama_WWSimpleAI_Ollama' from project 'WWSimpleAI_Ollama')
    cd /Users/admin/builder/spi-builder-workspace/.dependencies/checkouts/WWSimpleAI_Ollama
    write-file /Users/admin/builder/spi-builder-workspace/.derivedData/Build/Intermediates.noindex/WWSimpleAI_Ollama.build/Debug-appletvos/WWSimpleAI_Ollama_WWSimpleAI_Ollama-b.build/WWSimpleAI_Ollama_WWSimpleAI_Ollama.DependencyStaticMetadataFileList
WriteAuxiliaryFile /Users/admin/builder/spi-builder-workspace/.derivedData/Build/Intermediates.noindex/WWSimpleAI_Ollama.build/Debug-appletvos/WWSimpleAI_Ollama_WWSimpleAI_Ollama-b.build/empty-WWSimpleAI_Ollama_WWSimpleAI_Ollama.plist (in target 'WWSimpleAI_Ollama_WWSimpleAI_Ollama' from project 'WWSimpleAI_Ollama')
    cd /Users/admin/builder/spi-builder-workspace/.dependencies/checkouts/WWSimpleAI_Ollama
    write-file /Users/admin/builder/spi-builder-workspace/.derivedData/Build/Intermediates.noindex/WWSimpleAI_Ollama.build/Debug-appletvos/WWSimpleAI_Ollama_WWSimpleAI_Ollama-b.build/empty-WWSimpleAI_Ollama_WWSimpleAI_Ollama.plist
Copy /Users/admin/builder/spi-builder-workspace/.derivedData/Build/Intermediates.noindex/GeneratedModuleMaps-appletvos/WWSimpleAI_Perplexity.modulemap /Users/admin/builder/spi-builder-workspace/.derivedData/Build/Intermediates.noindex/WWSimpleAI_Perplexity.build/Debug-appletvos/WWSimpleAI_Perplexity-t.build/WWSimpleAI_Perplexity.modulemap (in target 'WWSimpleAI_Perplexity' from project 'WWSimpleAI_Perplexity')
    cd /Users/admin/builder/spi-builder-workspace
    builtin-copy -exclude .DS_Store -exclude CVS -exclude .svn -exclude .git -exclude .hg -resolve-src-symlinks /Users/admin/builder/spi-builder-workspace/.derivedData/Build/Intermediates.noindex/WWSimpleAI_Perplexity.build/Debug-appletvos/WWSimpleAI_Perplexity-t.build/WWSimpleAI_Perplexity.modulemap /Users/admin/builder/spi-builder-workspace/.derivedData/Build/Intermediates.noindex/GeneratedModuleMaps-appletvos
WriteAuxiliaryFile /Users/admin/builder/spi-builder-workspace/.derivedData/Build/Intermediates.noindex/WWSimpleAI_Ollama.build/Debug-appletvos/WWSimpleAI_Ollama_WWSimpleAI_Ollama-b.build/WWSimpleAI_Ollama_WWSimpleAI_Ollama.DependencyMetadataFileList (in target 'WWSimpleAI_Ollama_WWSimpleAI_Ollama' from project 'WWSimpleAI_Ollama')
    cd /Users/admin/builder/spi-builder-workspace/.dependencies/checkouts/WWSimpleAI_Ollama
    write-file /Users/admin/builder/spi-builder-workspace/.derivedData/Build/Intermediates.noindex/WWSimpleAI_Ollama.build/Debug-appletvos/WWSimpleAI_Ollama_WWSimpleAI_Ollama-b.build/WWSimpleAI_Ollama_WWSimpleAI_Ollama.DependencyMetadataFileList
WriteAuxiliaryFile /Users/admin/builder/spi-builder-workspace/.derivedData/Build/Intermediates.noindex/WWSimpleAI_Ollama.build/Debug-appletvos/WWSimpleAI_Ollama-t.build/WWSimpleAI_Ollama.modulemap (in target 'WWSimpleAI_Ollama' from project 'WWSimpleAI_Ollama')
    cd /Users/admin/builder/spi-builder-workspace/.dependencies/checkouts/WWSimpleAI_Ollama
    write-file /Users/admin/builder/spi-builder-workspace/.derivedData/Build/Intermediates.noindex/WWSimpleAI_Ollama.build/Debug-appletvos/WWSimpleAI_Ollama-t.build/WWSimpleAI_Ollama.modulemap
WriteAuxiliaryFile /Users/admin/builder/spi-builder-workspace/.derivedData/Build/Intermediates.noindex/WWSimpleAI_Ollama.build/Debug-appletvos/WWSimpleAI_Ollama-t.build/WWSimpleAI_Ollama.DependencyStaticMetadataFileList (in target 'WWSimpleAI_Ollama' from project 'WWSimpleAI_Ollama')
    cd /Users/admin/builder/spi-builder-workspace/.dependencies/checkouts/WWSimpleAI_Ollama
    write-file /Users/admin/builder/spi-builder-workspace/.derivedData/Build/Intermediates.noindex/WWSimpleAI_Ollama.build/Debug-appletvos/WWSimpleAI_Ollama-t.build/WWSimpleAI_Ollama.DependencyStaticMetadataFileList
WriteAuxiliaryFile /Users/admin/builder/spi-builder-workspace/.derivedData/Build/Intermediates.noindex/WWSimpleAI_Ollama.build/Debug-appletvos/WWSimpleAI_Ollama-t.build/WWSimpleAI_Ollama.DependencyMetadataFileList (in target 'WWSimpleAI_Ollama' from project 'WWSimpleAI_Ollama')
    cd /Users/admin/builder/spi-builder-workspace/.dependencies/checkouts/WWSimpleAI_Ollama
    write-file /Users/admin/builder/spi-builder-workspace/.derivedData/Build/Intermediates.noindex/WWSimpleAI_Ollama.build/Debug-appletvos/WWSimpleAI_Ollama-t.build/WWSimpleAI_Ollama.DependencyMetadataFileList
WriteAuxiliaryFile /Users/admin/builder/spi-builder-workspace/.derivedData/Build/Intermediates.noindex/WWSimpleAI_Ollama.build/Debug-appletvos/WWSimpleAI_Ollama-t.build/Objects-normal/arm64/WWSimpleAI_Ollama_const_extract_protocols.json (in target 'WWSimpleAI_Ollama' from project 'WWSimpleAI_Ollama')
    cd /Users/admin/builder/spi-builder-workspace/.dependencies/checkouts/WWSimpleAI_Ollama
    write-file /Users/admin/builder/spi-builder-workspace/.derivedData/Build/Intermediates.noindex/WWSimpleAI_Ollama.build/Debug-appletvos/WWSimpleAI_Ollama-t.build/Objects-normal/arm64/WWSimpleAI_Ollama_const_extract_protocols.json
WriteAuxiliaryFile /Users/admin/builder/spi-builder-workspace/.derivedData/Build/Intermediates.noindex/WWSimpleAI_Ollama.build/Debug-appletvos/WWSimpleAI_Ollama-t.build/Objects-normal/arm64/WWSimpleAI_Ollama.SwiftFileList (in target 'WWSimpleAI_Ollama' from project 'WWSimpleAI_Ollama')
    cd /Users/admin/builder/spi-builder-workspace/.dependencies/checkouts/WWSimpleAI_Ollama
    write-file /Users/admin/builder/spi-builder-workspace/.derivedData/Build/Intermediates.noindex/WWSimpleAI_Ollama.build/Debug-appletvos/WWSimpleAI_Ollama-t.build/Objects-normal/arm64/WWSimpleAI_Ollama.SwiftFileList
WriteAuxiliaryFile /Users/admin/builder/spi-builder-workspace/.derivedData/Build/Intermediates.noindex/WWSimpleAI_Ollama.build/Debug-appletvos/WWSimpleAI_Ollama-t.build/Objects-normal/arm64/WWSimpleAI_Ollama.SwiftConstValuesFileList (in target 'WWSimpleAI_Ollama' from project 'WWSimpleAI_Ollama')
    cd /Users/admin/builder/spi-builder-workspace/.dependencies/checkouts/WWSimpleAI_Ollama
    write-file /Users/admin/builder/spi-builder-workspace/.derivedData/Build/Intermediates.noindex/WWSimpleAI_Ollama.build/Debug-appletvos/WWSimpleAI_Ollama-t.build/Objects-normal/arm64/WWSimpleAI_Ollama.SwiftConstValuesFileList
WriteAuxiliaryFile /Users/admin/builder/spi-builder-workspace/.derivedData/Build/Intermediates.noindex/WWSimpleAI_Ollama.build/Debug-appletvos/WWSimpleAI_Ollama-t.build/Objects-normal/arm64/WWSimpleAI_Ollama.LinkFileList (in target 'WWSimpleAI_Ollama' from project 'WWSimpleAI_Ollama')
    cd /Users/admin/builder/spi-builder-workspace/.dependencies/checkouts/WWSimpleAI_Ollama
    write-file /Users/admin/builder/spi-builder-workspace/.derivedData/Build/Intermediates.noindex/WWSimpleAI_Ollama.build/Debug-appletvos/WWSimpleAI_Ollama-t.build/Objects-normal/arm64/WWSimpleAI_Ollama.LinkFileList
WriteAuxiliaryFile /Users/admin/builder/spi-builder-workspace/.derivedData/Build/Intermediates.noindex/WWSimpleAI_Ollama.build/Debug-appletvos/WWSimpleAI_Ollama-t.build/Objects-normal/arm64/WWSimpleAI_Ollama-OutputFileMap.json (in target 'WWSimpleAI_Ollama' from project 'WWSimpleAI_Ollama')
    cd /Users/admin/builder/spi-builder-workspace/.dependencies/checkouts/WWSimpleAI_Ollama
    write-file /Users/admin/builder/spi-builder-workspace/.derivedData/Build/Intermediates.noindex/WWSimpleAI_Ollama.build/Debug-appletvos/WWSimpleAI_Ollama-t.build/Objects-normal/arm64/WWSimpleAI_Ollama-OutputFileMap.json
WriteAuxiliaryFile /Users/admin/builder/spi-builder-workspace/.derivedData/Build/Intermediates.noindex/WWSimpleAI_Ollama.build/Debug-appletvos/WWSimpleAI_Ollama-t.build/DerivedSources/resource_bundle_accessor.swift (in target 'WWSimpleAI_Ollama' from project 'WWSimpleAI_Ollama')
    cd /Users/admin/builder/spi-builder-workspace/.dependencies/checkouts/WWSimpleAI_Ollama
    write-file /Users/admin/builder/spi-builder-workspace/.derivedData/Build/Intermediates.noindex/WWSimpleAI_Ollama.build/Debug-appletvos/WWSimpleAI_Ollama-t.build/DerivedSources/resource_bundle_accessor.swift
Copy /Users/admin/builder/spi-builder-workspace/.derivedData/Build/Intermediates.noindex/GeneratedModuleMaps-appletvos/WWSimpleAI_Ollama.modulemap /Users/admin/builder/spi-builder-workspace/.derivedData/Build/Intermediates.noindex/WWSimpleAI_Ollama.build/Debug-appletvos/WWSimpleAI_Ollama-t.build/WWSimpleAI_Ollama.modulemap (in target 'WWSimpleAI_Ollama' from project 'WWSimpleAI_Ollama')
    cd /Users/admin/builder/spi-builder-workspace/.dependencies/checkouts/WWSimpleAI_Ollama
    builtin-copy -exclude .DS_Store -exclude CVS -exclude .svn -exclude .git -exclude .hg -resolve-src-symlinks /Users/admin/builder/spi-builder-workspace/.derivedData/Build/Intermediates.noindex/WWSimpleAI_Ollama.build/Debug-appletvos/WWSimpleAI_Ollama-t.build/WWSimpleAI_Ollama.modulemap /Users/admin/builder/spi-builder-workspace/.derivedData/Build/Intermediates.noindex/GeneratedModuleMaps-appletvos
WriteAuxiliaryFile /Users/admin/builder/spi-builder-workspace/.derivedData/Build/Intermediates.noindex/WWNetworking.build/Debug-appletvos/WWNetworking_WWNetworking-b.build/empty-WWNetworking_WWNetworking.plist (in target 'WWNetworking_WWNetworking' from project 'WWNetworking')
    cd /Users/admin/builder/spi-builder-workspace/.dependencies/checkouts/WWNetworking
    write-file /Users/admin/builder/spi-builder-workspace/.derivedData/Build/Intermediates.noindex/WWNetworking.build/Debug-appletvos/WWNetworking_WWNetworking-b.build/empty-WWNetworking_WWNetworking.plist
WriteAuxiliaryFile /Users/admin/builder/spi-builder-workspace/.derivedData/Build/Intermediates.noindex/WWNetworking.build/Debug-appletvos/WWNetworking_WWNetworking-b.build/WWNetworking_WWNetworking.DependencyStaticMetadataFileList (in target 'WWNetworking_WWNetworking' from project 'WWNetworking')
    cd /Users/admin/builder/spi-builder-workspace/.dependencies/checkouts/WWNetworking
    write-file /Users/admin/builder/spi-builder-workspace/.derivedData/Build/Intermediates.noindex/WWNetworking.build/Debug-appletvos/WWNetworking_WWNetworking-b.build/WWNetworking_WWNetworking.DependencyStaticMetadataFileList
WriteAuxiliaryFile /Users/admin/builder/spi-builder-workspace/.derivedData/Build/Intermediates.noindex/WWNetworking.build/Debug-appletvos/WWNetworking_WWNetworking-b.build/WWNetworking_WWNetworking.DependencyMetadataFileList (in target 'WWNetworking_WWNetworking' from project 'WWNetworking')
    cd /Users/admin/builder/spi-builder-workspace/.dependencies/checkouts/WWNetworking
    write-file /Users/admin/builder/spi-builder-workspace/.derivedData/Build/Intermediates.noindex/WWNetworking.build/Debug-appletvos/WWNetworking_WWNetworking-b.build/WWNetworking_WWNetworking.DependencyMetadataFileList
MkDir /Users/admin/builder/spi-builder-workspace/.derivedData/Build/Products/Debug-appletvos/WWSimpleAI_Perplexity_WWSimpleAI_Perplexity.bundle (in target 'WWSimpleAI_Perplexity_WWSimpleAI_Perplexity' from project 'WWSimpleAI_Perplexity')
    cd /Users/admin/builder/spi-builder-workspace
    /bin/mkdir -p /Users/admin/builder/spi-builder-workspace/.derivedData/Build/Products/Debug-appletvos/WWSimpleAI_Perplexity_WWSimpleAI_Perplexity.bundle
MkDir /Users/admin/builder/spi-builder-workspace/.derivedData/Build/Products/Debug-appletvos/WWSimpleAI_Ollama_WWSimpleAI_Ollama.bundle (in target 'WWSimpleAI_Ollama_WWSimpleAI_Ollama' from project 'WWSimpleAI_Ollama')
    cd /Users/admin/builder/spi-builder-workspace/.dependencies/checkouts/WWSimpleAI_Ollama
    /bin/mkdir -p /Users/admin/builder/spi-builder-workspace/.derivedData/Build/Products/Debug-appletvos/WWSimpleAI_Ollama_WWSimpleAI_Ollama.bundle
MkDir /Users/admin/builder/spi-builder-workspace/.derivedData/Build/Products/Debug-appletvos/WWNetworking_WWNetworking.bundle (in target 'WWNetworking_WWNetworking' from project 'WWNetworking')
    cd /Users/admin/builder/spi-builder-workspace/.dependencies/checkouts/WWNetworking
    /bin/mkdir -p /Users/admin/builder/spi-builder-workspace/.derivedData/Build/Products/Debug-appletvos/WWNetworking_WWNetworking.bundle
WriteAuxiliaryFile /Users/admin/builder/spi-builder-workspace/.derivedData/Build/Intermediates.noindex/WWNetworking.build/Debug-appletvos/WWNetworking-t.build/WWNetworking.DependencyStaticMetadataFileList (in target 'WWNetworking' from project 'WWNetworking')
    cd /Users/admin/builder/spi-builder-workspace/.dependencies/checkouts/WWNetworking
    write-file /Users/admin/builder/spi-builder-workspace/.derivedData/Build/Intermediates.noindex/WWNetworking.build/Debug-appletvos/WWNetworking-t.build/WWNetworking.DependencyStaticMetadataFileList
WriteAuxiliaryFile /Users/admin/builder/spi-builder-workspace/.derivedData/Build/Intermediates.noindex/WWNetworking.build/Debug-appletvos/WWNetworking-t.build/WWNetworking.modulemap (in target 'WWNetworking' from project 'WWNetworking')
    cd /Users/admin/builder/spi-builder-workspace/.dependencies/checkouts/WWNetworking
    write-file /Users/admin/builder/spi-builder-workspace/.derivedData/Build/Intermediates.noindex/WWNetworking.build/Debug-appletvos/WWNetworking-t.build/WWNetworking.modulemap
WriteAuxiliaryFile /Users/admin/builder/spi-builder-workspace/.derivedData/Build/Intermediates.noindex/WWNetworking.build/Debug-appletvos/WWNetworking-t.build/WWNetworking.DependencyMetadataFileList (in target 'WWNetworking' from project 'WWNetworking')
    cd /Users/admin/builder/spi-builder-workspace/.dependencies/checkouts/WWNetworking
    write-file /Users/admin/builder/spi-builder-workspace/.derivedData/Build/Intermediates.noindex/WWNetworking.build/Debug-appletvos/WWNetworking-t.build/WWNetworking.DependencyMetadataFileList
WriteAuxiliaryFile /Users/admin/builder/spi-builder-workspace/.derivedData/Build/Intermediates.noindex/WWNetworking.build/Debug-appletvos/WWNetworking-t.build/Objects-normal/arm64/WWNetworking_const_extract_protocols.json (in target 'WWNetworking' from project 'WWNetworking')
    cd /Users/admin/builder/spi-builder-workspace/.dependencies/checkouts/WWNetworking
    write-file /Users/admin/builder/spi-builder-workspace/.derivedData/Build/Intermediates.noindex/WWNetworking.build/Debug-appletvos/WWNetworking-t.build/Objects-normal/arm64/WWNetworking_const_extract_protocols.json
WriteAuxiliaryFile /Users/admin/builder/spi-builder-workspace/.derivedData/Build/Intermediates.noindex/WWNetworking.build/Debug-appletvos/WWNetworking-t.build/Objects-normal/arm64/WWNetworking.SwiftFileList (in target 'WWNetworking' from project 'WWNetworking')
    cd /Users/admin/builder/spi-builder-workspace/.dependencies/checkouts/WWNetworking
    write-file /Users/admin/builder/spi-builder-workspace/.derivedData/Build/Intermediates.noindex/WWNetworking.build/Debug-appletvos/WWNetworking-t.build/Objects-normal/arm64/WWNetworking.SwiftFileList
WriteAuxiliaryFile /Users/admin/builder/spi-builder-workspace/.derivedData/Build/Intermediates.noindex/WWNetworking.build/Debug-appletvos/WWNetworking-t.build/Objects-normal/arm64/WWNetworking.SwiftConstValuesFileList (in target 'WWNetworking' from project 'WWNetworking')
    cd /Users/admin/builder/spi-builder-workspace/.dependencies/checkouts/WWNetworking
    write-file /Users/admin/builder/spi-builder-workspace/.derivedData/Build/Intermediates.noindex/WWNetworking.build/Debug-appletvos/WWNetworking-t.build/Objects-normal/arm64/WWNetworking.SwiftConstValuesFileList
WriteAuxiliaryFile /Users/admin/builder/spi-builder-workspace/.derivedData/Build/Intermediates.noindex/WWNetworking.build/Debug-appletvos/WWNetworking-t.build/Objects-normal/arm64/WWNetworking.LinkFileList (in target 'WWNetworking' from project 'WWNetworking')
    cd /Users/admin/builder/spi-builder-workspace/.dependencies/checkouts/WWNetworking
    write-file /Users/admin/builder/spi-builder-workspace/.derivedData/Build/Intermediates.noindex/WWNetworking.build/Debug-appletvos/WWNetworking-t.build/Objects-normal/arm64/WWNetworking.LinkFileList
WriteAuxiliaryFile /Users/admin/builder/spi-builder-workspace/.derivedData/Build/Intermediates.noindex/WWNetworking.build/Debug-appletvos/WWNetworking-t.build/Objects-normal/arm64/WWNetworking-OutputFileMap.json (in target 'WWNetworking' from project 'WWNetworking')
    cd /Users/admin/builder/spi-builder-workspace/.dependencies/checkouts/WWNetworking
    write-file /Users/admin/builder/spi-builder-workspace/.derivedData/Build/Intermediates.noindex/WWNetworking.build/Debug-appletvos/WWNetworking-t.build/Objects-normal/arm64/WWNetworking-OutputFileMap.json
WriteAuxiliaryFile /Users/admin/builder/spi-builder-workspace/.derivedData/Build/Intermediates.noindex/WWNetworking.build/Debug-appletvos/WWNetworking-t.build/DerivedSources/resource_bundle_accessor.swift (in target 'WWNetworking' from project 'WWNetworking')
    cd /Users/admin/builder/spi-builder-workspace/.dependencies/checkouts/WWNetworking
    write-file /Users/admin/builder/spi-builder-workspace/.derivedData/Build/Intermediates.noindex/WWNetworking.build/Debug-appletvos/WWNetworking-t.build/DerivedSources/resource_bundle_accessor.swift
Copy /Users/admin/builder/spi-builder-workspace/.derivedData/Build/Intermediates.noindex/GeneratedModuleMaps-appletvos/WWNetworking.modulemap /Users/admin/builder/spi-builder-workspace/.derivedData/Build/Intermediates.noindex/WWNetworking.build/Debug-appletvos/WWNetworking-t.build/WWNetworking.modulemap (in target 'WWNetworking' from project 'WWNetworking')
    cd /Users/admin/builder/spi-builder-workspace/.dependencies/checkouts/WWNetworking
    builtin-copy -exclude .DS_Store -exclude CVS -exclude .svn -exclude .git -exclude .hg -resolve-src-symlinks /Users/admin/builder/spi-builder-workspace/.derivedData/Build/Intermediates.noindex/WWNetworking.build/Debug-appletvos/WWNetworking-t.build/WWNetworking.modulemap /Users/admin/builder/spi-builder-workspace/.derivedData/Build/Intermediates.noindex/GeneratedModuleMaps-appletvos
ProcessInfoPlistFile /Users/admin/builder/spi-builder-workspace/.derivedData/Build/Products/Debug-appletvos/WWSimpleAI_Perplexity_WWSimpleAI_Perplexity.bundle/Info.plist /Users/admin/builder/spi-builder-workspace/.derivedData/Build/Intermediates.noindex/WWSimpleAI_Perplexity.build/Debug-appletvos/WWSimpleAI_Perplexity_WWSimpleAI_Perplexity-b.build/empty-WWSimpleAI_Perplexity_WWSimpleAI_Perplexity.plist (in target 'WWSimpleAI_Perplexity_WWSimpleAI_Perplexity' from project 'WWSimpleAI_Perplexity')
    cd /Users/admin/builder/spi-builder-workspace
    builtin-infoPlistUtility /Users/admin/builder/spi-builder-workspace/.derivedData/Build/Intermediates.noindex/WWSimpleAI_Perplexity.build/Debug-appletvos/WWSimpleAI_Perplexity_WWSimpleAI_Perplexity-b.build/empty-WWSimpleAI_Perplexity_WWSimpleAI_Perplexity.plist -producttype com.apple.product-type.bundle -expandbuildsettings -format binary -platform appletvos -o /Users/admin/builder/spi-builder-workspace/.derivedData/Build/Products/Debug-appletvos/WWSimpleAI_Perplexity_WWSimpleAI_Perplexity.bundle/Info.plist
CpResource /Users/admin/builder/spi-builder-workspace/.derivedData/Build/Products/Debug-appletvos/WWSimpleAI_Perplexity_WWSimpleAI_Perplexity.bundle/Privacy /Users/admin/builder/spi-builder-workspace/Sources/WWSimpleAI_Perplexity/Privacy (in target 'WWSimpleAI_Perplexity_WWSimpleAI_Perplexity' from project 'WWSimpleAI_Perplexity')
    cd /Users/admin/builder/spi-builder-workspace
    builtin-copy -exclude .DS_Store -exclude CVS -exclude .svn -exclude .git -exclude .hg -resolve-src-symlinks /Users/admin/builder/spi-builder-workspace/Sources/WWSimpleAI_Perplexity/Privacy /Users/admin/builder/spi-builder-workspace/.derivedData/Build/Products/Debug-appletvos/WWSimpleAI_Perplexity_WWSimpleAI_Perplexity.bundle
ProcessInfoPlistFile /Users/admin/builder/spi-builder-workspace/.derivedData/Build/Products/Debug-appletvos/WWSimpleAI_Ollama_WWSimpleAI_Ollama.bundle/Info.plist /Users/admin/builder/spi-builder-workspace/.derivedData/Build/Intermediates.noindex/WWSimpleAI_Ollama.build/Debug-appletvos/WWSimpleAI_Ollama_WWSimpleAI_Ollama-b.build/empty-WWSimpleAI_Ollama_WWSimpleAI_Ollama.plist (in target 'WWSimpleAI_Ollama_WWSimpleAI_Ollama' from project 'WWSimpleAI_Ollama')
    cd /Users/admin/builder/spi-builder-workspace/.dependencies/checkouts/WWSimpleAI_Ollama
    builtin-infoPlistUtility /Users/admin/builder/spi-builder-workspace/.derivedData/Build/Intermediates.noindex/WWSimpleAI_Ollama.build/Debug-appletvos/WWSimpleAI_Ollama_WWSimpleAI_Ollama-b.build/empty-WWSimpleAI_Ollama_WWSimpleAI_Ollama.plist -producttype com.apple.product-type.bundle -expandbuildsettings -format binary -platform appletvos -o /Users/admin/builder/spi-builder-workspace/.derivedData/Build/Products/Debug-appletvos/WWSimpleAI_Ollama_WWSimpleAI_Ollama.bundle/Info.plist
CpResource /Users/admin/builder/spi-builder-workspace/.derivedData/Build/Products/Debug-appletvos/WWSimpleAI_Ollama_WWSimpleAI_Ollama.bundle/Privacy /Users/admin/builder/spi-builder-workspace/.dependencies/checkouts/WWSimpleAI_Ollama/Sources/WWSimpleAI_Ollama/Privacy (in target 'WWSimpleAI_Ollama_WWSimpleAI_Ollama' from project 'WWSimpleAI_Ollama')
    cd /Users/admin/builder/spi-builder-workspace/.dependencies/checkouts/WWSimpleAI_Ollama
    builtin-copy -exclude .DS_Store -exclude CVS -exclude .svn -exclude .git -exclude .hg -resolve-src-symlinks /Users/admin/builder/spi-builder-workspace/.dependencies/checkouts/WWSimpleAI_Ollama/Sources/WWSimpleAI_Ollama/Privacy /Users/admin/builder/spi-builder-workspace/.derivedData/Build/Products/Debug-appletvos/WWSimpleAI_Ollama_WWSimpleAI_Ollama.bundle
ProcessInfoPlistFile /Users/admin/builder/spi-builder-workspace/.derivedData/Build/Products/Debug-appletvos/WWNetworking_WWNetworking.bundle/Info.plist /Users/admin/builder/spi-builder-workspace/.derivedData/Build/Intermediates.noindex/WWNetworking.build/Debug-appletvos/WWNetworking_WWNetworking-b.build/empty-WWNetworking_WWNetworking.plist (in target 'WWNetworking_WWNetworking' from project 'WWNetworking')
    cd /Users/admin/builder/spi-builder-workspace/.dependencies/checkouts/WWNetworking
    builtin-infoPlistUtility /Users/admin/builder/spi-builder-workspace/.derivedData/Build/Intermediates.noindex/WWNetworking.build/Debug-appletvos/WWNetworking_WWNetworking-b.build/empty-WWNetworking_WWNetworking.plist -producttype com.apple.product-type.bundle -expandbuildsettings -format binary -platform appletvos -o /Users/admin/builder/spi-builder-workspace/.derivedData/Build/Products/Debug-appletvos/WWNetworking_WWNetworking.bundle/Info.plist
CpResource /Users/admin/builder/spi-builder-workspace/.derivedData/Build/Products/Debug-appletvos/WWNetworking_WWNetworking.bundle/Privacy /Users/admin/builder/spi-builder-workspace/.dependencies/checkouts/WWNetworking/Sources/WWNetworking/Privacy (in target 'WWNetworking_WWNetworking' from project 'WWNetworking')
    cd /Users/admin/builder/spi-builder-workspace/.dependencies/checkouts/WWNetworking
    builtin-copy -exclude .DS_Store -exclude CVS -exclude .svn -exclude .git -exclude .hg -resolve-src-symlinks /Users/admin/builder/spi-builder-workspace/.dependencies/checkouts/WWNetworking/Sources/WWNetworking/Privacy /Users/admin/builder/spi-builder-workspace/.derivedData/Build/Products/Debug-appletvos/WWNetworking_WWNetworking.bundle
RegisterExecutionPolicyException /Users/admin/builder/spi-builder-workspace/.derivedData/Build/Products/Debug-appletvos/WWSimpleAI_Ollama_WWSimpleAI_Ollama.bundle (in target 'WWSimpleAI_Ollama_WWSimpleAI_Ollama' from project 'WWSimpleAI_Ollama')
    cd /Users/admin/builder/spi-builder-workspace/.dependencies/checkouts/WWSimpleAI_Ollama
    builtin-RegisterExecutionPolicyException /Users/admin/builder/spi-builder-workspace/.derivedData/Build/Products/Debug-appletvos/WWSimpleAI_Ollama_WWSimpleAI_Ollama.bundle
RegisterExecutionPolicyException /Users/admin/builder/spi-builder-workspace/.derivedData/Build/Products/Debug-appletvos/WWNetworking_WWNetworking.bundle (in target 'WWNetworking_WWNetworking' from project 'WWNetworking')
    cd /Users/admin/builder/spi-builder-workspace/.dependencies/checkouts/WWNetworking
    builtin-RegisterExecutionPolicyException /Users/admin/builder/spi-builder-workspace/.derivedData/Build/Products/Debug-appletvos/WWNetworking_WWNetworking.bundle
RegisterExecutionPolicyException /Users/admin/builder/spi-builder-workspace/.derivedData/Build/Products/Debug-appletvos/WWSimpleAI_Perplexity_WWSimpleAI_Perplexity.bundle (in target 'WWSimpleAI_Perplexity_WWSimpleAI_Perplexity' from project 'WWSimpleAI_Perplexity')
    cd /Users/admin/builder/spi-builder-workspace
    builtin-RegisterExecutionPolicyException /Users/admin/builder/spi-builder-workspace/.derivedData/Build/Products/Debug-appletvos/WWSimpleAI_Perplexity_WWSimpleAI_Perplexity.bundle
Touch /Users/admin/builder/spi-builder-workspace/.derivedData/Build/Products/Debug-appletvos/WWSimpleAI_Perplexity_WWSimpleAI_Perplexity.bundle (in target 'WWSimpleAI_Perplexity_WWSimpleAI_Perplexity' from project 'WWSimpleAI_Perplexity')
    cd /Users/admin/builder/spi-builder-workspace
    /usr/bin/touch -c /Users/admin/builder/spi-builder-workspace/.derivedData/Build/Products/Debug-appletvos/WWSimpleAI_Perplexity_WWSimpleAI_Perplexity.bundle
Touch /Users/admin/builder/spi-builder-workspace/.derivedData/Build/Products/Debug-appletvos/WWSimpleAI_Ollama_WWSimpleAI_Ollama.bundle (in target 'WWSimpleAI_Ollama_WWSimpleAI_Ollama' from project 'WWSimpleAI_Ollama')
    cd /Users/admin/builder/spi-builder-workspace/.dependencies/checkouts/WWSimpleAI_Ollama
    /usr/bin/touch -c /Users/admin/builder/spi-builder-workspace/.derivedData/Build/Products/Debug-appletvos/WWSimpleAI_Ollama_WWSimpleAI_Ollama.bundle
Touch /Users/admin/builder/spi-builder-workspace/.derivedData/Build/Products/Debug-appletvos/WWNetworking_WWNetworking.bundle (in target 'WWNetworking_WWNetworking' from project 'WWNetworking')
    cd /Users/admin/builder/spi-builder-workspace/.dependencies/checkouts/WWNetworking
    /usr/bin/touch -c /Users/admin/builder/spi-builder-workspace/.derivedData/Build/Products/Debug-appletvos/WWNetworking_WWNetworking.bundle
SwiftDriver WWNetworking normal arm64 com.apple.xcode.tools.swift.compiler (in target 'WWNetworking' from project 'WWNetworking')
    cd /Users/admin/builder/spi-builder-workspace/.swiftpm/xcode
    builtin-SwiftDriver -- /Applications/Xcode-27.0.0-Release.Candidate.app/Contents/Developer/Toolchains/XcodeDefault.xctoolchain/usr/bin/swiftc -parse-as-library -module-name WWNetworking -Onone @/Users/admin/builder/spi-builder-workspace/.derivedData/Build/Intermediates.noindex/WWNetworking.build/Debug-appletvos/WWNetworking-t.build/Objects-normal/arm64/WWNetworking.SwiftFileList -DSWIFT_PACKAGE -DDEBUG -DSWIFT_MODULE_RESOURCE_BUNDLE_AVAILABLE -DXcode -plugin-path /Applications/Xcode-27.0.0-Release.Candidate.app/Contents/Developer/Toolchains/XcodeDefault.xctoolchain/usr/lib/swift/host/plugins/testing -enable-experimental-feature DebugDescriptionMacro -sdk /Applications/Xcode-27.0.0-Release.Candidate.app/Contents/Developer/Platforms/AppleTVOS.platform/Developer/SDKs/AppleTVOS27.0.sdk -target arm64-apple-tvos15.0 -g -module-cache-path /Users/admin/builder/spi-builder-workspace/.derivedData/ModuleCache.noindex -Xfrontend -serialize-debugging-options -enable-testing -suppress-warnings -index-store-path /Users/admin/builder/spi-builder-workspace/.derivedData/Index.noindex/DataStore -Xcc -D_LIBCPP_HARDENING_MODE\=_LIBCPP_HARDENING_MODE_DEBUG -swift-version 5 -I /Users/admin/builder/spi-builder-workspace/.derivedData/Build/Products/Debug-appletvos -Isystem /Applications/Xcode-27.0.0-Release.Candidate.app/Contents/Developer/Platforms/AppleTVOS.platform/Developer/usr/lib -F /Users/admin/builder/spi-builder-workspace/.derivedData/Build/Products/Debug-appletvos -F /Applications/Xcode-27.0.0-Release.Candidate.app/Contents/Developer/Platforms/AppleTVOS.platform/Developer/Library/Frameworks -F /Applications/Xcode-27.0.0-Release.Candidate.app/Contents/Developer/Platforms/AppleTVOS.platform/Developer/SDKs/AppleTVOS27.0.sdk/Developer/Library/Frameworks -c -j10 -enable-batch-mode -incremental -Xcc -ivfsstatcache -Xcc /Users/admin/builder/spi-builder-workspace/.derivedData/SDKStatCaches.noindex/appletvos27.0-24J360-e829b21a6f8c9b70876ba0858053c044b32bfd8d43560033f8d89884cdb90028.sdkstatcache -output-file-map /Users/admin/builder/spi-builder-workspace/.derivedData/Build/Intermediates.noindex/WWNetworking.build/Debug-appletvos/WWNetworking-t.build/Objects-normal/arm64/WWNetworking-OutputFileMap.json -save-temps -no-color-diagnostics -explicit-module-build -module-cache-path /Users/admin/builder/spi-builder-workspace/.derivedData/Build/Intermediates.noindex/SwiftExplicitPrecompiledModules -clang-scanner-module-cache-path /Users/admin/builder/spi-builder-workspace/.derivedData/ModuleCache.noindex -sdk-module-cache-path /Users/admin/builder/spi-builder-workspace/.derivedData/SDKExplicitPrecompiledModules -emit-dependencies -emit-module -emit-module-path /Users/admin/builder/spi-builder-workspace/.derivedData/Build/Intermediates.noindex/WWNetworking.build/Debug-appletvos/WWNetworking-t.build/Objects-normal/arm64/WWNetworking.swiftmodule -serialize-diagnostics -dependency-scan-serialize-diagnostics-path /Users/admin/builder/spi-builder-workspace/.derivedData/Build/Intermediates.noindex/WWNetworking.build/Debug-appletvos/WWNetworking-t.build/Objects-normal/arm64/WWNetworking-dependency-scan.dia -validate-clang-modules-once -clang-build-session-file /Users/admin/builder/spi-builder-workspace/.derivedData/ModuleCache.noindex/Session.modulevalidation -Xcc -fmodules-prune-interval\=86400 -Xcc -fmodules-prune-after\=345600 -emit-const-values -const-gather-protocols-list /Users/admin/builder/spi-builder-workspace/.derivedData/Build/Intermediates.noindex/WWNetworking.build/Debug-appletvos/WWNetworking-t.build/Objects-normal/arm64/WWNetworking_const_extract_protocols.json -Xcc -I/Users/admin/builder/spi-builder-workspace/.derivedData/Build/Products/Debug-appletvos/include -Xcc -I/Users/admin/builder/spi-builder-workspace/.derivedData/Build/Intermediates.noindex/WWNetworking.build/Debug-appletvos/WWNetworking-t.build/DerivedSources-normal/arm64 -Xcc -I/Users/admin/builder/spi-builder-workspace/.derivedData/Build/Intermediates.noindex/WWNetworking.build/Debug-appletvos/WWNetworking-t.build/DerivedSources/arm64 -Xcc -I/Users/admin/builder/spi-builder-workspace/.derivedData/Build/Intermediates.noindex/WWNetworking.build/Debug-appletvos/WWNetworking-t.build/DerivedSources -Xcc -DSWIFT_PACKAGE -Xcc -DDEBUG\=1 -emit-objc-header -emit-objc-header-path /Users/admin/builder/spi-builder-workspace/.derivedData/Build/Intermediates.noindex/WWNetworking.build/Debug-appletvos/WWNetworking-t.build/Objects-normal/arm64/WWNetworking-Swift.h -working-directory /Users/admin/builder/spi-builder-workspace/.swiftpm/xcode -experimental-emit-module-separately -disable-cmo
SwiftExplicitDependencyGeneratePcm arm64 /Users/admin/builder/spi-builder-workspace/.derivedData/SDKExplicitPrecompiledModules/ptrcheck-2AZ6B5IBYD3RRRTFWN2ONASY3.pcm
SwiftExplicitDependencyGeneratePcm arm64 /Users/admin/builder/spi-builder-workspace/.derivedData/SDKExplicitPrecompiledModules/ptrauth-8X2KEPL7CTRPS40TUB9APHPK6.pcm
SwiftExplicitDependencyGeneratePcm arm64 /Users/admin/builder/spi-builder-workspace/.derivedData/SDKExplicitPrecompiledModules/_Builtin_stdarg-BO2OCAUYVAXDRVQWQ8ISKGNUQ.pcm
SwiftExplicitDependencyGeneratePcm arm64 /Users/admin/builder/spi-builder-workspace/.derivedData/SDKExplicitPrecompiledModules/DeveloperToolsSupport-B1X8RI63V48AJRTH2RK6JAARV.pcm
SwiftExplicitDependencyGeneratePcm arm64 /Users/admin/builder/spi-builder-workspace/.derivedData/SDKExplicitPrecompiledModules/SwiftShims-8N4EXJ4RUJTR8K9OO3CMOH1EP.pcm
SwiftExplicitDependencyGeneratePcm arm64 /Users/admin/builder/spi-builder-workspace/.derivedData/SDKExplicitPrecompiledModules/_SwiftConcurrencyShims-BY5PD8KF1L5KF6F4Q69HE3TJ4.pcm
SwiftExplicitDependencyGeneratePcm arm64 /Users/admin/builder/spi-builder-workspace/.derivedData/SDKExplicitPrecompiledModules/_Builtin_stdbool-AHRDH5EKLY6D04C5E42F3VCQI.pcm
SwiftExplicitDependencyGeneratePcm arm64 /Users/admin/builder/spi-builder-workspace/.derivedData/SDKExplicitPrecompiledModules/_Builtin_stddef-9ZJZ6FDEZNKTZU8YLPMFT9RAQ.pcm
SwiftExplicitDependencyGeneratePcm arm64 /Users/admin/builder/spi-builder-workspace/.derivedData/SDKExplicitPrecompiledModules/_Builtin_float-8ZJAYZ85YBOAOP52Y9H6IUNP3.pcm
SwiftExplicitDependencyGeneratePcm arm64 /Users/admin/builder/spi-builder-workspace/.derivedData/SDKExplicitPrecompiledModules/_AvailabilityInternal-BV2EDDP0MI5QJDDPEEV4D9D3V.pcm
SwiftExplicitDependencyGeneratePcm arm64 /Users/admin/builder/spi-builder-workspace/.derivedData/SDKExplicitPrecompiledModules/_DarwinFoundation1-JOTYMOA1YZCIJ2NON6FQ848O.pcm
SwiftExplicitDependencyGeneratePcm arm64 /Users/admin/builder/spi-builder-workspace/.derivedData/SDKExplicitPrecompiledModules/_DarwinFoundation2-AOGAN1O02NKXRJN5V73AV3V3M.pcm
SwiftExplicitDependencyGeneratePcm arm64 /Users/admin/builder/spi-builder-workspace/.derivedData/SDKExplicitPrecompiledModules/_Builtin_limits-7JU2HP127LIT1X9E2V3D8WZ1.pcm
SwiftExplicitDependencyGeneratePcm arm64 /Users/admin/builder/spi-builder-workspace/.derivedData/SDKExplicitPrecompiledModules/sys_types-8GCAV1YMG5UUGHUID3CA20TCH.pcm
SwiftExplicitDependencyGeneratePcm arm64 /Users/admin/builder/spi-builder-workspace/.derivedData/SDKExplicitPrecompiledModules/string_h-6EVHP7A717OUS5DMC78F79HWO.pcm
SwiftExplicitDependencyGeneratePcm arm64 /Users/admin/builder/spi-builder-workspace/.derivedData/SDKExplicitPrecompiledModules/_Builtin_tgmath-7ULT1EUHDHW4OZPSTT33H6QGE.pcm
SwiftExplicitDependencyGeneratePcm arm64 /Users/admin/builder/spi-builder-workspace/.derivedData/SDKExplicitPrecompiledModules/_Builtin_stdint-6NFTB6IBKS143IVPGT1EKB7HO.pcm
SwiftExplicitDependencyGeneratePcm arm64 /Users/admin/builder/spi-builder-workspace/.derivedData/SDKExplicitPrecompiledModules/_DarwinFoundation3-8SR3855WDFHQPR6G9GHOI2C07.pcm
SwiftExplicitDependencyGeneratePcm arm64 /Users/admin/builder/spi-builder-workspace/.derivedData/SDKExplicitPrecompiledModules/_Builtin_stdatomic-3YXHN678NGYM3NL9POJ2HVEIF.pcm
SwiftExplicitDependencyGeneratePcm arm64 /Users/admin/builder/spi-builder-workspace/.derivedData/SDKExplicitPrecompiledModules/_Builtin_intrinsics-437O2R2NID4WAQVENR63GR82C.pcm
SwiftExplicitDependencyGeneratePcm arm64 /Users/admin/builder/spi-builder-workspace/.derivedData/SDKExplicitPrecompiledModules/_Builtin_inttypes-6X1IQ3QK9KEVKXOK9Y79EW7J3.pcm
SwiftExplicitDependencyGeneratePcm arm64 /Users/admin/builder/spi-builder-workspace/.derivedData/SDKExplicitPrecompiledModules/Darwin-DBSQAVBBPC3D2OMU5ZI2RXMST.pcm
SwiftExplicitDependencyGeneratePcm arm64 /Users/admin/builder/spi-builder-workspace/.derivedData/SDKExplicitPrecompiledModules/simd-117QUXEUT3Z7UQCUYWV2UA228.pcm
SwiftExplicitDependencyGeneratePcm arm64 /Users/admin/builder/spi-builder-workspace/.derivedData/SDKExplicitPrecompiledModules/ObjectiveC-5250FDCE56N8508OR6XUYDKZM.pcm
SwiftExplicitDependencyGeneratePcm arm64 /Users/admin/builder/spi-builder-workspace/.derivedData/SDKExplicitPrecompiledModules/MachO-EH3F5PJCIZG05NO51CEFSZYPW.pcm
SwiftExplicitDependencyGeneratePcm arm64 /Users/admin/builder/spi-builder-workspace/.derivedData/SDKExplicitPrecompiledModules/os_object-E2DGZ0SX0TULQHULZRPO6OKNW.pcm
SwiftExplicitDependencyGeneratePcm arm64 /Users/admin/builder/spi-builder-workspace/.derivedData/SDKExplicitPrecompiledModules/os_workgroup-DBUFF7811DKMX7VPBOJPGGF1U.pcm
SwiftExplicitDependencyGeneratePcm arm64 /Users/admin/builder/spi-builder-workspace/.derivedData/SDKExplicitPrecompiledModules/Dispatch-1QL58A0V50C39KVAIC6C38SHL.pcm
SwiftExplicitDependencyGeneratePcm arm64 /Users/admin/builder/spi-builder-workspace/.derivedData/SDKExplicitPrecompiledModules/Spatial-7U8NLEFXSB8BR7PJQGVMF5A4Q.pcm
SwiftExplicitDependencyGeneratePcm arm64 /Users/admin/builder/spi-builder-workspace/.derivedData/SDKExplicitPrecompiledModules/XPC-6O2DJFT3QUJ7QKTD3SNUB6PCR.pcm
SwiftExplicitDependencyGeneratePcm arm64 /Users/admin/builder/spi-builder-workspace/.derivedData/SDKExplicitPrecompiledModules/CoreFoundation-7TPJ7ENDC4L1A1ESHYI9TXS0D.pcm
SwiftExplicitDependencyGeneratePcm arm64 /Users/admin/builder/spi-builder-workspace/.derivedData/SDKExplicitPrecompiledModules/os-3GJI8H0BNAEZPQPQ1V0VVY3FY.pcm
SwiftExplicitDependencyGeneratePcm arm64 /Users/admin/builder/spi-builder-workspace/.derivedData/SDKExplicitPrecompiledModules/Security-8VMXEKVDA3MHUH9AOTP905DID.pcm
SwiftExplicitDependencyGeneratePcm arm64 /Users/admin/builder/spi-builder-workspace/.derivedData/SDKExplicitPrecompiledModules/CFNetwork-2CUR2VK9S3S3WPFXPNXNUWYGN.pcm
SwiftExplicitDependencyGeneratePcm arm64 /Users/admin/builder/spi-builder-workspace/.derivedData/SDKExplicitPrecompiledModules/CoreGraphics-CWSP3J98S2658BYCVL6RP99T3.pcm
SwiftExplicitDependencyGeneratePcm arm64 /Users/admin/builder/spi-builder-workspace/.derivedData/SDKExplicitPrecompiledModules/Foundation-BSSIP64DIGUKMAYJOG1WPQ78X.pcm
SwiftExplicitDependencyGeneratePcm arm64 /Users/admin/builder/spi-builder-workspace/.derivedData/SDKExplicitPrecompiledModules/CoreText-59NY7PABM0I4V978161FOC04A.pcm
SwiftExplicitDependencyGeneratePcm arm64 /Users/admin/builder/spi-builder-workspace/.derivedData/SDKExplicitPrecompiledModules/ImageIO-88D4CLEBD4CLWQKT78PZ6H1O8.pcm
SwiftExplicitDependencyGeneratePcm arm64 /Users/admin/builder/spi-builder-workspace/.derivedData/SDKExplicitPrecompiledModules/UIUtilities-6ZFJ1AK4H8IBGEBMYQBWGBYLK.pcm
SwiftExplicitDependencyGeneratePcm arm64 /Users/admin/builder/spi-builder-workspace/.derivedData/SDKExplicitPrecompiledModules/IOSurface-38FJ1CKX9FV2RD97O64Z7QB17.pcm
SwiftExplicitDependencyGeneratePcm arm64 /Users/admin/builder/spi-builder-workspace/.derivedData/SDKExplicitPrecompiledModules/Accessibility-B6BODGZ4MQQTY0PBC4SHRP009.pcm
SwiftExplicitDependencyGeneratePcm arm64 /Users/admin/builder/spi-builder-workspace/.derivedData/SDKExplicitPrecompiledModules/UniformTypeIdentifiers-95CC8U42ZA9STP5K6GP9ZVJS5.pcm
SwiftExplicitDependencyGeneratePcm arm64 /Users/admin/builder/spi-builder-workspace/.derivedData/SDKExplicitPrecompiledModules/CoreTransferable-7V4O8DATEQ9F7SDNTCW8YWLG3.pcm
SwiftExplicitDependencyGeneratePcm arm64 /Users/admin/builder/spi-builder-workspace/.derivedData/SDKExplicitPrecompiledModules/_LocationEssentials-ETSJ65FELPWR8WH8G49R1DF2E.pcm
SwiftExplicitDependencyGeneratePcm arm64 /Users/admin/builder/spi-builder-workspace/.derivedData/SDKExplicitPrecompiledModules/DataDetection-37JIYZ2GWDA1L166PP1D9JKAF.pcm
SwiftExplicitDependencyGeneratePcm arm64 /Users/admin/builder/spi-builder-workspace/.derivedData/SDKExplicitPrecompiledModules/OSLog-7OT6HHTMY0ZFEQJ095LJZ6NLC.pcm
SwiftExplicitDependencyGeneratePcm arm64 /Users/admin/builder/spi-builder-workspace/.derivedData/SDKExplicitPrecompiledModules/Symbols-B5AU9VM9Y7NU79RLMH13Z4IFM.pcm
SwiftExplicitDependencyGeneratePcm arm64 /Users/admin/builder/spi-builder-workspace/.derivedData/SDKExplicitPrecompiledModules/UserNotifications-E9ZW5TH066WIJWH9080RC5NG4.pcm
SwiftExplicitDependencyGeneratePcm arm64 /Users/admin/builder/spi-builder-workspace/.derivedData/SDKExplicitPrecompiledModules/CoreLocation-YVXXAOMVX0JH2KO1XTTKTY51.pcm
SwiftExplicitDependencyGeneratePcm arm64 /Users/admin/builder/spi-builder-workspace/.derivedData/SDKExplicitPrecompiledModules/OpenGLES-4NY99CNDU9WUNUYEIXSS1QFGE.pcm
SwiftExplicitDependencyGeneratePcm arm64 /Users/admin/builder/spi-builder-workspace/.derivedData/SDKExplicitPrecompiledModules/Metal-2KYBS7IML1SD788M91YV7Q0CC.pcm
SwiftExplicitDependencyGeneratePcm arm64 /Users/admin/builder/spi-builder-workspace/.derivedData/SDKExplicitPrecompiledModules/CoreVideo-DPU0PB5X0XLSVA2ETRGI6FJBM.pcm
SwiftExplicitDependencyGeneratePcm arm64 /Users/admin/builder/spi-builder-workspace/.derivedData/SDKExplicitPrecompiledModules/CoreImage-7S2AFJ8EIY3DUFYLEAX1JR1QV.pcm
SwiftExplicitDependencyGeneratePcm arm64 /Users/admin/builder/spi-builder-workspace/.derivedData/SDKExplicitPrecompiledModules/QuartzCore-DJSYAWKXFGVSAK5CQMOB3JSR.pcm
SwiftExplicitDependencyGeneratePcm arm64 /Users/admin/builder/spi-builder-workspace/.derivedData/SDKExplicitPrecompiledModules/SwiftUICore-543QU5V2NHKUFCYFJDKUJ7NYG.pcm
SwiftExplicitDependencyGeneratePcm arm64 /Users/admin/builder/spi-builder-workspace/.derivedData/SDKExplicitPrecompiledModules/UIKit-1TKWN7VC2X6N3ITMRVA2G0EB2.pcm
SwiftEmitModule normal arm64 Emitting\ module\ for\ WWNetworking (in target 'WWNetworking' from project 'WWNetworking')
SwiftCompile normal arm64 (in target 'WWNetworking' from project 'WWNetworking')
    cd /Users/admin/builder/spi-builder-workspace/.swiftpm/xcode

SwiftCompile normal arm64 Compiling\ Networking.swift /Users/admin/builder/spi-builder-workspace/.dependencies/checkouts/WWNetworking/Sources/WWNetworking/Networking.swift (in target 'WWNetworking' from project 'WWNetworking')
SwiftCompile normal arm64 /Users/admin/builder/spi-builder-workspace/.dependencies/checkouts/WWNetworking/Sources/WWNetworking/Networking.swift (in target 'WWNetworking' from project 'WWNetworking')
    cd /Users/admin/builder/spi-builder-workspace/.swiftpm/xcode
    builtin-SwiftPerFileCompile Networking.swift
/Users/admin/builder/spi-builder-workspace/.dependencies/checkouts/WWNetworking/Sources/WWNetworking/Networking.swift:886:39: error: 'appending(component:directoryHint:)' is only available in tvOS 16.0 or newer
796 |
797 | // MARK: - 小工具
798 | private extension WWNetworking {
    |         `- note: add '@available' attribute to enclosing extension
799 |
800 |     /// [產生下載用的HttpTask - downloadTask() => URLSessionDownloadDelegate](https://developer.apple.com/documentation/foundation/urlsessiondownloaddelegate)
    :
877 |     /// - Parameter location: tmp檔位置
878 |     /// - Returns: Result<URL, any Error>
879 |     func moveLocationFile(at location: URL) -> Result<URL, any Error> {
    |          `- note: add '@available' attribute to enclosing instance method
880 |
881 |         guard let cachesDirectory = FileManager.default._cachesDirectory() else { return .failure(CustomError.isCachesDirectoryEmpty) }
    :
884 |
885 |         if #available(iOS 16.0, *) {
886 |             fileURL = cachesDirectory.appending(component: location.lastPathComponent)
    |                                       |- error: 'appending(component:directoryHint:)' is only available in tvOS 16.0 or newer
    |                                       `- note: add 'if #available' version check
887 |         } else {
888 |             fileURL = cachesDirectory.appendingPathComponent(location.lastPathComponent)
Failed frontend command:
/Applications/Xcode-27.0.0-Release.Candidate.app/Contents/Developer/Toolchains/XcodeDefault.xctoolchain/usr/bin/swift-frontend -frontend -c /Users/admin/builder/spi-builder-workspace/.derivedData/Build/Intermediates.noindex/WWNetworking.build/Debug-appletvos/WWNetworking-t.build/DerivedSources/resource_bundle_accessor.swift -primary-file /Users/admin/builder/spi-builder-workspace/.dependencies/checkouts/WWNetworking/Sources/WWNetworking/Networking.swift /Users/admin/builder/spi-builder-workspace/.dependencies/checkouts/WWNetworking/Sources/WWNetworking/Utility/Constant.swift /Users/admin/builder/spi-builder-workspace/.dependencies/checkouts/WWNetworking/Sources/WWNetworking/Utility/Extension.swift /Users/admin/builder/spi-builder-workspace/.dependencies/checkouts/WWNetworking/Sources/WWNetworking/Utility/Model.swift -emit-dependencies-path /Users/admin/builder/spi-builder-workspace/.derivedData/Build/Intermediates.noindex/WWNetworking.build/Debug-appletvos/WWNetworking-t.build/Objects-normal/arm64/Networking.d -emit-const-values-path /Users/admin/builder/spi-builder-workspace/.derivedData/Build/Intermediates.noindex/WWNetworking.build/Debug-appletvos/WWNetworking-t.build/Objects-normal/arm64/Networking.swiftconstvalues -emit-reference-dependencies-path /Users/admin/builder/spi-builder-workspace/.derivedData/Build/Intermediates.noindex/WWNetworking.build/Debug-appletvos/WWNetworking-t.build/Objects-normal/arm64/Networking.swiftdeps -serialize-diagnostics-path /Users/admin/builder/spi-builder-workspace/.derivedData/Build/Intermediates.noindex/WWNetworking.build/Debug-appletvos/WWNetworking-t.build/Objects-normal/arm64/Networking.dia -target arm64-apple-tvos15.0 -disable-cross-import-overlay-search -load-resolved-plugin /Applications/Xcode-27.0.0-Release.Candidate.app/Contents/Developer/Platforms/AppleTVOS.platform/Developer/usr/lib/swift/host/plugins/libFoundationMacros.dylib\#/Applications/Xcode-27.0.0-Release.Candidate.app/Contents/Developer/Platforms/AppleTVOS.platform/Developer/usr/bin/swift-plugin-server\#FoundationMacros -load-resolved-plugin /Applications/Xcode-27.0.0-Release.Candidate.app/Contents/Developer/Platforms/AppleTVOS.platform/Developer/usr/lib/swift/host/plugins/libObservationMacros.dylib\#/Applications/Xcode-27.0.0-Release.Candidate.app/Contents/Developer/Platforms/AppleTVOS.platform/Developer/usr/bin/swift-plugin-server\#ObservationMacros -load-resolved-plugin /Applications/Xcode-27.0.0-Release.Candidate.app/Contents/Developer/Platforms/AppleTVOS.platform/Developer/usr/lib/swift/host/plugins/libPreviewsMacros.dylib\#/Applications/Xcode-27.0.0-Release.Candidate.app/Contents/Developer/Platforms/AppleTVOS.platform/Developer/usr/bin/swift-plugin-server\#PreviewsMacros -load-resolved-plugin /Applications/Xcode-27.0.0-Release.Candidate.app/Contents/Developer/Platforms/AppleTVOS.platform/Developer/usr/lib/swift/host/plugins/libSwiftMacros.dylib\#/Applications/Xcode-27.0.0-Release.Candidate.app/Contents/Developer/Platforms/AppleTVOS.platform/Developer/usr/bin/swift-plugin-server\#SwiftMacros -load-resolved-plugin /Applications/Xcode-27.0.0-Release.Candidate.app/Contents/Developer/Platforms/AppleTVOS.platform/Developer/usr/lib/swift/host/plugins/libSwiftUIMacros.dylib\#/Applications/Xcode-27.0.0-Release.Candidate.app/Contents/Developer/Platforms/AppleTVOS.platform/Developer/usr/bin/swift-plugin-server\#SwiftUIMacros -disable-implicit-swift-modules -Xcc -fno-implicit-modules -Xcc -fno-implicit-module-maps -explicit-swift-module-map-file /Users/admin/builder/spi-builder-workspace/.derivedData/Build/Intermediates.noindex/WWNetworking.build/Debug-appletvos/WWNetworking-t.build/Objects-normal/arm64/WWNetworking-dependencies-1.json -Xllvm -aarch64-use-tbi -enable-objc-interop -stack-check -sdk /Applications/Xcode-27.0.0-Release.Candidate.app/Contents/Developer/Platforms/AppleTVOS.platform/Developer/SDKs/AppleTVOS27.0.sdk -I /Users/admin/builder/spi-builder-workspace/.derivedData/Build/Products/Debug-appletvos -Isystem /Applications/Xcode-27.0.0-Release.Candidate.app/Contents/Developer/Platforms/AppleTVOS.platform/Developer/usr/lib -F /Users/admin/builder/spi-builder-workspace/.derivedData/Build/Products/Debug-appletvos -F /Applications/Xcode-27.0.0-Release.Candidate.app/Contents/Developer/Platforms/AppleTVOS.platform/Developer/Library/Frameworks -F /Applications/Xcode-27.0.0-Release.Candidate.app/Contents/Developer/Platforms/AppleTVOS.platform/Developer/SDKs/AppleTVOS27.0.sdk/Developer/Library/Frameworks -module-cache-path /Users/admin/builder/spi-builder-workspace/.derivedData/Build/Intermediates.noindex/SwiftExplicitPrecompiledModules -no-color-diagnostics -Xcc -fno-color-diagnostics -enable-testing -g -debug-info-format\=dwarf -dwarf-version\=4 -suppress-warnings -swift-version 5 -Onone -D SWIFT_PACKAGE -D DEBUG -D SWIFT_MODULE_RESOURCE_BUNDLE_AVAILABLE -D Xcode -serialize-debugging-options -enable-experimental-feature DebugDescriptionMacro -empty-abi-descriptor -validate-clang-modules-once -clang-build-session-file /Users/admin/builder/spi-builder-workspace/.derivedData/ModuleCache.noindex/Session.modulevalidation -Xcc -working-directory -Xcc /Users/admin/builder/spi-builder-workspace/.swiftpm/xcode -enable-anonymous-context-mangled-names -file-compilation-dir /Users/admin/builder/spi-builder-workspace/.swiftpm/xcode -Xcc -D_LIBCPP_HARDENING_MODE\=_LIBCPP_HARDENING_MODE_DEBUG -Xcc -ivfsstatcache -Xcc /Users/admin/builder/spi-builder-workspace/.derivedData/SDKStatCaches.noindex/appletvos27.0-24J360-e829b21a6f8c9b70876ba0858053c044b32bfd8d43560033f8d89884cdb90028.sdkstatcache -Xcc -fmodules-prune-interval\=86400 -Xcc -fmodules-prune-after\=345600 -Xcc -I/Users/admin/builder/spi-builder-workspace/.derivedData/Build/Products/Debug-appletvos/include -Xcc -I/Users/admin/builder/spi-builder-workspace/.derivedData/Build/Intermediates.noindex/WWNetworking.build/Debug-appletvos/WWNetworking-t.build/DerivedSources-normal/arm64 -Xcc -I/Users/admin/builder/spi-builder-workspace/.derivedData/Build/Intermediates.noindex/WWNetworking.build/Debug-appletvos/WWNetworking-t.build/DerivedSources/arm64 -Xcc -I/Users/admin/builder/spi-builder-workspace/.derivedData/Build/Intermediates.noindex/WWNetworking.build/Debug-appletvos/WWNetworking-t.build/DerivedSources -Xcc -DSWIFT_PACKAGE -Xcc -DDEBUG\=1 -no-auto-bridging-header-chaining -module-name WWNetworking -const-gather-protocols-file /Users/admin/builder/spi-builder-workspace/.derivedData/Build/Intermediates.noindex/WWNetworking.build/Debug-appletvos/WWNetworking-t.build/Objects-normal/arm64/WWNetworking_const_extract_protocols.json -disable-clang-spi -clang-target arm64-apple-tvos27.0 -target-sdk-version 27.0 -target-sdk-name appletvos27.0 -in-process-plugin-server-path /Applications/Xcode-27.0.0-Release.Candidate.app/Contents/Developer/Toolchains/XcodeDefault.xctoolchain/usr/lib/swift/host/libSwiftInProcPluginServer.dylib -parse-as-library -o /Users/admin/builder/spi-builder-workspace/.derivedData/Build/Intermediates.noindex/WWNetworking.build/Debug-appletvos/WWNetworking-t.build/Objects-normal/arm64/Networking.o -debug-module-path /Users/admin/builder/spi-builder-workspace/.derivedData/Build/Intermediates.noindex/WWNetworking.build/Debug-appletvos/WWNetworking-t.build/Objects-normal/arm64/WWNetworking.swiftmodule -index-unit-output-path /WWNetworking.build/Debug-appletvos/WWNetworking-t.build/Objects-normal/arm64/Networking.o -index-store-path /Users/admin/builder/spi-builder-workspace/.derivedData/Index.noindex/DataStore -index-system-modules
SwiftCompile normal arm64 Compiling\ Extension.swift /Users/admin/builder/spi-builder-workspace/.dependencies/checkouts/WWNetworking/Sources/WWNetworking/Utility/Extension.swift (in target 'WWNetworking' from project 'WWNetworking')
SwiftCompile normal arm64 /Users/admin/builder/spi-builder-workspace/.dependencies/checkouts/WWNetworking/Sources/WWNetworking/Utility/Extension.swift (in target 'WWNetworking' from project 'WWNetworking')
    cd /Users/admin/builder/spi-builder-workspace/.swiftpm/xcode
    builtin-SwiftPerFileCompile Extension.swift
SwiftCompile normal arm64 Compiling\ Model.swift /Users/admin/builder/spi-builder-workspace/.dependencies/checkouts/WWNetworking/Sources/WWNetworking/Utility/Model.swift (in target 'WWNetworking' from project 'WWNetworking')
SwiftCompile normal arm64 /Users/admin/builder/spi-builder-workspace/.dependencies/checkouts/WWNetworking/Sources/WWNetworking/Utility/Model.swift (in target 'WWNetworking' from project 'WWNetworking')
    cd /Users/admin/builder/spi-builder-workspace/.swiftpm/xcode
    builtin-SwiftPerFileCompile Model.swift
SwiftCompile normal arm64 Compiling\ Constant.swift /Users/admin/builder/spi-builder-workspace/.dependencies/checkouts/WWNetworking/Sources/WWNetworking/Utility/Constant.swift (in target 'WWNetworking' from project 'WWNetworking')
SwiftCompile normal arm64 /Users/admin/builder/spi-builder-workspace/.dependencies/checkouts/WWNetworking/Sources/WWNetworking/Utility/Constant.swift (in target 'WWNetworking' from project 'WWNetworking')
    cd /Users/admin/builder/spi-builder-workspace/.swiftpm/xcode
    builtin-SwiftPerFileCompile Constant.swift
SwiftCompile normal arm64 Compiling\ resource_bundle_accessor.swift /Users/admin/builder/spi-builder-workspace/.derivedData/Build/Intermediates.noindex/WWNetworking.build/Debug-appletvos/WWNetworking-t.build/DerivedSources/resource_bundle_accessor.swift (in target 'WWNetworking' from project 'WWNetworking')
SwiftCompile normal arm64 /Users/admin/builder/spi-builder-workspace/.derivedData/Build/Intermediates.noindex/WWNetworking.build/Debug-appletvos/WWNetworking-t.build/DerivedSources/resource_bundle_accessor.swift (in target 'WWNetworking' from project 'WWNetworking')
    cd /Users/admin/builder/spi-builder-workspace/.swiftpm/xcode
    builtin-SwiftPerFileCompile resource_bundle_accessor.swift
SwiftDriverJobDiscovery normal arm64 Emitting module for WWNetworking (in target 'WWNetworking' from project 'WWNetworking')
SwiftDriver\ Compilation\ Requirements WWNetworking normal arm64 com.apple.xcode.tools.swift.compiler (in target 'WWNetworking' from project 'WWNetworking')
    cd /Users/admin/builder/spi-builder-workspace/.swiftpm/xcode
    builtin-Swift-Compilation-Requirements -- /Applications/Xcode-27.0.0-Release.Candidate.app/Contents/Developer/Toolchains/XcodeDefault.xctoolchain/usr/bin/swiftc -parse-as-library -module-name WWNetworking -Onone @/Users/admin/builder/spi-builder-workspace/.derivedData/Build/Intermediates.noindex/WWNetworking.build/Debug-appletvos/WWNetworking-t.build/Objects-normal/arm64/WWNetworking.SwiftFileList -DSWIFT_PACKAGE -DDEBUG -DSWIFT_MODULE_RESOURCE_BUNDLE_AVAILABLE -DXcode -plugin-path /Applications/Xcode-27.0.0-Release.Candidate.app/Contents/Developer/Toolchains/XcodeDefault.xctoolchain/usr/lib/swift/host/plugins/testing -enable-experimental-feature DebugDescriptionMacro -sdk /Applications/Xcode-27.0.0-Release.Candidate.app/Contents/Developer/Platforms/AppleTVOS.platform/Developer/SDKs/AppleTVOS27.0.sdk -target arm64-apple-tvos15.0 -g -module-cache-path /Users/admin/builder/spi-builder-workspace/.derivedData/ModuleCache.noindex -Xfrontend -serialize-debugging-options -enable-testing -suppress-warnings -index-store-path /Users/admin/builder/spi-builder-workspace/.derivedData/Index.noindex/DataStore -Xcc -D_LIBCPP_HARDENING_MODE\=_LIBCPP_HARDENING_MODE_DEBUG -swift-version 5 -I /Users/admin/builder/spi-builder-workspace/.derivedData/Build/Products/Debug-appletvos -Isystem /Applications/Xcode-27.0.0-Release.Candidate.app/Contents/Developer/Platforms/AppleTVOS.platform/Developer/usr/lib -F /Users/admin/builder/spi-builder-workspace/.derivedData/Build/Products/Debug-appletvos -F /Applications/Xcode-27.0.0-Release.Candidate.app/Contents/Developer/Platforms/AppleTVOS.platform/Developer/Library/Frameworks -F /Applications/Xcode-27.0.0-Release.Candidate.app/Contents/Developer/Platforms/AppleTVOS.platform/Developer/SDKs/AppleTVOS27.0.sdk/Developer/Library/Frameworks -c -j10 -enable-batch-mode -incremental -Xcc -ivfsstatcache -Xcc /Users/admin/builder/spi-builder-workspace/.derivedData/SDKStatCaches.noindex/appletvos27.0-24J360-e829b21a6f8c9b70876ba0858053c044b32bfd8d43560033f8d89884cdb90028.sdkstatcache -output-file-map /Users/admin/builder/spi-builder-workspace/.derivedData/Build/Intermediates.noindex/WWNetworking.build/Debug-appletvos/WWNetworking-t.build/Objects-normal/arm64/WWNetworking-OutputFileMap.json -save-temps -no-color-diagnostics -explicit-module-build -module-cache-path /Users/admin/builder/spi-builder-workspace/.derivedData/Build/Intermediates.noindex/SwiftExplicitPrecompiledModules -clang-scanner-module-cache-path /Users/admin/builder/spi-builder-workspace/.derivedData/ModuleCache.noindex -sdk-module-cache-path /Users/admin/builder/spi-builder-workspace/.derivedData/SDKExplicitPrecompiledModules -emit-dependencies -emit-module -emit-module-path /Users/admin/builder/spi-builder-workspace/.derivedData/Build/Intermediates.noindex/WWNetworking.build/Debug-appletvos/WWNetworking-t.build/Objects-normal/arm64/WWNetworking.swiftmodule -serialize-diagnostics -dependency-scan-serialize-diagnostics-path /Users/admin/builder/spi-builder-workspace/.derivedData/Build/Intermediates.noindex/WWNetworking.build/Debug-appletvos/WWNetworking-t.build/Objects-normal/arm64/WWNetworking-dependency-scan.dia -validate-clang-modules-once -clang-build-session-file /Users/admin/builder/spi-builder-workspace/.derivedData/ModuleCache.noindex/Session.modulevalidation -Xcc -fmodules-prune-interval\=86400 -Xcc -fmodules-prune-after\=345600 -emit-const-values -const-gather-protocols-list /Users/admin/builder/spi-builder-workspace/.derivedData/Build/Intermediates.noindex/WWNetworking.build/Debug-appletvos/WWNetworking-t.build/Objects-normal/arm64/WWNetworking_const_extract_protocols.json -Xcc -I/Users/admin/builder/spi-builder-workspace/.derivedData/Build/Products/Debug-appletvos/include -Xcc -I/Users/admin/builder/spi-builder-workspace/.derivedData/Build/Intermediates.noindex/WWNetworking.build/Debug-appletvos/WWNetworking-t.build/DerivedSources-normal/arm64 -Xcc -I/Users/admin/builder/spi-builder-workspace/.derivedData/Build/Intermediates.noindex/WWNetworking.build/Debug-appletvos/WWNetworking-t.build/DerivedSources/arm64 -Xcc -I/Users/admin/builder/spi-builder-workspace/.derivedData/Build/Intermediates.noindex/WWNetworking.build/Debug-appletvos/WWNetworking-t.build/DerivedSources -Xcc -DSWIFT_PACKAGE -Xcc -DDEBUG\=1 -emit-objc-header -emit-objc-header-path /Users/admin/builder/spi-builder-workspace/.derivedData/Build/Intermediates.noindex/WWNetworking.build/Debug-appletvos/WWNetworking-t.build/Objects-normal/arm64/WWNetworking-Swift.h -working-directory /Users/admin/builder/spi-builder-workspace/.swiftpm/xcode -experimental-emit-module-separately -disable-cmo
SwiftMergeGeneratedHeaders /Users/admin/builder/spi-builder-workspace/.derivedData/Build/Intermediates.noindex/GeneratedModuleMaps-appletvos/WWNetworking-Swift.h /Users/admin/builder/spi-builder-workspace/.derivedData/Build/Intermediates.noindex/WWNetworking.build/Debug-appletvos/WWNetworking-t.build/Objects-normal/arm64/WWNetworking-Swift.h (in target 'WWNetworking' from project 'WWNetworking')
    cd /Users/admin/builder/spi-builder-workspace/.dependencies/checkouts/WWNetworking
    builtin-swiftHeaderTool -arch arm64 /Users/admin/builder/spi-builder-workspace/.derivedData/Build/Intermediates.noindex/WWNetworking.build/Debug-appletvos/WWNetworking-t.build/Objects-normal/arm64/WWNetworking-Swift.h -o /Users/admin/builder/spi-builder-workspace/.derivedData/Build/Intermediates.noindex/GeneratedModuleMaps-appletvos/WWNetworking-Swift.h
Copy /Users/admin/builder/spi-builder-workspace/.derivedData/Build/Products/Debug-appletvos/WWNetworking.swiftmodule/arm64-apple-tvos.swiftmodule /Users/admin/builder/spi-builder-workspace/.derivedData/Build/Intermediates.noindex/WWNetworking.build/Debug-appletvos/WWNetworking-t.build/Objects-normal/arm64/WWNetworking.swiftmodule (in target 'WWNetworking' from project 'WWNetworking')
    cd /Users/admin/builder/spi-builder-workspace/.dependencies/checkouts/WWNetworking
    builtin-copy -exclude .DS_Store -exclude CVS -exclude .svn -exclude .git -exclude .hg -resolve-src-symlinks -rename /Users/admin/builder/spi-builder-workspace/.derivedData/Build/Intermediates.noindex/WWNetworking.build/Debug-appletvos/WWNetworking-t.build/Objects-normal/arm64/WWNetworking.swiftmodule /Users/admin/builder/spi-builder-workspace/.derivedData/Build/Products/Debug-appletvos/WWNetworking.swiftmodule/arm64-apple-tvos.swiftmodule
Copy /Users/admin/builder/spi-builder-workspace/.derivedData/Build/Products/Debug-appletvos/WWNetworking.swiftmodule/arm64-apple-tvos.abi.json /Users/admin/builder/spi-builder-workspace/.derivedData/Build/Intermediates.noindex/WWNetworking.build/Debug-appletvos/WWNetworking-t.build/Objects-normal/arm64/WWNetworking.abi.json (in target 'WWNetworking' from project 'WWNetworking')
    cd /Users/admin/builder/spi-builder-workspace/.dependencies/checkouts/WWNetworking
    builtin-copy -exclude .DS_Store -exclude CVS -exclude .svn -exclude .git -exclude .hg -resolve-src-symlinks -rename /Users/admin/builder/spi-builder-workspace/.derivedData/Build/Intermediates.noindex/WWNetworking.build/Debug-appletvos/WWNetworking-t.build/Objects-normal/arm64/WWNetworking.abi.json /Users/admin/builder/spi-builder-workspace/.derivedData/Build/Products/Debug-appletvos/WWNetworking.swiftmodule/arm64-apple-tvos.abi.json
Copy /Users/admin/builder/spi-builder-workspace/.derivedData/Build/Products/Debug-appletvos/WWNetworking.swiftmodule/arm64-apple-tvos.swiftdoc /Users/admin/builder/spi-builder-workspace/.derivedData/Build/Intermediates.noindex/WWNetworking.build/Debug-appletvos/WWNetworking-t.build/Objects-normal/arm64/WWNetworking.swiftdoc (in target 'WWNetworking' from project 'WWNetworking')
    cd /Users/admin/builder/spi-builder-workspace/.dependencies/checkouts/WWNetworking
    builtin-copy -exclude .DS_Store -exclude CVS -exclude .svn -exclude .git -exclude .hg -resolve-src-symlinks -rename /Users/admin/builder/spi-builder-workspace/.derivedData/Build/Intermediates.noindex/WWNetworking.build/Debug-appletvos/WWNetworking-t.build/Objects-normal/arm64/WWNetworking.swiftdoc /Users/admin/builder/spi-builder-workspace/.derivedData/Build/Products/Debug-appletvos/WWNetworking.swiftmodule/arm64-apple-tvos.swiftdoc
Copy /Users/admin/builder/spi-builder-workspace/.derivedData/Build/Products/Debug-appletvos/WWNetworking.swiftmodule/Project/arm64-apple-tvos.swiftsourceinfo /Users/admin/builder/spi-builder-workspace/.derivedData/Build/Intermediates.noindex/WWNetworking.build/Debug-appletvos/WWNetworking-t.build/Objects-normal/arm64/WWNetworking.swiftsourceinfo (in target 'WWNetworking' from project 'WWNetworking')
    cd /Users/admin/builder/spi-builder-workspace/.dependencies/checkouts/WWNetworking
    builtin-copy -exclude .DS_Store -exclude CVS -exclude .svn -exclude .git -exclude .hg -resolve-src-symlinks -rename /Users/admin/builder/spi-builder-workspace/.derivedData/Build/Intermediates.noindex/WWNetworking.build/Debug-appletvos/WWNetworking-t.build/Objects-normal/arm64/WWNetworking.swiftsourceinfo /Users/admin/builder/spi-builder-workspace/.derivedData/Build/Products/Debug-appletvos/WWNetworking.swiftmodule/Project/arm64-apple-tvos.swiftsourceinfo
SwiftDriver WWSimpleAI_Ollama normal arm64 com.apple.xcode.tools.swift.compiler (in target 'WWSimpleAI_Ollama' from project 'WWSimpleAI_Ollama')
    cd /Users/admin/builder/spi-builder-workspace/.swiftpm/xcode
    builtin-SwiftDriver -- /Applications/Xcode-27.0.0-Release.Candidate.app/Contents/Developer/Toolchains/XcodeDefault.xctoolchain/usr/bin/swiftc -parse-as-library -module-name WWSimpleAI_Ollama -Onone @/Users/admin/builder/spi-builder-workspace/.derivedData/Build/Intermediates.noindex/WWSimpleAI_Ollama.build/Debug-appletvos/WWSimpleAI_Ollama-t.build/Objects-normal/arm64/WWSimpleAI_Ollama.SwiftFileList -DSWIFT_PACKAGE -DDEBUG -DSWIFT_MODULE_RESOURCE_BUNDLE_AVAILABLE -DXcode -plugin-path /Applications/Xcode-27.0.0-Release.Candidate.app/Contents/Developer/Toolchains/XcodeDefault.xctoolchain/usr/lib/swift/host/plugins/testing -enable-experimental-feature DebugDescriptionMacro -sdk /Applications/Xcode-27.0.0-Release.Candidate.app/Contents/Developer/Platforms/AppleTVOS.platform/Developer/SDKs/AppleTVOS27.0.sdk -target arm64-apple-tvos16.0 -g -module-cache-path /Users/admin/builder/spi-builder-workspace/.derivedData/ModuleCache.noindex -Xfrontend -serialize-debugging-options -enable-testing -suppress-warnings -index-store-path /Users/admin/builder/spi-builder-workspace/.derivedData/Index.noindex/DataStore -Xcc -D_LIBCPP_HARDENING_MODE\=_LIBCPP_HARDENING_MODE_DEBUG -swift-version 5 -I /Users/admin/builder/spi-builder-workspace/.derivedData/Build/Products/Debug-appletvos -Isystem /Applications/Xcode-27.0.0-Release.Candidate.app/Contents/Developer/Platforms/AppleTVOS.platform/Developer/usr/lib -F /Users/admin/builder/spi-builder-workspace/.derivedData/Build/Products/Debug-appletvos/PackageFrameworks -F /Users/admin/builder/spi-builder-workspace/.derivedData/Build/Products/Debug-appletvos -F /Applications/Xcode-27.0.0-Release.Candidate.app/Contents/Developer/Platforms/AppleTVOS.platform/Developer/Library/Frameworks -F /Applications/Xcode-27.0.0-Release.Candidate.app/Contents/Developer/Platforms/AppleTVOS.platform/Developer/SDKs/AppleTVOS27.0.sdk/Developer/Library/Frameworks -c -j10 -enable-batch-mode -incremental -Xcc -ivfsstatcache -Xcc /Users/admin/builder/spi-builder-workspace/.derivedData/SDKStatCaches.noindex/appletvos27.0-24J360-e829b21a6f8c9b70876ba0858053c044b32bfd8d43560033f8d89884cdb90028.sdkstatcache -output-file-map /Users/admin/builder/spi-builder-workspace/.derivedData/Build/Intermediates.noindex/WWSimpleAI_Ollama.build/Debug-appletvos/WWSimpleAI_Ollama-t.build/Objects-normal/arm64/WWSimpleAI_Ollama-OutputFileMap.json -save-temps -no-color-diagnostics -explicit-module-build -module-cache-path /Users/admin/builder/spi-builder-workspace/.derivedData/Build/Intermediates.noindex/SwiftExplicitPrecompiledModules -clang-scanner-module-cache-path /Users/admin/builder/spi-builder-workspace/.derivedData/ModuleCache.noindex -sdk-module-cache-path /Users/admin/builder/spi-builder-workspace/.derivedData/SDKExplicitPrecompiledModules -emit-dependencies -emit-module -emit-module-path /Users/admin/builder/spi-builder-workspace/.derivedData/Build/Intermediates.noindex/WWSimpleAI_Ollama.build/Debug-appletvos/WWSimpleAI_Ollama-t.build/Objects-normal/arm64/WWSimpleAI_Ollama.swiftmodule -serialize-diagnostics -dependency-scan-serialize-diagnostics-path /Users/admin/builder/spi-builder-workspace/.derivedData/Build/Intermediates.noindex/WWSimpleAI_Ollama.build/Debug-appletvos/WWSimpleAI_Ollama-t.build/Objects-normal/arm64/WWSimpleAI_Ollama-dependency-scan.dia -validate-clang-modules-once -clang-build-session-file /Users/admin/builder/spi-builder-workspace/.derivedData/ModuleCache.noindex/Session.modulevalidation -Xcc -fmodules-prune-interval\=86400 -Xcc -fmodules-prune-after\=345600 -emit-const-values -const-gather-protocols-list /Users/admin/builder/spi-builder-workspace/.derivedData/Build/Intermediates.noindex/WWSimpleAI_Ollama.build/Debug-appletvos/WWSimpleAI_Ollama-t.build/Objects-normal/arm64/WWSimpleAI_Ollama_const_extract_protocols.json -Xcc -I/Users/admin/builder/spi-builder-workspace/.derivedData/Build/Products/Debug-appletvos/include -Xcc -I/Users/admin/builder/spi-builder-workspace/.derivedData/Build/Intermediates.noindex/WWSimpleAI_Ollama.build/Debug-appletvos/WWSimpleAI_Ollama-t.build/DerivedSources-normal/arm64 -Xcc -I/Users/admin/builder/spi-builder-workspace/.derivedData/Build/Intermediates.noindex/WWSimpleAI_Ollama.build/Debug-appletvos/WWSimpleAI_Ollama-t.build/DerivedSources/arm64 -Xcc -I/Users/admin/builder/spi-builder-workspace/.derivedData/Build/Intermediates.noindex/WWSimpleAI_Ollama.build/Debug-appletvos/WWSimpleAI_Ollama-t.build/DerivedSources -Xcc -DSWIFT_PACKAGE -Xcc -DDEBUG\=1 -emit-objc-header -emit-objc-header-path /Users/admin/builder/spi-builder-workspace/.derivedData/Build/Intermediates.noindex/WWSimpleAI_Ollama.build/Debug-appletvos/WWSimpleAI_Ollama-t.build/Objects-normal/arm64/WWSimpleAI_Ollama-Swift.h -working-directory /Users/admin/builder/spi-builder-workspace/.swiftpm/xcode -experimental-emit-module-separately -disable-cmo
SwiftCompile normal arm64 Compiling\ Model.swift /Users/admin/builder/spi-builder-workspace/.dependencies/checkouts/WWSimpleAI_Ollama/Sources/WWSimpleAI_Ollama/Utility/Model.swift (in target 'WWSimpleAI_Ollama' from project 'WWSimpleAI_Ollama')
SwiftCompile normal arm64 /Users/admin/builder/spi-builder-workspace/.dependencies/checkouts/WWSimpleAI_Ollama/Sources/WWSimpleAI_Ollama/Utility/Model.swift (in target 'WWSimpleAI_Ollama' from project 'WWSimpleAI_Ollama')
    cd /Users/admin/builder/spi-builder-workspace/.swiftpm/xcode
    builtin-SwiftPerFileCompile Model.swift
SwiftEmitModule normal arm64 Emitting\ module\ for\ WWSimpleAI_Ollama (in target 'WWSimpleAI_Ollama' from project 'WWSimpleAI_Ollama')
SwiftCompile normal arm64 (in target 'WWSimpleAI_Ollama' from project 'WWSimpleAI_Ollama')
    cd /Users/admin/builder/spi-builder-workspace/.swiftpm/xcode

SwiftCompile normal arm64 Compiling\ WWSimpleAI.swift /Users/admin/builder/spi-builder-workspace/.dependencies/checkouts/WWSimpleAI_Ollama/Sources/WWSimpleAI_Ollama/WWSimpleAI.swift (in target 'WWSimpleAI_Ollama' from project 'WWSimpleAI_Ollama')
SwiftCompile normal arm64 /Users/admin/builder/spi-builder-workspace/.dependencies/checkouts/WWSimpleAI_Ollama/Sources/WWSimpleAI_Ollama/WWSimpleAI.swift (in target 'WWSimpleAI_Ollama' from project 'WWSimpleAI_Ollama')
    cd /Users/admin/builder/spi-builder-workspace/.swiftpm/xcode
    builtin-SwiftPerFileCompile WWSimpleAI.swift
SwiftCompile normal arm64 Compiling\ Constant.swift /Users/admin/builder/spi-builder-workspace/.dependencies/checkouts/WWSimpleAI_Ollama/Sources/WWSimpleAI_Ollama/Utility/Constant.swift (in target 'WWSimpleAI_Ollama' from project 'WWSimpleAI_Ollama')
SwiftCompile normal arm64 /Users/admin/builder/spi-builder-workspace/.dependencies/checkouts/WWSimpleAI_Ollama/Sources/WWSimpleAI_Ollama/Utility/Constant.swift (in target 'WWSimpleAI_Ollama' from project 'WWSimpleAI_Ollama')
    cd /Users/admin/builder/spi-builder-workspace/.swiftpm/xcode
    builtin-SwiftPerFileCompile Constant.swift
SwiftCompile normal arm64 Compiling\ Extension.swift /Users/admin/builder/spi-builder-workspace/.dependencies/checkouts/WWSimpleAI_Ollama/Sources/WWSimpleAI_Ollama/Utility/Extension.swift (in target 'WWSimpleAI_Ollama' from project 'WWSimpleAI_Ollama')
SwiftCompile normal arm64 /Users/admin/builder/spi-builder-workspace/.dependencies/checkouts/WWSimpleAI_Ollama/Sources/WWSimpleAI_Ollama/Utility/Extension.swift (in target 'WWSimpleAI_Ollama' from project 'WWSimpleAI_Ollama')
    cd /Users/admin/builder/spi-builder-workspace/.swiftpm/xcode
    builtin-SwiftPerFileCompile Extension.swift
SwiftCompile normal arm64 Compiling\ WWSimpleAI_Ollama.swift /Users/admin/builder/spi-builder-workspace/.dependencies/checkouts/WWSimpleAI_Ollama/Sources/WWSimpleAI_Ollama/WWSimpleAI_Ollama.swift (in target 'WWSimpleAI_Ollama' from project 'WWSimpleAI_Ollama')
SwiftCompile normal arm64 /Users/admin/builder/spi-builder-workspace/.dependencies/checkouts/WWSimpleAI_Ollama/Sources/WWSimpleAI_Ollama/WWSimpleAI_Ollama.swift (in target 'WWSimpleAI_Ollama' from project 'WWSimpleAI_Ollama')
    cd /Users/admin/builder/spi-builder-workspace/.swiftpm/xcode
    builtin-SwiftPerFileCompile WWSimpleAI_Ollama.swift
SwiftDriverJobDiscovery normal arm64 Emitting module for WWSimpleAI_Ollama (in target 'WWSimpleAI_Ollama' from project 'WWSimpleAI_Ollama')
SwiftDriver\ Compilation\ Requirements WWSimpleAI_Ollama normal arm64 com.apple.xcode.tools.swift.compiler (in target 'WWSimpleAI_Ollama' from project 'WWSimpleAI_Ollama')
    cd /Users/admin/builder/spi-builder-workspace/.swiftpm/xcode
    builtin-Swift-Compilation-Requirements -- /Applications/Xcode-27.0.0-Release.Candidate.app/Contents/Developer/Toolchains/XcodeDefault.xctoolchain/usr/bin/swiftc -parse-as-library -module-name WWSimpleAI_Ollama -Onone @/Users/admin/builder/spi-builder-workspace/.derivedData/Build/Intermediates.noindex/WWSimpleAI_Ollama.build/Debug-appletvos/WWSimpleAI_Ollama-t.build/Objects-normal/arm64/WWSimpleAI_Ollama.SwiftFileList -DSWIFT_PACKAGE -DDEBUG -DSWIFT_MODULE_RESOURCE_BUNDLE_AVAILABLE -DXcode -plugin-path /Applications/Xcode-27.0.0-Release.Candidate.app/Contents/Developer/Toolchains/XcodeDefault.xctoolchain/usr/lib/swift/host/plugins/testing -enable-experimental-feature DebugDescriptionMacro -sdk /Applications/Xcode-27.0.0-Release.Candidate.app/Contents/Developer/Platforms/AppleTVOS.platform/Developer/SDKs/AppleTVOS27.0.sdk -target arm64-apple-tvos16.0 -g -module-cache-path /Users/admin/builder/spi-builder-workspace/.derivedData/ModuleCache.noindex -Xfrontend -serialize-debugging-options -enable-testing -suppress-warnings -index-store-path /Users/admin/builder/spi-builder-workspace/.derivedData/Index.noindex/DataStore -Xcc -D_LIBCPP_HARDENING_MODE\=_LIBCPP_HARDENING_MODE_DEBUG -swift-version 5 -I /Users/admin/builder/spi-builder-workspace/.derivedData/Build/Products/Debug-appletvos -Isystem /Applications/Xcode-27.0.0-Release.Candidate.app/Contents/Developer/Platforms/AppleTVOS.platform/Developer/usr/lib -F /Users/admin/builder/spi-builder-workspace/.derivedData/Build/Products/Debug-appletvos/PackageFrameworks -F /Users/admin/builder/spi-builder-workspace/.derivedData/Build/Products/Debug-appletvos -F /Applications/Xcode-27.0.0-Release.Candidate.app/Contents/Developer/Platforms/AppleTVOS.platform/Developer/Library/Frameworks -F /Applications/Xcode-27.0.0-Release.Candidate.app/Contents/Developer/Platforms/AppleTVOS.platform/Developer/SDKs/AppleTVOS27.0.sdk/Developer/Library/Frameworks -c -j10 -enable-batch-mode -incremental -Xcc -ivfsstatcache -Xcc /Users/admin/builder/spi-builder-workspace/.derivedData/SDKStatCaches.noindex/appletvos27.0-24J360-e829b21a6f8c9b70876ba0858053c044b32bfd8d43560033f8d89884cdb90028.sdkstatcache -output-file-map /Users/admin/builder/spi-builder-workspace/.derivedData/Build/Intermediates.noindex/WWSimpleAI_Ollama.build/Debug-appletvos/WWSimpleAI_Ollama-t.build/Objects-normal/arm64/WWSimpleAI_Ollama-OutputFileMap.json -save-temps -no-color-diagnostics -explicit-module-build -module-cache-path /Users/admin/builder/spi-builder-workspace/.derivedData/Build/Intermediates.noindex/SwiftExplicitPrecompiledModules -clang-scanner-module-cache-path /Users/admin/builder/spi-builder-workspace/.derivedData/ModuleCache.noindex -sdk-module-cache-path /Users/admin/builder/spi-builder-workspace/.derivedData/SDKExplicitPrecompiledModules -emit-dependencies -emit-module -emit-module-path /Users/admin/builder/spi-builder-workspace/.derivedData/Build/Intermediates.noindex/WWSimpleAI_Ollama.build/Debug-appletvos/WWSimpleAI_Ollama-t.build/Objects-normal/arm64/WWSimpleAI_Ollama.swiftmodule -serialize-diagnostics -dependency-scan-serialize-diagnostics-path /Users/admin/builder/spi-builder-workspace/.derivedData/Build/Intermediates.noindex/WWSimpleAI_Ollama.build/Debug-appletvos/WWSimpleAI_Ollama-t.build/Objects-normal/arm64/WWSimpleAI_Ollama-dependency-scan.dia -validate-clang-modules-once -clang-build-session-file /Users/admin/builder/spi-builder-workspace/.derivedData/ModuleCache.noindex/Session.modulevalidation -Xcc -fmodules-prune-interval\=86400 -Xcc -fmodules-prune-after\=345600 -emit-const-values -const-gather-protocols-list /Users/admin/builder/spi-builder-workspace/.derivedData/Build/Intermediates.noindex/WWSimpleAI_Ollama.build/Debug-appletvos/WWSimpleAI_Ollama-t.build/Objects-normal/arm64/WWSimpleAI_Ollama_const_extract_protocols.json -Xcc -I/Users/admin/builder/spi-builder-workspace/.derivedData/Build/Products/Debug-appletvos/include -Xcc -I/Users/admin/builder/spi-builder-workspace/.derivedData/Build/Intermediates.noindex/WWSimpleAI_Ollama.build/Debug-appletvos/WWSimpleAI_Ollama-t.build/DerivedSources-normal/arm64 -Xcc -I/Users/admin/builder/spi-builder-workspace/.derivedData/Build/Intermediates.noindex/WWSimpleAI_Ollama.build/Debug-appletvos/WWSimpleAI_Ollama-t.build/DerivedSources/arm64 -Xcc -I/Users/admin/builder/spi-builder-workspace/.derivedData/Build/Intermediates.noindex/WWSimpleAI_Ollama.build/Debug-appletvos/WWSimpleAI_Ollama-t.build/DerivedSources -Xcc -DSWIFT_PACKAGE -Xcc -DDEBUG\=1 -emit-objc-header -emit-objc-header-path /Users/admin/builder/spi-builder-workspace/.derivedData/Build/Intermediates.noindex/WWSimpleAI_Ollama.build/Debug-appletvos/WWSimpleAI_Ollama-t.build/Objects-normal/arm64/WWSimpleAI_Ollama-Swift.h -working-directory /Users/admin/builder/spi-builder-workspace/.swiftpm/xcode -experimental-emit-module-separately -disable-cmo
SwiftDriverJobDiscovery normal arm64 Compiling WWSimpleAI.swift (in target 'WWSimpleAI_Ollama' from project 'WWSimpleAI_Ollama')
SwiftCompile normal arm64 Compiling\ resource_bundle_accessor.swift /Users/admin/builder/spi-builder-workspace/.derivedData/Build/Intermediates.noindex/WWSimpleAI_Ollama.build/Debug-appletvos/WWSimpleAI_Ollama-t.build/DerivedSources/resource_bundle_accessor.swift (in target 'WWSimpleAI_Ollama' from project 'WWSimpleAI_Ollama')
SwiftCompile normal arm64 /Users/admin/builder/spi-builder-workspace/.derivedData/Build/Intermediates.noindex/WWSimpleAI_Ollama.build/Debug-appletvos/WWSimpleAI_Ollama-t.build/DerivedSources/resource_bundle_accessor.swift (in target 'WWSimpleAI_Ollama' from project 'WWSimpleAI_Ollama')
    cd /Users/admin/builder/spi-builder-workspace/.swiftpm/xcode
    builtin-SwiftPerFileCompile resource_bundle_accessor.swift
SwiftMergeGeneratedHeaders /Users/admin/builder/spi-builder-workspace/.derivedData/Build/Intermediates.noindex/GeneratedModuleMaps-appletvos/WWSimpleAI_Ollama-Swift.h /Users/admin/builder/spi-builder-workspace/.derivedData/Build/Intermediates.noindex/WWSimpleAI_Ollama.build/Debug-appletvos/WWSimpleAI_Ollama-t.build/Objects-normal/arm64/WWSimpleAI_Ollama-Swift.h (in target 'WWSimpleAI_Ollama' from project 'WWSimpleAI_Ollama')
    cd /Users/admin/builder/spi-builder-workspace/.dependencies/checkouts/WWSimpleAI_Ollama
    builtin-swiftHeaderTool -arch arm64 /Users/admin/builder/spi-builder-workspace/.derivedData/Build/Intermediates.noindex/WWSimpleAI_Ollama.build/Debug-appletvos/WWSimpleAI_Ollama-t.build/Objects-normal/arm64/WWSimpleAI_Ollama-Swift.h -o /Users/admin/builder/spi-builder-workspace/.derivedData/Build/Intermediates.noindex/GeneratedModuleMaps-appletvos/WWSimpleAI_Ollama-Swift.h
PruneExplicitPrecompiledModules /Users/admin/builder/spi-builder-workspace/.derivedData/SDKExplicitPrecompiledModules
PruneExplicitPrecompiledModules /Users/admin/builder/spi-builder-workspace/.derivedData/Build/Intermediates.noindex/SwiftExplicitPrecompiledModules
PruneExplicitPrecompiledModules /Users/admin/builder/spi-builder-workspace/.derivedData/Build/Intermediates.noindex/ExplicitPrecompiledModules
2026-09-23 14:01:28.968 xcodebuild[731:4551] [MT] IDERunDestination: Supported platforms for the buildables in the current scheme is empty.
** BUILD FAILED **
The following build commands failed:
	SwiftCompile normal arm64 /Users/admin/builder/spi-builder-workspace/.dependencies/checkouts/WWNetworking/Sources/WWNetworking/Networking.swift (in target 'WWNetworking' from project 'WWNetworking')
	SwiftCompile normal arm64 Compiling\ Networking.swift /Users/admin/builder/spi-builder-workspace/.dependencies/checkouts/WWNetworking/Sources/WWNetworking/Networking.swift (in target 'WWNetworking' from project 'WWNetworking')
	Building workspace WWSimpleAI_Perplexity with scheme WWSimpleAI_Perplexity
(3 failures)
Command line invocation:
    /Applications/Xcode-27.0.0-Release.Candidate.app/Contents/Developer/usr/bin/xcodebuild -IDEClonedSourcePackagesDirPathOverride=/Users/admin/builder/spi-builder-workspace/.dependencies -resolvePackageDependencies
Resolve Package Graph
Resolved source packages:
  WWSimpleAI_Ollama: https://github.com/William-Weng/WWSimpleAI_Ollama @ 1.2.1
  WWSimpleAI_Perplexity: /Users/admin/builder/spi-builder-workspace
  WWNetworking: https://github.com/William-Weng/WWNetworking.git @ 1.9.1
resolved source packages: WWSimpleAI_Ollama, WWSimpleAI_Perplexity, WWNetworking
2026-09-23 14:01:36.360 xcodebuild[834:5062] [MT] IDERunDestination: Supported platforms for the buildables in the current scheme is empty.
{
  "dependencies" : [
    {
      "identity" : "wwsimpleai_ollama",
      "requirement" : {
        "range" : [
          {
            "lower_bound" : "1.2.0",
            "upper_bound" : "2.0.0"
          }
        ]
      },
      "type" : "sourceControl",
      "url" : "https://github.com/William-Weng/WWSimpleAI_Ollama"
    }
  ],
  "manifest_display_name" : "WWSimpleAI_Perplexity",
  "name" : "WWSimpleAI_Perplexity",
  "path" : "/Users/admin/builder/spi-builder-workspace",
  "platforms" : [
    {
      "name" : "ios",
      "version" : "16.0"
    }
  ],
  "products" : [
    {
      "name" : "WWSimpleAI_Perplexity",
      "targets" : [
        "WWSimpleAI_Perplexity"
      ],
      "type" : {
        "library" : [
          "automatic"
        ]
      }
    }
  ],
  "swift_languages_versions" : [
    "5"
  ],
  "targets" : [
    {
      "c99name" : "WWSimpleAI_Perplexity",
      "module_type" : "SwiftTarget",
      "name" : "WWSimpleAI_Perplexity",
      "path" : "Sources/WWSimpleAI_Perplexity",
      "product_dependencies" : [
        "WWSimpleAI_Ollama"
      ],
      "product_memberships" : [
        "WWSimpleAI_Perplexity"
      ],
      "resources" : [
        {
          "path" : "/Users/admin/builder/spi-builder-workspace/Sources/WWSimpleAI_Perplexity/Privacy",
          "rule" : {
            "copy" : {
            }
          }
        }
      ],
      "sources" : [
        "Utility/Constant.swift",
        "WWSimpleAI_Perplexity.swift"
      ],
      "type" : "library"
    }
  ],
  "tools_version" : "5.7"
}
{
  "workspace" : {
    "name" : "WWSimpleAI_Perplexity",
    "schemes" : [
      "WWSimpleAI_Perplexity"
    ]
  }
}
2026-09-23 14:01:37.581 xcodebuild[842:5127] [MT] IDERunDestination: Supported platforms for the buildables in the current scheme is empty.
Running build ...
env DEVELOPER_DIR=/Applications/Xcode-27.0.0-Release.Candidate.app xcrun xcodebuild -IDEClonedSourcePackagesDirPathOverride=$PWD/.dependencies -skipMacroValidation -skipPackagePluginValidation -derivedDataPath $PWD/.derivedData build -scheme WWSimpleAI_Perplexity -destination generic/platform=tvOS
Command line invocation:
    /Applications/Xcode-27.0.0-Release.Candidate.app/Contents/Developer/usr/bin/xcodebuild -IDEClonedSourcePackagesDirPathOverride=/Users/admin/builder/spi-builder-workspace/.dependencies -skipMacroValidation -skipPackagePluginValidation -derivedDataPath /Users/admin/builder/spi-builder-workspace/.derivedData build -scheme WWSimpleAI_Perplexity -destination generic/platform=tvOS
Resolve Package Graph
Resolved source packages:
  WWNetworking: https://github.com/William-Weng/WWNetworking.git @ 1.9.1
  WWSimpleAI_Perplexity: /Users/admin/builder/spi-builder-workspace
  WWSimpleAI_Ollama: https://github.com/William-Weng/WWSimpleAI_Ollama @ 1.2.1
ComputePackagePrebuildTargetDependencyGraph
Prepare packages
CreateBuildRequest
SendProjectDescription
CreateBuildOperation
ComputeTargetDependencyGraph
note: Building targets in dependency order
note: Target dependency graph (9 targets)
    Target 'WWSimpleAI_Perplexity-product' in project 'WWSimpleAI_Perplexity'
        ➜ Explicit dependency on target 'WWSimpleAI_Perplexity' in project 'WWSimpleAI_Perplexity'
        ➜ Explicit dependency on target 'WWSimpleAI_Perplexity_WWSimpleAI_Perplexity' in project 'WWSimpleAI_Perplexity'
        ➜ Explicit dependency on target 'WWSimpleAI_Ollama-product' in project 'WWSimpleAI_Ollama'
    Target 'WWSimpleAI_Perplexity' in project 'WWSimpleAI_Perplexity'
        ➜ Explicit dependency on target 'WWSimpleAI_Perplexity_WWSimpleAI_Perplexity' in project 'WWSimpleAI_Perplexity'
        ➜ Explicit dependency on target 'WWSimpleAI_Ollama-product' in project 'WWSimpleAI_Ollama'
    Target 'WWSimpleAI_Ollama-product' in project 'WWSimpleAI_Ollama'
        ➜ Explicit dependency on target 'WWSimpleAI_Ollama' in project 'WWSimpleAI_Ollama'
        ➜ Explicit dependency on target 'WWSimpleAI_Ollama_WWSimpleAI_Ollama' in project 'WWSimpleAI_Ollama'
        ➜ Explicit dependency on target 'WWNetworking-product' in project 'WWNetworking'
    Target 'WWSimpleAI_Ollama' in project 'WWSimpleAI_Ollama'
        ➜ Explicit dependency on target 'WWSimpleAI_Ollama_WWSimpleAI_Ollama' in project 'WWSimpleAI_Ollama'
        ➜ Explicit dependency on target 'WWNetworking-product' in project 'WWNetworking'
    Target 'WWNetworking-product' in project 'WWNetworking'
        ➜ Explicit dependency on target 'WWNetworking' in project 'WWNetworking'
        ➜ Explicit dependency on target 'WWNetworking_WWNetworking' in project 'WWNetworking'
    Target 'WWNetworking' in project 'WWNetworking'
        ➜ Explicit dependency on target 'WWNetworking_WWNetworking' in project 'WWNetworking'
    Target 'WWNetworking_WWNetworking' in project 'WWNetworking' (no dependencies)
    Target 'WWSimpleAI_Ollama_WWSimpleAI_Ollama' in project 'WWSimpleAI_Ollama' (no dependencies)
    Target 'WWSimpleAI_Perplexity_WWSimpleAI_Perplexity' in project 'WWSimpleAI_Perplexity' (no dependencies)
GatherProvisioningInputs
CreateBuildDescription
ClangStatCache /Applications/Xcode-27.0.0-Release.Candidate.app/Contents/Developer/Toolchains/XcodeDefault.xctoolchain/usr/bin/clang-stat-cache /Applications/Xcode-27.0.0-Release.Candidate.app/Contents/Developer/Platforms/AppleTVOS.platform/Developer/SDKs/AppleTVOS27.0.sdk /Users/admin/builder/spi-builder-workspace/.derivedData/SDKStatCaches.noindex/appletvos27.0-24J360-e829b21a6f8c9b70876ba0858053c044b32bfd8d43560033f8d89884cdb90028.sdkstatcache
    cd /Users/admin/builder/spi-builder-workspace/.swiftpm/xcode
    /Applications/Xcode-27.0.0-Release.Candidate.app/Contents/Developer/Toolchains/XcodeDefault.xctoolchain/usr/bin/clang-stat-cache /Applications/Xcode-27.0.0-Release.Candidate.app/Contents/Developer/Platforms/AppleTVOS.platform/Developer/SDKs/AppleTVOS27.0.sdk -o /Users/admin/builder/spi-builder-workspace/.derivedData/SDKStatCaches.noindex/appletvos27.0-24J360-e829b21a6f8c9b70876ba0858053c044b32bfd8d43560033f8d89884cdb90028.sdkstatcache
SwiftMergeGeneratedHeaders /Users/admin/builder/spi-builder-workspace/.derivedData/Build/Intermediates.noindex/GeneratedModuleMaps-appletvos/WWSimpleAI_Ollama-Swift.h /Users/admin/builder/spi-builder-workspace/.derivedData/Build/Intermediates.noindex/WWSimpleAI_Ollama.build/Debug-appletvos/WWSimpleAI_Ollama-t.build/Objects-normal/arm64/WWSimpleAI_Ollama-Swift.h (in target 'WWSimpleAI_Ollama' from project 'WWSimpleAI_Ollama')
    cd /Users/admin/builder/spi-builder-workspace/.dependencies/checkouts/WWSimpleAI_Ollama
    builtin-swiftHeaderTool -arch arm64 /Users/admin/builder/spi-builder-workspace/.derivedData/Build/Intermediates.noindex/WWSimpleAI_Ollama.build/Debug-appletvos/WWSimpleAI_Ollama-t.build/Objects-normal/arm64/WWSimpleAI_Ollama-Swift.h -o /Users/admin/builder/spi-builder-workspace/.derivedData/Build/Intermediates.noindex/GeneratedModuleMaps-appletvos/WWSimpleAI_Ollama-Swift.h
SwiftDriver WWSimpleAI_Ollama normal arm64 com.apple.xcode.tools.swift.compiler (in target 'WWSimpleAI_Ollama' from project 'WWSimpleAI_Ollama')
    cd /Users/admin/builder/spi-builder-workspace/.swiftpm/xcode
    builtin-SwiftDriver -- /Applications/Xcode-27.0.0-Release.Candidate.app/Contents/Developer/Toolchains/XcodeDefault.xctoolchain/usr/bin/swiftc -parse-as-library -module-name WWSimpleAI_Ollama -Onone @/Users/admin/builder/spi-builder-workspace/.derivedData/Build/Intermediates.noindex/WWSimpleAI_Ollama.build/Debug-appletvos/WWSimpleAI_Ollama-t.build/Objects-normal/arm64/WWSimpleAI_Ollama.SwiftFileList -DSWIFT_PACKAGE -DDEBUG -DSWIFT_MODULE_RESOURCE_BUNDLE_AVAILABLE -DXcode -plugin-path /Applications/Xcode-27.0.0-Release.Candidate.app/Contents/Developer/Toolchains/XcodeDefault.xctoolchain/usr/lib/swift/host/plugins/testing -enable-experimental-feature DebugDescriptionMacro -sdk /Applications/Xcode-27.0.0-Release.Candidate.app/Contents/Developer/Platforms/AppleTVOS.platform/Developer/SDKs/AppleTVOS27.0.sdk -target arm64-apple-tvos16.0 -g -module-cache-path /Users/admin/builder/spi-builder-workspace/.derivedData/ModuleCache.noindex -Xfrontend -serialize-debugging-options -enable-testing -suppress-warnings -index-store-path /Users/admin/builder/spi-builder-workspace/.derivedData/Index.noindex/DataStore -Xcc -D_LIBCPP_HARDENING_MODE\=_LIBCPP_HARDENING_MODE_DEBUG -swift-version 5 -I /Users/admin/builder/spi-builder-workspace/.derivedData/Build/Products/Debug-appletvos -Isystem /Applications/Xcode-27.0.0-Release.Candidate.app/Contents/Developer/Platforms/AppleTVOS.platform/Developer/usr/lib -F /Users/admin/builder/spi-builder-workspace/.derivedData/Build/Products/Debug-appletvos/PackageFrameworks -F /Users/admin/builder/spi-builder-workspace/.derivedData/Build/Products/Debug-appletvos -F /Applications/Xcode-27.0.0-Release.Candidate.app/Contents/Developer/Platforms/AppleTVOS.platform/Developer/Library/Frameworks -F /Applications/Xcode-27.0.0-Release.Candidate.app/Contents/Developer/Platforms/AppleTVOS.platform/Developer/SDKs/AppleTVOS27.0.sdk/Developer/Library/Frameworks -c -j10 -enable-batch-mode -incremental -Xcc -ivfsstatcache -Xcc /Users/admin/builder/spi-builder-workspace/.derivedData/SDKStatCaches.noindex/appletvos27.0-24J360-e829b21a6f8c9b70876ba0858053c044b32bfd8d43560033f8d89884cdb90028.sdkstatcache -output-file-map /Users/admin/builder/spi-builder-workspace/.derivedData/Build/Intermediates.noindex/WWSimpleAI_Ollama.build/Debug-appletvos/WWSimpleAI_Ollama-t.build/Objects-normal/arm64/WWSimpleAI_Ollama-OutputFileMap.json -save-temps -no-color-diagnostics -explicit-module-build -module-cache-path /Users/admin/builder/spi-builder-workspace/.derivedData/Build/Intermediates.noindex/SwiftExplicitPrecompiledModules -clang-scanner-module-cache-path /Users/admin/builder/spi-builder-workspace/.derivedData/ModuleCache.noindex -sdk-module-cache-path /Users/admin/builder/spi-builder-workspace/.derivedData/SDKExplicitPrecompiledModules -emit-dependencies -emit-module -emit-module-path /Users/admin/builder/spi-builder-workspace/.derivedData/Build/Intermediates.noindex/WWSimpleAI_Ollama.build/Debug-appletvos/WWSimpleAI_Ollama-t.build/Objects-normal/arm64/WWSimpleAI_Ollama.swiftmodule -serialize-diagnostics -dependency-scan-serialize-diagnostics-path /Users/admin/builder/spi-builder-workspace/.derivedData/Build/Intermediates.noindex/WWSimpleAI_Ollama.build/Debug-appletvos/WWSimpleAI_Ollama-t.build/Objects-normal/arm64/WWSimpleAI_Ollama-dependency-scan.dia -validate-clang-modules-once -clang-build-session-file /Users/admin/builder/spi-builder-workspace/.derivedData/ModuleCache.noindex/Session.modulevalidation -Xcc -fmodules-prune-interval\=86400 -Xcc -fmodules-prune-after\=345600 -emit-const-values -const-gather-protocols-list /Users/admin/builder/spi-builder-workspace/.derivedData/Build/Intermediates.noindex/WWSimpleAI_Ollama.build/Debug-appletvos/WWSimpleAI_Ollama-t.build/Objects-normal/arm64/WWSimpleAI_Ollama_const_extract_protocols.json -Xcc -I/Users/admin/builder/spi-builder-workspace/.derivedData/Build/Products/Debug-appletvos/include -Xcc -I/Users/admin/builder/spi-builder-workspace/.derivedData/Build/Intermediates.noindex/WWSimpleAI_Ollama.build/Debug-appletvos/WWSimpleAI_Ollama-t.build/DerivedSources-normal/arm64 -Xcc -I/Users/admin/builder/spi-builder-workspace/.derivedData/Build/Intermediates.noindex/WWSimpleAI_Ollama.build/Debug-appletvos/WWSimpleAI_Ollama-t.build/DerivedSources/arm64 -Xcc -I/Users/admin/builder/spi-builder-workspace/.derivedData/Build/Intermediates.noindex/WWSimpleAI_Ollama.build/Debug-appletvos/WWSimpleAI_Ollama-t.build/DerivedSources -Xcc -DSWIFT_PACKAGE -Xcc -DDEBUG\=1 -emit-objc-header -emit-objc-header-path /Users/admin/builder/spi-builder-workspace/.derivedData/Build/Intermediates.noindex/WWSimpleAI_Ollama.build/Debug-appletvos/WWSimpleAI_Ollama-t.build/Objects-normal/arm64/WWSimpleAI_Ollama-Swift.h -working-directory /Users/admin/builder/spi-builder-workspace/.swiftpm/xcode -experimental-emit-module-separately -disable-cmo
SwiftDriver WWNetworking normal arm64 com.apple.xcode.tools.swift.compiler (in target 'WWNetworking' from project 'WWNetworking')
    cd /Users/admin/builder/spi-builder-workspace/.swiftpm/xcode
    builtin-SwiftDriver -- /Applications/Xcode-27.0.0-Release.Candidate.app/Contents/Developer/Toolchains/XcodeDefault.xctoolchain/usr/bin/swiftc -parse-as-library -module-name WWNetworking -Onone @/Users/admin/builder/spi-builder-workspace/.derivedData/Build/Intermediates.noindex/WWNetworking.build/Debug-appletvos/WWNetworking-t.build/Objects-normal/arm64/WWNetworking.SwiftFileList -DSWIFT_PACKAGE -DDEBUG -DSWIFT_MODULE_RESOURCE_BUNDLE_AVAILABLE -DXcode -plugin-path /Applications/Xcode-27.0.0-Release.Candidate.app/Contents/Developer/Toolchains/XcodeDefault.xctoolchain/usr/lib/swift/host/plugins/testing -enable-experimental-feature DebugDescriptionMacro -sdk /Applications/Xcode-27.0.0-Release.Candidate.app/Contents/Developer/Platforms/AppleTVOS.platform/Developer/SDKs/AppleTVOS27.0.sdk -target arm64-apple-tvos15.0 -g -module-cache-path /Users/admin/builder/spi-builder-workspace/.derivedData/ModuleCache.noindex -Xfrontend -serialize-debugging-options -enable-testing -suppress-warnings -index-store-path /Users/admin/builder/spi-builder-workspace/.derivedData/Index.noindex/DataStore -Xcc -D_LIBCPP_HARDENING_MODE\=_LIBCPP_HARDENING_MODE_DEBUG -swift-version 5 -I /Users/admin/builder/spi-builder-workspace/.derivedData/Build/Products/Debug-appletvos -Isystem /Applications/Xcode-27.0.0-Release.Candidate.app/Contents/Developer/Platforms/AppleTVOS.platform/Developer/usr/lib -F /Users/admin/builder/spi-builder-workspace/.derivedData/Build/Products/Debug-appletvos -F /Applications/Xcode-27.0.0-Release.Candidate.app/Contents/Developer/Platforms/AppleTVOS.platform/Developer/Library/Frameworks -F /Applications/Xcode-27.0.0-Release.Candidate.app/Contents/Developer/Platforms/AppleTVOS.platform/Developer/SDKs/AppleTVOS27.0.sdk/Developer/Library/Frameworks -c -j10 -enable-batch-mode -incremental -Xcc -ivfsstatcache -Xcc /Users/admin/builder/spi-builder-workspace/.derivedData/SDKStatCaches.noindex/appletvos27.0-24J360-e829b21a6f8c9b70876ba0858053c044b32bfd8d43560033f8d89884cdb90028.sdkstatcache -output-file-map /Users/admin/builder/spi-builder-workspace/.derivedData/Build/Intermediates.noindex/WWNetworking.build/Debug-appletvos/WWNetworking-t.build/Objects-normal/arm64/WWNetworking-OutputFileMap.json -save-temps -no-color-diagnostics -explicit-module-build -module-cache-path /Users/admin/builder/spi-builder-workspace/.derivedData/Build/Intermediates.noindex/SwiftExplicitPrecompiledModules -clang-scanner-module-cache-path /Users/admin/builder/spi-builder-workspace/.derivedData/ModuleCache.noindex -sdk-module-cache-path /Users/admin/builder/spi-builder-workspace/.derivedData/SDKExplicitPrecompiledModules -emit-dependencies -emit-module -emit-module-path /Users/admin/builder/spi-builder-workspace/.derivedData/Build/Intermediates.noindex/WWNetworking.build/Debug-appletvos/WWNetworking-t.build/Objects-normal/arm64/WWNetworking.swiftmodule -serialize-diagnostics -dependency-scan-serialize-diagnostics-path /Users/admin/builder/spi-builder-workspace/.derivedData/Build/Intermediates.noindex/WWNetworking.build/Debug-appletvos/WWNetworking-t.build/Objects-normal/arm64/WWNetworking-dependency-scan.dia -validate-clang-modules-once -clang-build-session-file /Users/admin/builder/spi-builder-workspace/.derivedData/ModuleCache.noindex/Session.modulevalidation -Xcc -fmodules-prune-interval\=86400 -Xcc -fmodules-prune-after\=345600 -emit-const-values -const-gather-protocols-list /Users/admin/builder/spi-builder-workspace/.derivedData/Build/Intermediates.noindex/WWNetworking.build/Debug-appletvos/WWNetworking-t.build/Objects-normal/arm64/WWNetworking_const_extract_protocols.json -Xcc -I/Users/admin/builder/spi-builder-workspace/.derivedData/Build/Products/Debug-appletvos/include -Xcc -I/Users/admin/builder/spi-builder-workspace/.derivedData/Build/Intermediates.noindex/WWNetworking.build/Debug-appletvos/WWNetworking-t.build/DerivedSources-normal/arm64 -Xcc -I/Users/admin/builder/spi-builder-workspace/.derivedData/Build/Intermediates.noindex/WWNetworking.build/Debug-appletvos/WWNetworking-t.build/DerivedSources/arm64 -Xcc -I/Users/admin/builder/spi-builder-workspace/.derivedData/Build/Intermediates.noindex/WWNetworking.build/Debug-appletvos/WWNetworking-t.build/DerivedSources -Xcc -DSWIFT_PACKAGE -Xcc -DDEBUG\=1 -emit-objc-header -emit-objc-header-path /Users/admin/builder/spi-builder-workspace/.derivedData/Build/Intermediates.noindex/WWNetworking.build/Debug-appletvos/WWNetworking-t.build/Objects-normal/arm64/WWNetworking-Swift.h -working-directory /Users/admin/builder/spi-builder-workspace/.swiftpm/xcode -experimental-emit-module-separately -disable-cmo
Copy /Users/admin/builder/spi-builder-workspace/.derivedData/Build/Products/Debug-appletvos/WWSimpleAI_Ollama.swiftmodule/arm64-apple-tvos.swiftmodule /Users/admin/builder/spi-builder-workspace/.derivedData/Build/Intermediates.noindex/WWSimpleAI_Ollama.build/Debug-appletvos/WWSimpleAI_Ollama-t.build/Objects-normal/arm64/WWSimpleAI_Ollama.swiftmodule (in target 'WWSimpleAI_Ollama' from project 'WWSimpleAI_Ollama')
    cd /Users/admin/builder/spi-builder-workspace/.dependencies/checkouts/WWSimpleAI_Ollama
    builtin-copy -exclude .DS_Store -exclude CVS -exclude .svn -exclude .git -exclude .hg -resolve-src-symlinks -rename /Users/admin/builder/spi-builder-workspace/.derivedData/Build/Intermediates.noindex/WWSimpleAI_Ollama.build/Debug-appletvos/WWSimpleAI_Ollama-t.build/Objects-normal/arm64/WWSimpleAI_Ollama.swiftmodule /Users/admin/builder/spi-builder-workspace/.derivedData/Build/Products/Debug-appletvos/WWSimpleAI_Ollama.swiftmodule/arm64-apple-tvos.swiftmodule
Copy /Users/admin/builder/spi-builder-workspace/.derivedData/Build/Products/Debug-appletvos/WWSimpleAI_Ollama.swiftmodule/arm64-apple-tvos.swiftdoc /Users/admin/builder/spi-builder-workspace/.derivedData/Build/Intermediates.noindex/WWSimpleAI_Ollama.build/Debug-appletvos/WWSimpleAI_Ollama-t.build/Objects-normal/arm64/WWSimpleAI_Ollama.swiftdoc (in target 'WWSimpleAI_Ollama' from project 'WWSimpleAI_Ollama')
    cd /Users/admin/builder/spi-builder-workspace/.dependencies/checkouts/WWSimpleAI_Ollama
    builtin-copy -exclude .DS_Store -exclude CVS -exclude .svn -exclude .git -exclude .hg -resolve-src-symlinks -rename /Users/admin/builder/spi-builder-workspace/.derivedData/Build/Intermediates.noindex/WWSimpleAI_Ollama.build/Debug-appletvos/WWSimpleAI_Ollama-t.build/Objects-normal/arm64/WWSimpleAI_Ollama.swiftdoc /Users/admin/builder/spi-builder-workspace/.derivedData/Build/Products/Debug-appletvos/WWSimpleAI_Ollama.swiftmodule/arm64-apple-tvos.swiftdoc
Copy /Users/admin/builder/spi-builder-workspace/.derivedData/Build/Products/Debug-appletvos/WWSimpleAI_Ollama.swiftmodule/arm64-apple-tvos.abi.json /Users/admin/builder/spi-builder-workspace/.derivedData/Build/Intermediates.noindex/WWSimpleAI_Ollama.build/Debug-appletvos/WWSimpleAI_Ollama-t.build/Objects-normal/arm64/WWSimpleAI_Ollama.abi.json (in target 'WWSimpleAI_Ollama' from project 'WWSimpleAI_Ollama')
    cd /Users/admin/builder/spi-builder-workspace/.dependencies/checkouts/WWSimpleAI_Ollama
    builtin-copy -exclude .DS_Store -exclude CVS -exclude .svn -exclude .git -exclude .hg -resolve-src-symlinks -rename /Users/admin/builder/spi-builder-workspace/.derivedData/Build/Intermediates.noindex/WWSimpleAI_Ollama.build/Debug-appletvos/WWSimpleAI_Ollama-t.build/Objects-normal/arm64/WWSimpleAI_Ollama.abi.json /Users/admin/builder/spi-builder-workspace/.derivedData/Build/Products/Debug-appletvos/WWSimpleAI_Ollama.swiftmodule/arm64-apple-tvos.abi.json
Copy /Users/admin/builder/spi-builder-workspace/.derivedData/Build/Products/Debug-appletvos/WWSimpleAI_Ollama.swiftmodule/Project/arm64-apple-tvos.swiftsourceinfo /Users/admin/builder/spi-builder-workspace/.derivedData/Build/Intermediates.noindex/WWSimpleAI_Ollama.build/Debug-appletvos/WWSimpleAI_Ollama-t.build/Objects-normal/arm64/WWSimpleAI_Ollama.swiftsourceinfo (in target 'WWSimpleAI_Ollama' from project 'WWSimpleAI_Ollama')
    cd /Users/admin/builder/spi-builder-workspace/.dependencies/checkouts/WWSimpleAI_Ollama
    builtin-copy -exclude .DS_Store -exclude CVS -exclude .svn -exclude .git -exclude .hg -resolve-src-symlinks -rename /Users/admin/builder/spi-builder-workspace/.derivedData/Build/Intermediates.noindex/WWSimpleAI_Ollama.build/Debug-appletvos/WWSimpleAI_Ollama-t.build/Objects-normal/arm64/WWSimpleAI_Ollama.swiftsourceinfo /Users/admin/builder/spi-builder-workspace/.derivedData/Build/Products/Debug-appletvos/WWSimpleAI_Ollama.swiftmodule/Project/arm64-apple-tvos.swiftsourceinfo
SwiftDriver WWSimpleAI_Perplexity normal arm64 com.apple.xcode.tools.swift.compiler (in target 'WWSimpleAI_Perplexity' from project 'WWSimpleAI_Perplexity')
    cd /Users/admin/builder/spi-builder-workspace/.swiftpm/xcode
    builtin-SwiftDriver -- /Applications/Xcode-27.0.0-Release.Candidate.app/Contents/Developer/Toolchains/XcodeDefault.xctoolchain/usr/bin/swiftc -parse-as-library -module-name WWSimpleAI_Perplexity -Onone @/Users/admin/builder/spi-builder-workspace/.derivedData/Build/Intermediates.noindex/WWSimpleAI_Perplexity.build/Debug-appletvos/WWSimpleAI_Perplexity-t.build/Objects-normal/arm64/WWSimpleAI_Perplexity.SwiftFileList -DSWIFT_PACKAGE -DDEBUG -DSWIFT_MODULE_RESOURCE_BUNDLE_AVAILABLE -DXcode -plugin-path /Applications/Xcode-27.0.0-Release.Candidate.app/Contents/Developer/Toolchains/XcodeDefault.xctoolchain/usr/lib/swift/host/plugins/testing -enable-experimental-feature DebugDescriptionMacro -sdk /Applications/Xcode-27.0.0-Release.Candidate.app/Contents/Developer/Platforms/AppleTVOS.platform/Developer/SDKs/AppleTVOS27.0.sdk -target arm64-apple-tvos16.0 -g -module-cache-path /Users/admin/builder/spi-builder-workspace/.derivedData/ModuleCache.noindex -Xfrontend -serialize-debugging-options -enable-testing -index-store-path /Users/admin/builder/spi-builder-workspace/.derivedData/Index.noindex/DataStore -Xcc -D_LIBCPP_HARDENING_MODE\=_LIBCPP_HARDENING_MODE_DEBUG -swift-version 5 -I /Users/admin/builder/spi-builder-workspace/.derivedData/Build/Products/Debug-appletvos -Isystem /Applications/Xcode-27.0.0-Release.Candidate.app/Contents/Developer/Platforms/AppleTVOS.platform/Developer/usr/lib -F /Users/admin/builder/spi-builder-workspace/.derivedData/Build/Products/Debug-appletvos/PackageFrameworks -F /Users/admin/builder/spi-builder-workspace/.derivedData/Build/Products/Debug-appletvos -F /Applications/Xcode-27.0.0-Release.Candidate.app/Contents/Developer/Platforms/AppleTVOS.platform/Developer/Library/Frameworks -F /Applications/Xcode-27.0.0-Release.Candidate.app/Contents/Developer/Platforms/AppleTVOS.platform/Developer/SDKs/AppleTVOS27.0.sdk/Developer/Library/Frameworks -c -j10 -enable-batch-mode -incremental -Xcc -ivfsstatcache -Xcc /Users/admin/builder/spi-builder-workspace/.derivedData/SDKStatCaches.noindex/appletvos27.0-24J360-e829b21a6f8c9b70876ba0858053c044b32bfd8d43560033f8d89884cdb90028.sdkstatcache -output-file-map /Users/admin/builder/spi-builder-workspace/.derivedData/Build/Intermediates.noindex/WWSimpleAI_Perplexity.build/Debug-appletvos/WWSimpleAI_Perplexity-t.build/Objects-normal/arm64/WWSimpleAI_Perplexity-OutputFileMap.json -save-temps -no-color-diagnostics -explicit-module-build -module-cache-path /Users/admin/builder/spi-builder-workspace/.derivedData/Build/Intermediates.noindex/SwiftExplicitPrecompiledModules -clang-scanner-module-cache-path /Users/admin/builder/spi-builder-workspace/.derivedData/ModuleCache.noindex -sdk-module-cache-path /Users/admin/builder/spi-builder-workspace/.derivedData/SDKExplicitPrecompiledModules -emit-dependencies -emit-module -emit-module-path /Users/admin/builder/spi-builder-workspace/.derivedData/Build/Intermediates.noindex/WWSimpleAI_Perplexity.build/Debug-appletvos/WWSimpleAI_Perplexity-t.build/Objects-normal/arm64/WWSimpleAI_Perplexity.swiftmodule -serialize-diagnostics -dependency-scan-serialize-diagnostics-path /Users/admin/builder/spi-builder-workspace/.derivedData/Build/Intermediates.noindex/WWSimpleAI_Perplexity.build/Debug-appletvos/WWSimpleAI_Perplexity-t.build/Objects-normal/arm64/WWSimpleAI_Perplexity-dependency-scan.dia -validate-clang-modules-once -clang-build-session-file /Users/admin/builder/spi-builder-workspace/.derivedData/ModuleCache.noindex/Session.modulevalidation -Xcc -fmodules-prune-interval\=86400 -Xcc -fmodules-prune-after\=345600 -emit-const-values -const-gather-protocols-list /Users/admin/builder/spi-builder-workspace/.derivedData/Build/Intermediates.noindex/WWSimpleAI_Perplexity.build/Debug-appletvos/WWSimpleAI_Perplexity-t.build/Objects-normal/arm64/WWSimpleAI_Perplexity_const_extract_protocols.json -Xcc -I/Users/admin/builder/spi-builder-workspace/.derivedData/Build/Products/Debug-appletvos/include -Xcc -I/Users/admin/builder/spi-builder-workspace/.derivedData/Build/Intermediates.noindex/WWSimpleAI_Perplexity.build/Debug-appletvos/WWSimpleAI_Perplexity-t.build/DerivedSources-normal/arm64 -Xcc -I/Users/admin/builder/spi-builder-workspace/.derivedData/Build/Intermediates.noindex/WWSimpleAI_Perplexity.build/Debug-appletvos/WWSimpleAI_Perplexity-t.build/DerivedSources/arm64 -Xcc -I/Users/admin/builder/spi-builder-workspace/.derivedData/Build/Intermediates.noindex/WWSimpleAI_Perplexity.build/Debug-appletvos/WWSimpleAI_Perplexity-t.build/DerivedSources -Xcc -DSWIFT_PACKAGE -Xcc -DDEBUG\=1 -emit-objc-header -emit-objc-header-path /Users/admin/builder/spi-builder-workspace/.derivedData/Build/Intermediates.noindex/WWSimpleAI_Perplexity.build/Debug-appletvos/WWSimpleAI_Perplexity-t.build/Objects-normal/arm64/WWSimpleAI_Perplexity-Swift.h -working-directory /Users/admin/builder/spi-builder-workspace/.swiftpm/xcode -experimental-emit-module-separately -disable-cmo
SwiftCompile normal arm64 Compiling\ Extension.swift /Users/admin/builder/spi-builder-workspace/.dependencies/checkouts/WWNetworking/Sources/WWNetworking/Utility/Extension.swift (in target 'WWNetworking' from project 'WWNetworking')
SwiftCompile normal arm64 /Users/admin/builder/spi-builder-workspace/.dependencies/checkouts/WWNetworking/Sources/WWNetworking/Utility/Extension.swift (in target 'WWNetworking' from project 'WWNetworking')
    cd /Users/admin/builder/spi-builder-workspace/.swiftpm/xcode
    builtin-SwiftPerFileCompile Extension.swift
SwiftEmitModule normal arm64 Emitting\ module\ for\ WWNetworking (in target 'WWNetworking' from project 'WWNetworking')
SwiftCompile normal arm64 (in target 'WWNetworking' from project 'WWNetworking')
    cd /Users/admin/builder/spi-builder-workspace/.swiftpm/xcode

SwiftCompile normal arm64 Compiling\ Networking.swift /Users/admin/builder/spi-builder-workspace/.dependencies/checkouts/WWNetworking/Sources/WWNetworking/Networking.swift (in target 'WWNetworking' from project 'WWNetworking')
/Users/admin/builder/spi-builder-workspace/.dependencies/checkouts/WWNetworking/Sources/WWNetworking/Networking.swift:886:39: error: 'appending(component:directoryHint:)' is only available in tvOS 16.0 or newer
796 |
797 | // MARK: - 小工具
798 | private extension WWNetworking {
    |         `- note: add '@available' attribute to enclosing extension
799 |
800 |     /// [產生下載用的HttpTask - downloadTask() => URLSessionDownloadDelegate](https://developer.apple.com/documentation/foundation/urlsessiondownloaddelegate)
    :
877 |     /// - Parameter location: tmp檔位置
878 |     /// - Returns: Result<URL, any Error>
879 |     func moveLocationFile(at location: URL) -> Result<URL, any Error> {
    |          `- note: add '@available' attribute to enclosing instance method
880 |
881 |         guard let cachesDirectory = FileManager.default._cachesDirectory() else { return .failure(CustomError.isCachesDirectoryEmpty) }
    :
884 |
885 |         if #available(iOS 16.0, *) {
886 |             fileURL = cachesDirectory.appending(component: location.lastPathComponent)
    |                                       |- error: 'appending(component:directoryHint:)' is only available in tvOS 16.0 or newer
    |                                       `- note: add 'if #available' version check
887 |         } else {
888 |             fileURL = cachesDirectory.appendingPathComponent(location.lastPathComponent)
Failed frontend command:
/Applications/Xcode-27.0.0-Release.Candidate.app/Contents/Developer/Toolchains/XcodeDefault.xctoolchain/usr/bin/swift-frontend -frontend -c /Users/admin/builder/spi-builder-workspace/.derivedData/Build/Intermediates.noindex/WWNetworking.build/Debug-appletvos/WWNetworking-t.build/DerivedSources/resource_bundle_accessor.swift -primary-file /Users/admin/builder/spi-builder-workspace/.dependencies/checkouts/WWNetworking/Sources/WWNetworking/Networking.swift /Users/admin/builder/spi-builder-workspace/.dependencies/checkouts/WWNetworking/Sources/WWNetworking/Utility/Constant.swift /Users/admin/builder/spi-builder-workspace/.dependencies/checkouts/WWNetworking/Sources/WWNetworking/Utility/Extension.swift /Users/admin/builder/spi-builder-workspace/.dependencies/checkouts/WWNetworking/Sources/WWNetworking/Utility/Model.swift -emit-dependencies-path /Users/admin/builder/spi-builder-workspace/.derivedData/Build/Intermediates.noindex/WWNetworking.build/Debug-appletvos/WWNetworking-t.build/Objects-normal/arm64/Networking.d -emit-const-values-path /Users/admin/builder/spi-builder-workspace/.derivedData/Build/Intermediates.noindex/WWNetworking.build/Debug-appletvos/WWNetworking-t.build/Objects-normal/arm64/Networking.swiftconstvalues -emit-reference-dependencies-path /Users/admin/builder/spi-builder-workspace/.derivedData/Build/Intermediates.noindex/WWNetworking.build/Debug-appletvos/WWNetworking-t.build/Objects-normal/arm64/Networking.swiftdeps -serialize-diagnostics-path /Users/admin/builder/spi-builder-workspace/.derivedData/Build/Intermediates.noindex/WWNetworking.build/Debug-appletvos/WWNetworking-t.build/Objects-normal/arm64/Networking.dia -target arm64-apple-tvos15.0 -disable-cross-import-overlay-search -load-resolved-plugin /Applications/Xcode-27.0.0-Release.Candidate.app/Contents/Developer/Platforms/AppleTVOS.platform/Developer/usr/lib/swift/host/plugins/libFoundationMacros.dylib\#/Applications/Xcode-27.0.0-Release.Candidate.app/Contents/Developer/Platforms/AppleTVOS.platform/Developer/usr/bin/swift-plugin-server\#FoundationMacros -load-resolved-plugin /Applications/Xcode-27.0.0-Release.Candidate.app/Contents/Developer/Platforms/AppleTVOS.platform/Developer/usr/lib/swift/host/plugins/libObservationMacros.dylib\#/Applications/Xcode-27.0.0-Release.Candidate.app/Contents/Developer/Platforms/AppleTVOS.platform/Developer/usr/bin/swift-plugin-server\#ObservationMacros -load-resolved-plugin /Applications/Xcode-27.0.0-Release.Candidate.app/Contents/Developer/Platforms/AppleTVOS.platform/Developer/usr/lib/swift/host/plugins/libPreviewsMacros.dylib\#/Applications/Xcode-27.0.0-Release.Candidate.app/Contents/Developer/Platforms/AppleTVOS.platform/Developer/usr/bin/swift-plugin-server\#PreviewsMacros -load-resolved-plugin /Applications/Xcode-27.0.0-Release.Candidate.app/Contents/Developer/Platforms/AppleTVOS.platform/Developer/usr/lib/swift/host/plugins/libSwiftMacros.dylib\#/Applications/Xcode-27.0.0-Release.Candidate.app/Contents/Developer/Platforms/AppleTVOS.platform/Developer/usr/bin/swift-plugin-server\#SwiftMacros -load-resolved-plugin /Applications/Xcode-27.0.0-Release.Candidate.app/Contents/Developer/Platforms/AppleTVOS.platform/Developer/usr/lib/swift/host/plugins/libSwiftUIMacros.dylib\#/Applications/Xcode-27.0.0-Release.Candidate.app/Contents/Developer/Platforms/AppleTVOS.platform/Developer/usr/bin/swift-plugin-server\#SwiftUIMacros -disable-implicit-swift-modules -Xcc -fno-implicit-modules -Xcc -fno-implicit-module-maps -explicit-swift-module-map-file /Users/admin/builder/spi-builder-workspace/.derivedData/Build/Intermediates.noindex/WWNetworking.build/Debug-appletvos/WWNetworking-t.build/Objects-normal/arm64/WWNetworking-dependencies-1.json -Xllvm -aarch64-use-tbi -enable-objc-interop -stack-check -sdk /Applications/Xcode-27.0.0-Release.Candidate.app/Contents/Developer/Platforms/AppleTVOS.platform/Developer/SDKs/AppleTVOS27.0.sdk -I /Users/admin/builder/spi-builder-workspace/.derivedData/Build/Products/Debug-appletvos -Isystem /Applications/Xcode-27.0.0-Release.Candidate.app/Contents/Developer/Platforms/AppleTVOS.platform/Developer/usr/lib -F /Users/admin/builder/spi-builder-workspace/.derivedData/Build/Products/Debug-appletvos -F /Applications/Xcode-27.0.0-Release.Candidate.app/Contents/Developer/Platforms/AppleTVOS.platform/Developer/Library/Frameworks -F /Applications/Xcode-27.0.0-Release.Candidate.app/Contents/Developer/Platforms/AppleTVOS.platform/Developer/SDKs/AppleTVOS27.0.sdk/Developer/Library/Frameworks -module-cache-path /Users/admin/builder/spi-builder-workspace/.derivedData/Build/Intermediates.noindex/SwiftExplicitPrecompiledModules -no-color-diagnostics -Xcc -fno-color-diagnostics -enable-testing -g -debug-info-format\=dwarf -dwarf-version\=4 -suppress-warnings -swift-version 5 -Onone -D SWIFT_PACKAGE -D DEBUG -D SWIFT_MODULE_RESOURCE_BUNDLE_AVAILABLE -D Xcode -serialize-debugging-options -enable-experimental-feature DebugDescriptionMacro -empty-abi-descriptor -validate-clang-modules-once -clang-build-session-file /Users/admin/builder/spi-builder-workspace/.derivedData/ModuleCache.noindex/Session.modulevalidation -Xcc -working-directory -Xcc /Users/admin/builder/spi-builder-workspace/.swiftpm/xcode -enable-anonymous-context-mangled-names -file-compilation-dir /Users/admin/builder/spi-builder-workspace/.swiftpm/xcode -Xcc -D_LIBCPP_HARDENING_MODE\=_LIBCPP_HARDENING_MODE_DEBUG -Xcc -ivfsstatcache -Xcc /Users/admin/builder/spi-builder-workspace/.derivedData/SDKStatCaches.noindex/appletvos27.0-24J360-e829b21a6f8c9b70876ba0858053c044b32bfd8d43560033f8d89884cdb90028.sdkstatcache -Xcc -fmodules-prune-interval\=86400 -Xcc -fmodules-prune-after\=345600 -Xcc -I/Users/admin/builder/spi-builder-workspace/.derivedData/Build/Products/Debug-appletvos/include -Xcc -I/Users/admin/builder/spi-builder-workspace/.derivedData/Build/Intermediates.noindex/WWNetworking.build/Debug-appletvos/WWNetworking-t.build/DerivedSources-normal/arm64 -Xcc -I/Users/admin/builder/spi-builder-workspace/.derivedData/Build/Intermediates.noindex/WWNetworking.build/Debug-appletvos/WWNetworking-t.build/DerivedSources/arm64 -Xcc -I/Users/admin/builder/spi-builder-workspace/.derivedData/Build/Intermediates.noindex/WWNetworking.build/Debug-appletvos/WWNetworking-t.build/DerivedSources -Xcc -DSWIFT_PACKAGE -Xcc -DDEBUG\=1 -no-auto-bridging-header-chaining -module-name WWNetworking -const-gather-protocols-file /Users/admin/builder/spi-builder-workspace/.derivedData/Build/Intermediates.noindex/WWNetworking.build/Debug-appletvos/WWNetworking-t.build/Objects-normal/arm64/WWNetworking_const_extract_protocols.json -disable-clang-spi -clang-target arm64-apple-tvos27.0 -target-sdk-version 27.0 -target-sdk-name appletvos27.0 -in-process-plugin-server-path /Applications/Xcode-27.0.0-Release.Candidate.app/Contents/Developer/Toolchains/XcodeDefault.xctoolchain/usr/lib/swift/host/libSwiftInProcPluginServer.dylib -parse-as-library -o /Users/admin/builder/spi-builder-workspace/.derivedData/Build/Intermediates.noindex/WWNetworking.build/Debug-appletvos/WWNetworking-t.build/Objects-normal/arm64/Networking.o -debug-module-path /Users/admin/builder/spi-builder-workspace/.derivedData/Build/Intermediates.noindex/WWNetworking.build/Debug-appletvos/WWNetworking-t.build/Objects-normal/arm64/WWNetworking.swiftmodule -index-unit-output-path /WWNetworking.build/Debug-appletvos/WWNetworking-t.build/Objects-normal/arm64/Networking.o -index-store-path /Users/admin/builder/spi-builder-workspace/.derivedData/Index.noindex/DataStore -index-system-modules
SwiftCompile normal arm64 /Users/admin/builder/spi-builder-workspace/.dependencies/checkouts/WWNetworking/Sources/WWNetworking/Networking.swift (in target 'WWNetworking' from project 'WWNetworking')
    cd /Users/admin/builder/spi-builder-workspace/.swiftpm/xcode
    builtin-SwiftPerFileCompile Networking.swift
SwiftCompile normal arm64 Compiling\ Model.swift /Users/admin/builder/spi-builder-workspace/.dependencies/checkouts/WWNetworking/Sources/WWNetworking/Utility/Model.swift (in target 'WWNetworking' from project 'WWNetworking')
SwiftCompile normal arm64 /Users/admin/builder/spi-builder-workspace/.dependencies/checkouts/WWNetworking/Sources/WWNetworking/Utility/Model.swift (in target 'WWNetworking' from project 'WWNetworking')
    cd /Users/admin/builder/spi-builder-workspace/.swiftpm/xcode
    builtin-SwiftPerFileCompile Model.swift
SwiftCompile normal arm64 Compiling\ Constant.swift /Users/admin/builder/spi-builder-workspace/.dependencies/checkouts/WWNetworking/Sources/WWNetworking/Utility/Constant.swift (in target 'WWNetworking' from project 'WWNetworking')
SwiftCompile normal arm64 /Users/admin/builder/spi-builder-workspace/.dependencies/checkouts/WWNetworking/Sources/WWNetworking/Utility/Constant.swift (in target 'WWNetworking' from project 'WWNetworking')
    cd /Users/admin/builder/spi-builder-workspace/.swiftpm/xcode
    builtin-SwiftPerFileCompile Constant.swift
SwiftCompile normal arm64 Compiling\ resource_bundle_accessor.swift /Users/admin/builder/spi-builder-workspace/.derivedData/Build/Intermediates.noindex/WWNetworking.build/Debug-appletvos/WWNetworking-t.build/DerivedSources/resource_bundle_accessor.swift (in target 'WWNetworking' from project 'WWNetworking')
SwiftCompile normal arm64 /Users/admin/builder/spi-builder-workspace/.derivedData/Build/Intermediates.noindex/WWNetworking.build/Debug-appletvos/WWNetworking-t.build/DerivedSources/resource_bundle_accessor.swift (in target 'WWNetworking' from project 'WWNetworking')
    cd /Users/admin/builder/spi-builder-workspace/.swiftpm/xcode
    builtin-SwiftPerFileCompile resource_bundle_accessor.swift
SwiftCompile normal arm64 Compiling\ Extension.swift /Users/admin/builder/spi-builder-workspace/.dependencies/checkouts/WWSimpleAI_Ollama/Sources/WWSimpleAI_Ollama/Utility/Extension.swift (in target 'WWSimpleAI_Ollama' from project 'WWSimpleAI_Ollama')
SwiftCompile normal arm64 /Users/admin/builder/spi-builder-workspace/.dependencies/checkouts/WWSimpleAI_Ollama/Sources/WWSimpleAI_Ollama/Utility/Extension.swift (in target 'WWSimpleAI_Ollama' from project 'WWSimpleAI_Ollama')
    cd /Users/admin/builder/spi-builder-workspace/.swiftpm/xcode
    builtin-SwiftPerFileCompile Extension.swift
SwiftEmitModule normal arm64 Emitting\ module\ for\ WWSimpleAI_Ollama (in target 'WWSimpleAI_Ollama' from project 'WWSimpleAI_Ollama')
SwiftCompile normal arm64 (in target 'WWSimpleAI_Ollama' from project 'WWSimpleAI_Ollama')
    cd /Users/admin/builder/spi-builder-workspace/.swiftpm/xcode

SwiftCompile normal arm64 Compiling\ Model.swift /Users/admin/builder/spi-builder-workspace/.dependencies/checkouts/WWSimpleAI_Ollama/Sources/WWSimpleAI_Ollama/Utility/Model.swift (in target 'WWSimpleAI_Ollama' from project 'WWSimpleAI_Ollama')
SwiftCompile normal arm64 /Users/admin/builder/spi-builder-workspace/.dependencies/checkouts/WWSimpleAI_Ollama/Sources/WWSimpleAI_Ollama/Utility/Model.swift (in target 'WWSimpleAI_Ollama' from project 'WWSimpleAI_Ollama')
    cd /Users/admin/builder/spi-builder-workspace/.swiftpm/xcode
    builtin-SwiftPerFileCompile Model.swift
SwiftCompile normal arm64 Compiling\ WWSimpleAI_Ollama.swift /Users/admin/builder/spi-builder-workspace/.dependencies/checkouts/WWSimpleAI_Ollama/Sources/WWSimpleAI_Ollama/WWSimpleAI_Ollama.swift (in target 'WWSimpleAI_Ollama' from project 'WWSimpleAI_Ollama')
SwiftCompile normal arm64 /Users/admin/builder/spi-builder-workspace/.dependencies/checkouts/WWSimpleAI_Ollama/Sources/WWSimpleAI_Ollama/WWSimpleAI_Ollama.swift (in target 'WWSimpleAI_Ollama' from project 'WWSimpleAI_Ollama')
    cd /Users/admin/builder/spi-builder-workspace/.swiftpm/xcode
    builtin-SwiftPerFileCompile WWSimpleAI_Ollama.swift
SwiftDriverJobDiscovery normal arm64 Compiling resource_bundle_accessor.swift (in target 'WWNetworking' from project 'WWNetworking')
SwiftCompile normal arm64 Compiling\ resource_bundle_accessor.swift /Users/admin/builder/spi-builder-workspace/.derivedData/Build/Intermediates.noindex/WWSimpleAI_Ollama.build/Debug-appletvos/WWSimpleAI_Ollama-t.build/DerivedSources/resource_bundle_accessor.swift (in target 'WWSimpleAI_Ollama' from project 'WWSimpleAI_Ollama')
SwiftCompile normal arm64 /Users/admin/builder/spi-builder-workspace/.derivedData/Build/Intermediates.noindex/WWSimpleAI_Ollama.build/Debug-appletvos/WWSimpleAI_Ollama-t.build/DerivedSources/resource_bundle_accessor.swift (in target 'WWSimpleAI_Ollama' from project 'WWSimpleAI_Ollama')
    cd /Users/admin/builder/spi-builder-workspace/.swiftpm/xcode
    builtin-SwiftPerFileCompile resource_bundle_accessor.swift
SwiftDriverJobDiscovery normal arm64 Compiling Model.swift (in target 'WWNetworking' from project 'WWNetworking')
SwiftCompile normal arm64 Compiling\ Constant.swift /Users/admin/builder/spi-builder-workspace/.dependencies/checkouts/WWSimpleAI_Ollama/Sources/WWSimpleAI_Ollama/Utility/Constant.swift (in target 'WWSimpleAI_Ollama' from project 'WWSimpleAI_Ollama')
SwiftCompile normal arm64 /Users/admin/builder/spi-builder-workspace/.dependencies/checkouts/WWSimpleAI_Ollama/Sources/WWSimpleAI_Ollama/Utility/Constant.swift (in target 'WWSimpleAI_Ollama' from project 'WWSimpleAI_Ollama')
    cd /Users/admin/builder/spi-builder-workspace/.swiftpm/xcode
    builtin-SwiftPerFileCompile Constant.swift
SwiftEmitModule normal arm64 Emitting\ module\ for\ WWSimpleAI_Perplexity (in target 'WWSimpleAI_Perplexity' from project 'WWSimpleAI_Perplexity')
SwiftCompile normal arm64 (in target 'WWSimpleAI_Perplexity' from project 'WWSimpleAI_Perplexity')
    cd /Users/admin/builder/spi-builder-workspace/.swiftpm/xcode

SwiftCompile normal arm64 Compiling\ Constant.swift /Users/admin/builder/spi-builder-workspace/Sources/WWSimpleAI_Perplexity/Utility/Constant.swift (in target 'WWSimpleAI_Perplexity' from project 'WWSimpleAI_Perplexity')
SwiftCompile normal arm64 /Users/admin/builder/spi-builder-workspace/Sources/WWSimpleAI_Perplexity/Utility/Constant.swift (in target 'WWSimpleAI_Perplexity' from project 'WWSimpleAI_Perplexity')
    cd /Users/admin/builder/spi-builder-workspace/.swiftpm/xcode
    builtin-SwiftPerFileCompile Constant.swift
SwiftCompile normal arm64 Compiling\ resource_bundle_accessor.swift /Users/admin/builder/spi-builder-workspace/.derivedData/Build/Intermediates.noindex/WWSimpleAI_Perplexity.build/Debug-appletvos/WWSimpleAI_Perplexity-t.build/DerivedSources/resource_bundle_accessor.swift (in target 'WWSimpleAI_Perplexity' from project 'WWSimpleAI_Perplexity')
SwiftCompile normal arm64 /Users/admin/builder/spi-builder-workspace/.derivedData/Build/Intermediates.noindex/WWSimpleAI_Perplexity.build/Debug-appletvos/WWSimpleAI_Perplexity-t.build/DerivedSources/resource_bundle_accessor.swift (in target 'WWSimpleAI_Perplexity' from project 'WWSimpleAI_Perplexity')
    cd /Users/admin/builder/spi-builder-workspace/.swiftpm/xcode
    builtin-SwiftPerFileCompile resource_bundle_accessor.swift
PruneExplicitPrecompiledModules /Users/admin/builder/spi-builder-workspace/.derivedData/Build/Intermediates.noindex/SwiftExplicitPrecompiledModules
PruneExplicitPrecompiledModules /Users/admin/builder/spi-builder-workspace/.derivedData/SDKExplicitPrecompiledModules
PruneExplicitPrecompiledModules /Users/admin/builder/spi-builder-workspace/.derivedData/Build/Intermediates.noindex/ExplicitPrecompiledModules
2026-09-23 14:01:38.546 xcodebuild[843:5151] [MT] IDERunDestination: Supported platforms for the buildables in the current scheme is empty.
** BUILD FAILED **
The following build commands failed:
	SwiftCompile normal arm64 Compiling\ Networking.swift /Users/admin/builder/spi-builder-workspace/.dependencies/checkouts/WWNetworking/Sources/WWNetworking/Networking.swift (in target 'WWNetworking' from project 'WWNetworking')
	SwiftCompile normal arm64 /Users/admin/builder/spi-builder-workspace/.dependencies/checkouts/WWNetworking/Sources/WWNetworking/Networking.swift (in target 'WWNetworking' from project 'WWNetworking')
	Building workspace WWSimpleAI_Perplexity with scheme WWSimpleAI_Perplexity
(3 failures)
BUILD FAILURE 6.4 tvOS