The Swift Package Index logo.Swift Package Index

Build Information

Failed to build Apache, reference 0.5.0 (bd9a97), with Swift 6.4 for Wasm on 16 Sep 2026 06:54:42 UTC.

Build Command

bash -c docker run --pull=always --rm -v "checkouts-53886770-0":/host -w "$PWD" -e JAVA_HOME="/root/.sdkman/candidates/java/current" -e SPI_BUILD="1" -e SPI_PROCESSING="1" registry.gitlab.com/saguaro1/spi-images:wasm-6.4-latest swift build --swift-sdk swift-6.4.x-DEVELOPMENT-SNAPSHOT-2026-09-04-a_wasm 2>&1

Build Log

========================================
RunAll
========================================
Builder version: 5.1.0
Interrupt handler set up.
========================================
Checkout
========================================
Clone URL: https://github.com/modswift/Apache.git
Reference: 0.5.0
Initialized empty Git repository in /host/spi-builder-workspace/.git/
hint: Using 'master' as the name for the initial branch. This default branch name
hint: is subject to change. To configure the initial branch name to use in all
hint: of your new repositories, which will suppress this warning, call:
hint:
hint: 	git config --global init.defaultBranch <name>
hint:
hint: Names commonly chosen instead of 'master' are 'main', 'trunk' and
hint: 'development'. The just-created branch can be renamed via this command:
hint:
hint: 	git branch -m <name>
From https://github.com/modswift/Apache
 * tag               0.5.0      -> FETCH_HEAD
HEAD is now at bd9a976 Travis: Use Swift 4.2/5 tarballs
Cloned https://github.com/modswift/Apache.git
Revision (git rev-parse @):
bd9a97623070c0c068daabc30ffc144937815ff8
SUCCESS checkout https://github.com/modswift/Apache.git at 0.5.0
========================================
Build
========================================
Selected platform:         wasm
Swift version:             6.4
Building package at path:  $PWD
https://github.com/modswift/Apache.git
Running build ...
bash -c docker run --pull=always --rm -v "checkouts-53886770-0":/host -w "$PWD" -e JAVA_HOME="/root/.sdkman/candidates/java/current" -e SPI_BUILD="1" -e SPI_PROCESSING="1" registry.gitlab.com/saguaro1/spi-images:wasm-6.4-latest swift build --swift-sdk swift-6.4.x-DEVELOPMENT-SNAPSHOT-2026-09-04-a_wasm 2>&1
wasm-6.4-latest: Pulling from saguaro1/spi-images
Digest: sha256:4328fdb43c680d205c1d6761b1e3267aa38277eefdda9ddfb17b6a0f1a77857a
Status: Image is up to date for registry.gitlab.com/saguaro1/spi-images:wasm-6.4-latest
Fetching https://github.com/modswift/CApache.git
[1/49] Fetching capache
Fetched https://github.com/modswift/CApache.git (0.45s)
Computing version for https://github.com/modswift/CApache.git
Computed https://github.com/modswift/CApache.git at 2.0.2 (1.50s)
Creating working copy for https://github.com/modswift/CApache.git
Working copy of https://github.com/modswift/CApache.git resolved at 2.0.2
warning: 'capache': you may be able to install mod_swift using your system-packager:
    apt-get install apache2-dev
Building for debugging...
[Pre-planning 1 / 68]
[18 / 26] Apache
error: SwiftCompile normal wasm32 failed with a nonzero exit code. Command line:     cd /host

<module-includes>:1:10: note: in file included from <module-includes>:1:
1 | #include "CAPRShim.h"
  |          `- note: in file included from <module-includes>:1:
2 |
/host/spi-builder-workspace/.build/checkouts/CApache/Sources/CApache/CAPRShim.h:4:10: error: 'APRShim.h' file not found
2 | #define __CAPR_SHIM_H__
3 |
4 | #include "APRShim.h"
  |          `- error: 'APRShim.h' file not found
5 |
6 | #endif /* __CAPR_SHIM_H__ */
/host/spi-builder-workspace/Sources/Apache/APRTable.swift:6:8: error: could not build C module 'CAPR'
 4 | //
 5 |
 6 | import CAPR
   |        `- error: could not build C module 'CAPR'
 7 |
 8 | // Apache Table Wrapper
Failed frontend command:
/usr/bin/swift-frontend -frontend -emit-module -experimental-skip-non-inlinable-function-bodies-without-types /host/spi-builder-workspace/Sources/Apache/APRTable.swift /host/spi-builder-workspace/Sources/Apache/ApacheModuleConfig.swift /host/spi-builder-workspace/Sources/Apache/ApacheRequest.swift /host/spi-builder-workspace/Sources/Apache/DatabaseAPI.swift /host/spi-builder-workspace/Sources/Apache/OptionalFNs.swift /host/spi-builder-workspace/Sources/Apache/SemanticUI.swift /host/spi-builder-workspace/Sources/Apache/module.swift /host/spi-builder-workspace/Sources/Apache/request_rec.swift -target wasm32-unknown-wasip1 -disable-objc-interop -sdk /root/.swiftpm/swift-sdks/swift-6.4.x-DEVELOPMENT-SNAPSHOT-2026-09-04-a_wasm.artifactbundle/swift-6.4.x-DEVELOPMENT-SNAPSHOT-2026-09-04-a_wasm/wasm32-unknown-wasip1/WASI.sdk -sysroot /root/.swiftpm/swift-sdks/swift-6.4.x-DEVELOPMENT-SNAPSHOT-2026-09-04-a_wasm.artifactbundle/swift-6.4.x-DEVELOPMENT-SNAPSHOT-2026-09-04-a_wasm/wasm32-unknown-wasip1/WASI.sdk -I /host/spi-builder-workspace/.build/out/Products/Debug-webassembly-wasm32 -module-cache-path /host/spi-builder-workspace/.build/out/ModuleCache.noindex -color-diagnostics -Xcc -fcolor-diagnostics -enable-testing -g -debug-info-format\=dwarf -dwarf-version\=4 -swift-version 4.2 -Onone -D SWIFT_PACKAGE -D DEBUG -D SWIFT_MODULE_RESOURCE_BUNDLE_UNAVAILABLE -D Xcode -serialize-debugging-options -enable-experimental-feature DebugDescriptionMacro -empty-abi-descriptor -external-plugin-path /usr/lib/swift/host/plugins/testing\#/usr/bin/swift-plugin-server -validate-clang-modules-once -clang-build-session-file /host/spi-builder-workspace/.build/out/ModuleCache.noindex/Session.modulevalidation -Xcc -working-directory -Xcc /host -resource-dir /root/.swiftpm/swift-sdks/swift-6.4.x-DEVELOPMENT-SNAPSHOT-2026-09-04-a_wasm.artifactbundle/swift-6.4.x-DEVELOPMENT-SNAPSHOT-2026-09-04-a_wasm/wasm32-unknown-wasip1/swift.xctoolchain/usr/lib/swift_static -use-static-resource-dir -enable-anonymous-context-mangled-names -file-compilation-dir /host -Xcc -resource-dir -Xcc /root/.swiftpm/swift-sdks/swift-6.4.x-DEVELOPMENT-SNAPSHOT-2026-09-04-a_wasm.artifactbundle/swift-6.4.x-DEVELOPMENT-SNAPSHOT-2026-09-04-a_wasm/wasm32-unknown-wasip1/swift.xctoolchain/usr/lib/swift_static/clang -Xcc -fmodule-map-file\=/host/spi-builder-workspace/.build/checkouts/CApache/Sources/CApache/module.modulemap -Xcc -D_LIBCPP_HARDENING_MODE\=_LIBCPP_HARDENING_MODE_DEBUG -Xcc -fmodules-prune-interval\=86400 -Xcc -fmodules-prune-after\=345600 -Xcc -I/host/spi-builder-workspace/.build/out/Products/Debug-webassembly-wasm32/include -Xcc -I/host/spi-builder-workspace/.build/out/Intermediates.noindex/Apache.build/Debug-webassembly-wasm32/Apache-t.build/DerivedSources-normal/wasm32 -Xcc -I/host/spi-builder-workspace/.build/out/Intermediates.noindex/Apache.build/Debug-webassembly-wasm32/Apache-t.build/DerivedSources/wasm32 -Xcc -I/host/spi-builder-workspace/.build/out/Intermediates.noindex/Apache.build/Debug-webassembly-wasm32/Apache-t.build/DerivedSources -Xcc -DSWIFT_PACKAGE -Xcc -DDEBUG\=1 -no-auto-bridging-header-chaining -module-name Apache -const-gather-protocols-file /host/spi-builder-workspace/.build/out/Intermediates.noindex/Apache.build/Debug-webassembly-wasm32/Apache-t.build/Objects-normal/wasm32/Apache_const_extract_protocols.json -in-process-plugin-server-path /usr/lib/swift/host/libSwiftInProcPluginServer.so -plugin-path /usr/lib/swift/host/plugins -plugin-path /usr/local/lib/swift/host/plugins -emit-module-doc-path /host/spi-builder-workspace/.build/out/Intermediates.noindex/Apache.build/Debug-webassembly-wasm32/Apache-t.build/Objects-normal/wasm32/Modules/Apache.swiftdoc -emit-module-source-info-path /host/spi-builder-workspace/.build/out/Intermediates.noindex/Apache.build/Debug-webassembly-wasm32/Apache-t.build/Objects-normal/wasm32/Modules/Apache.swiftsourceinfo -emit-objc-header-path /host/spi-builder-workspace/.build/out/Intermediates.noindex/Apache.build/Debug-webassembly-wasm32/Apache-t.build/Objects-normal/wasm32/Apache-Swift.h -serialize-diagnostics-path /host/spi-builder-workspace/.build/out/Intermediates.noindex/Apache.build/Debug-webassembly-wasm32/Apache-t.build/Objects-normal/wasm32/Apache-primary-emit-module.dia -emit-dependencies-path /host/spi-builder-workspace/.build/out/Intermediates.noindex/Apache.build/Debug-webassembly-wasm32/Apache-t.build/Objects-normal/wasm32/Apache-primary-emit-module.d -parse-as-library -o /host/spi-builder-workspace/.build/out/Intermediates.noindex/Apache.build/Debug-webassembly-wasm32/Apache-t.build/Objects-normal/wasm32/Modules/Apache.swiftmodule
[27 / 35] Apache
error: Build failed
BUILD FAILURE 6.4 wasm