Build Information
Failed to build BigUIPaging, reference 0.0.3 (40fa6e), with Swift 6.4 for watchOS using Xcode 27.0 on 19 Sep 2026 18:36:31 UTC.
Build Command
env DEVELOPER_DIR=/Applications/Xcode-27.0.0-Release.Candidate.app xcrun xcodebuild -IDEClonedSourcePackagesDirPathOverride=$PWD/.dependencies -skipMacroValidation -skipPackagePluginValidation -derivedDataPath $PWD/.derivedData build -scheme BigUIPaging -destination generic/platform=watchOSBuild Log
SwiftCompile normal arm64 Compiling\ PageViewStyle.swift,\ PageViewStyleConfiguration.swift,\ PageView+Environment.swift /Users/admin/builder/spi-builder-workspace/Sources/BigUIPaging/Implementations/PageView/Types/PageViewStyle.swift /Users/admin/builder/spi-builder-workspace/Sources/BigUIPaging/Implementations/PageView/Types/PageViewStyleConfiguration.swift /Users/admin/builder/spi-builder-workspace/Sources/BigUIPaging/Implementations/PageView/View/PageView+Environment.swift (in target 'BigUIPaging' from project 'BigUIPaging')
SwiftCompile normal arm64 /Users/admin/builder/spi-builder-workspace/Sources/BigUIPaging/Implementations/PageView/Types/PageViewStyle.swift (in target 'BigUIPaging' from project 'BigUIPaging')
cd /Users/admin/builder/spi-builder-workspace/.swiftpm/xcode
builtin-SwiftPerFileCompile PageViewStyle.swift
SwiftCompile normal arm64 /Users/admin/builder/spi-builder-workspace/Sources/BigUIPaging/Implementations/PageView/Types/PageViewStyleConfiguration.swift (in target 'BigUIPaging' from project 'BigUIPaging')
cd /Users/admin/builder/spi-builder-workspace/.swiftpm/xcode
builtin-SwiftPerFileCompile PageViewStyleConfiguration.swift
SwiftCompile normal arm64 /Users/admin/builder/spi-builder-workspace/Sources/BigUIPaging/Implementations/PageView/View/PageView+Environment.swift (in target 'BigUIPaging' from project 'BigUIPaging')
cd /Users/admin/builder/spi-builder-workspace/.swiftpm/xcode
builtin-SwiftPerFileCompile PageView+Environment.swift
SwiftCompile normal arm64 Compiling\ PageView+Preferences.swift,\ PageView.swift,\ PageViewEnvironmentModifier.swift /Users/admin/builder/spi-builder-workspace/Sources/BigUIPaging/Implementations/PageView/View/PageView+Preferences.swift /Users/admin/builder/spi-builder-workspace/Sources/BigUIPaging/Implementations/PageView/View/PageView.swift /Users/admin/builder/spi-builder-workspace/Sources/BigUIPaging/Implementations/PageView/View/PageViewEnvironmentModifier.swift (in target 'BigUIPaging' from project 'BigUIPaging')
SwiftCompile normal arm64 /Users/admin/builder/spi-builder-workspace/Sources/BigUIPaging/Implementations/PageView/View/PageView+Preferences.swift (in target 'BigUIPaging' from project 'BigUIPaging')
cd /Users/admin/builder/spi-builder-workspace/.swiftpm/xcode
builtin-SwiftPerFileCompile PageView+Preferences.swift
SwiftCompile normal arm64 /Users/admin/builder/spi-builder-workspace/Sources/BigUIPaging/Implementations/PageView/View/PageView.swift (in target 'BigUIPaging' from project 'BigUIPaging')
cd /Users/admin/builder/spi-builder-workspace/.swiftpm/xcode
builtin-SwiftPerFileCompile PageView.swift
SwiftCompile normal arm64 /Users/admin/builder/spi-builder-workspace/Sources/BigUIPaging/Implementations/PageView/View/PageViewEnvironmentModifier.swift (in target 'BigUIPaging' from project 'BigUIPaging')
cd /Users/admin/builder/spi-builder-workspace/.swiftpm/xcode
builtin-SwiftPerFileCompile PageViewEnvironmentModifier.swift
SwiftCompile normal arm64 Compiling\ PageViewNavigationButton.swift,\ View+Inspect.swift,\ View+Measure.swift /Users/admin/builder/spi-builder-workspace/Sources/BigUIPaging/Implementations/PageView/View/PageViewNavigationButton.swift /Users/admin/builder/spi-builder-workspace/Sources/BigUIPaging/Implementations/Utils/View+Inspect.swift /Users/admin/builder/spi-builder-workspace/Sources/BigUIPaging/Implementations/Utils/View+Measure.swift (in target 'BigUIPaging' from project 'BigUIPaging')
/Users/admin/builder/spi-builder-workspace/Sources/BigUIPaging/Implementations/PageView/View/PageViewNavigationButton.swift:19:13: error: 'ControlGroup' is unavailable in watchOS
17 | PageViewNavigationDirectionButton(direction: direction)
18 | } else {
19 | ControlGroup {
| `- error: 'ControlGroup' is unavailable in watchOS
20 | PageViewNavigationDirectionButton(direction: .backwards)
21 | PageViewNavigationDirectionButton(direction: .forwards)
SwiftUI.ControlGroup:3:27: note: 'ControlGroup' has been explicitly marked unavailable here
1 | @available(iOS 15.0, macOS 12.0, tvOS 17.0, *)
2 | @available(watchOS, unavailable)
3 | nonisolated public struct ControlGroup<Content> : View, ~Sendable where Content : View {
| `- note: 'ControlGroup' has been explicitly marked unavailable here
4 | nonisolated public init(@ContentBuilder content: () -> Content)
5 | nonisolated public var body: some View { get }
/Users/admin/builder/spi-builder-workspace/Sources/BigUIPaging/Implementations/PageView/View/PageViewNavigationButton.swift:23:14: error: 'controlGroupStyle' is unavailable in watchOS
21 | PageViewNavigationDirectionButton(direction: .forwards)
22 | }
23 | .controlGroupStyle(.navigation)
| `- error: 'controlGroupStyle' is unavailable in watchOS
24 | }
25 | }
SwiftUI.View.controlGroupStyle:2:25: note: 'controlGroupStyle' has been explicitly marked unavailable here
1 | protocol View {
2 | nonisolated public func controlGroupStyle<S>(_ style: S) -> some View where S : ControlGroupStyle
| `- note: 'controlGroupStyle' has been explicitly marked unavailable here
3 | }
4 |
SwiftCompile normal arm64 /Users/admin/builder/spi-builder-workspace/Sources/BigUIPaging/Implementations/PageView/View/PageViewNavigationButton.swift (in target 'BigUIPaging' from project 'BigUIPaging')
cd /Users/admin/builder/spi-builder-workspace/.swiftpm/xcode
builtin-SwiftPerFileCompile PageViewNavigationButton.swift
SwiftCompile normal arm64 /Users/admin/builder/spi-builder-workspace/Sources/BigUIPaging/Implementations/Utils/View+Inspect.swift (in target 'BigUIPaging' from project 'BigUIPaging')
cd /Users/admin/builder/spi-builder-workspace/.swiftpm/xcode
builtin-SwiftPerFileCompile View+Inspect.swift
SwiftCompile normal arm64 /Users/admin/builder/spi-builder-workspace/Sources/BigUIPaging/Implementations/Utils/View+Measure.swift (in target 'BigUIPaging' from project 'BigUIPaging')
cd /Users/admin/builder/spi-builder-workspace/.swiftpm/xcode
builtin-SwiftPerFileCompile View+Measure.swift
SwiftCompile normal arm64 Compiling\ BookPageViewStyle.swift,\ BookStackPageViewStyle.swift,\ CardDeckPageViewStyle.swift /Users/admin/builder/spi-builder-workspace/Sources/BigUIPaging/Implementations/PageView/Styles/BookPageViewStyle.swift /Users/admin/builder/spi-builder-workspace/Sources/BigUIPaging/Implementations/PageView/Styles/BookStackPageViewStyle.swift /Users/admin/builder/spi-builder-workspace/Sources/BigUIPaging/Implementations/PageView/Styles/CardDeckPageViewStyle.swift (in target 'BigUIPaging' from project 'BigUIPaging')
SwiftCompile normal arm64 /Users/admin/builder/spi-builder-workspace/Sources/BigUIPaging/Implementations/PageView/Styles/BookPageViewStyle.swift (in target 'BigUIPaging' from project 'BigUIPaging')
cd /Users/admin/builder/spi-builder-workspace/.swiftpm/xcode
builtin-SwiftPerFileCompile BookPageViewStyle.swift
SwiftCompile normal arm64 /Users/admin/builder/spi-builder-workspace/Sources/BigUIPaging/Implementations/PageView/Styles/BookStackPageViewStyle.swift (in target 'BigUIPaging' from project 'BigUIPaging')
cd /Users/admin/builder/spi-builder-workspace/.swiftpm/xcode
builtin-SwiftPerFileCompile BookStackPageViewStyle.swift
SwiftCompile normal arm64 /Users/admin/builder/spi-builder-workspace/Sources/BigUIPaging/Implementations/PageView/Styles/CardDeckPageViewStyle.swift (in target 'BigUIPaging' from project 'BigUIPaging')
cd /Users/admin/builder/spi-builder-workspace/.swiftpm/xcode
builtin-SwiftPerFileCompile CardDeckPageViewStyle.swift
SwiftCompile normal arm64 Compiling\ HistoryStackPageViewStyle.swift,\ PlainPageViewStyle.swift,\ PlatformPageViewStyle.swift /Users/admin/builder/spi-builder-workspace/Sources/BigUIPaging/Implementations/PageView/Styles/HistoryStackPageViewStyle.swift /Users/admin/builder/spi-builder-workspace/Sources/BigUIPaging/Implementations/PageView/Styles/PlainPageViewStyle.swift /Users/admin/builder/spi-builder-workspace/Sources/BigUIPaging/Implementations/PageView/Styles/PlatformPageViewStyle.swift (in target 'BigUIPaging' from project 'BigUIPaging')
SwiftCompile normal arm64 /Users/admin/builder/spi-builder-workspace/Sources/BigUIPaging/Implementations/PageView/Styles/HistoryStackPageViewStyle.swift (in target 'BigUIPaging' from project 'BigUIPaging')
cd /Users/admin/builder/spi-builder-workspace/.swiftpm/xcode
builtin-SwiftPerFileCompile HistoryStackPageViewStyle.swift
SwiftCompile normal arm64 /Users/admin/builder/spi-builder-workspace/Sources/BigUIPaging/Implementations/PageView/Styles/PlainPageViewStyle.swift (in target 'BigUIPaging' from project 'BigUIPaging')
cd /Users/admin/builder/spi-builder-workspace/.swiftpm/xcode
builtin-SwiftPerFileCompile PlainPageViewStyle.swift
SwiftCompile normal arm64 /Users/admin/builder/spi-builder-workspace/Sources/BigUIPaging/Implementations/PageView/Styles/PlatformPageViewStyle.swift (in target 'BigUIPaging' from project 'BigUIPaging')
cd /Users/admin/builder/spi-builder-workspace/.swiftpm/xcode
builtin-SwiftPerFileCompile PlatformPageViewStyle.swift
SwiftCompile normal arm64 Compiling\ PlatformPageView+iOS.swift,\ PlatformPageView+macOS.swift,\ PlatformPageView.swift /Users/admin/builder/spi-builder-workspace/Sources/BigUIPaging/Implementations/PageView/Platform/PlatformPageView+iOS.swift /Users/admin/builder/spi-builder-workspace/Sources/BigUIPaging/Implementations/PageView/Platform/PlatformPageView+macOS.swift /Users/admin/builder/spi-builder-workspace/Sources/BigUIPaging/Implementations/PageView/Platform/PlatformPageView.swift (in target 'BigUIPaging' from project 'BigUIPaging')
/Users/admin/builder/spi-builder-workspace/Sources/BigUIPaging/Implementations/PageView/Platform/PlatformPageView+iOS.swift:5:29: error: cannot find type 'UIViewControllerRepresentable' in scope
3 | import SwiftUI
4 |
5 | extension PlatformPageView: UIViewControllerRepresentable {
| `- error: cannot find type 'UIViewControllerRepresentable' in scope
6 |
7 | public typealias UIViewControllerType = UIPageViewController
/Users/admin/builder/spi-builder-workspace/Sources/BigUIPaging/Implementations/PageView/Platform/PlatformPageView+iOS.swift:7:45: error: 'UIPageViewController' is unavailable in watchOS
5 | extension PlatformPageView: UIViewControllerRepresentable {
6 |
7 | public typealias UIViewControllerType = UIPageViewController
| `- error: 'UIPageViewController' is unavailable in watchOS
8 |
9 | public func makeUIViewController(context: Context) -> UIPageViewController {
/Applications/Xcode-27.0.0-Release.Candidate.app/Contents/Developer/Platforms/WatchOS.platform/Developer/SDKs/WatchOS27.0.sdk/System/Library/Frameworks/UIKit.framework/Headers/UIPageViewController.h:51:12: note: 'UIPageViewController' has been explicitly marked unavailable here
49 |
50 | UIKIT_EXTERN API_AVAILABLE(ios(5.0)) API_UNAVAILABLE(watchos) NS_SWIFT_UI_ACTOR
51 | @interface UIPageViewController : UIViewController {
| `- note: 'UIPageViewController' has been explicitly marked unavailable here
52 | }
53 |
/Users/admin/builder/spi-builder-workspace/Sources/BigUIPaging/Implementations/PageView/Platform/PlatformPageView+iOS.swift:9:47: error: cannot find type 'Context' in scope
7 | public typealias UIViewControllerType = UIPageViewController
8 |
9 | public func makeUIViewController(context: Context) -> UIPageViewController {
| `- error: cannot find type 'Context' in scope
10 | let pageViewController = UIPageViewController(
11 | transitionStyle: configuration.transition.platform,
/Users/admin/builder/spi-builder-workspace/Sources/BigUIPaging/Implementations/PageView/Platform/PlatformPageView+iOS.swift:9:59: error: 'UIPageViewController' is unavailable in watchOS
7 | public typealias UIViewControllerType = UIPageViewController
8 |
9 | public func makeUIViewController(context: Context) -> UIPageViewController {
| `- error: 'UIPageViewController' is unavailable in watchOS
10 | let pageViewController = UIPageViewController(
11 | transitionStyle: configuration.transition.platform,
/Applications/Xcode-27.0.0-Release.Candidate.app/Contents/Developer/Platforms/WatchOS.platform/Developer/SDKs/WatchOS27.0.sdk/System/Library/Frameworks/UIKit.framework/Headers/UIPageViewController.h:51:12: note: 'UIPageViewController' has been explicitly marked unavailable here
49 |
50 | UIKIT_EXTERN API_AVAILABLE(ios(5.0)) API_UNAVAILABLE(watchos) NS_SWIFT_UI_ACTOR
51 | @interface UIPageViewController : UIViewController {
| `- note: 'UIPageViewController' has been explicitly marked unavailable here
52 | }
53 |
/Users/admin/builder/spi-builder-workspace/Sources/BigUIPaging/Implementations/PageView/Platform/PlatformPageView+iOS.swift:29:18: error: cannot find type 'Context' in scope
27 | public func updateUIViewController(
28 | _ pageViewController: UIPageViewController,
29 | context: Context
| `- error: cannot find type 'Context' in scope
30 | ) {
31 | let isAnimated = context.transaction.animation != nil
/Users/admin/builder/spi-builder-workspace/Sources/BigUIPaging/Implementations/PageView/Platform/PlatformPageView+iOS.swift:28:31: error: 'UIPageViewController' is unavailable in watchOS
26 |
27 | public func updateUIViewController(
28 | _ pageViewController: UIPageViewController,
| `- error: 'UIPageViewController' is unavailable in watchOS
29 | context: Context
30 | ) {
/Applications/Xcode-27.0.0-Release.Candidate.app/Contents/Developer/Platforms/WatchOS.platform/Developer/SDKs/WatchOS27.0.sdk/System/Library/Frameworks/UIKit.framework/Headers/UIPageViewController.h:51:12: note: 'UIPageViewController' has been explicitly marked unavailable here
49 |
50 | UIKIT_EXTERN API_AVAILABLE(ios(5.0)) API_UNAVAILABLE(watchos) NS_SWIFT_UI_ACTOR
51 | @interface UIPageViewController : UIViewController {
| `- note: 'UIPageViewController' has been explicitly marked unavailable here
52 | }
53 |
/Users/admin/builder/spi-builder-workspace/Sources/BigUIPaging/Implementations/PageView/Platform/PlatformPageView+iOS.swift:61:35: error: 'UIPageViewController' is unavailable in watchOS
59 |
60 | public func pageViewController(
61 | _ pageViewController: UIPageViewController,
| `- error: 'UIPageViewController' is unavailable in watchOS
62 | viewControllerBefore viewController: UIViewController
63 | ) -> UIViewController? {
/Applications/Xcode-27.0.0-Release.Candidate.app/Contents/Developer/Platforms/WatchOS.platform/Developer/SDKs/WatchOS27.0.sdk/System/Library/Frameworks/UIKit.framework/Headers/UIPageViewController.h:51:12: note: 'UIPageViewController' has been explicitly marked unavailable here
49 |
50 | UIKIT_EXTERN API_AVAILABLE(ios(5.0)) API_UNAVAILABLE(watchos) NS_SWIFT_UI_ACTOR
51 | @interface UIPageViewController : UIViewController {
| `- note: 'UIPageViewController' has been explicitly marked unavailable here
52 | }
53 |
/Users/admin/builder/spi-builder-workspace/Sources/BigUIPaging/Implementations/PageView/Platform/PlatformPageView+iOS.swift:62:50: error: 'UIViewController' is unavailable in watchOS
60 | public func pageViewController(
61 | _ pageViewController: UIPageViewController,
62 | viewControllerBefore viewController: UIViewController
| `- error: 'UIViewController' is unavailable in watchOS
63 | ) -> UIViewController? {
64 | guard let viewController = viewController as? ContainerViewController else {
/Applications/Xcode-27.0.0-Release.Candidate.app/Contents/Developer/Platforms/WatchOS.platform/Developer/SDKs/WatchOS27.0.sdk/System/Library/Frameworks/UIKit.framework/Headers/UIViewController.h:104:12: note: 'UIViewController' has been explicitly marked unavailable here
102 |
103 | UIKIT_EXTERN API_AVAILABLE(ios(2.0)) API_UNAVAILABLE(watchos) NS_SWIFT_UI_ACTOR
104 | @interface UIViewController : UIResponder <NSCoding, UIAppearanceContainer, UITraitEnvironment, UIContentContainer, UIFocusEnvironment>
| `- note: 'UIViewController' has been explicitly marked unavailable here
105 |
106 | /*
/Users/admin/builder/spi-builder-workspace/Sources/BigUIPaging/Implementations/PageView/Platform/PlatformPageView+iOS.swift:63:14: error: 'UIViewController' is unavailable in watchOS
61 | _ pageViewController: UIPageViewController,
62 | viewControllerBefore viewController: UIViewController
63 | ) -> UIViewController? {
| `- error: 'UIViewController' is unavailable in watchOS
64 | guard let viewController = viewController as? ContainerViewController else {
65 | return nil
/Applications/Xcode-27.0.0-Release.Candidate.app/Contents/Developer/Platforms/WatchOS.platform/Developer/SDKs/WatchOS27.0.sdk/System/Library/Frameworks/UIKit.framework/Headers/UIViewController.h:104:12: note: 'UIViewController' has been explicitly marked unavailable here
102 |
103 | UIKIT_EXTERN API_AVAILABLE(ios(2.0)) API_UNAVAILABLE(watchos) NS_SWIFT_UI_ACTOR
104 | @interface UIViewController : UIResponder <NSCoding, UIAppearanceContainer, UITraitEnvironment, UIContentContainer, UIFocusEnvironment>
| `- note: 'UIViewController' has been explicitly marked unavailable here
105 |
106 | /*
/Users/admin/builder/spi-builder-workspace/Sources/BigUIPaging/Implementations/PageView/Platform/PlatformPageView+iOS.swift:75:35: error: 'UIPageViewController' is unavailable in watchOS
73 |
74 | public func pageViewController(
75 | _ pageViewController: UIPageViewController,
| `- error: 'UIPageViewController' is unavailable in watchOS
76 | viewControllerAfter viewController: UIViewController
77 | ) -> UIViewController? {
/Applications/Xcode-27.0.0-Release.Candidate.app/Contents/Developer/Platforms/WatchOS.platform/Developer/SDKs/WatchOS27.0.sdk/System/Library/Frameworks/UIKit.framework/Headers/UIPageViewController.h:51:12: note: 'UIPageViewController' has been explicitly marked unavailable here
49 |
50 | UIKIT_EXTERN API_AVAILABLE(ios(5.0)) API_UNAVAILABLE(watchos) NS_SWIFT_UI_ACTOR
51 | @interface UIPageViewController : UIViewController {
| `- note: 'UIPageViewController' has been explicitly marked unavailable here
52 | }
53 |
/Users/admin/builder/spi-builder-workspace/Sources/BigUIPaging/Implementations/PageView/Platform/PlatformPageView+iOS.swift:76:49: error: 'UIViewController' is unavailable in watchOS
74 | public func pageViewController(
75 | _ pageViewController: UIPageViewController,
76 | viewControllerAfter viewController: UIViewController
| `- error: 'UIViewController' is unavailable in watchOS
77 | ) -> UIViewController? {
78 | guard let viewController = viewController as? ContainerViewController else {
/Applications/Xcode-27.0.0-Release.Candidate.app/Contents/Developer/Platforms/WatchOS.platform/Developer/SDKs/WatchOS27.0.sdk/System/Library/Frameworks/UIKit.framework/Headers/UIViewController.h:104:12: note: 'UIViewController' has been explicitly marked unavailable here
102 |
103 | UIKIT_EXTERN API_AVAILABLE(ios(2.0)) API_UNAVAILABLE(watchos) NS_SWIFT_UI_ACTOR
104 | @interface UIViewController : UIResponder <NSCoding, UIAppearanceContainer, UITraitEnvironment, UIContentContainer, UIFocusEnvironment>
| `- note: 'UIViewController' has been explicitly marked unavailable here
105 |
106 | /*
/Users/admin/builder/spi-builder-workspace/Sources/BigUIPaging/Implementations/PageView/Platform/PlatformPageView+iOS.swift:77:14: error: 'UIViewController' is unavailable in watchOS
75 | _ pageViewController: UIPageViewController,
76 | viewControllerAfter viewController: UIViewController
77 | ) -> UIViewController? {
| `- error: 'UIViewController' is unavailable in watchOS
78 | guard let viewController = viewController as? ContainerViewController else {
79 | return nil
/Applications/Xcode-27.0.0-Release.Candidate.app/Contents/Developer/Platforms/WatchOS.platform/Developer/SDKs/WatchOS27.0.sdk/System/Library/Frameworks/UIKit.framework/Headers/UIViewController.h:104:12: note: 'UIViewController' has been explicitly marked unavailable here
102 |
103 | UIKIT_EXTERN API_AVAILABLE(ios(2.0)) API_UNAVAILABLE(watchos) NS_SWIFT_UI_ACTOR
104 | @interface UIViewController : UIResponder <NSCoding, UIAppearanceContainer, UITraitEnvironment, UIContentContainer, UIFocusEnvironment>
| `- note: 'UIViewController' has been explicitly marked unavailable here
105 |
106 | /*
/Users/admin/builder/spi-builder-workspace/Sources/BigUIPaging/Implementations/PageView/Platform/PlatformPageView+iOS.swift:91:35: error: 'UIPageViewController' is unavailable in watchOS
89 |
90 | public func pageViewController(
91 | _ pageViewController: UIPageViewController,
| `- error: 'UIPageViewController' is unavailable in watchOS
92 | didFinishAnimating finished: Bool,
93 | previousViewControllers: [UIViewController],
/Applications/Xcode-27.0.0-Release.Candidate.app/Contents/Developer/Platforms/WatchOS.platform/Developer/SDKs/WatchOS27.0.sdk/System/Library/Frameworks/UIKit.framework/Headers/UIPageViewController.h:51:12: note: 'UIPageViewController' has been explicitly marked unavailable here
49 |
50 | UIKIT_EXTERN API_AVAILABLE(ios(5.0)) API_UNAVAILABLE(watchos) NS_SWIFT_UI_ACTOR
51 | @interface UIPageViewController : UIViewController {
| `- note: 'UIPageViewController' has been explicitly marked unavailable here
52 | }
53 |
/Users/admin/builder/spi-builder-workspace/Sources/BigUIPaging/Implementations/PageView/Platform/PlatformPageView+iOS.swift:93:39: error: 'UIViewController' is unavailable in watchOS
91 | _ pageViewController: UIPageViewController,
92 | didFinishAnimating finished: Bool,
93 | previousViewControllers: [UIViewController],
| `- error: 'UIViewController' is unavailable in watchOS
94 | transitionCompleted completed: Bool
95 | ) {
/Applications/Xcode-27.0.0-Release.Candidate.app/Contents/Developer/Platforms/WatchOS.platform/Developer/SDKs/WatchOS27.0.sdk/System/Library/Frameworks/UIKit.framework/Headers/UIViewController.h:104:12: note: 'UIViewController' has been explicitly marked unavailable here
102 |
103 | UIKIT_EXTERN API_AVAILABLE(ios(2.0)) API_UNAVAILABLE(watchos) NS_SWIFT_UI_ACTOR
104 | @interface UIViewController : UIResponder <NSCoding, UIAppearanceContainer, UITraitEnvironment, UIContentContainer, UIFocusEnvironment>
| `- note: 'UIViewController' has been explicitly marked unavailable here
105 |
106 | /*
/Users/admin/builder/spi-builder-workspace/Sources/BigUIPaging/Implementations/PageView/Platform/PlatformPageView+iOS.swift:103:61: error: 'UIViewController' is unavailable in watchOS
101 |
102 | /// Creates a new container with hosting controller for a specified value.
103 | func makeViewController(_ value: SelectionValue) -> UIViewController {
| `- error: 'UIViewController' is unavailable in watchOS
104 | let viewController = ContainerViewController(
105 | value: value,
/Applications/Xcode-27.0.0-Release.Candidate.app/Contents/Developer/Platforms/WatchOS.platform/Developer/SDKs/WatchOS27.0.sdk/System/Library/Frameworks/UIKit.framework/Headers/UIViewController.h:104:12: note: 'UIViewController' has been explicitly marked unavailable here
102 |
103 | UIKIT_EXTERN API_AVAILABLE(ios(2.0)) API_UNAVAILABLE(watchos) NS_SWIFT_UI_ACTOR
104 | @interface UIViewController : UIResponder <NSCoding, UIAppearanceContainer, UITraitEnvironment, UIContentContainer, UIFocusEnvironment>
| `- note: 'UIViewController' has been explicitly marked unavailable here
105 |
106 | /*
/Users/admin/builder/spi-builder-workspace/Sources/BigUIPaging/Implementations/PageView/Platform/PlatformPageView+iOS.swift:117:36: error: 'UIPageViewController' is unavailable in watchOS
115 | func go(
116 | to value: SelectionValue,
117 | in pageViewController: UIPageViewController,
| `- error: 'UIPageViewController' is unavailable in watchOS
118 | animated: Bool = true
119 | ) {
/Applications/Xcode-27.0.0-Release.Candidate.app/Contents/Developer/Platforms/WatchOS.platform/Developer/SDKs/WatchOS27.0.sdk/System/Library/Frameworks/UIKit.framework/Headers/UIPageViewController.h:51:12: note: 'UIPageViewController' has been explicitly marked unavailable here
49 |
50 | UIKIT_EXTERN API_AVAILABLE(ios(5.0)) API_UNAVAILABLE(watchos) NS_SWIFT_UI_ACTOR
51 | @interface UIPageViewController : UIViewController {
| `- note: 'UIPageViewController' has been explicitly marked unavailable here
52 | }
53 |
/Users/admin/builder/spi-builder-workspace/Sources/BigUIPaging/Implementations/PageView/Platform/PlatformPageView+iOS.swift:134:51: error: 'UIPageViewController' is unavailable in watchOS
132 |
133 | /// Returns the currently selected value as represented by the currently visible view controller.
134 | func selectedValue(in pageViewController: UIPageViewController) -> SelectionValue? {
| `- error: 'UIPageViewController' is unavailable in watchOS
135 | guard let container = pageViewController.viewControllers?.first as? ContainerViewController else {
136 | return nil
/Applications/Xcode-27.0.0-Release.Candidate.app/Contents/Developer/Platforms/WatchOS.platform/Developer/SDKs/WatchOS27.0.sdk/System/Library/Frameworks/UIKit.framework/Headers/UIPageViewController.h:51:12: note: 'UIPageViewController' has been explicitly marked unavailable here
49 |
50 | UIKIT_EXTERN API_AVAILABLE(ios(5.0)) API_UNAVAILABLE(watchos) NS_SWIFT_UI_ACTOR
51 | @interface UIPageViewController : UIViewController {
| `- note: 'UIPageViewController' has been explicitly marked unavailable here
52 | }
53 |
/Users/admin/builder/spi-builder-workspace/Sources/BigUIPaging/Implementations/PageView/Platform/PlatformPageView+iOS.swift:49:34: error: 'UIPageViewControllerDelegate' is unavailable in watchOS
47 | extension PlatformPageView {
48 |
49 | class Coordinator: NSObject, UIPageViewControllerDelegate, UIPageViewControllerDataSource {
| `- error: 'UIPageViewControllerDelegate' is unavailable in watchOS
50 |
51 | let parent: PlatformPageView
/Applications/Xcode-27.0.0-Release.Candidate.app/Contents/Developer/Platforms/WatchOS.platform/Developer/SDKs/WatchOS27.0.sdk/System/Library/Frameworks/UIKit.framework/Headers/UIPageViewController.h:80:11: note: 'UIPageViewControllerDelegate' has been explicitly marked unavailable here
78 |
79 | API_UNAVAILABLE(watchos) NS_SWIFT_UI_ACTOR
80 | @protocol UIPageViewControllerDelegate <NSObject>
| `- note: 'UIPageViewControllerDelegate' has been explicitly marked unavailable here
81 |
82 | @optional
/Users/admin/builder/spi-builder-workspace/Sources/BigUIPaging/Implementations/PageView/Platform/PlatformPageView+iOS.swift:49:64: error: 'UIPageViewControllerDataSource' is unavailable in watchOS
47 | extension PlatformPageView {
48 |
49 | class Coordinator: NSObject, UIPageViewControllerDelegate, UIPageViewControllerDataSource {
| `- error: 'UIPageViewControllerDataSource' is unavailable in watchOS
50 |
51 | let parent: PlatformPageView
/Applications/Xcode-27.0.0-Release.Candidate.app/Contents/Developer/Platforms/WatchOS.platform/Developer/SDKs/WatchOS27.0.sdk/System/Library/Frameworks/UIKit.framework/Headers/UIPageViewController.h:100:11: note: 'UIPageViewControllerDataSource' has been explicitly marked unavailable here
98 |
99 | API_UNAVAILABLE(watchos) NS_SWIFT_UI_ACTOR
100 | @protocol UIPageViewControllerDataSource <NSObject>
| `- note: 'UIPageViewControllerDataSource' has been explicitly marked unavailable here
101 |
102 | @required
/Users/admin/builder/spi-builder-workspace/Sources/BigUIPaging/Implementations/PageView/Platform/PlatformPageView+iOS.swift:151:32: error: 'UIViewController' is unavailable in watchOS
149 | let value: SelectionValue
150 | let content: Content
151 | var hostingController: UIViewController?
| `- error: 'UIViewController' is unavailable in watchOS
152 | let background: Visibility
153 |
/Applications/Xcode-27.0.0-Release.Candidate.app/Contents/Developer/Platforms/WatchOS.platform/Developer/SDKs/WatchOS27.0.sdk/System/Library/Frameworks/UIKit.framework/Headers/UIViewController.h:104:12: note: 'UIViewController' has been explicitly marked unavailable here
102 |
103 | UIKIT_EXTERN API_AVAILABLE(ios(2.0)) API_UNAVAILABLE(watchos) NS_SWIFT_UI_ACTOR
104 | @interface UIViewController : UIResponder <NSCoding, UIAppearanceContainer, UITraitEnvironment, UIContentContainer, UIFocusEnvironment>
| `- note: 'UIViewController' has been explicitly marked unavailable here
105 |
106 | /*
/Users/admin/builder/spi-builder-workspace/Sources/BigUIPaging/Implementations/PageView/Platform/PlatformPageView+iOS.swift:147:36: error: 'UIViewController' is unavailable in watchOS
145 | extension PlatformPageView {
146 |
147 | class ContainerViewController: UIViewController {
| `- error: 'UIViewController' is unavailable in watchOS
148 |
149 | let value: SelectionValue
/Applications/Xcode-27.0.0-Release.Candidate.app/Contents/Developer/Platforms/WatchOS.platform/Developer/SDKs/WatchOS27.0.sdk/System/Library/Frameworks/UIKit.framework/Headers/UIViewController.h:104:12: note: 'UIViewController' has been explicitly marked unavailable here
102 |
103 | UIKIT_EXTERN API_AVAILABLE(ios(2.0)) API_UNAVAILABLE(watchos) NS_SWIFT_UI_ACTOR
104 | @interface UIViewController : UIResponder <NSCoding, UIAppearanceContainer, UITraitEnvironment, UIContentContainer, UIFocusEnvironment>
| `- note: 'UIViewController' has been explicitly marked unavailable here
105 |
106 | /*
/Users/admin/builder/spi-builder-workspace/Sources/BigUIPaging/Implementations/PageView/Platform/PlatformPageView+iOS.swift:203:37: error: cannot find type 'UIHostingController' in scope
201 | }
202 |
203 | class ContentHostingController: UIHostingController<Content> {
| `- error: cannot find type 'UIHostingController' in scope
204 |
205 | // Stop SwiftUI interfering with parent toolbar / navigation titles
/Users/admin/builder/spi-builder-workspace/Sources/BigUIPaging/Implementations/PageView/Platform/PlatformPageView+iOS.swift:206:22: error: property does not override any property from its superclass
204 |
205 | // Stop SwiftUI interfering with parent toolbar / navigation titles
206 | override var navigationController: UINavigationController? {
| `- error: property does not override any property from its superclass
207 | return nil
208 | }
/Users/admin/builder/spi-builder-workspace/Sources/BigUIPaging/Implementations/PageView/Platform/PlatformPageView+iOS.swift:206:44: error: 'UINavigationController' is unavailable in watchOS
204 |
205 | // Stop SwiftUI interfering with parent toolbar / navigation titles
206 | override var navigationController: UINavigationController? {
| `- error: 'UINavigationController' is unavailable in watchOS
207 | return nil
208 | }
/Applications/Xcode-27.0.0-Release.Candidate.app/Contents/Developer/Platforms/WatchOS.platform/Developer/SDKs/WatchOS27.0.sdk/System/Library/Frameworks/UIKit.framework/Headers/UINavigationController.h:46:12: note: 'UINavigationController' has been explicitly marked unavailable here
44 |
45 | UIKIT_EXTERN API_AVAILABLE(ios(2.0)) API_UNAVAILABLE(watchos) NS_SWIFT_UI_ACTOR
46 | @interface UINavigationController : UIViewController
| `- note: 'UINavigationController' has been explicitly marked unavailable here
47 |
48 |
/Users/admin/builder/spi-builder-workspace/Sources/BigUIPaging/Implementations/PageView/Platform/PlatformPageView+iOS.swift:222:73: error: 'UIPageViewController' is unavailable in watchOS
220 | ///
221 | /// It relies on SwiftUI internals which could change (specifically the navigation controller's hosting view).
222 | func fixNavigationControllerContentScrollView(_ pageViewController: UIPageViewController) {
| `- error: 'UIPageViewController' is unavailable in watchOS
223 | DispatchQueue.main.async {
224 | // Grab root view controller
/Applications/Xcode-27.0.0-Release.Candidate.app/Contents/Developer/Platforms/WatchOS.platform/Developer/SDKs/WatchOS27.0.sdk/System/Library/Frameworks/UIKit.framework/Headers/UIPageViewController.h:51:12: note: 'UIPageViewController' has been explicitly marked unavailable here
49 |
50 | UIKIT_EXTERN API_AVAILABLE(ios(5.0)) API_UNAVAILABLE(watchos) NS_SWIFT_UI_ACTOR
51 | @interface UIPageViewController : UIViewController {
| `- note: 'UIPageViewController' has been explicitly marked unavailable here
52 | }
53 |
/Users/admin/builder/spi-builder-workspace/Sources/BigUIPaging/Implementations/PageView/Platform/PlatformPageView+iOS.swift:248:19: error: 'UIPageViewController' is unavailable in watchOS
246 | extension SwiftUI.Axis {
247 |
248 | var platform: UIPageViewController.NavigationOrientation {
| `- error: 'UIPageViewController' is unavailable in watchOS
249 | switch self {
250 | case .horizontal:
/Applications/Xcode-27.0.0-Release.Candidate.app/Contents/Developer/Platforms/WatchOS.platform/Developer/SDKs/WatchOS27.0.sdk/System/Library/Frameworks/UIKit.framework/Headers/UIPageViewController.h:51:12: note: 'UIPageViewController' has been explicitly marked unavailable here
49 |
50 | UIKIT_EXTERN API_AVAILABLE(ios(5.0)) API_UNAVAILABLE(watchos) NS_SWIFT_UI_ACTOR
51 | @interface UIPageViewController : UIViewController {
| `- note: 'UIPageViewController' has been explicitly marked unavailable here
52 | }
53 |
/Users/admin/builder/spi-builder-workspace/Sources/BigUIPaging/Implementations/PageView/Platform/PlatformPageView+iOS.swift:261:19: error: 'UIPageViewController' is unavailable in watchOS
259 |
260 | /// Maps to a native page controller transition.
261 | var platform: UIPageViewController.TransitionStyle {
| `- error: 'UIPageViewController' is unavailable in watchOS
262 | switch self {
263 | case .book:
/Applications/Xcode-27.0.0-Release.Candidate.app/Contents/Developer/Platforms/WatchOS.platform/Developer/SDKs/WatchOS27.0.sdk/System/Library/Frameworks/UIKit.framework/Headers/UIPageViewController.h:51:12: note: 'UIPageViewController' has been explicitly marked unavailable here
49 |
50 | UIKIT_EXTERN API_AVAILABLE(ios(5.0)) API_UNAVAILABLE(watchos) NS_SWIFT_UI_ACTOR
51 | @interface UIPageViewController : UIViewController {
| `- note: 'UIPageViewController' has been explicitly marked unavailable here
52 | }
53 |
/Users/admin/builder/spi-builder-workspace/Sources/BigUIPaging/Implementations/PageView/Platform/PlatformPageView+iOS.swift:275:26: error: 'UIView' is unavailable in watchOS
273 | extension UIView {
274 |
275 | func firstSubview<T: UIView>(of type: T.Type) -> T? {
| `- error: 'UIView' is unavailable in watchOS
276 | if let match = self as? T {
277 | return match
/Applications/Xcode-27.0.0-Release.Candidate.app/Contents/Developer/Platforms/WatchOS.platform/Developer/SDKs/WatchOS27.0.sdk/System/Library/Frameworks/UIKit.framework/Headers/UIView.h:152:12: note: 'UIView' has been explicitly marked unavailable here
150 |
151 | UIKIT_EXTERN API_AVAILABLE(ios(2.0)) API_UNAVAILABLE(watchos) NS_SWIFT_UI_ACTOR
152 | @interface UIView : UIResponder <NSCoding, UIAppearance, UIAppearanceContainer, UIDynamicItem, UITraitEnvironment, UICoordinateSpace, UIFocusItem, UIFocusItemContainer, CALayerDelegate>
| `- note: 'UIView' has been explicitly marked unavailable here
153 |
154 | @property(class, nonatomic, readonly) Class layerClass; // default is [CALayer class]. Used when creating the underlying layer for the view.
/Users/admin/builder/spi-builder-workspace/Sources/BigUIPaging/Implementations/PageView/Platform/PlatformPageView+iOS.swift:273:11: error: 'UIView' is unavailable in watchOS
271 | }
272 |
273 | extension UIView {
| `- error: 'UIView' is unavailable in watchOS
274 |
275 | func firstSubview<T: UIView>(of type: T.Type) -> T? {
/Applications/Xcode-27.0.0-Release.Candidate.app/Contents/Developer/Platforms/WatchOS.platform/Developer/SDKs/WatchOS27.0.sdk/System/Library/Frameworks/UIKit.framework/Headers/UIView.h:152:12: note: 'UIView' has been explicitly marked unavailable here
150 |
151 | UIKIT_EXTERN API_AVAILABLE(ios(2.0)) API_UNAVAILABLE(watchos) NS_SWIFT_UI_ACTOR
152 | @interface UIView : UIResponder <NSCoding, UIAppearance, UIAppearanceContainer, UIDynamicItem, UITraitEnvironment, UICoordinateSpace, UIFocusItem, UIFocusItemContainer, CALayerDelegate>
| `- note: 'UIView' has been explicitly marked unavailable here
153 |
154 | @property(class, nonatomic, readonly) Class layerClass; // default is [CALayer class]. Used when creating the underlying layer for the view.
/Users/admin/builder/spi-builder-workspace/Sources/BigUIPaging/Implementations/PageView/Platform/PlatformPageView+iOS.swift:10:34: error: 'UIPageViewController' is unavailable in watchOS
8 |
9 | public func makeUIViewController(context: Context) -> UIPageViewController {
10 | let pageViewController = UIPageViewController(
| `- error: 'UIPageViewController' is unavailable in watchOS
11 | transitionStyle: configuration.transition.platform,
12 | navigationOrientation: configuration.orientation.platform,
/Applications/Xcode-27.0.0-Release.Candidate.app/Contents/Developer/Platforms/WatchOS.platform/Developer/SDKs/WatchOS27.0.sdk/System/Library/Frameworks/UIKit.framework/Headers/UIPageViewController.h:51:12: note: 'UIPageViewController' has been explicitly marked unavailable here
49 |
50 | UIKIT_EXTERN API_AVAILABLE(ios(5.0)) API_UNAVAILABLE(watchos) NS_SWIFT_UI_ACTOR
51 | @interface UIPageViewController : UIViewController {
| `- note: 'UIPageViewController' has been explicitly marked unavailable here
52 | }
53 |
/Users/admin/builder/spi-builder-workspace/Sources/BigUIPaging/Implementations/PageView/Platform/PlatformPageView+iOS.swift:13:24: error: 'interPageSpacing' is unavailable in watchOS
11 | transitionStyle: configuration.transition.platform,
12 | navigationOrientation: configuration.orientation.platform,
13 | options: [.interPageSpacing: NSNumber(value: configuration.spacing)]
| `- error: 'interPageSpacing' is unavailable in watchOS
14 | )
15 | context.coordinator.contentBackground = context.environment.contentBackground
/Applications/Xcode-27.0.0-Release.Candidate.app/Contents/Developer/Platforms/WatchOS.platform/Developer/SDKs/WatchOS27.0.sdk/System/Library/Frameworks/UIKit.framework/Headers/UIPageViewController.h:46:51: note: 'interPageSpacing' has been explicitly marked unavailable here
44 | // Value should be a CGFloat wrapped in an NSNumber. Default is '0'.
45 | // Only valid for use with page view controllers with transition style 'UIPageViewControllerTransitionStyleScroll'.
46 | UIKIT_EXTERN UIPageViewControllerOptionsKey const UIPageViewControllerOptionInterPageSpacingKey API_AVAILABLE(ios(6.0)) API_UNAVAILABLE(watchos);
| `- note: 'interPageSpacing' has been explicitly marked unavailable here
47 |
48 | @protocol UIPageViewControllerDelegate, UIPageViewControllerDataSource;
/Users/admin/builder/spi-builder-workspace/Sources/BigUIPaging/Implementations/PageView/Platform/PlatformPageView+iOS.swift:173:76: error: argument passed to call that takes no arguments
171 | override func viewWillAppear(_ animated: Bool) {
172 | if self.hostingController == nil {
173 | let hostingController = ContentHostingController(rootView: content)
| `- error: argument passed to call that takes no arguments
174 | hostingController.view.autoresizingMask = [
175 | .flexibleWidth,
/Users/admin/builder/spi-builder-workspace/Sources/BigUIPaging/Implementations/PageView/Platform/PlatformPageView+iOS.swift:175:22: error: reference to member 'flexibleWidth' cannot be resolved without a contextual type
173 | let hostingController = ContentHostingController(rootView: content)
174 | hostingController.view.autoresizingMask = [
175 | .flexibleWidth,
| `- error: reference to member 'flexibleWidth' cannot be resolved without a contextual type
176 | .flexibleHeight
177 | ]
/Users/admin/builder/spi-builder-workspace/Sources/BigUIPaging/Implementations/PageView/Platform/PlatformPageView+iOS.swift:176:22: error: reference to member 'flexibleHeight' cannot be resolved without a contextual type
174 | hostingController.view.autoresizingMask = [
175 | .flexibleWidth,
176 | .flexibleHeight
| `- error: reference to member 'flexibleHeight' cannot be resolved without a contextual type
177 | ]
178 | if background == .hidden {
/Users/admin/builder/spi-builder-workspace/Sources/BigUIPaging/Implementations/PageView/Platform/PlatformPageView+iOS.swift:179:63: error: cannot infer contextual base in reference to member 'clear'
177 | ]
178 | if background == .hidden {
179 | hostingController.view.backgroundColor = .clear
| `- error: cannot infer contextual base in reference to member 'clear'
180 | }
181 | self.addChild(hostingController)
SwiftCompile normal arm64 /Users/admin/builder/spi-builder-workspace/Sources/BigUIPaging/Implementations/PageView/Platform/PlatformPageView+iOS.swift (in target 'BigUIPaging' from project 'BigUIPaging')
cd /Users/admin/builder/spi-builder-workspace/.swiftpm/xcode
builtin-SwiftPerFileCompile PlatformPageView+iOS.swift
SwiftCompile normal arm64 /Users/admin/builder/spi-builder-workspace/Sources/BigUIPaging/Implementations/PageView/Platform/PlatformPageView+macOS.swift (in target 'BigUIPaging' from project 'BigUIPaging')
cd /Users/admin/builder/spi-builder-workspace/.swiftpm/xcode
builtin-SwiftPerFileCompile PlatformPageView+macOS.swift
SwiftCompile normal arm64 /Users/admin/builder/spi-builder-workspace/Sources/BigUIPaging/Implementations/PageView/Platform/PlatformPageView.swift (in target 'BigUIPaging' from project 'BigUIPaging')
cd /Users/admin/builder/spi-builder-workspace/.swiftpm/xcode
builtin-SwiftPerFileCompile PlatformPageView.swift
SwiftCompile normal arm64 Compiling\ PageViewBasicExample.swift,\ PageViewForEachExample.swift,\ PageViewNavigationStackExample.swift /Users/admin/builder/spi-builder-workspace/Sources/BigUIPaging/Examples/PageViewBasicExample.swift /Users/admin/builder/spi-builder-workspace/Sources/BigUIPaging/Examples/PageViewForEachExample.swift /Users/admin/builder/spi-builder-workspace/Sources/BigUIPaging/Examples/PageViewNavigationStackExample.swift (in target 'BigUIPaging' from project 'BigUIPaging')
SwiftCompile normal arm64 /Users/admin/builder/spi-builder-workspace/Sources/BigUIPaging/Examples/PageViewBasicExample.swift (in target 'BigUIPaging' from project 'BigUIPaging')
cd /Users/admin/builder/spi-builder-workspace/.swiftpm/xcode
builtin-SwiftPerFileCompile PageViewBasicExample.swift
SwiftCompile normal arm64 /Users/admin/builder/spi-builder-workspace/Sources/BigUIPaging/Examples/PageViewForEachExample.swift (in target 'BigUIPaging' from project 'BigUIPaging')
cd /Users/admin/builder/spi-builder-workspace/.swiftpm/xcode
builtin-SwiftPerFileCompile PageViewForEachExample.swift
SwiftCompile normal arm64 /Users/admin/builder/spi-builder-workspace/Sources/BigUIPaging/Examples/PageViewNavigationStackExample.swift (in target 'BigUIPaging' from project 'BigUIPaging')
cd /Users/admin/builder/spi-builder-workspace/.swiftpm/xcode
builtin-SwiftPerFileCompile PageViewNavigationStackExample.swift
SwiftCompile normal arm64 Compiling\ CardDeckExample.swift,\ CustomPageViewExample.swift,\ ExampleGridToPageView.swift,\ PageIndicatorExample.swift /Users/admin/builder/spi-builder-workspace/Sources/BigUIPaging/Examples/CardDeckExample.swift /Users/admin/builder/spi-builder-workspace/Sources/BigUIPaging/Examples/CustomPageViewExample.swift /Users/admin/builder/spi-builder-workspace/Sources/BigUIPaging/Examples/ExampleGridToPageView.swift /Users/admin/builder/spi-builder-workspace/Sources/BigUIPaging/Examples/PageIndicatorExample.swift (in target 'BigUIPaging' from project 'BigUIPaging')
/Users/admin/builder/spi-builder-workspace/Sources/BigUIPaging/Examples/PageIndicatorExample.swift:17:17: error: 'GroupBox' is unavailable in watchOS
15 | Form {
16 | Section {
17 | GroupBox {
| `- error: 'GroupBox' is unavailable in watchOS
18 | PageIndicator(selection: $selection, total: total)
19 | .pageIndicatorBackgroundStyle(.prominent)
SwiftUI.GroupBox:4:27: note: 'GroupBox' has been explicitly marked unavailable here
2 | @available(tvOS, unavailable)
3 | @available(watchOS, unavailable)
4 | nonisolated public struct GroupBox<Label, Content> : View, ~Sendable where Label : View, Content : View {
| `- note: 'GroupBox' has been explicitly marked unavailable here
5 | @available(iOS 14.0, macOS 10.15, *)
6 | @available(tvOS, unavailable)
/Users/admin/builder/spi-builder-workspace/Sources/BigUIPaging/Examples/PageIndicatorExample.swift:17:17: error: 'init(content:)' is unavailable in watchOS
15 | Form {
16 | Section {
17 | GroupBox {
| `- error: 'init(content:)' is unavailable in watchOS
18 | PageIndicator(selection: $selection, total: total)
19 | .pageIndicatorBackgroundStyle(.prominent)
SwiftUI.GroupBox.init:2:20: note: 'init(content:)' has been explicitly marked unavailable here
1 | generic struct GroupBox {
2 | nonisolated public init(@ContentBuilder content: () -> Content)}
| `- note: 'init(content:)' has been explicitly marked unavailable here
3 |
/Users/admin/builder/spi-builder-workspace/Sources/BigUIPaging/Examples/PageIndicatorExample.swift:46:17: error: 'GroupBox' is unavailable in watchOS
44 |
45 | Section {
46 | GroupBox {
| `- error: 'GroupBox' is unavailable in watchOS
47 | PageIndicator(selection: $selection, total: total)
48 | .pageIndicatorColor(unselectedColor)
SwiftUI.GroupBox:4:27: note: 'GroupBox' has been explicitly marked unavailable here
2 | @available(tvOS, unavailable)
3 | @available(watchOS, unavailable)
4 | nonisolated public struct GroupBox<Label, Content> : View, ~Sendable where Label : View, Content : View {
| `- note: 'GroupBox' has been explicitly marked unavailable here
5 | @available(iOS 14.0, macOS 10.15, *)
6 | @available(tvOS, unavailable)
/Users/admin/builder/spi-builder-workspace/Sources/BigUIPaging/Examples/PageIndicatorExample.swift:46:17: error: 'init(content:)' is unavailable in watchOS
44 |
45 | Section {
46 | GroupBox {
| `- error: 'init(content:)' is unavailable in watchOS
47 | PageIndicator(selection: $selection, total: total)
48 | .pageIndicatorColor(unselectedColor)
SwiftUI.GroupBox.init:2:20: note: 'init(content:)' has been explicitly marked unavailable here
1 | generic struct GroupBox {
2 | nonisolated public init(@ContentBuilder content: () -> Content)}
| `- note: 'init(content:)' has been explicitly marked unavailable here
3 |
/Users/admin/builder/spi-builder-workspace/Sources/BigUIPaging/Examples/PageIndicatorExample.swift:52:21: error: 'ColorPicker' is unavailable in watchOS
50 | .padding()
51 | .disabled(!tapInteraction)
52 | ColorPicker("Selected Color", selection: $selectedColor)
| `- error: 'ColorPicker' is unavailable in watchOS
53 | ColorPicker("Color", selection: $unselectedColor)
54 | }
SwiftUI.ColorPicker:4:27: note: 'ColorPicker' has been explicitly marked unavailable here
2 | @available(tvOS, unavailable)
3 | @available(watchOS, unavailable)
4 | nonisolated public struct ColorPicker<Label> : View, ~Sendable where Label : View {
| `- note: 'ColorPicker' has been explicitly marked unavailable here
5 | nonisolated public init(selection: Binding<Color>, supportsOpacity: Bool = true, @ContentBuilder label: () -> Label)
6 | nonisolated public init(selection: Binding<CGColor>, supportsOpacity: Bool = true, @ContentBuilder label: () -> Label)
/Users/admin/builder/spi-builder-workspace/Sources/BigUIPaging/Examples/PageIndicatorExample.swift:52:21: error: 'init(_:selection:supportsOpacity:)' is unavailable in watchOS
50 | .padding()
51 | .disabled(!tapInteraction)
52 | ColorPicker("Selected Color", selection: $selectedColor)
| `- error: 'init(_:selection:supportsOpacity:)' is unavailable in watchOS
53 | ColorPicker("Color", selection: $unselectedColor)
54 | }
SwiftUI.ColorPicker.init:2:20: note: 'init(_:selection:supportsOpacity:)' has been explicitly marked unavailable here
1 | generic struct ColorPicker {
2 | nonisolated public init(_ titleKey: LocalizedStringKey, selection: Binding<Color>, supportsOpacity: Bool = true)}
| `- note: 'init(_:selection:supportsOpacity:)' has been explicitly marked unavailable here
3 |
/Users/admin/builder/spi-builder-workspace/Sources/BigUIPaging/Examples/PageIndicatorExample.swift:53:21: error: 'ColorPicker' is unavailable in watchOS
51 | .disabled(!tapInteraction)
52 | ColorPicker("Selected Color", selection: $selectedColor)
53 | ColorPicker("Color", selection: $unselectedColor)
| `- error: 'ColorPicker' is unavailable in watchOS
54 | }
55 | GroupBox {
SwiftUI.ColorPicker:4:27: note: 'ColorPicker' has been explicitly marked unavailable here
2 | @available(tvOS, unavailable)
3 | @available(watchOS, unavailable)
4 | nonisolated public struct ColorPicker<Label> : View, ~Sendable where Label : View {
| `- note: 'ColorPicker' has been explicitly marked unavailable here
5 | nonisolated public init(selection: Binding<Color>, supportsOpacity: Bool = true, @ContentBuilder label: () -> Label)
6 | nonisolated public init(selection: Binding<CGColor>, supportsOpacity: Bool = true, @ContentBuilder label: () -> Label)
/Users/admin/builder/spi-builder-workspace/Sources/BigUIPaging/Examples/PageIndicatorExample.swift:53:21: error: 'init(_:selection:supportsOpacity:)' is unavailable in watchOS
51 | .disabled(!tapInteraction)
52 | ColorPicker("Selected Color", selection: $selectedColor)
53 | ColorPicker("Color", selection: $unselectedColor)
| `- error: 'init(_:selection:supportsOpacity:)' is unavailable in watchOS
54 | }
55 | GroupBox {
SwiftUI.ColorPicker.init:2:20: note: 'init(_:selection:supportsOpacity:)' has been explicitly marked unavailable here
1 | generic struct ColorPicker {
2 | nonisolated public init(_ titleKey: LocalizedStringKey, selection: Binding<Color>, supportsOpacity: Bool = true)}
| `- note: 'init(_:selection:supportsOpacity:)' has been explicitly marked unavailable here
3 |
/Users/admin/builder/spi-builder-workspace/Sources/BigUIPaging/Examples/PageIndicatorExample.swift:55:17: error: 'GroupBox' is unavailable in watchOS
53 | ColorPicker("Color", selection: $unselectedColor)
54 | }
55 | GroupBox {
| `- error: 'GroupBox' is unavailable in watchOS
56 | PageIndicator(selection: $selection, total: total)
57 | .pageIndicatorBackgroundStyle(.prominent)
SwiftUI.GroupBox:4:27: note: 'GroupBox' has been explicitly marked unavailable here
2 | @available(tvOS, unavailable)
3 | @available(watchOS, unavailable)
4 | nonisolated public struct GroupBox<Label, Content> : View, ~Sendable where Label : View, Content : View {
| `- note: 'GroupBox' has been explicitly marked unavailable here
5 | @available(iOS 14.0, macOS 10.15, *)
6 | @available(tvOS, unavailable)
/Users/admin/builder/spi-builder-workspace/Sources/BigUIPaging/Examples/PageIndicatorExample.swift:55:17: error: 'init(content:)' is unavailable in watchOS
53 | ColorPicker("Color", selection: $unselectedColor)
54 | }
55 | GroupBox {
| `- error: 'init(content:)' is unavailable in watchOS
56 | PageIndicator(selection: $selection, total: total)
57 | .pageIndicatorBackgroundStyle(.prominent)
SwiftUI.GroupBox.init:2:20: note: 'init(content:)' has been explicitly marked unavailable here
1 | generic struct GroupBox {
2 | nonisolated public init(@ContentBuilder content: () -> Content)}
| `- note: 'init(content:)' has been explicitly marked unavailable here
3 |
/Users/admin/builder/spi-builder-workspace/Sources/BigUIPaging/Examples/PageIndicatorExample.swift:63:17: error: 'GroupBox' is unavailable in watchOS
61 | Text("Prominent Background")
62 | }
63 | GroupBox {
| `- error: 'GroupBox' is unavailable in watchOS
64 | PageIndicator(selection: $selection, total: total) { (page, selected) in
65 | if page == 0 {
SwiftUI.GroupBox:4:27: note: 'GroupBox' has been explicitly marked unavailable here
2 | @available(tvOS, unavailable)
3 | @available(watchOS, unavailable)
4 | nonisolated public struct GroupBox<Label, Content> : View, ~Sendable where Label : View, Content : View {
| `- note: 'GroupBox' has been explicitly marked unavailable here
5 | @available(iOS 14.0, macOS 10.15, *)
6 | @available(tvOS, unavailable)
/Users/admin/builder/spi-builder-workspace/Sources/BigUIPaging/Examples/PageIndicatorExample.swift:63:17: error: 'init(content:)' is unavailable in watchOS
61 | Text("Prominent Background")
62 | }
63 | GroupBox {
| `- error: 'init(content:)' is unavailable in watchOS
64 | PageIndicator(selection: $selection, total: total) { (page, selected) in
65 | if page == 0 {
SwiftUI.GroupBox.init:2:20: note: 'init(content:)' has been explicitly marked unavailable here
1 | generic struct GroupBox {
2 | nonisolated public init(@ContentBuilder content: () -> Content)}
| `- note: 'init(content:)' has been explicitly marked unavailable here
3 |
SwiftCompile normal arm64 /Users/admin/builder/spi-builder-workspace/Sources/BigUIPaging/Examples/CardDeckExample.swift (in target 'BigUIPaging' from project 'BigUIPaging')
cd /Users/admin/builder/spi-builder-workspace/.swiftpm/xcode
builtin-SwiftPerFileCompile CardDeckExample.swift
SwiftCompile normal arm64 /Users/admin/builder/spi-builder-workspace/Sources/BigUIPaging/Examples/CustomPageViewExample.swift (in target 'BigUIPaging' from project 'BigUIPaging')
cd /Users/admin/builder/spi-builder-workspace/.swiftpm/xcode
builtin-SwiftPerFileCompile CustomPageViewExample.swift
SwiftCompile normal arm64 /Users/admin/builder/spi-builder-workspace/Sources/BigUIPaging/Examples/ExampleGridToPageView.swift (in target 'BigUIPaging' from project 'BigUIPaging')
cd /Users/admin/builder/spi-builder-workspace/.swiftpm/xcode
builtin-SwiftPerFileCompile ExampleGridToPageView.swift
SwiftCompile normal arm64 /Users/admin/builder/spi-builder-workspace/Sources/BigUIPaging/Examples/PageIndicatorExample.swift (in target 'BigUIPaging' from project 'BigUIPaging')
cd /Users/admin/builder/spi-builder-workspace/.swiftpm/xcode
builtin-SwiftPerFileCompile PageIndicatorExample.swift
SwiftCompile normal arm64 Compiling\ ScrollPageViewStyle.swift,\ PageViewDirection.swift,\ PageViewNavigateAction.swift /Users/admin/builder/spi-builder-workspace/Sources/BigUIPaging/Implementations/PageView/Styles/ScrollPageViewStyle.swift /Users/admin/builder/spi-builder-workspace/Sources/BigUIPaging/Implementations/PageView/Types/PageViewDirection.swift /Users/admin/builder/spi-builder-workspace/Sources/BigUIPaging/Implementations/PageView/Types/PageViewNavigateAction.swift (in target 'BigUIPaging' from project 'BigUIPaging')
SwiftCompile normal arm64 /Users/admin/builder/spi-builder-workspace/Sources/BigUIPaging/Implementations/PageView/Styles/ScrollPageViewStyle.swift (in target 'BigUIPaging' from project 'BigUIPaging')
cd /Users/admin/builder/spi-builder-workspace/.swiftpm/xcode
builtin-SwiftPerFileCompile ScrollPageViewStyle.swift
SwiftCompile normal arm64 /Users/admin/builder/spi-builder-workspace/Sources/BigUIPaging/Implementations/PageView/Types/PageViewDirection.swift (in target 'BigUIPaging' from project 'BigUIPaging')
cd /Users/admin/builder/spi-builder-workspace/.swiftpm/xcode
builtin-SwiftPerFileCompile PageViewDirection.swift
SwiftCompile normal arm64 /Users/admin/builder/spi-builder-workspace/Sources/BigUIPaging/Implementations/PageView/Types/PageViewNavigateAction.swift (in target 'BigUIPaging' from project 'BigUIPaging')
cd /Users/admin/builder/spi-builder-workspace/.swiftpm/xcode
builtin-SwiftPerFileCompile PageViewNavigateAction.swift
SwiftEmitModule normal arm64_32 Emitting\ module\ for\ BigUIPaging (in target 'BigUIPaging' from project 'BigUIPaging')
SwiftCompile normal arm64_32 (in target 'BigUIPaging' from project 'BigUIPaging')
cd /Users/admin/builder/spi-builder-workspace/.swiftpm/xcode
PruneExplicitPrecompiledModules /Users/admin/builder/spi-builder-workspace/.derivedData/Build/Intermediates.noindex/ExplicitPrecompiledModules
PruneExplicitPrecompiledModules /Users/admin/builder/spi-builder-workspace/.derivedData/Build/Intermediates.noindex/SwiftExplicitPrecompiledModules
PruneExplicitPrecompiledModules /Users/admin/builder/spi-builder-workspace/.derivedData/SDKExplicitPrecompiledModules
2026-09-19 14:36:19.960 xcodebuild[627:3916] [MT] IDERunDestination: Supported platforms for the buildables in the current scheme is empty.
** BUILD FAILED **
The following build commands failed:
SwiftCompile normal arm64 (in target 'BigUIPaging' from project 'BigUIPaging')
SwiftEmitModule normal arm64 Emitting\ module\ for\ BigUIPaging (in target 'BigUIPaging' from project 'BigUIPaging')
Building workspace BigUIPaging with scheme BigUIPaging
(3 failures)
Command line invocation:
/Applications/Xcode-27.0.0-Release.Candidate.app/Contents/Developer/usr/bin/xcodebuild -IDEClonedSourcePackagesDirPathOverride=/Users/admin/builder/spi-builder-workspace/.dependencies -resolvePackageDependencies
Resolve Package Graph
Resolved source packages:
BigUIPaging: /Users/admin/builder/spi-builder-workspace
resolved source packages: BigUIPaging
2026-09-19 14:36:27.747 xcodebuild[802:4668] [MT] IDERunDestination: Supported platforms for the buildables in the current scheme is empty.
{
"dependencies" : [
],
"manifest_display_name" : "BigUIPaging",
"name" : "BigUIPaging",
"path" : "/Users/admin/builder/spi-builder-workspace",
"platforms" : [
{
"name" : "macos",
"version" : "13.0"
},
{
"name" : "ios",
"version" : "16.0"
}
],
"products" : [
{
"name" : "BigUIPaging",
"targets" : [
"BigUIPaging"
],
"type" : {
"library" : [
"automatic"
]
}
}
],
"targets" : [
{
"c99name" : "BigUIPagingTests",
"module_type" : "SwiftTarget",
"name" : "BigUIPagingTests",
"path" : "Tests/BigUIPagingTests",
"sources" : [
"BigUIPagingTests.swift"
],
"target_dependencies" : [
"BigUIPaging"
],
"type" : "test"
},
{
"c99name" : "BigUIPaging",
"module_type" : "SwiftTarget",
"name" : "BigUIPaging",
"path" : "Sources/BigUIPaging",
"product_memberships" : [
"BigUIPaging"
],
"sources" : [
"Examples/CardDeckExample.swift",
"Examples/CustomPageViewExample.swift",
"Examples/ExampleGridToPageView.swift",
"Examples/PageIndicatorExample.swift",
"Examples/PageViewBasicExample.swift",
"Examples/PageViewForEachExample.swift",
"Examples/PageViewNavigationStackExample.swift",
"Implementations/PageIndicator/PageIndicator+Environment.swift",
"Implementations/PageIndicator/PageIndicator+iOS.swift",
"Implementations/PageIndicator/PageIndicator.swift",
"Implementations/PageView/Platform/PlatformPageView+iOS.swift",
"Implementations/PageView/Platform/PlatformPageView+macOS.swift",
"Implementations/PageView/Platform/PlatformPageView.swift",
"Implementations/PageView/Styles/BookPageViewStyle.swift",
"Implementations/PageView/Styles/BookStackPageViewStyle.swift",
"Implementations/PageView/Styles/CardDeckPageViewStyle.swift",
"Implementations/PageView/Styles/HistoryStackPageViewStyle.swift",
"Implementations/PageView/Styles/PlainPageViewStyle.swift",
"Implementations/PageView/Styles/PlatformPageViewStyle.swift",
"Implementations/PageView/Styles/ScrollPageViewStyle.swift",
"Implementations/PageView/Types/PageViewDirection.swift",
"Implementations/PageView/Types/PageViewNavigateAction.swift",
"Implementations/PageView/Types/PageViewStyle.swift",
"Implementations/PageView/Types/PageViewStyleConfiguration.swift",
"Implementations/PageView/View/PageView+Environment.swift",
"Implementations/PageView/View/PageView+Preferences.swift",
"Implementations/PageView/View/PageView.swift",
"Implementations/PageView/View/PageViewEnvironmentModifier.swift",
"Implementations/PageView/View/PageViewNavigationButton.swift",
"Implementations/Utils/View+Inspect.swift",
"Implementations/Utils/View+Measure.swift"
],
"type" : "library"
}
],
"tools_version" : "5.8"
}
{
"workspace" : {
"name" : "BigUIPaging",
"schemes" : [
"BigUIPaging"
]
}
}
2026-09-19 14:36:28.901 xcodebuild[810:4737] [MT] IDERunDestination: Supported platforms for the buildables in the current scheme is empty.
Running build ...
env DEVELOPER_DIR=/Applications/Xcode-27.0.0-Release.Candidate.app xcrun xcodebuild -IDEClonedSourcePackagesDirPathOverride=$PWD/.dependencies -skipMacroValidation -skipPackagePluginValidation -derivedDataPath $PWD/.derivedData build -scheme BigUIPaging -destination generic/platform=watchOS
Command line invocation:
/Applications/Xcode-27.0.0-Release.Candidate.app/Contents/Developer/usr/bin/xcodebuild -IDEClonedSourcePackagesDirPathOverride=/Users/admin/builder/spi-builder-workspace/.dependencies -skipMacroValidation -skipPackagePluginValidation -derivedDataPath /Users/admin/builder/spi-builder-workspace/.derivedData build -scheme BigUIPaging -destination generic/platform=watchOS
Resolve Package Graph
Resolved source packages:
BigUIPaging: /Users/admin/builder/spi-builder-workspace
ComputePackagePrebuildTargetDependencyGraph
Prepare packages
CreateBuildRequest
SendProjectDescription
CreateBuildOperation
ComputeTargetDependencyGraph
note: Building targets in dependency order
note: Target dependency graph (2 targets)
Target 'BigUIPaging-product' in project 'BigUIPaging'
➜ Explicit dependency on target 'BigUIPaging' in project 'BigUIPaging'
Target 'BigUIPaging' in project 'BigUIPaging' (no dependencies)
GatherProvisioningInputs
CreateBuildDescription
ClangStatCache /Applications/Xcode-27.0.0-Release.Candidate.app/Contents/Developer/Toolchains/XcodeDefault.xctoolchain/usr/bin/clang-stat-cache /Applications/Xcode-27.0.0-Release.Candidate.app/Contents/Developer/Platforms/WatchOS.platform/Developer/SDKs/WatchOS27.0.sdk /Users/admin/builder/spi-builder-workspace/.derivedData/SDKStatCaches.noindex/watchos27.0-24R360-e829b21a6f8c9b70876ba0858053c04477534ef55a1706bf4c1112bbb242f0a2.sdkstatcache
cd /Users/admin/builder/spi-builder-workspace/.swiftpm/xcode
/Applications/Xcode-27.0.0-Release.Candidate.app/Contents/Developer/Toolchains/XcodeDefault.xctoolchain/usr/bin/clang-stat-cache /Applications/Xcode-27.0.0-Release.Candidate.app/Contents/Developer/Platforms/WatchOS.platform/Developer/SDKs/WatchOS27.0.sdk -o /Users/admin/builder/spi-builder-workspace/.derivedData/SDKStatCaches.noindex/watchos27.0-24R360-e829b21a6f8c9b70876ba0858053c04477534ef55a1706bf4c1112bbb242f0a2.sdkstatcache
SwiftDriver BigUIPaging normal arm64 com.apple.xcode.tools.swift.compiler (in target 'BigUIPaging' from project 'BigUIPaging')
cd /Users/admin/builder/spi-builder-workspace/.swiftpm/xcode
builtin-SwiftDriver -- /Applications/Xcode-27.0.0-Release.Candidate.app/Contents/Developer/Toolchains/XcodeDefault.xctoolchain/usr/bin/swiftc -parse-as-library -module-name BigUIPaging -Onone @/Users/admin/builder/spi-builder-workspace/.derivedData/Build/Intermediates.noindex/BigUIPaging.build/Debug-watchos/BigUIPaging-t.build/Objects-normal/arm64/BigUIPaging.SwiftFileList -DSWIFT_PACKAGE -DDEBUG -DSWIFT_MODULE_RESOURCE_BUNDLE_UNAVAILABLE -DXcode -plugin-path /Applications/Xcode-27.0.0-Release.Candidate.app/Contents/Developer/Toolchains/XcodeDefault.xctoolchain/usr/lib/swift/host/plugins/testing -enable-experimental-feature DebugDescriptionMacro -sdk /Applications/Xcode-27.0.0-Release.Candidate.app/Contents/Developer/Platforms/WatchOS.platform/Developer/SDKs/WatchOS27.0.sdk -target arm64-apple-watchos9.0 -g -module-cache-path /Users/admin/builder/spi-builder-workspace/.derivedData/ModuleCache.noindex -Xfrontend -serialize-debugging-options -profile-coverage-mapping -profile-generate -enable-testing -index-store-path /Users/admin/builder/spi-builder-workspace/.derivedData/Index.noindex/DataStore -Xcc -D_LIBCPP_HARDENING_MODE\=_LIBCPP_HARDENING_MODE_DEBUG -swift-version 5 -I /Users/admin/builder/spi-builder-workspace/.derivedData/Build/Products/Debug-watchos -Isystem /Applications/Xcode-27.0.0-Release.Candidate.app/Contents/Developer/Platforms/WatchOS.platform/Developer/usr/lib -F /Users/admin/builder/spi-builder-workspace/.derivedData/Build/Products/Debug-watchos -F /Applications/Xcode-27.0.0-Release.Candidate.app/Contents/Developer/Platforms/WatchOS.platform/Developer/Library/Frameworks -F /Applications/Xcode-27.0.0-Release.Candidate.app/Contents/Developer/Platforms/WatchOS.platform/Developer/SDKs/WatchOS27.0.sdk/Developer/Library/Frameworks -c -j10 -enable-batch-mode -incremental -Xcc -ivfsstatcache -Xcc /Users/admin/builder/spi-builder-workspace/.derivedData/SDKStatCaches.noindex/watchos27.0-24R360-e829b21a6f8c9b70876ba0858053c04477534ef55a1706bf4c1112bbb242f0a2.sdkstatcache -output-file-map /Users/admin/builder/spi-builder-workspace/.derivedData/Build/Intermediates.noindex/BigUIPaging.build/Debug-watchos/BigUIPaging-t.build/Objects-normal/arm64/BigUIPaging-OutputFileMap.json -save-temps -no-color-diagnostics -explicit-module-build -module-cache-path /Users/admin/builder/spi-builder-workspace/.derivedData/Build/Intermediates.noindex/SwiftExplicitPrecompiledModules -clang-scanner-module-cache-path /Users/admin/builder/spi-builder-workspace/.derivedData/ModuleCache.noindex -sdk-module-cache-path /Users/admin/builder/spi-builder-workspace/.derivedData/SDKExplicitPrecompiledModules -emit-dependencies -emit-module -emit-module-path /Users/admin/builder/spi-builder-workspace/.derivedData/Build/Intermediates.noindex/BigUIPaging.build/Debug-watchos/BigUIPaging-t.build/Objects-normal/arm64/BigUIPaging.swiftmodule -serialize-diagnostics -dependency-scan-serialize-diagnostics-path /Users/admin/builder/spi-builder-workspace/.derivedData/Build/Intermediates.noindex/BigUIPaging.build/Debug-watchos/BigUIPaging-t.build/Objects-normal/arm64/BigUIPaging-dependency-scan.dia -validate-clang-modules-once -clang-build-session-file /Users/admin/builder/spi-builder-workspace/.derivedData/ModuleCache.noindex/Session.modulevalidation -Xcc -fmodules-prune-interval\=86400 -Xcc -fmodules-prune-after\=345600 -emit-const-values -const-gather-protocols-list /Users/admin/builder/spi-builder-workspace/.derivedData/Build/Intermediates.noindex/BigUIPaging.build/Debug-watchos/BigUIPaging-t.build/Objects-normal/arm64/BigUIPaging_const_extract_protocols.json -Xcc -I/Users/admin/builder/spi-builder-workspace/.derivedData/Build/Products/Debug-watchos/include -Xcc -I/Users/admin/builder/spi-builder-workspace/.derivedData/Build/Intermediates.noindex/BigUIPaging.build/Debug-watchos/BigUIPaging-t.build/DerivedSources-normal/arm64 -Xcc -I/Users/admin/builder/spi-builder-workspace/.derivedData/Build/Intermediates.noindex/BigUIPaging.build/Debug-watchos/BigUIPaging-t.build/DerivedSources/arm64 -Xcc -I/Users/admin/builder/spi-builder-workspace/.derivedData/Build/Intermediates.noindex/BigUIPaging.build/Debug-watchos/BigUIPaging-t.build/DerivedSources -Xcc -DSWIFT_PACKAGE -Xcc -DDEBUG\=1 -emit-objc-header -emit-objc-header-path /Users/admin/builder/spi-builder-workspace/.derivedData/Build/Intermediates.noindex/BigUIPaging.build/Debug-watchos/BigUIPaging-t.build/Objects-normal/arm64/BigUIPaging-Swift.h -working-directory /Users/admin/builder/spi-builder-workspace/.swiftpm/xcode -experimental-emit-module-separately -disable-cmo
SwiftDriver BigUIPaging normal arm64_32 com.apple.xcode.tools.swift.compiler (in target 'BigUIPaging' from project 'BigUIPaging')
cd /Users/admin/builder/spi-builder-workspace/.swiftpm/xcode
builtin-SwiftDriver -- /Applications/Xcode-27.0.0-Release.Candidate.app/Contents/Developer/Toolchains/XcodeDefault.xctoolchain/usr/bin/swiftc -parse-as-library -module-name BigUIPaging -Onone @/Users/admin/builder/spi-builder-workspace/.derivedData/Build/Intermediates.noindex/BigUIPaging.build/Debug-watchos/BigUIPaging-t.build/Objects-normal/arm64_32/BigUIPaging.SwiftFileList -DSWIFT_PACKAGE -DDEBUG -DSWIFT_MODULE_RESOURCE_BUNDLE_UNAVAILABLE -DXcode -plugin-path /Applications/Xcode-27.0.0-Release.Candidate.app/Contents/Developer/Toolchains/XcodeDefault.xctoolchain/usr/lib/swift/host/plugins/testing -enable-experimental-feature DebugDescriptionMacro -sdk /Applications/Xcode-27.0.0-Release.Candidate.app/Contents/Developer/Platforms/WatchOS.platform/Developer/SDKs/WatchOS27.0.sdk -target arm64_32-apple-watchos9.0 -g -module-cache-path /Users/admin/builder/spi-builder-workspace/.derivedData/ModuleCache.noindex -Xfrontend -serialize-debugging-options -profile-coverage-mapping -profile-generate -enable-testing -index-store-path /Users/admin/builder/spi-builder-workspace/.derivedData/Index.noindex/DataStore -Xcc -D_LIBCPP_HARDENING_MODE\=_LIBCPP_HARDENING_MODE_DEBUG -swift-version 5 -I /Users/admin/builder/spi-builder-workspace/.derivedData/Build/Products/Debug-watchos -Isystem /Applications/Xcode-27.0.0-Release.Candidate.app/Contents/Developer/Platforms/WatchOS.platform/Developer/usr/lib -F /Users/admin/builder/spi-builder-workspace/.derivedData/Build/Products/Debug-watchos -F /Applications/Xcode-27.0.0-Release.Candidate.app/Contents/Developer/Platforms/WatchOS.platform/Developer/Library/Frameworks -F /Applications/Xcode-27.0.0-Release.Candidate.app/Contents/Developer/Platforms/WatchOS.platform/Developer/SDKs/WatchOS27.0.sdk/Developer/Library/Frameworks -c -j10 -enable-batch-mode -incremental -Xcc -ivfsstatcache -Xcc /Users/admin/builder/spi-builder-workspace/.derivedData/SDKStatCaches.noindex/watchos27.0-24R360-e829b21a6f8c9b70876ba0858053c04477534ef55a1706bf4c1112bbb242f0a2.sdkstatcache -output-file-map /Users/admin/builder/spi-builder-workspace/.derivedData/Build/Intermediates.noindex/BigUIPaging.build/Debug-watchos/BigUIPaging-t.build/Objects-normal/arm64_32/BigUIPaging-OutputFileMap.json -save-temps -no-color-diagnostics -explicit-module-build -module-cache-path /Users/admin/builder/spi-builder-workspace/.derivedData/Build/Intermediates.noindex/SwiftExplicitPrecompiledModules -clang-scanner-module-cache-path /Users/admin/builder/spi-builder-workspace/.derivedData/ModuleCache.noindex -sdk-module-cache-path /Users/admin/builder/spi-builder-workspace/.derivedData/SDKExplicitPrecompiledModules -emit-dependencies -emit-module -emit-module-path /Users/admin/builder/spi-builder-workspace/.derivedData/Build/Intermediates.noindex/BigUIPaging.build/Debug-watchos/BigUIPaging-t.build/Objects-normal/arm64_32/BigUIPaging.swiftmodule -serialize-diagnostics -dependency-scan-serialize-diagnostics-path /Users/admin/builder/spi-builder-workspace/.derivedData/Build/Intermediates.noindex/BigUIPaging.build/Debug-watchos/BigUIPaging-t.build/Objects-normal/arm64_32/BigUIPaging-dependency-scan.dia -validate-clang-modules-once -clang-build-session-file /Users/admin/builder/spi-builder-workspace/.derivedData/ModuleCache.noindex/Session.modulevalidation -Xcc -fmodules-prune-interval\=86400 -Xcc -fmodules-prune-after\=345600 -emit-const-values -const-gather-protocols-list /Users/admin/builder/spi-builder-workspace/.derivedData/Build/Intermediates.noindex/BigUIPaging.build/Debug-watchos/BigUIPaging-t.build/Objects-normal/arm64_32/BigUIPaging_const_extract_protocols.json -Xcc -I/Users/admin/builder/spi-builder-workspace/.derivedData/Build/Products/Debug-watchos/include -Xcc -I/Users/admin/builder/spi-builder-workspace/.derivedData/Build/Intermediates.noindex/BigUIPaging.build/Debug-watchos/BigUIPaging-t.build/DerivedSources-normal/arm64_32 -Xcc -I/Users/admin/builder/spi-builder-workspace/.derivedData/Build/Intermediates.noindex/BigUIPaging.build/Debug-watchos/BigUIPaging-t.build/DerivedSources/arm64_32 -Xcc -I/Users/admin/builder/spi-builder-workspace/.derivedData/Build/Intermediates.noindex/BigUIPaging.build/Debug-watchos/BigUIPaging-t.build/DerivedSources -Xcc -DSWIFT_PACKAGE -Xcc -DDEBUG\=1 -emit-objc-header -emit-objc-header-path /Users/admin/builder/spi-builder-workspace/.derivedData/Build/Intermediates.noindex/BigUIPaging.build/Debug-watchos/BigUIPaging-t.build/Objects-normal/arm64_32/BigUIPaging-Swift.h -working-directory /Users/admin/builder/spi-builder-workspace/.swiftpm/xcode -experimental-emit-module-separately -disable-cmo
SwiftCompile normal arm64 Compiling\ PageIndicator+Environment.swift,\ PageIndicator+iOS.swift,\ PageIndicator.swift /Users/admin/builder/spi-builder-workspace/Sources/BigUIPaging/Implementations/PageIndicator/PageIndicator+Environment.swift /Users/admin/builder/spi-builder-workspace/Sources/BigUIPaging/Implementations/PageIndicator/PageIndicator+iOS.swift /Users/admin/builder/spi-builder-workspace/Sources/BigUIPaging/Implementations/PageIndicator/PageIndicator.swift (in target 'BigUIPaging' from project 'BigUIPaging')
/Users/admin/builder/spi-builder-workspace/Sources/BigUIPaging/Implementations/PageIndicator/PageIndicator+iOS.swift:7:28: error: 'UIPageControl' is unavailable in watchOS
5 | struct PlatformPageIndicator: UIViewRepresentable {
6 |
7 | typealias UIViewType = UIPageControl
| `- error: 'UIPageControl' is unavailable in watchOS
8 |
9 | /// The currently selected page index.
/Applications/Xcode-27.0.0-Release.Candidate.app/Contents/Developer/Platforms/WatchOS.platform/Developer/SDKs/WatchOS27.0.sdk/System/Library/Frameworks/UIKit.framework/Headers/UIPageControl.h:50:12: note: 'UIPageControl' has been explicitly marked unavailable here
48 |
49 | UIKIT_EXTERN API_AVAILABLE(ios(2.0)) API_UNAVAILABLE(watchos) NS_SWIFT_UI_ACTOR
50 | @interface UIPageControl : UIControl
| `- note: 'UIPageControl' has been explicitly marked unavailable here
51 |
52 | /// default is 0
/Users/admin/builder/spi-builder-workspace/Sources/BigUIPaging/Implementations/PageIndicator/PageIndicator+iOS.swift:21:30: error: cannot find type 'Context' in scope
19 | let icons: [Int: (Image?, Image?)]
20 |
21 | func makeUIView(context: Context) -> UIPageControl {
| `- error: cannot find type 'Context' in scope
22 | let control = UIPageControl()
23 | control.numberOfPages = total
/Users/admin/builder/spi-builder-workspace/Sources/BigUIPaging/Implementations/PageIndicator/PageIndicator+iOS.swift:21:42: error: 'UIPageControl' is unavailable in watchOS
19 | let icons: [Int: (Image?, Image?)]
20 |
21 | func makeUIView(context: Context) -> UIPageControl {
| `- error: 'UIPageControl' is unavailable in watchOS
22 | let control = UIPageControl()
23 | control.numberOfPages = total
/Applications/Xcode-27.0.0-Release.Candidate.app/Contents/Developer/Platforms/WatchOS.platform/Developer/SDKs/WatchOS27.0.sdk/System/Library/Frameworks/UIKit.framework/Headers/UIPageControl.h:50:12: note: 'UIPageControl' has been explicitly marked unavailable here
48 |
49 | UIKIT_EXTERN API_AVAILABLE(ios(2.0)) API_UNAVAILABLE(watchos) NS_SWIFT_UI_ACTOR
50 | @interface UIPageControl : UIControl
| `- note: 'UIPageControl' has been explicitly marked unavailable here
51 |
52 | /// default is 0
/Users/admin/builder/spi-builder-workspace/Sources/BigUIPaging/Implementations/PageIndicator/PageIndicator+iOS.swift:53:58: error: cannot find type 'Context' in scope
51 | }
52 |
53 | func updateUIView(_ control: UIPageControl, context: Context) {
| `- error: cannot find type 'Context' in scope
54 | control.numberOfPages = total
55 | control.currentPage = selection
/Users/admin/builder/spi-builder-workspace/Sources/BigUIPaging/Implementations/PageIndicator/PageIndicator+iOS.swift:53:34: error: 'UIPageControl' is unavailable in watchOS
51 | }
52 |
53 | func updateUIView(_ control: UIPageControl, context: Context) {
| `- error: 'UIPageControl' is unavailable in watchOS
54 | control.numberOfPages = total
55 | control.currentPage = selection
/Applications/Xcode-27.0.0-Release.Candidate.app/Contents/Developer/Platforms/WatchOS.platform/Developer/SDKs/WatchOS27.0.sdk/System/Library/Frameworks/UIKit.framework/Headers/UIPageControl.h:50:12: note: 'UIPageControl' has been explicitly marked unavailable here
48 |
49 | UIKIT_EXTERN API_AVAILABLE(ios(2.0)) API_UNAVAILABLE(watchos) NS_SWIFT_UI_ACTOR
50 | @interface UIPageControl : UIControl
| `- note: 'UIPageControl' has been explicitly marked unavailable here
51 |
52 | /// default is 0
/Users/admin/builder/spi-builder-workspace/Sources/BigUIPaging/Implementations/PageIndicator/PageIndicator+iOS.swift:5:31: error: cannot find type 'UIViewRepresentable' in scope
3 | import SwiftUI
4 |
5 | struct PlatformPageIndicator: UIViewRepresentable {
| `- error: cannot find type 'UIViewRepresentable' in scope
6 |
7 | typealias UIViewType = UIPageControl
/Users/admin/builder/spi-builder-workspace/Sources/BigUIPaging/Implementations/PageIndicator/PageIndicator+iOS.swift:95:47: error: 'UIPageControl' is unavailable in watchOS
93 | }
94 |
95 | @objc func selectionChanged(_ sender: UIPageControl) {
| `- error: 'UIPageControl' is unavailable in watchOS
96 | self.parent.selection = sender.currentPage
97 | }
/Applications/Xcode-27.0.0-Release.Candidate.app/Contents/Developer/Platforms/WatchOS.platform/Developer/SDKs/WatchOS27.0.sdk/System/Library/Frameworks/UIKit.framework/Headers/UIPageControl.h:50:12: note: 'UIPageControl' has been explicitly marked unavailable here
48 |
49 | UIKIT_EXTERN API_AVAILABLE(ios(2.0)) API_UNAVAILABLE(watchos) NS_SWIFT_UI_ACTOR
50 | @interface UIPageControl : UIControl
| `- note: 'UIPageControl' has been explicitly marked unavailable here
51 |
52 | /// default is 0
/Users/admin/builder/spi-builder-workspace/Sources/BigUIPaging/Implementations/PageIndicator/PageIndicator+iOS.swift:103:19: error: 'UIPageControl' is unavailable in watchOS
101 | extension PageIndicator.BackgroundStyle {
102 |
103 | var platform: UIPageControl.BackgroundStyle {
| `- error: 'UIPageControl' is unavailable in watchOS
104 | switch self {
105 | case .automatic:
/Applications/Xcode-27.0.0-Release.Candidate.app/Contents/Developer/Platforms/WatchOS.platform/Developer/SDKs/WatchOS27.0.sdk/System/Library/Frameworks/UIKit.framework/Headers/UIPageControl.h:50:12: note: 'UIPageControl' has been explicitly marked unavailable here
48 |
49 | UIKIT_EXTERN API_AVAILABLE(ios(2.0)) API_UNAVAILABLE(watchos) NS_SWIFT_UI_ACTOR
50 | @interface UIPageControl : UIControl
| `- note: 'UIPageControl' has been explicitly marked unavailable here
51 |
52 | /// default is 0
/Users/admin/builder/spi-builder-workspace/Sources/BigUIPaging/Implementations/PageIndicator/PageIndicator+iOS.swift:22:23: error: 'UIPageControl' is unavailable in watchOS
20 |
21 | func makeUIView(context: Context) -> UIPageControl {
22 | let control = UIPageControl()
| `- error: 'UIPageControl' is unavailable in watchOS
23 | control.numberOfPages = total
24 |
/Applications/Xcode-27.0.0-Release.Candidate.app/Contents/Developer/Platforms/WatchOS.platform/Developer/SDKs/WatchOS27.0.sdk/System/Library/Frameworks/UIKit.framework/Headers/UIPageControl.h:50:12: note: 'UIPageControl' has been explicitly marked unavailable here
48 |
49 | UIKIT_EXTERN API_AVAILABLE(ios(2.0)) API_UNAVAILABLE(watchos) NS_SWIFT_UI_ACTOR
50 | @interface UIPageControl : UIControl
| `- note: 'UIPageControl' has been explicitly marked unavailable here
51 |
52 | /// default is 0
/Users/admin/builder/spi-builder-workspace/Sources/BigUIPaging/Implementations/PageIndicator/PageIndicator+iOS.swift:22:23: error: 'init()' is unavailable in watchOS
20 |
21 | func makeUIView(context: Context) -> UIPageControl {
22 | let control = UIPageControl()
| `- error: 'init()' is unavailable in watchOS
23 | control.numberOfPages = total
24 |
/Applications/Xcode-27.0.0-Release.Candidate.app/Contents/Developer/Platforms/WatchOS.platform/Developer/SDKs/WatchOS27.0.sdk/System/Library/Frameworks/UIKit.framework/Headers/UIView.h:158:1: note: 'init()' has been explicitly marked unavailable here
156 | - (instancetype)initWithFrame:(CGRect)frame NS_DESIGNATED_INITIALIZER;
157 | - (nullable instancetype)initWithCoder:(NSCoder *)coder NS_DESIGNATED_INITIALIZER;
158 | - (instancetype)init API_AVAILABLE(ios(2.0), tvos(9.0), visionos(1.0)) API_UNAVAILABLE(watchos);
| `- note: 'init()' has been explicitly marked unavailable here
159 |
160 | @property(nonatomic,getter=isUserInteractionEnabled) BOOL userInteractionEnabled; // default is YES. if set to NO, user events (touch, keys) are ignored and removed from the event queue.
/Users/admin/builder/spi-builder-workspace/Sources/BigUIPaging/Implementations/PageIndicator/PageIndicator+iOS.swift:43:25: error: 'setCurrentPageIndicatorImage(_:forPage:)' is unavailable in watchOS
41 | let (selected, unselected) = entry.value
42 | if let selected = selected?._systemImage() {
43 | control.setCurrentPageIndicatorImage(selected, forPage: page)
| `- error: 'setCurrentPageIndicatorImage(_:forPage:)' is unavailable in watchOS
44 | }
45 | if let unselected = unselected?._systemImage() {
/Applications/Xcode-27.0.0-Release.Candidate.app/Contents/Developer/Platforms/WatchOS.platform/Developer/SDKs/WatchOS27.0.sdk/System/Library/Frameworks/UIKit.framework/Headers/UIPageControl.h:114:1: note: 'setCurrentPageIndicatorImage(_:forPage:)' has been explicitly marked unavailable here
112 | * @param page Must be in the range of 0..numberOfPages
113 | */
114 | - (void)setCurrentPageIndicatorImage:(nullable UIImage *)image forPage:(NSInteger)page API_AVAILABLE(ios(16.0)) API_UNAVAILABLE(watchos);
| `- note: 'setCurrentPageIndicatorImage(_:forPage:)' has been explicitly marked unavailable here
115 |
116 | /// Returns the minimum size required to display indicators for the given page count. Can be used to size the control if the page count could change.
SwiftCompile normal arm64 /Users/admin/builder/spi-builder-workspace/Sources/BigUIPaging/Implementations/PageIndicator/PageIndicator+Environment.swift (in target 'BigUIPaging' from project 'BigUIPaging')
cd /Users/admin/builder/spi-builder-workspace/.swiftpm/xcode
builtin-SwiftPerFileCompile PageIndicator+Environment.swift
SwiftCompile normal arm64 /Users/admin/builder/spi-builder-workspace/Sources/BigUIPaging/Implementations/PageIndicator/PageIndicator+iOS.swift (in target 'BigUIPaging' from project 'BigUIPaging')
cd /Users/admin/builder/spi-builder-workspace/.swiftpm/xcode
builtin-SwiftPerFileCompile PageIndicator+iOS.swift
SwiftCompile normal arm64 /Users/admin/builder/spi-builder-workspace/Sources/BigUIPaging/Implementations/PageIndicator/PageIndicator.swift (in target 'BigUIPaging' from project 'BigUIPaging')
cd /Users/admin/builder/spi-builder-workspace/.swiftpm/xcode
builtin-SwiftPerFileCompile PageIndicator.swift
/Users/admin/builder/spi-builder-workspace/Sources/BigUIPaging/Implementations/PageIndicator/PageIndicator+iOS.swift:46:25: error: 'setIndicatorImage(_:forPage:)' is unavailable in watchOS
44 | }
45 | if let unselected = unselected?._systemImage() {
46 | control.setIndicatorImage(unselected, forPage: page)
| `- error: 'setIndicatorImage(_:forPage:)' is unavailable in watchOS
47 | }
48 | }
/Applications/Xcode-27.0.0-Release.Candidate.app/Contents/Developer/Platforms/WatchOS.platform/Developer/SDKs/WatchOS27.0.sdk/System/Library/Frameworks/UIKit.framework/Headers/UIPageControl.h:96:1: note: 'setIndicatorImage(_:forPage:)' has been explicitly marked unavailable here
94 | * @param page Must be in the range of 0..numberOfPages
95 | */
96 | - (void)setIndicatorImage:(nullable UIImage *)image forPage:(NSInteger)page API_AVAILABLE(ios(14.0)) API_UNAVAILABLE(watchos);
| `- note: 'setIndicatorImage(_:forPage:)' has been explicitly marked unavailable here
97 |
98 | /// The preferred image for the current page indicator. Symbol images are recommended. Default is nil.
/Users/admin/builder/spi-builder-workspace/Sources/BigUIPaging/Implementations/PageIndicator/PageIndicator+iOS.swift:70:49: error: 'UIPageControlTimerProgress' is unavailable in watchOS
68 |
69 | if #available(iOS 17.0, *) {
70 | if let timer = control.progress as? UIPageControlTimerProgress {
| `- error: 'UIPageControlTimerProgress' is unavailable in watchOS
71 | if isProgressing && timer.isRunning == false {
72 | timer.resumeTimer()
/Applications/Xcode-27.0.0-Release.Candidate.app/Contents/Developer/Platforms/WatchOS.platform/Developer/SDKs/WatchOS27.0.sdk/System/Library/Frameworks/UIKit.framework/Headers/UIPageControlProgress.h:78:12: note: 'UIPageControlTimerProgress' has been explicitly marked unavailable here
76 |
77 | UIKIT_EXTERN API_AVAILABLE(ios(17.0), tvos(17.0)) API_UNAVAILABLE(watchos)
78 | @interface UIPageControlTimerProgress: UIPageControlProgress
| `- note: 'UIPageControlTimerProgress' has been explicitly marked unavailable here
79 |
80 | /// Creates a time interval progress with a specified preferred duration.
/Users/admin/builder/spi-builder-workspace/Sources/BigUIPaging/Implementations/PageIndicator/PageIndicator+iOS.swift:70:36: error: 'progress' is unavailable in watchOS
68 |
69 | if #available(iOS 17.0, *) {
70 | if let timer = control.progress as? UIPageControlTimerProgress {
| `- error: 'progress' is unavailable in watchOS
71 | if isProgressing && timer.isRunning == false {
72 | timer.resumeTimer()
/Applications/Xcode-27.0.0-Release.Candidate.app/Contents/Developer/Platforms/WatchOS.platform/Developer/SDKs/WatchOS27.0.sdk/System/Library/Frameworks/UIKit.framework/Headers/UIPageControl.h:62:64: note: 'progress' has been explicitly marked unavailable here
60 |
61 | /// An object that defines the progress of the page control. Default is nil.
62 | @property (nonatomic, strong, nullable) UIPageControlProgress *progress API_AVAILABLE(ios(17.0), tvos(17.0)) API_UNAVAILABLE(watchos);
| `- note: 'progress' has been explicitly marked unavailable here
63 |
64 | /// The tint color for non-selected indicators. Default is nil.
SwiftCompile normal arm64 Compiling\ HistoryStackPageViewStyle.swift,\ PlainPageViewStyle.swift,\ PlatformPageViewStyle.swift /Users/admin/builder/spi-builder-workspace/Sources/BigUIPaging/Implementations/PageView/Styles/HistoryStackPageViewStyle.swift /Users/admin/builder/spi-builder-workspace/Sources/BigUIPaging/Implementations/PageView/Styles/PlainPageViewStyle.swift /Users/admin/builder/spi-builder-workspace/Sources/BigUIPaging/Implementations/PageView/Styles/PlatformPageViewStyle.swift (in target 'BigUIPaging' from project 'BigUIPaging')
SwiftCompile normal arm64 /Users/admin/builder/spi-builder-workspace/Sources/BigUIPaging/Implementations/PageView/Styles/HistoryStackPageViewStyle.swift (in target 'BigUIPaging' from project 'BigUIPaging')
cd /Users/admin/builder/spi-builder-workspace/.swiftpm/xcode
builtin-SwiftPerFileCompile HistoryStackPageViewStyle.swift
SwiftCompile normal arm64 /Users/admin/builder/spi-builder-workspace/Sources/BigUIPaging/Implementations/PageView/Styles/PlainPageViewStyle.swift (in target 'BigUIPaging' from project 'BigUIPaging')
cd /Users/admin/builder/spi-builder-workspace/.swiftpm/xcode
builtin-SwiftPerFileCompile PlainPageViewStyle.swift
SwiftCompile normal arm64 /Users/admin/builder/spi-builder-workspace/Sources/BigUIPaging/Implementations/PageView/Styles/PlatformPageViewStyle.swift (in target 'BigUIPaging' from project 'BigUIPaging')
cd /Users/admin/builder/spi-builder-workspace/.swiftpm/xcode
builtin-SwiftPerFileCompile PlatformPageViewStyle.swift
SwiftCompile normal arm64 Compiling\ PlatformPageView+iOS.swift,\ PlatformPageView+macOS.swift,\ PlatformPageView.swift /Users/admin/builder/spi-builder-workspace/Sources/BigUIPaging/Implementations/PageView/Platform/PlatformPageView+iOS.swift /Users/admin/builder/spi-builder-workspace/Sources/BigUIPaging/Implementations/PageView/Platform/PlatformPageView+macOS.swift /Users/admin/builder/spi-builder-workspace/Sources/BigUIPaging/Implementations/PageView/Platform/PlatformPageView.swift (in target 'BigUIPaging' from project 'BigUIPaging')
/Users/admin/builder/spi-builder-workspace/Sources/BigUIPaging/Implementations/PageView/Platform/PlatformPageView+iOS.swift:5:29: error: cannot find type 'UIViewControllerRepresentable' in scope
3 | import SwiftUI
4 |
5 | extension PlatformPageView: UIViewControllerRepresentable {
| `- error: cannot find type 'UIViewControllerRepresentable' in scope
6 |
7 | public typealias UIViewControllerType = UIPageViewController
/Users/admin/builder/spi-builder-workspace/Sources/BigUIPaging/Implementations/PageView/Platform/PlatformPageView+iOS.swift:7:45: error: 'UIPageViewController' is unavailable in watchOS
5 | extension PlatformPageView: UIViewControllerRepresentable {
6 |
7 | public typealias UIViewControllerType = UIPageViewController
| `- error: 'UIPageViewController' is unavailable in watchOS
8 |
9 | public func makeUIViewController(context: Context) -> UIPageViewController {
/Applications/Xcode-27.0.0-Release.Candidate.app/Contents/Developer/Platforms/WatchOS.platform/Developer/SDKs/WatchOS27.0.sdk/System/Library/Frameworks/UIKit.framework/Headers/UIPageViewController.h:51:12: note: 'UIPageViewController' has been explicitly marked unavailable here
49 |
50 | UIKIT_EXTERN API_AVAILABLE(ios(5.0)) API_UNAVAILABLE(watchos) NS_SWIFT_UI_ACTOR
51 | @interface UIPageViewController : UIViewController {
| `- note: 'UIPageViewController' has been explicitly marked unavailable here
52 | }
53 |
/Users/admin/builder/spi-builder-workspace/Sources/BigUIPaging/Implementations/PageView/Platform/PlatformPageView+iOS.swift:9:47: error: cannot find type 'Context' in scope
7 | public typealias UIViewControllerType = UIPageViewController
8 |
9 | public func makeUIViewController(context: Context) -> UIPageViewController {
| `- error: cannot find type 'Context' in scope
10 | let pageViewController = UIPageViewController(
11 | transitionStyle: configuration.transition.platform,
/Users/admin/builder/spi-builder-workspace/Sources/BigUIPaging/Implementations/PageView/Platform/PlatformPageView+iOS.swift:9:59: error: 'UIPageViewController' is unavailable in watchOS
7 | public typealias UIViewControllerType = UIPageViewController
8 |
9 | public func makeUIViewController(context: Context) -> UIPageViewController {
| `- error: 'UIPageViewController' is unavailable in watchOS
10 | let pageViewController = UIPageViewController(
11 | transitionStyle: configuration.transition.platform,
/Applications/Xcode-27.0.0-Release.Candidate.app/Contents/Developer/Platforms/WatchOS.platform/Developer/SDKs/WatchOS27.0.sdk/System/Library/Frameworks/UIKit.framework/Headers/UIPageViewController.h:51:12: note: 'UIPageViewController' has been explicitly marked unavailable here
49 |
50 | UIKIT_EXTERN API_AVAILABLE(ios(5.0)) API_UNAVAILABLE(watchos) NS_SWIFT_UI_ACTOR
51 | @interface UIPageViewController : UIViewController {
| `- note: 'UIPageViewController' has been explicitly marked unavailable here
52 | }
53 |
/Users/admin/builder/spi-builder-workspace/Sources/BigUIPaging/Implementations/PageView/Platform/PlatformPageView+iOS.swift:29:18: error: cannot find type 'Context' in scope
27 | public func updateUIViewController(
28 | _ pageViewController: UIPageViewController,
29 | context: Context
| `- error: cannot find type 'Context' in scope
30 | ) {
31 | let isAnimated = context.transaction.animation != nil
/Users/admin/builder/spi-builder-workspace/Sources/BigUIPaging/Implementations/PageView/Platform/PlatformPageView+iOS.swift:28:31: error: 'UIPageViewController' is unavailable in watchOS
26 |
27 | public func updateUIViewController(
28 | _ pageViewController: UIPageViewController,
| `- error: 'UIPageViewController' is unavailable in watchOS
29 | context: Context
30 | ) {
/Applications/Xcode-27.0.0-Release.Candidate.app/Contents/Developer/Platforms/WatchOS.platform/Developer/SDKs/WatchOS27.0.sdk/System/Library/Frameworks/UIKit.framework/Headers/UIPageViewController.h:51:12: note: 'UIPageViewController' has been explicitly marked unavailable here
49 |
50 | UIKIT_EXTERN API_AVAILABLE(ios(5.0)) API_UNAVAILABLE(watchos) NS_SWIFT_UI_ACTOR
51 | @interface UIPageViewController : UIViewController {
| `- note: 'UIPageViewController' has been explicitly marked unavailable here
52 | }
53 |
/Users/admin/builder/spi-builder-workspace/Sources/BigUIPaging/Implementations/PageView/Platform/PlatformPageView+iOS.swift:61:35: error: 'UIPageViewController' is unavailable in watchOS
59 |
60 | public func pageViewController(
61 | _ pageViewController: UIPageViewController,
| `- error: 'UIPageViewController' is unavailable in watchOS
62 | viewControllerBefore viewController: UIViewController
63 | ) -> UIViewController? {
/Applications/Xcode-27.0.0-Release.Candidate.app/Contents/Developer/Platforms/WatchOS.platform/Developer/SDKs/WatchOS27.0.sdk/System/Library/Frameworks/UIKit.framework/Headers/UIPageViewController.h:51:12: note: 'UIPageViewController' has been explicitly marked unavailable here
49 |
50 | UIKIT_EXTERN API_AVAILABLE(ios(5.0)) API_UNAVAILABLE(watchos) NS_SWIFT_UI_ACTOR
51 | @interface UIPageViewController : UIViewController {
| `- note: 'UIPageViewController' has been explicitly marked unavailable here
52 | }
53 |
/Users/admin/builder/spi-builder-workspace/Sources/BigUIPaging/Implementations/PageView/Platform/PlatformPageView+iOS.swift:62:50: error: 'UIViewController' is unavailable in watchOS
60 | public func pageViewController(
61 | _ pageViewController: UIPageViewController,
62 | viewControllerBefore viewController: UIViewController
| `- error: 'UIViewController' is unavailable in watchOS
63 | ) -> UIViewController? {
64 | guard let viewController = viewController as? ContainerViewController else {
/Applications/Xcode-27.0.0-Release.Candidate.app/Contents/Developer/Platforms/WatchOS.platform/Developer/SDKs/WatchOS27.0.sdk/System/Library/Frameworks/UIKit.framework/Headers/UIViewController.h:104:12: note: 'UIViewController' has been explicitly marked unavailable here
102 |
103 | UIKIT_EXTERN API_AVAILABLE(ios(2.0)) API_UNAVAILABLE(watchos) NS_SWIFT_UI_ACTOR
104 | @interface UIViewController : UIResponder <NSCoding, UIAppearanceContainer, UITraitEnvironment, UIContentContainer, UIFocusEnvironment>
| `- note: 'UIViewController' has been explicitly marked unavailable here
105 |
106 | /*
/Users/admin/builder/spi-builder-workspace/Sources/BigUIPaging/Implementations/PageView/Platform/PlatformPageView+iOS.swift:63:14: error: 'UIViewController' is unavailable in watchOS
61 | _ pageViewController: UIPageViewController,
62 | viewControllerBefore viewController: UIViewController
63 | ) -> UIViewController? {
| `- error: 'UIViewController' is unavailable in watchOS
64 | guard let viewController = viewController as? ContainerViewController else {
65 | return nil
/Applications/Xcode-27.0.0-Release.Candidate.app/Contents/Developer/Platforms/WatchOS.platform/Developer/SDKs/WatchOS27.0.sdk/System/Library/Frameworks/UIKit.framework/Headers/UIViewController.h:104:12: note: 'UIViewController' has been explicitly marked unavailable here
102 |
103 | UIKIT_EXTERN API_AVAILABLE(ios(2.0)) API_UNAVAILABLE(watchos) NS_SWIFT_UI_ACTOR
104 | @interface UIViewController : UIResponder <NSCoding, UIAppearanceContainer, UITraitEnvironment, UIContentContainer, UIFocusEnvironment>
| `- note: 'UIViewController' has been explicitly marked unavailable here
105 |
106 | /*
/Users/admin/builder/spi-builder-workspace/Sources/BigUIPaging/Implementations/PageView/Platform/PlatformPageView+iOS.swift:75:35: error: 'UIPageViewController' is unavailable in watchOS
73 |
74 | public func pageViewController(
75 | _ pageViewController: UIPageViewController,
| `- error: 'UIPageViewController' is unavailable in watchOS
76 | viewControllerAfter viewController: UIViewController
77 | ) -> UIViewController? {
/Applications/Xcode-27.0.0-Release.Candidate.app/Contents/Developer/Platforms/WatchOS.platform/Developer/SDKs/WatchOS27.0.sdk/System/Library/Frameworks/UIKit.framework/Headers/UIPageViewController.h:51:12: note: 'UIPageViewController' has been explicitly marked unavailable here
49 |
50 | UIKIT_EXTERN API_AVAILABLE(ios(5.0)) API_UNAVAILABLE(watchos) NS_SWIFT_UI_ACTOR
51 | @interface UIPageViewController : UIViewController {
| `- note: 'UIPageViewController' has been explicitly marked unavailable here
52 | }
53 |
/Users/admin/builder/spi-builder-workspace/Sources/BigUIPaging/Implementations/PageView/Platform/PlatformPageView+iOS.swift:76:49: error: 'UIViewController' is unavailable in watchOS
74 | public func pageViewController(
75 | _ pageViewController: UIPageViewController,
76 | viewControllerAfter viewController: UIViewController
| `- error: 'UIViewController' is unavailable in watchOS
77 | ) -> UIViewController? {
78 | guard let viewController = viewController as? ContainerViewController else {
/Applications/Xcode-27.0.0-Release.Candidate.app/Contents/Developer/Platforms/WatchOS.platform/Developer/SDKs/WatchOS27.0.sdk/System/Library/Frameworks/UIKit.framework/Headers/UIViewController.h:104:12: note: 'UIViewController' has been explicitly marked unavailable here
102 |
103 | UIKIT_EXTERN API_AVAILABLE(ios(2.0)) API_UNAVAILABLE(watchos) NS_SWIFT_UI_ACTOR
104 | @interface UIViewController : UIResponder <NSCoding, UIAppearanceContainer, UITraitEnvironment, UIContentContainer, UIFocusEnvironment>
| `- note: 'UIViewController' has been explicitly marked unavailable here
105 |
106 | /*
/Users/admin/builder/spi-builder-workspace/Sources/BigUIPaging/Implementations/PageView/Platform/PlatformPageView+iOS.swift:77:14: error: 'UIViewController' is unavailable in watchOS
75 | _ pageViewController: UIPageViewController,
76 | viewControllerAfter viewController: UIViewController
77 | ) -> UIViewController? {
| `- error: 'UIViewController' is unavailable in watchOS
78 | guard let viewController = viewController as? ContainerViewController else {
79 | return nil
/Applications/Xcode-27.0.0-Release.Candidate.app/Contents/Developer/Platforms/WatchOS.platform/Developer/SDKs/WatchOS27.0.sdk/System/Library/Frameworks/UIKit.framework/Headers/UIViewController.h:104:12: note: 'UIViewController' has been explicitly marked unavailable here
102 |
103 | UIKIT_EXTERN API_AVAILABLE(ios(2.0)) API_UNAVAILABLE(watchos) NS_SWIFT_UI_ACTOR
104 | @interface UIViewController : UIResponder <NSCoding, UIAppearanceContainer, UITraitEnvironment, UIContentContainer, UIFocusEnvironment>
| `- note: 'UIViewController' has been explicitly marked unavailable here
105 |
106 | /*
/Users/admin/builder/spi-builder-workspace/Sources/BigUIPaging/Implementations/PageView/Platform/PlatformPageView+iOS.swift:91:35: error: 'UIPageViewController' is unavailable in watchOS
89 |
90 | public func pageViewController(
91 | _ pageViewController: UIPageViewController,
| `- error: 'UIPageViewController' is unavailable in watchOS
92 | didFinishAnimating finished: Bool,
93 | previousViewControllers: [UIViewController],
/Applications/Xcode-27.0.0-Release.Candidate.app/Contents/Developer/Platforms/WatchOS.platform/Developer/SDKs/WatchOS27.0.sdk/System/Library/Frameworks/UIKit.framework/Headers/UIPageViewController.h:51:12: note: 'UIPageViewController' has been explicitly marked unavailable here
49 |
50 | UIKIT_EXTERN API_AVAILABLE(ios(5.0)) API_UNAVAILABLE(watchos) NS_SWIFT_UI_ACTOR
51 | @interface UIPageViewController : UIViewController {
| `- note: 'UIPageViewController' has been explicitly marked unavailable here
52 | }
53 |
/Users/admin/builder/spi-builder-workspace/Sources/BigUIPaging/Implementations/PageView/Platform/PlatformPageView+iOS.swift:93:39: error: 'UIViewController' is unavailable in watchOS
91 | _ pageViewController: UIPageViewController,
92 | didFinishAnimating finished: Bool,
93 | previousViewControllers: [UIViewController],
| `- error: 'UIViewController' is unavailable in watchOS
94 | transitionCompleted completed: Bool
95 | ) {
/Applications/Xcode-27.0.0-Release.Candidate.app/Contents/Developer/Platforms/WatchOS.platform/Developer/SDKs/WatchOS27.0.sdk/System/Library/Frameworks/UIKit.framework/Headers/UIViewController.h:104:12: note: 'UIViewController' has been explicitly marked unavailable here
102 |
103 | UIKIT_EXTERN API_AVAILABLE(ios(2.0)) API_UNAVAILABLE(watchos) NS_SWIFT_UI_ACTOR
104 | @interface UIViewController : UIResponder <NSCoding, UIAppearanceContainer, UITraitEnvironment, UIContentContainer, UIFocusEnvironment>
| `- note: 'UIViewController' has been explicitly marked unavailable here
105 |
106 | /*
/Users/admin/builder/spi-builder-workspace/Sources/BigUIPaging/Implementations/PageView/Platform/PlatformPageView+iOS.swift:103:61: error: 'UIViewController' is unavailable in watchOS
101 |
102 | /// Creates a new container with hosting controller for a specified value.
103 | func makeViewController(_ value: SelectionValue) -> UIViewController {
| `- error: 'UIViewController' is unavailable in watchOS
104 | let viewController = ContainerViewController(
105 | value: value,
/Applications/Xcode-27.0.0-Release.Candidate.app/Contents/Developer/Platforms/WatchOS.platform/Developer/SDKs/WatchOS27.0.sdk/System/Library/Frameworks/UIKit.framework/Headers/UIViewController.h:104:12: note: 'UIViewController' has been explicitly marked unavailable here
102 |
103 | UIKIT_EXTERN API_AVAILABLE(ios(2.0)) API_UNAVAILABLE(watchos) NS_SWIFT_UI_ACTOR
104 | @interface UIViewController : UIResponder <NSCoding, UIAppearanceContainer, UITraitEnvironment, UIContentContainer, UIFocusEnvironment>
| `- note: 'UIViewController' has been explicitly marked unavailable here
105 |
106 | /*
/Users/admin/builder/spi-builder-workspace/Sources/BigUIPaging/Implementations/PageView/Platform/PlatformPageView+iOS.swift:117:36: error: 'UIPageViewController' is unavailable in watchOS
115 | func go(
116 | to value: SelectionValue,
117 | in pageViewController: UIPageViewController,
| `- error: 'UIPageViewController' is unavailable in watchOS
118 | animated: Bool = true
119 | ) {
/Applications/Xcode-27.0.0-Release.Candidate.app/Contents/Developer/Platforms/WatchOS.platform/Developer/SDKs/WatchOS27.0.sdk/System/Library/Frameworks/UIKit.framework/Headers/UIPageViewController.h:51:12: note: 'UIPageViewController' has been explicitly marked unavailable here
49 |
50 | UIKIT_EXTERN API_AVAILABLE(ios(5.0)) API_UNAVAILABLE(watchos) NS_SWIFT_UI_ACTOR
51 | @interface UIPageViewController : UIViewController {
| `- note: 'UIPageViewController' has been explicitly marked unavailable here
52 | }
53 |
/Users/admin/builder/spi-builder-workspace/Sources/BigUIPaging/Implementations/PageView/Platform/PlatformPageView+iOS.swift:134:51: error: 'UIPageViewController' is unavailable in watchOS
132 |
133 | /// Returns the currently selected value as represented by the currently visible view controller.
134 | func selectedValue(in pageViewController: UIPageViewController) -> SelectionValue? {
| `- error: 'UIPageViewController' is unavailable in watchOS
135 | guard let container = pageViewController.viewControllers?.first as? ContainerViewController else {
136 | return nil
/Applications/Xcode-27.0.0-Release.Candidate.app/Contents/Developer/Platforms/WatchOS.platform/Developer/SDKs/WatchOS27.0.sdk/System/Library/Frameworks/UIKit.framework/Headers/UIPageViewController.h:51:12: note: 'UIPageViewController' has been explicitly marked unavailable here
49 |
50 | UIKIT_EXTERN API_AVAILABLE(ios(5.0)) API_UNAVAILABLE(watchos) NS_SWIFT_UI_ACTOR
51 | @interface UIPageViewController : UIViewController {
| `- note: 'UIPageViewController' has been explicitly marked unavailable here
52 | }
53 |
/Users/admin/builder/spi-builder-workspace/Sources/BigUIPaging/Implementations/PageView/Platform/PlatformPageView+iOS.swift:49:34: error: 'UIPageViewControllerDelegate' is unavailable in watchOS
47 | extension PlatformPageView {
48 |
49 | class Coordinator: NSObject, UIPageViewControllerDelegate, UIPageViewControllerDataSource {
| `- error: 'UIPageViewControllerDelegate' is unavailable in watchOS
50 |
51 | let parent: PlatformPageView
/Applications/Xcode-27.0.0-Release.Candidate.app/Contents/Developer/Platforms/WatchOS.platform/Developer/SDKs/WatchOS27.0.sdk/System/Library/Frameworks/UIKit.framework/Headers/UIPageViewController.h:80:11: note: 'UIPageViewControllerDelegate' has been explicitly marked unavailable here
78 |
79 | API_UNAVAILABLE(watchos) NS_SWIFT_UI_ACTOR
80 | @protocol UIPageViewControllerDelegate <NSObject>
| `- note: 'UIPageViewControllerDelegate' has been explicitly marked unavailable here
81 |
82 | @optional
/Users/admin/builder/spi-builder-workspace/Sources/BigUIPaging/Implementations/PageView/Platform/PlatformPageView+iOS.swift:49:64: error: 'UIPageViewControllerDataSource' is unavailable in watchOS
47 | extension PlatformPageView {
48 |
49 | class Coordinator: NSObject, UIPageViewControllerDelegate, UIPageViewControllerDataSource {
| `- error: 'UIPageViewControllerDataSource' is unavailable in watchOS
50 |
51 | let parent: PlatformPageView
/Applications/Xcode-27.0.0-Release.Candidate.app/Contents/Developer/Platforms/WatchOS.platform/Developer/SDKs/WatchOS27.0.sdk/System/Library/Frameworks/UIKit.framework/Headers/UIPageViewController.h:100:11: note: 'UIPageViewControllerDataSource' has been explicitly marked unavailable here
98 |
99 | API_UNAVAILABLE(watchos) NS_SWIFT_UI_ACTOR
100 | @protocol UIPageViewControllerDataSource <NSObject>
| `- note: 'UIPageViewControllerDataSource' has been explicitly marked unavailable here
101 |
102 | @required
/Users/admin/builder/spi-builder-workspace/Sources/BigUIPaging/Implementations/PageView/Platform/PlatformPageView+iOS.swift:151:32: error: 'UIViewController' is unavailable in watchOS
149 | let value: SelectionValue
150 | let content: Content
151 | var hostingController: UIViewController?
| `- error: 'UIViewController' is unavailable in watchOS
152 | let background: Visibility
153 |
/Applications/Xcode-27.0.0-Release.Candidate.app/Contents/Developer/Platforms/WatchOS.platform/Developer/SDKs/WatchOS27.0.sdk/System/Library/Frameworks/UIKit.framework/Headers/UIViewController.h:104:12: note: 'UIViewController' has been explicitly marked unavailable here
102 |
103 | UIKIT_EXTERN API_AVAILABLE(ios(2.0)) API_UNAVAILABLE(watchos) NS_SWIFT_UI_ACTOR
104 | @interface UIViewController : UIResponder <NSCoding, UIAppearanceContainer, UITraitEnvironment, UIContentContainer, UIFocusEnvironment>
| `- note: 'UIViewController' has been explicitly marked unavailable here
105 |
106 | /*
/Users/admin/builder/spi-builder-workspace/Sources/BigUIPaging/Implementations/PageView/Platform/PlatformPageView+iOS.swift:147:36: error: 'UIViewController' is unavailable in watchOS
145 | extension PlatformPageView {
146 |
147 | class ContainerViewController: UIViewController {
| `- error: 'UIViewController' is unavailable in watchOS
148 |
149 | let value: SelectionValue
/Applications/Xcode-27.0.0-Release.Candidate.app/Contents/Developer/Platforms/WatchOS.platform/Developer/SDKs/WatchOS27.0.sdk/System/Library/Frameworks/UIKit.framework/Headers/UIViewController.h:104:12: note: 'UIViewController' has been explicitly marked unavailable here
102 |
103 | UIKIT_EXTERN API_AVAILABLE(ios(2.0)) API_UNAVAILABLE(watchos) NS_SWIFT_UI_ACTOR
104 | @interface UIViewController : UIResponder <NSCoding, UIAppearanceContainer, UITraitEnvironment, UIContentContainer, UIFocusEnvironment>
| `- note: 'UIViewController' has been explicitly marked unavailable here
105 |
106 | /*
/Users/admin/builder/spi-builder-workspace/Sources/BigUIPaging/Implementations/PageView/Platform/PlatformPageView+iOS.swift:203:37: error: cannot find type 'UIHostingController' in scope
201 | }
202 |
203 | class ContentHostingController: UIHostingController<Content> {
| `- error: cannot find type 'UIHostingController' in scope
204 |
205 | // Stop SwiftUI interfering with parent toolbar / navigation titles
/Users/admin/builder/spi-builder-workspace/Sources/BigUIPaging/Implementations/PageView/Platform/PlatformPageView+iOS.swift:206:22: error: property does not override any property from its superclass
204 |
205 | // Stop SwiftUI interfering with parent toolbar / navigation titles
206 | override var navigationController: UINavigationController? {
| `- error: property does not override any property from its superclass
207 | return nil
208 | }
/Users/admin/builder/spi-builder-workspace/Sources/BigUIPaging/Implementations/PageView/Platform/PlatformPageView+iOS.swift:206:44: error: 'UINavigationController' is unavailable in watchOS
204 |
205 | // Stop SwiftUI interfering with parent toolbar / navigation titles
206 | override var navigationController: UINavigationController? {
| `- error: 'UINavigationController' is unavailable in watchOS
207 | return nil
208 | }
/Applications/Xcode-27.0.0-Release.Candidate.app/Contents/Developer/Platforms/WatchOS.platform/Developer/SDKs/WatchOS27.0.sdk/System/Library/Frameworks/UIKit.framework/Headers/UINavigationController.h:46:12: note: 'UINavigationController' has been explicitly marked unavailable here
44 |
45 | UIKIT_EXTERN API_AVAILABLE(ios(2.0)) API_UNAVAILABLE(watchos) NS_SWIFT_UI_ACTOR
46 | @interface UINavigationController : UIViewController
| `- note: 'UINavigationController' has been explicitly marked unavailable here
47 |
48 |
/Users/admin/builder/spi-builder-workspace/Sources/BigUIPaging/Implementations/PageView/Platform/PlatformPageView+iOS.swift:222:73: error: 'UIPageViewController' is unavailable in watchOS
220 | ///
221 | /// It relies on SwiftUI internals which could change (specifically the navigation controller's hosting view).
222 | func fixNavigationControllerContentScrollView(_ pageViewController: UIPageViewController) {
| `- error: 'UIPageViewController' is unavailable in watchOS
223 | DispatchQueue.main.async {
224 | // Grab root view controller
/Applications/Xcode-27.0.0-Release.Candidate.app/Contents/Developer/Platforms/WatchOS.platform/Developer/SDKs/WatchOS27.0.sdk/System/Library/Frameworks/UIKit.framework/Headers/UIPageViewController.h:51:12: note: 'UIPageViewController' has been explicitly marked unavailable here
49 |
50 | UIKIT_EXTERN API_AVAILABLE(ios(5.0)) API_UNAVAILABLE(watchos) NS_SWIFT_UI_ACTOR
51 | @interface UIPageViewController : UIViewController {
| `- note: 'UIPageViewController' has been explicitly marked unavailable here
52 | }
53 |
/Users/admin/builder/spi-builder-workspace/Sources/BigUIPaging/Implementations/PageView/Platform/PlatformPageView+iOS.swift:248:19: error: 'UIPageViewController' is unavailable in watchOS
246 | extension SwiftUI.Axis {
247 |
248 | var platform: UIPageViewController.NavigationOrientation {
| `- error: 'UIPageViewController' is unavailable in watchOS
249 | switch self {
250 | case .horizontal:
/Applications/Xcode-27.0.0-Release.Candidate.app/Contents/Developer/Platforms/WatchOS.platform/Developer/SDKs/WatchOS27.0.sdk/System/Library/Frameworks/UIKit.framework/Headers/UIPageViewController.h:51:12: note: 'UIPageViewController' has been explicitly marked unavailable here
49 |
50 | UIKIT_EXTERN API_AVAILABLE(ios(5.0)) API_UNAVAILABLE(watchos) NS_SWIFT_UI_ACTOR
51 | @interface UIPageViewController : UIViewController {
| `- note: 'UIPageViewController' has been explicitly marked unavailable here
52 | }
53 |
/Users/admin/builder/spi-builder-workspace/Sources/BigUIPaging/Implementations/PageView/Platform/PlatformPageView+iOS.swift:261:19: error: 'UIPageViewController' is unavailable in watchOS
259 |
260 | /// Maps to a native page controller transition.
261 | var platform: UIPageViewController.TransitionStyle {
| `- error: 'UIPageViewController' is unavailable in watchOS
262 | switch self {
263 | case .book:
/Applications/Xcode-27.0.0-Release.Candidate.app/Contents/Developer/Platforms/WatchOS.platform/Developer/SDKs/WatchOS27.0.sdk/System/Library/Frameworks/UIKit.framework/Headers/UIPageViewController.h:51:12: note: 'UIPageViewController' has been explicitly marked unavailable here
49 |
50 | UIKIT_EXTERN API_AVAILABLE(ios(5.0)) API_UNAVAILABLE(watchos) NS_SWIFT_UI_ACTOR
51 | @interface UIPageViewController : UIViewController {
| `- note: 'UIPageViewController' has been explicitly marked unavailable here
52 | }
53 |
/Users/admin/builder/spi-builder-workspace/Sources/BigUIPaging/Implementations/PageView/Platform/PlatformPageView+iOS.swift:275:26: error: 'UIView' is unavailable in watchOS
273 | extension UIView {
274 |
275 | func firstSubview<T: UIView>(of type: T.Type) -> T? {
| `- error: 'UIView' is unavailable in watchOS
276 | if let match = self as? T {
277 | return match
/Applications/Xcode-27.0.0-Release.Candidate.app/Contents/Developer/Platforms/WatchOS.platform/Developer/SDKs/WatchOS27.0.sdk/System/Library/Frameworks/UIKit.framework/Headers/UIView.h:152:12: note: 'UIView' has been explicitly marked unavailable here
150 |
151 | UIKIT_EXTERN API_AVAILABLE(ios(2.0)) API_UNAVAILABLE(watchos) NS_SWIFT_UI_ACTOR
152 | @interface UIView : UIResponder <NSCoding, UIAppearance, UIAppearanceContainer, UIDynamicItem, UITraitEnvironment, UICoordinateSpace, UIFocusItem, UIFocusItemContainer, CALayerDelegate>
| `- note: 'UIView' has been explicitly marked unavailable here
153 |
154 | @property(class, nonatomic, readonly) Class layerClass; // default is [CALayer class]. Used when creating the underlying layer for the view.
/Users/admin/builder/spi-builder-workspace/Sources/BigUIPaging/Implementations/PageView/Platform/PlatformPageView+iOS.swift:273:11: error: 'UIView' is unavailable in watchOS
271 | }
272 |
273 | extension UIView {
| `- error: 'UIView' is unavailable in watchOS
274 |
275 | func firstSubview<T: UIView>(of type: T.Type) -> T? {
/Applications/Xcode-27.0.0-Release.Candidate.app/Contents/Developer/Platforms/WatchOS.platform/Developer/SDKs/WatchOS27.0.sdk/System/Library/Frameworks/UIKit.framework/Headers/UIView.h:152:12: note: 'UIView' has been explicitly marked unavailable here
150 |
151 | UIKIT_EXTERN API_AVAILABLE(ios(2.0)) API_UNAVAILABLE(watchos) NS_SWIFT_UI_ACTOR
152 | @interface UIView : UIResponder <NSCoding, UIAppearance, UIAppearanceContainer, UIDynamicItem, UITraitEnvironment, UICoordinateSpace, UIFocusItem, UIFocusItemContainer, CALayerDelegate>
| `- note: 'UIView' has been explicitly marked unavailable here
153 |
154 | @property(class, nonatomic, readonly) Class layerClass; // default is [CALayer class]. Used when creating the underlying layer for the view.
/Users/admin/builder/spi-builder-workspace/Sources/BigUIPaging/Implementations/PageView/Platform/PlatformPageView+iOS.swift:10:34: error: 'UIPageViewController' is unavailable in watchOS
8 |
9 | public func makeUIViewController(context: Context) -> UIPageViewController {
10 | let pageViewController = UIPageViewController(
| `- error: 'UIPageViewController' is unavailable in watchOS
11 | transitionStyle: configuration.transition.platform,
12 | navigationOrientation: configuration.orientation.platform,
/Applications/Xcode-27.0.0-Release.Candidate.app/Contents/Developer/Platforms/WatchOS.platform/Developer/SDKs/WatchOS27.0.sdk/System/Library/Frameworks/UIKit.framework/Headers/UIPageViewController.h:51:12: note: 'UIPageViewController' has been explicitly marked unavailable here
49 |
50 | UIKIT_EXTERN API_AVAILABLE(ios(5.0)) API_UNAVAILABLE(watchos) NS_SWIFT_UI_ACTOR
51 | @interface UIPageViewController : UIViewController {
| `- note: 'UIPageViewController' has been explicitly marked unavailable here
52 | }
53 |
/Users/admin/builder/spi-builder-workspace/Sources/BigUIPaging/Implementations/PageView/Platform/PlatformPageView+iOS.swift:13:24: error: 'interPageSpacing' is unavailable in watchOS
11 | transitionStyle: configuration.transition.platform,
12 | navigationOrientation: configuration.orientation.platform,
13 | options: [.interPageSpacing: NSNumber(value: configuration.spacing)]
| `- error: 'interPageSpacing' is unavailable in watchOS
14 | )
15 | context.coordinator.contentBackground = context.environment.contentBackground
/Applications/Xcode-27.0.0-Release.Candidate.app/Contents/Developer/Platforms/WatchOS.platform/Developer/SDKs/WatchOS27.0.sdk/System/Library/Frameworks/UIKit.framework/Headers/UIPageViewController.h:46:51: note: 'interPageSpacing' has been explicitly marked unavailable here
44 | // Value should be a CGFloat wrapped in an NSNumber. Default is '0'.
45 | // Only valid for use with page view controllers with transition style 'UIPageViewControllerTransitionStyleScroll'.
46 | UIKIT_EXTERN UIPageViewControllerOptionsKey const UIPageViewControllerOptionInterPageSpacingKey API_AVAILABLE(ios(6.0)) API_UNAVAILABLE(watchos);
| `- note: 'interPageSpacing' has been explicitly marked unavailable here
47 |
48 | @protocol UIPageViewControllerDelegate, UIPageViewControllerDataSource;
/Users/admin/builder/spi-builder-workspace/Sources/BigUIPaging/Implementations/PageView/Platform/PlatformPageView+iOS.swift:173:76: error: argument passed to call that takes no arguments
171 | override func viewWillAppear(_ animated: Bool) {
172 | if self.hostingController == nil {
173 | let hostingController = ContentHostingController(rootView: content)
| `- error: argument passed to call that takes no arguments
174 | hostingController.view.autoresizingMask = [
175 | .flexibleWidth,
/Users/admin/builder/spi-builder-workspace/Sources/BigUIPaging/Implementations/PageView/Platform/PlatformPageView+iOS.swift:175:22: error: reference to member 'flexibleWidth' cannot be resolved without a contextual type
173 | let hostingController = ContentHostingController(rootView: content)
174 | hostingController.view.autoresizingMask = [
175 | .flexibleWidth,
| `- error: reference to member 'flexibleWidth' cannot be resolved without a contextual type
176 | .flexibleHeight
177 | ]
/Users/admin/builder/spi-builder-workspace/Sources/BigUIPaging/Implementations/PageView/Platform/PlatformPageView+iOS.swift:176:22: error: reference to member 'flexibleHeight' cannot be resolved without a contextual type
174 | hostingController.view.autoresizingMask = [
175 | .flexibleWidth,
176 | .flexibleHeight
| `- error: reference to member 'flexibleHeight' cannot be resolved without a contextual type
177 | ]
178 | if background == .hidden {
/Users/admin/builder/spi-builder-workspace/Sources/BigUIPaging/Implementations/PageView/Platform/PlatformPageView+iOS.swift:179:63: error: cannot infer contextual base in reference to member 'clear'
177 | ]
178 | if background == .hidden {
179 | hostingController.view.backgroundColor = .clear
| `- error: cannot infer contextual base in reference to member 'clear'
180 | }
181 | self.addChild(hostingController)
SwiftCompile normal arm64 /Users/admin/builder/spi-builder-workspace/Sources/BigUIPaging/Implementations/PageView/Platform/PlatformPageView+iOS.swift (in target 'BigUIPaging' from project 'BigUIPaging')
cd /Users/admin/builder/spi-builder-workspace/.swiftpm/xcode
builtin-SwiftPerFileCompile PlatformPageView+iOS.swift
SwiftCompile normal arm64 /Users/admin/builder/spi-builder-workspace/Sources/BigUIPaging/Implementations/PageView/Platform/PlatformPageView+macOS.swift (in target 'BigUIPaging' from project 'BigUIPaging')
cd /Users/admin/builder/spi-builder-workspace/.swiftpm/xcode
builtin-SwiftPerFileCompile PlatformPageView+macOS.swift
SwiftCompile normal arm64 /Users/admin/builder/spi-builder-workspace/Sources/BigUIPaging/Implementations/PageView/Platform/PlatformPageView.swift (in target 'BigUIPaging' from project 'BigUIPaging')
cd /Users/admin/builder/spi-builder-workspace/.swiftpm/xcode
builtin-SwiftPerFileCompile PlatformPageView.swift
SwiftCompile normal arm64 Compiling\ ScrollPageViewStyle.swift,\ PageViewDirection.swift,\ PageViewNavigateAction.swift /Users/admin/builder/spi-builder-workspace/Sources/BigUIPaging/Implementations/PageView/Styles/ScrollPageViewStyle.swift /Users/admin/builder/spi-builder-workspace/Sources/BigUIPaging/Implementations/PageView/Types/PageViewDirection.swift /Users/admin/builder/spi-builder-workspace/Sources/BigUIPaging/Implementations/PageView/Types/PageViewNavigateAction.swift (in target 'BigUIPaging' from project 'BigUIPaging')
SwiftCompile normal arm64 /Users/admin/builder/spi-builder-workspace/Sources/BigUIPaging/Implementations/PageView/Styles/ScrollPageViewStyle.swift (in target 'BigUIPaging' from project 'BigUIPaging')
cd /Users/admin/builder/spi-builder-workspace/.swiftpm/xcode
builtin-SwiftPerFileCompile ScrollPageViewStyle.swift
SwiftCompile normal arm64 /Users/admin/builder/spi-builder-workspace/Sources/BigUIPaging/Implementations/PageView/Types/PageViewDirection.swift (in target 'BigUIPaging' from project 'BigUIPaging')
cd /Users/admin/builder/spi-builder-workspace/.swiftpm/xcode
builtin-SwiftPerFileCompile PageViewDirection.swift
SwiftCompile normal arm64 /Users/admin/builder/spi-builder-workspace/Sources/BigUIPaging/Implementations/PageView/Types/PageViewNavigateAction.swift (in target 'BigUIPaging' from project 'BigUIPaging')
cd /Users/admin/builder/spi-builder-workspace/.swiftpm/xcode
builtin-SwiftPerFileCompile PageViewNavigateAction.swift
SwiftCompile normal arm64 Compiling\ PageViewBasicExample.swift,\ PageViewForEachExample.swift,\ PageViewNavigationStackExample.swift /Users/admin/builder/spi-builder-workspace/Sources/BigUIPaging/Examples/PageViewBasicExample.swift /Users/admin/builder/spi-builder-workspace/Sources/BigUIPaging/Examples/PageViewForEachExample.swift /Users/admin/builder/spi-builder-workspace/Sources/BigUIPaging/Examples/PageViewNavigationStackExample.swift (in target 'BigUIPaging' from project 'BigUIPaging')
SwiftCompile normal arm64 /Users/admin/builder/spi-builder-workspace/Sources/BigUIPaging/Examples/PageViewBasicExample.swift (in target 'BigUIPaging' from project 'BigUIPaging')
cd /Users/admin/builder/spi-builder-workspace/.swiftpm/xcode
builtin-SwiftPerFileCompile PageViewBasicExample.swift
SwiftCompile normal arm64 /Users/admin/builder/spi-builder-workspace/Sources/BigUIPaging/Examples/PageViewForEachExample.swift (in target 'BigUIPaging' from project 'BigUIPaging')
cd /Users/admin/builder/spi-builder-workspace/.swiftpm/xcode
builtin-SwiftPerFileCompile PageViewForEachExample.swift
SwiftCompile normal arm64 /Users/admin/builder/spi-builder-workspace/Sources/BigUIPaging/Examples/PageViewNavigationStackExample.swift (in target 'BigUIPaging' from project 'BigUIPaging')
cd /Users/admin/builder/spi-builder-workspace/.swiftpm/xcode
builtin-SwiftPerFileCompile PageViewNavigationStackExample.swift
SwiftCompile normal arm64 Compiling\ BookPageViewStyle.swift,\ BookStackPageViewStyle.swift,\ CardDeckPageViewStyle.swift /Users/admin/builder/spi-builder-workspace/Sources/BigUIPaging/Implementations/PageView/Styles/BookPageViewStyle.swift /Users/admin/builder/spi-builder-workspace/Sources/BigUIPaging/Implementations/PageView/Styles/BookStackPageViewStyle.swift /Users/admin/builder/spi-builder-workspace/Sources/BigUIPaging/Implementations/PageView/Styles/CardDeckPageViewStyle.swift (in target 'BigUIPaging' from project 'BigUIPaging')
SwiftCompile normal arm64 /Users/admin/builder/spi-builder-workspace/Sources/BigUIPaging/Implementations/PageView/Styles/BookPageViewStyle.swift (in target 'BigUIPaging' from project 'BigUIPaging')
cd /Users/admin/builder/spi-builder-workspace/.swiftpm/xcode
builtin-SwiftPerFileCompile BookPageViewStyle.swift
SwiftCompile normal arm64 /Users/admin/builder/spi-builder-workspace/Sources/BigUIPaging/Implementations/PageView/Styles/BookStackPageViewStyle.swift (in target 'BigUIPaging' from project 'BigUIPaging')
cd /Users/admin/builder/spi-builder-workspace/.swiftpm/xcode
builtin-SwiftPerFileCompile BookStackPageViewStyle.swift
SwiftCompile normal arm64 /Users/admin/builder/spi-builder-workspace/Sources/BigUIPaging/Implementations/PageView/Styles/CardDeckPageViewStyle.swift (in target 'BigUIPaging' from project 'BigUIPaging')
cd /Users/admin/builder/spi-builder-workspace/.swiftpm/xcode
builtin-SwiftPerFileCompile CardDeckPageViewStyle.swift
SwiftCompile normal arm64 Compiling\ PageViewStyle.swift,\ PageViewStyleConfiguration.swift,\ PageView+Environment.swift /Users/admin/builder/spi-builder-workspace/Sources/BigUIPaging/Implementations/PageView/Types/PageViewStyle.swift /Users/admin/builder/spi-builder-workspace/Sources/BigUIPaging/Implementations/PageView/Types/PageViewStyleConfiguration.swift /Users/admin/builder/spi-builder-workspace/Sources/BigUIPaging/Implementations/PageView/View/PageView+Environment.swift (in target 'BigUIPaging' from project 'BigUIPaging')
SwiftCompile normal arm64 /Users/admin/builder/spi-builder-workspace/Sources/BigUIPaging/Implementations/PageView/Types/PageViewStyle.swift (in target 'BigUIPaging' from project 'BigUIPaging')
cd /Users/admin/builder/spi-builder-workspace/.swiftpm/xcode
builtin-SwiftPerFileCompile PageViewStyle.swift
SwiftCompile normal arm64 /Users/admin/builder/spi-builder-workspace/Sources/BigUIPaging/Implementations/PageView/Types/PageViewStyleConfiguration.swift (in target 'BigUIPaging' from project 'BigUIPaging')
cd /Users/admin/builder/spi-builder-workspace/.swiftpm/xcode
builtin-SwiftPerFileCompile PageViewStyleConfiguration.swift
SwiftCompile normal arm64 /Users/admin/builder/spi-builder-workspace/Sources/BigUIPaging/Implementations/PageView/View/PageView+Environment.swift (in target 'BigUIPaging' from project 'BigUIPaging')
cd /Users/admin/builder/spi-builder-workspace/.swiftpm/xcode
builtin-SwiftPerFileCompile PageView+Environment.swift
SwiftCompile normal arm64 Compiling\ CardDeckExample.swift,\ CustomPageViewExample.swift,\ ExampleGridToPageView.swift,\ PageIndicatorExample.swift /Users/admin/builder/spi-builder-workspace/Sources/BigUIPaging/Examples/CardDeckExample.swift /Users/admin/builder/spi-builder-workspace/Sources/BigUIPaging/Examples/CustomPageViewExample.swift /Users/admin/builder/spi-builder-workspace/Sources/BigUIPaging/Examples/ExampleGridToPageView.swift /Users/admin/builder/spi-builder-workspace/Sources/BigUIPaging/Examples/PageIndicatorExample.swift (in target 'BigUIPaging' from project 'BigUIPaging')
/Users/admin/builder/spi-builder-workspace/Sources/BigUIPaging/Examples/PageIndicatorExample.swift:17:17: error: 'GroupBox' is unavailable in watchOS
15 | Form {
16 | Section {
17 | GroupBox {
| `- error: 'GroupBox' is unavailable in watchOS
18 | PageIndicator(selection: $selection, total: total)
19 | .pageIndicatorBackgroundStyle(.prominent)
SwiftUI.GroupBox:4:27: note: 'GroupBox' has been explicitly marked unavailable here
2 | @available(tvOS, unavailable)
3 | @available(watchOS, unavailable)
4 | nonisolated public struct GroupBox<Label, Content> : View, ~Sendable where Label : View, Content : View {
| `- note: 'GroupBox' has been explicitly marked unavailable here
5 | @available(iOS 14.0, macOS 10.15, *)
6 | @available(tvOS, unavailable)
/Users/admin/builder/spi-builder-workspace/Sources/BigUIPaging/Examples/PageIndicatorExample.swift:17:17: error: 'init(content:)' is unavailable in watchOS
15 | Form {
16 | Section {
17 | GroupBox {
| `- error: 'init(content:)' is unavailable in watchOS
18 | PageIndicator(selection: $selection, total: total)
19 | .pageIndicatorBackgroundStyle(.prominent)
SwiftUI.GroupBox.init:2:20: note: 'init(content:)' has been explicitly marked unavailable here
1 | generic struct GroupBox {
2 | nonisolated public init(@ContentBuilder content: () -> Content)}
| `- note: 'init(content:)' has been explicitly marked unavailable here
3 |
/Users/admin/builder/spi-builder-workspace/Sources/BigUIPaging/Examples/PageIndicatorExample.swift:46:17: error: 'GroupBox' is unavailable in watchOS
44 |
45 | Section {
46 | GroupBox {
| `- error: 'GroupBox' is unavailable in watchOS
47 | PageIndicator(selection: $selection, total: total)
48 | .pageIndicatorColor(unselectedColor)
SwiftUI.GroupBox:4:27: note: 'GroupBox' has been explicitly marked unavailable here
2 | @available(tvOS, unavailable)
3 | @available(watchOS, unavailable)
4 | nonisolated public struct GroupBox<Label, Content> : View, ~Sendable where Label : View, Content : View {
| `- note: 'GroupBox' has been explicitly marked unavailable here
5 | @available(iOS 14.0, macOS 10.15, *)
6 | @available(tvOS, unavailable)
/Users/admin/builder/spi-builder-workspace/Sources/BigUIPaging/Examples/PageIndicatorExample.swift:46:17: error: 'init(content:)' is unavailable in watchOS
44 |
45 | Section {
46 | GroupBox {
| `- error: 'init(content:)' is unavailable in watchOS
47 | PageIndicator(selection: $selection, total: total)
48 | .pageIndicatorColor(unselectedColor)
SwiftUI.GroupBox.init:2:20: note: 'init(content:)' has been explicitly marked unavailable here
1 | generic struct GroupBox {
2 | nonisolated public init(@ContentBuilder content: () -> Content)}
| `- note: 'init(content:)' has been explicitly marked unavailable here
3 |
/Users/admin/builder/spi-builder-workspace/Sources/BigUIPaging/Examples/PageIndicatorExample.swift:52:21: error: 'ColorPicker' is unavailable in watchOS
50 | .padding()
51 | .disabled(!tapInteraction)
52 | ColorPicker("Selected Color", selection: $selectedColor)
| `- error: 'ColorPicker' is unavailable in watchOS
53 | ColorPicker("Color", selection: $unselectedColor)
54 | }
SwiftUI.ColorPicker:4:27: note: 'ColorPicker' has been explicitly marked unavailable here
2 | @available(tvOS, unavailable)
3 | @available(watchOS, unavailable)
4 | nonisolated public struct ColorPicker<Label> : View, ~Sendable where Label : View {
| `- note: 'ColorPicker' has been explicitly marked unavailable here
5 | nonisolated public init(selection: Binding<Color>, supportsOpacity: Bool = true, @ContentBuilder label: () -> Label)
6 | nonisolated public init(selection: Binding<CGColor>, supportsOpacity: Bool = true, @ContentBuilder label: () -> Label)
/Users/admin/builder/spi-builder-workspace/Sources/BigUIPaging/Examples/PageIndicatorExample.swift:52:21: error: 'init(_:selection:supportsOpacity:)' is unavailable in watchOS
50 | .padding()
51 | .disabled(!tapInteraction)
52 | ColorPicker("Selected Color", selection: $selectedColor)
| `- error: 'init(_:selection:supportsOpacity:)' is unavailable in watchOS
53 | ColorPicker("Color", selection: $unselectedColor)
54 | }
SwiftUI.ColorPicker.init:2:20: note: 'init(_:selection:supportsOpacity:)' has been explicitly marked unavailable here
1 | generic struct ColorPicker {
2 | nonisolated public init(_ titleKey: LocalizedStringKey, selection: Binding<Color>, supportsOpacity: Bool = true)}
| `- note: 'init(_:selection:supportsOpacity:)' has been explicitly marked unavailable here
3 |
/Users/admin/builder/spi-builder-workspace/Sources/BigUIPaging/Examples/PageIndicatorExample.swift:53:21: error: 'ColorPicker' is unavailable in watchOS
51 | .disabled(!tapInteraction)
52 | ColorPicker("Selected Color", selection: $selectedColor)
53 | ColorPicker("Color", selection: $unselectedColor)
| `- error: 'ColorPicker' is unavailable in watchOS
54 | }
55 | GroupBox {
SwiftUI.ColorPicker:4:27: note: 'ColorPicker' has been explicitly marked unavailable here
2 | @available(tvOS, unavailable)
3 | @available(watchOS, unavailable)
4 | nonisolated public struct ColorPicker<Label> : View, ~Sendable where Label : View {
| `- note: 'ColorPicker' has been explicitly marked unavailable here
5 | nonisolated public init(selection: Binding<Color>, supportsOpacity: Bool = true, @ContentBuilder label: () -> Label)
6 | nonisolated public init(selection: Binding<CGColor>, supportsOpacity: Bool = true, @ContentBuilder label: () -> Label)
/Users/admin/builder/spi-builder-workspace/Sources/BigUIPaging/Examples/PageIndicatorExample.swift:53:21: error: 'init(_:selection:supportsOpacity:)' is unavailable in watchOS
51 | .disabled(!tapInteraction)
52 | ColorPicker("Selected Color", selection: $selectedColor)
53 | ColorPicker("Color", selection: $unselectedColor)
| `- error: 'init(_:selection:supportsOpacity:)' is unavailable in watchOS
54 | }
55 | GroupBox {
SwiftUI.ColorPicker.init:2:20: note: 'init(_:selection:supportsOpacity:)' has been explicitly marked unavailable here
1 | generic struct ColorPicker {
2 | nonisolated public init(_ titleKey: LocalizedStringKey, selection: Binding<Color>, supportsOpacity: Bool = true)}
| `- note: 'init(_:selection:supportsOpacity:)' has been explicitly marked unavailable here
3 |
/Users/admin/builder/spi-builder-workspace/Sources/BigUIPaging/Examples/PageIndicatorExample.swift:55:17: error: 'GroupBox' is unavailable in watchOS
53 | ColorPicker("Color", selection: $unselectedColor)
54 | }
55 | GroupBox {
| `- error: 'GroupBox' is unavailable in watchOS
56 | PageIndicator(selection: $selection, total: total)
57 | .pageIndicatorBackgroundStyle(.prominent)
SwiftUI.GroupBox:4:27: note: 'GroupBox' has been explicitly marked unavailable here
2 | @available(tvOS, unavailable)
3 | @available(watchOS, unavailable)
4 | nonisolated public struct GroupBox<Label, Content> : View, ~Sendable where Label : View, Content : View {
| `- note: 'GroupBox' has been explicitly marked unavailable here
5 | @available(iOS 14.0, macOS 10.15, *)
6 | @available(tvOS, unavailable)
/Users/admin/builder/spi-builder-workspace/Sources/BigUIPaging/Examples/PageIndicatorExample.swift:55:17: error: 'init(content:)' is unavailable in watchOS
53 | ColorPicker("Color", selection: $unselectedColor)
54 | }
55 | GroupBox {
| `- error: 'init(content:)' is unavailable in watchOS
56 | PageIndicator(selection: $selection, total: total)
57 | .pageIndicatorBackgroundStyle(.prominent)
SwiftUI.GroupBox.init:2:20: note: 'init(content:)' has been explicitly marked unavailable here
1 | generic struct GroupBox {
2 | nonisolated public init(@ContentBuilder content: () -> Content)}
| `- note: 'init(content:)' has been explicitly marked unavailable here
3 |
/Users/admin/builder/spi-builder-workspace/Sources/BigUIPaging/Examples/PageIndicatorExample.swift:63:17: error: 'GroupBox' is unavailable in watchOS
61 | Text("Prominent Background")
62 | }
63 | GroupBox {
| `- error: 'GroupBox' is unavailable in watchOS
64 | PageIndicator(selection: $selection, total: total) { (page, selected) in
65 | if page == 0 {
SwiftUI.GroupBox:4:27: note: 'GroupBox' has been explicitly marked unavailable here
2 | @available(tvOS, unavailable)
3 | @available(watchOS, unavailable)
4 | nonisolated public struct GroupBox<Label, Content> : View, ~Sendable where Label : View, Content : View {
| `- note: 'GroupBox' has been explicitly marked unavailable here
5 | @available(iOS 14.0, macOS 10.15, *)
6 | @available(tvOS, unavailable)
/Users/admin/builder/spi-builder-workspace/Sources/BigUIPaging/Examples/PageIndicatorExample.swift:63:17: error: 'init(content:)' is unavailable in watchOS
61 | Text("Prominent Background")
62 | }
63 | GroupBox {
| `- error: 'init(content:)' is unavailable in watchOS
64 | PageIndicator(selection: $selection, total: total) { (page, selected) in
65 | if page == 0 {
SwiftUI.GroupBox.init:2:20: note: 'init(content:)' has been explicitly marked unavailable here
1 | generic struct GroupBox {
2 | nonisolated public init(@ContentBuilder content: () -> Content)}
| `- note: 'init(content:)' has been explicitly marked unavailable here
3 |
SwiftCompile normal arm64 /Users/admin/builder/spi-builder-workspace/Sources/BigUIPaging/Examples/CardDeckExample.swift (in target 'BigUIPaging' from project 'BigUIPaging')
cd /Users/admin/builder/spi-builder-workspace/.swiftpm/xcode
builtin-SwiftPerFileCompile CardDeckExample.swift
SwiftCompile normal arm64 /Users/admin/builder/spi-builder-workspace/Sources/BigUIPaging/Examples/CustomPageViewExample.swift (in target 'BigUIPaging' from project 'BigUIPaging')
cd /Users/admin/builder/spi-builder-workspace/.swiftpm/xcode
builtin-SwiftPerFileCompile CustomPageViewExample.swift
SwiftCompile normal arm64 /Users/admin/builder/spi-builder-workspace/Sources/BigUIPaging/Examples/ExampleGridToPageView.swift (in target 'BigUIPaging' from project 'BigUIPaging')
cd /Users/admin/builder/spi-builder-workspace/.swiftpm/xcode
builtin-SwiftPerFileCompile ExampleGridToPageView.swift
SwiftCompile normal arm64 /Users/admin/builder/spi-builder-workspace/Sources/BigUIPaging/Examples/PageIndicatorExample.swift (in target 'BigUIPaging' from project 'BigUIPaging')
cd /Users/admin/builder/spi-builder-workspace/.swiftpm/xcode
builtin-SwiftPerFileCompile PageIndicatorExample.swift
SwiftEmitModule normal arm64 Emitting\ module\ for\ BigUIPaging (in target 'BigUIPaging' from project 'BigUIPaging')
/Users/admin/builder/spi-builder-workspace/Sources/BigUIPaging/Implementations/PageIndicator/PageIndicator+iOS.swift:7:28: error: 'UIPageControl' is unavailable in watchOS
5 | struct PlatformPageIndicator: UIViewRepresentable {
6 |
7 | typealias UIViewType = UIPageControl
| `- error: 'UIPageControl' is unavailable in watchOS
8 |
9 | /// The currently selected page index.
/Applications/Xcode-27.0.0-Release.Candidate.app/Contents/Developer/Platforms/WatchOS.platform/Developer/SDKs/WatchOS27.0.sdk/System/Library/Frameworks/UIKit.framework/Headers/UIPageControl.h:50:12: note: 'UIPageControl' has been explicitly marked unavailable here
48 |
49 | UIKIT_EXTERN API_AVAILABLE(ios(2.0)) API_UNAVAILABLE(watchos) NS_SWIFT_UI_ACTOR
50 | @interface UIPageControl : UIControl
| `- note: 'UIPageControl' has been explicitly marked unavailable here
51 |
52 | /// default is 0
/Users/admin/builder/spi-builder-workspace/Sources/BigUIPaging/Implementations/PageIndicator/PageIndicator+iOS.swift:21:30: error: cannot find type 'Context' in scope
19 | let icons: [Int: (Image?, Image?)]
20 |
21 | func makeUIView(context: Context) -> UIPageControl {
| `- error: cannot find type 'Context' in scope
22 | let control = UIPageControl()
23 | control.numberOfPages = total
/Users/admin/builder/spi-builder-workspace/Sources/BigUIPaging/Implementations/PageIndicator/PageIndicator+iOS.swift:21:42: error: 'UIPageControl' is unavailable in watchOS
19 | let icons: [Int: (Image?, Image?)]
20 |
21 | func makeUIView(context: Context) -> UIPageControl {
| `- error: 'UIPageControl' is unavailable in watchOS
22 | let control = UIPageControl()
23 | control.numberOfPages = total
/Applications/Xcode-27.0.0-Release.Candidate.app/Contents/Developer/Platforms/WatchOS.platform/Developer/SDKs/WatchOS27.0.sdk/System/Library/Frameworks/UIKit.framework/Headers/UIPageControl.h:50:12: note: 'UIPageControl' has been explicitly marked unavailable here
48 |
49 | UIKIT_EXTERN API_AVAILABLE(ios(2.0)) API_UNAVAILABLE(watchos) NS_SWIFT_UI_ACTOR
50 | @interface UIPageControl : UIControl
| `- note: 'UIPageControl' has been explicitly marked unavailable here
51 |
52 | /// default is 0
/Users/admin/builder/spi-builder-workspace/Sources/BigUIPaging/Implementations/PageIndicator/PageIndicator+iOS.swift:53:58: error: cannot find type 'Context' in scope
51 | }
52 |
53 | func updateUIView(_ control: UIPageControl, context: Context) {
| `- error: cannot find type 'Context' in scope
54 | control.numberOfPages = total
55 | control.currentPage = selection
/Users/admin/builder/spi-builder-workspace/Sources/BigUIPaging/Implementations/PageIndicator/PageIndicator+iOS.swift:53:34: error: 'UIPageControl' is unavailable in watchOS
51 | }
52 |
53 | func updateUIView(_ control: UIPageControl, context: Context) {
| `- error: 'UIPageControl' is unavailable in watchOS
54 | control.numberOfPages = total
55 | control.currentPage = selection
/Applications/Xcode-27.0.0-Release.Candidate.app/Contents/Developer/Platforms/WatchOS.platform/Developer/SDKs/WatchOS27.0.sdk/System/Library/Frameworks/UIKit.framework/Headers/UIPageControl.h:50:12: note: 'UIPageControl' has been explicitly marked unavailable here
48 |
49 | UIKIT_EXTERN API_AVAILABLE(ios(2.0)) API_UNAVAILABLE(watchos) NS_SWIFT_UI_ACTOR
50 | @interface UIPageControl : UIControl
| `- note: 'UIPageControl' has been explicitly marked unavailable here
51 |
52 | /// default is 0
/Users/admin/builder/spi-builder-workspace/Sources/BigUIPaging/Implementations/PageIndicator/PageIndicator+iOS.swift:5:31: error: cannot find type 'UIViewRepresentable' in scope
3 | import SwiftUI
4 |
5 | struct PlatformPageIndicator: UIViewRepresentable {
| `- error: cannot find type 'UIViewRepresentable' in scope
6 |
7 | typealias UIViewType = UIPageControl
/Users/admin/builder/spi-builder-workspace/Sources/BigUIPaging/Implementations/PageIndicator/PageIndicator+iOS.swift:95:47: error: 'UIPageControl' is unavailable in watchOS
93 | }
94 |
95 | @objc func selectionChanged(_ sender: UIPageControl) {
| `- error: 'UIPageControl' is unavailable in watchOS
96 | self.parent.selection = sender.currentPage
97 | }
/Applications/Xcode-27.0.0-Release.Candidate.app/Contents/Developer/Platforms/WatchOS.platform/Developer/SDKs/WatchOS27.0.sdk/System/Library/Frameworks/UIKit.framework/Headers/UIPageControl.h:50:12: note: 'UIPageControl' has been explicitly marked unavailable here
48 |
49 | UIKIT_EXTERN API_AVAILABLE(ios(2.0)) API_UNAVAILABLE(watchos) NS_SWIFT_UI_ACTOR
50 | @interface UIPageControl : UIControl
| `- note: 'UIPageControl' has been explicitly marked unavailable here
51 |
52 | /// default is 0
/Users/admin/builder/spi-builder-workspace/Sources/BigUIPaging/Implementations/PageIndicator/PageIndicator+iOS.swift:103:19: error: 'UIPageControl' is unavailable in watchOS
101 | extension PageIndicator.BackgroundStyle {
102 |
103 | var platform: UIPageControl.BackgroundStyle {
| `- error: 'UIPageControl' is unavailable in watchOS
104 | switch self {
105 | case .automatic:
/Applications/Xcode-27.0.0-Release.Candidate.app/Contents/Developer/Platforms/WatchOS.platform/Developer/SDKs/WatchOS27.0.sdk/System/Library/Frameworks/UIKit.framework/Headers/UIPageControl.h:50:12: note: 'UIPageControl' has been explicitly marked unavailable here
48 |
49 | UIKIT_EXTERN API_AVAILABLE(ios(2.0)) API_UNAVAILABLE(watchos) NS_SWIFT_UI_ACTOR
50 | @interface UIPageControl : UIControl
| `- note: 'UIPageControl' has been explicitly marked unavailable here
51 |
52 | /// default is 0
/Users/admin/builder/spi-builder-workspace/Sources/BigUIPaging/Implementations/PageView/Platform/PlatformPageView+iOS.swift:5:29: error: cannot find type 'UIViewControllerRepresentable' in scope
3 | import SwiftUI
4 |
5 | extension PlatformPageView: UIViewControllerRepresentable {
| `- error: cannot find type 'UIViewControllerRepresentable' in scope
6 |
7 | public typealias UIViewControllerType = UIPageViewController
/Users/admin/builder/spi-builder-workspace/Sources/BigUIPaging/Implementations/PageView/Platform/PlatformPageView+iOS.swift:7:45: error: 'UIPageViewController' is unavailable in watchOS
5 | extension PlatformPageView: UIViewControllerRepresentable {
6 |
7 | public typealias UIViewControllerType = UIPageViewController
| `- error: 'UIPageViewController' is unavailable in watchOS
8 |
9 | public func makeUIViewController(context: Context) -> UIPageViewController {
/Applications/Xcode-27.0.0-Release.Candidate.app/Contents/Developer/Platforms/WatchOS.platform/Developer/SDKs/WatchOS27.0.sdk/System/Library/Frameworks/UIKit.framework/Headers/UIPageViewController.h:51:12: note: 'UIPageViewController' has been explicitly marked unavailable here
49 |
50 | UIKIT_EXTERN API_AVAILABLE(ios(5.0)) API_UNAVAILABLE(watchos) NS_SWIFT_UI_ACTOR
51 | @interface UIPageViewController : UIViewController {
| `- note: 'UIPageViewController' has been explicitly marked unavailable here
52 | }
53 |
/Users/admin/builder/spi-builder-workspace/Sources/BigUIPaging/Implementations/PageView/Platform/PlatformPageView+iOS.swift:9:47: error: cannot find type 'Context' in scope
7 | public typealias UIViewControllerType = UIPageViewController
8 |
9 | public func makeUIViewController(context: Context) -> UIPageViewController {
| `- error: cannot find type 'Context' in scope
10 | let pageViewController = UIPageViewController(
11 | transitionStyle: configuration.transition.platform,
/Users/admin/builder/spi-builder-workspace/Sources/BigUIPaging/Implementations/PageView/Platform/PlatformPageView+iOS.swift:9:59: error: 'UIPageViewController' is unavailable in watchOS
7 | public typealias UIViewControllerType = UIPageViewController
8 |
9 | public func makeUIViewController(context: Context) -> UIPageViewController {
| `- error: 'UIPageViewController' is unavailable in watchOS
10 | let pageViewController = UIPageViewController(
11 | transitionStyle: configuration.transition.platform,
/Applications/Xcode-27.0.0-Release.Candidate.app/Contents/Developer/Platforms/WatchOS.platform/Developer/SDKs/WatchOS27.0.sdk/System/Library/Frameworks/UIKit.framework/Headers/UIPageViewController.h:51:12: note: 'UIPageViewController' has been explicitly marked unavailable here
49 |
50 | UIKIT_EXTERN API_AVAILABLE(ios(5.0)) API_UNAVAILABLE(watchos) NS_SWIFT_UI_ACTOR
51 | @interface UIPageViewController : UIViewController {
| `- note: 'UIPageViewController' has been explicitly marked unavailable here
52 | }
53 |
/Users/admin/builder/spi-builder-workspace/Sources/BigUIPaging/Implementations/PageView/Platform/PlatformPageView+iOS.swift:29:18: error: cannot find type 'Context' in scope
27 | public func updateUIViewController(
28 | _ pageViewController: UIPageViewController,
29 | context: Context
| `- error: cannot find type 'Context' in scope
30 | ) {
31 | let isAnimated = context.transaction.animation != nil
/Users/admin/builder/spi-builder-workspace/Sources/BigUIPaging/Implementations/PageView/Platform/PlatformPageView+iOS.swift:28:31: error: 'UIPageViewController' is unavailable in watchOS
26 |
27 | public func updateUIViewController(
28 | _ pageViewController: UIPageViewController,
| `- error: 'UIPageViewController' is unavailable in watchOS
29 | context: Context
30 | ) {
/Applications/Xcode-27.0.0-Release.Candidate.app/Contents/Developer/Platforms/WatchOS.platform/Developer/SDKs/WatchOS27.0.sdk/System/Library/Frameworks/UIKit.framework/Headers/UIPageViewController.h:51:12: note: 'UIPageViewController' has been explicitly marked unavailable here
49 |
50 | UIKIT_EXTERN API_AVAILABLE(ios(5.0)) API_UNAVAILABLE(watchos) NS_SWIFT_UI_ACTOR
51 | @interface UIPageViewController : UIViewController {
| `- note: 'UIPageViewController' has been explicitly marked unavailable here
52 | }
53 |
/Users/admin/builder/spi-builder-workspace/Sources/BigUIPaging/Implementations/PageView/Platform/PlatformPageView+iOS.swift:61:35: error: 'UIPageViewController' is unavailable in watchOS
59 |
60 | public func pageViewController(
61 | _ pageViewController: UIPageViewController,
| `- error: 'UIPageViewController' is unavailable in watchOS
62 | viewControllerBefore viewController: UIViewController
63 | ) -> UIViewController? {
/Applications/Xcode-27.0.0-Release.Candidate.app/Contents/Developer/Platforms/WatchOS.platform/Developer/SDKs/WatchOS27.0.sdk/System/Library/Frameworks/UIKit.framework/Headers/UIPageViewController.h:51:12: note: 'UIPageViewController' has been explicitly marked unavailable here
49 |
50 | UIKIT_EXTERN API_AVAILABLE(ios(5.0)) API_UNAVAILABLE(watchos) NS_SWIFT_UI_ACTOR
51 | @interface UIPageViewController : UIViewController {
| `- note: 'UIPageViewController' has been explicitly marked unavailable here
52 | }
53 |
/Users/admin/builder/spi-builder-workspace/Sources/BigUIPaging/Implementations/PageView/Platform/PlatformPageView+iOS.swift:62:50: error: 'UIViewController' is unavailable in watchOS
60 | public func pageViewController(
61 | _ pageViewController: UIPageViewController,
62 | viewControllerBefore viewController: UIViewController
| `- error: 'UIViewController' is unavailable in watchOS
63 | ) -> UIViewController? {
64 | guard let viewController = viewController as? ContainerViewController else {
/Applications/Xcode-27.0.0-Release.Candidate.app/Contents/Developer/Platforms/WatchOS.platform/Developer/SDKs/WatchOS27.0.sdk/System/Library/Frameworks/UIKit.framework/Headers/UIViewController.h:104:12: note: 'UIViewController' has been explicitly marked unavailable here
102 |
103 | UIKIT_EXTERN API_AVAILABLE(ios(2.0)) API_UNAVAILABLE(watchos) NS_SWIFT_UI_ACTOR
104 | @interface UIViewController : UIResponder <NSCoding, UIAppearanceContainer, UITraitEnvironment, UIContentContainer, UIFocusEnvironment>
| `- note: 'UIViewController' has been explicitly marked unavailable here
105 |
106 | /*
/Users/admin/builder/spi-builder-workspace/Sources/BigUIPaging/Implementations/PageView/Platform/PlatformPageView+iOS.swift:63:14: error: 'UIViewController' is unavailable in watchOS
61 | _ pageViewController: UIPageViewController,
62 | viewControllerBefore viewController: UIViewController
63 | ) -> UIViewController? {
| `- error: 'UIViewController' is unavailable in watchOS
64 | guard let viewController = viewController as? ContainerViewController else {
65 | return nil
/Applications/Xcode-27.0.0-Release.Candidate.app/Contents/Developer/Platforms/WatchOS.platform/Developer/SDKs/WatchOS27.0.sdk/System/Library/Frameworks/UIKit.framework/Headers/UIViewController.h:104:12: note: 'UIViewController' has been explicitly marked unavailable here
102 |
103 | UIKIT_EXTERN API_AVAILABLE(ios(2.0)) API_UNAVAILABLE(watchos) NS_SWIFT_UI_ACTOR
104 | @interface UIViewController : UIResponder <NSCoding, UIAppearanceContainer, UITraitEnvironment, UIContentContainer, UIFocusEnvironment>
| `- note: 'UIViewController' has been explicitly marked unavailable here
105 |
106 | /*
/Users/admin/builder/spi-builder-workspace/Sources/BigUIPaging/Implementations/PageView/Platform/PlatformPageView+iOS.swift:75:35: error: 'UIPageViewController' is unavailable in watchOS
73 |
74 | public func pageViewController(
75 | _ pageViewController: UIPageViewController,
| `- error: 'UIPageViewController' is unavailable in watchOS
76 | viewControllerAfter viewController: UIViewController
77 | ) -> UIViewController? {
/Applications/Xcode-27.0.0-Release.Candidate.app/Contents/Developer/Platforms/WatchOS.platform/Developer/SDKs/WatchOS27.0.sdk/System/Library/Frameworks/UIKit.framework/Headers/UIPageViewController.h:51:12: note: 'UIPageViewController' has been explicitly marked unavailable here
49 |
50 | UIKIT_EXTERN API_AVAILABLE(ios(5.0)) API_UNAVAILABLE(watchos) NS_SWIFT_UI_ACTOR
51 | @interface UIPageViewController : UIViewController {
| `- note: 'UIPageViewController' has been explicitly marked unavailable here
52 | }
53 |
/Users/admin/builder/spi-builder-workspace/Sources/BigUIPaging/Implementations/PageView/Platform/PlatformPageView+iOS.swift:76:49: error: 'UIViewController' is unavailable in watchOS
74 | public func pageViewController(
75 | _ pageViewController: UIPageViewController,
76 | viewControllerAfter viewController: UIViewController
| `- error: 'UIViewController' is unavailable in watchOS
77 | ) -> UIViewController? {
78 | guard let viewController = viewController as? ContainerViewController else {
/Applications/Xcode-27.0.0-Release.Candidate.app/Contents/Developer/Platforms/WatchOS.platform/Developer/SDKs/WatchOS27.0.sdk/System/Library/Frameworks/UIKit.framework/Headers/UIViewController.h:104:12: note: 'UIViewController' has been explicitly marked unavailable here
102 |
103 | UIKIT_EXTERN API_AVAILABLE(ios(2.0)) API_UNAVAILABLE(watchos) NS_SWIFT_UI_ACTOR
104 | @interface UIViewController : UIResponder <NSCoding, UIAppearanceContainer, UITraitEnvironment, UIContentContainer, UIFocusEnvironment>
| `- note: 'UIViewController' has been explicitly marked unavailable here
105 |
106 | /*
/Users/admin/builder/spi-builder-workspace/Sources/BigUIPaging/Implementations/PageView/Platform/PlatformPageView+iOS.swift:77:14: error: 'UIViewController' is unavailable in watchOS
75 | _ pageViewController: UIPageViewController,
76 | viewControllerAfter viewController: UIViewController
77 | ) -> UIViewController? {
| `- error: 'UIViewController' is unavailable in watchOS
78 | guard let viewController = viewController as? ContainerViewController else {
79 | return nil
/Applications/Xcode-27.0.0-Release.Candidate.app/Contents/Developer/Platforms/WatchOS.platform/Developer/SDKs/WatchOS27.0.sdk/System/Library/Frameworks/UIKit.framework/Headers/UIViewController.h:104:12: note: 'UIViewController' has been explicitly marked unavailable here
102 |
103 | UIKIT_EXTERN API_AVAILABLE(ios(2.0)) API_UNAVAILABLE(watchos) NS_SWIFT_UI_ACTOR
104 | @interface UIViewController : UIResponder <NSCoding, UIAppearanceContainer, UITraitEnvironment, UIContentContainer, UIFocusEnvironment>
| `- note: 'UIViewController' has been explicitly marked unavailable here
105 |
106 | /*
/Users/admin/builder/spi-builder-workspace/Sources/BigUIPaging/Implementations/PageView/Platform/PlatformPageView+iOS.swift:91:35: error: 'UIPageViewController' is unavailable in watchOS
89 |
90 | public func pageViewController(
91 | _ pageViewController: UIPageViewController,
| `- error: 'UIPageViewController' is unavailable in watchOS
92 | didFinishAnimating finished: Bool,
93 | previousViewControllers: [UIViewController],
/Applications/Xcode-27.0.0-Release.Candidate.app/Contents/Developer/Platforms/WatchOS.platform/Developer/SDKs/WatchOS27.0.sdk/System/Library/Frameworks/UIKit.framework/Headers/UIPageViewController.h:51:12: note: 'UIPageViewController' has been explicitly marked unavailable here
49 |
50 | UIKIT_EXTERN API_AVAILABLE(ios(5.0)) API_UNAVAILABLE(watchos) NS_SWIFT_UI_ACTOR
51 | @interface UIPageViewController : UIViewController {
| `- note: 'UIPageViewController' has been explicitly marked unavailable here
52 | }
53 |
/Users/admin/builder/spi-builder-workspace/Sources/BigUIPaging/Implementations/PageView/Platform/PlatformPageView+iOS.swift:93:39: error: 'UIViewController' is unavailable in watchOS
91 | _ pageViewController: UIPageViewController,
92 | didFinishAnimating finished: Bool,
93 | previousViewControllers: [UIViewController],
| `- error: 'UIViewController' is unavailable in watchOS
94 | transitionCompleted completed: Bool
95 | ) {
/Applications/Xcode-27.0.0-Release.Candidate.app/Contents/Developer/Platforms/WatchOS.platform/Developer/SDKs/WatchOS27.0.sdk/System/Library/Frameworks/UIKit.framework/Headers/UIViewController.h:104:12: note: 'UIViewController' has been explicitly marked unavailable here
102 |
103 | UIKIT_EXTERN API_AVAILABLE(ios(2.0)) API_UNAVAILABLE(watchos) NS_SWIFT_UI_ACTOR
104 | @interface UIViewController : UIResponder <NSCoding, UIAppearanceContainer, UITraitEnvironment, UIContentContainer, UIFocusEnvironment>
| `- note: 'UIViewController' has been explicitly marked unavailable here
105 |
106 | /*
/Users/admin/builder/spi-builder-workspace/Sources/BigUIPaging/Implementations/PageView/Platform/PlatformPageView+iOS.swift:103:61: error: 'UIViewController' is unavailable in watchOS
101 |
102 | /// Creates a new container with hosting controller for a specified value.
103 | func makeViewController(_ value: SelectionValue) -> UIViewController {
| `- error: 'UIViewController' is unavailable in watchOS
104 | let viewController = ContainerViewController(
105 | value: value,
/Applications/Xcode-27.0.0-Release.Candidate.app/Contents/Developer/Platforms/WatchOS.platform/Developer/SDKs/WatchOS27.0.sdk/System/Library/Frameworks/UIKit.framework/Headers/UIViewController.h:104:12: note: 'UIViewController' has been explicitly marked unavailable here
102 |
103 | UIKIT_EXTERN API_AVAILABLE(ios(2.0)) API_UNAVAILABLE(watchos) NS_SWIFT_UI_ACTOR
104 | @interface UIViewController : UIResponder <NSCoding, UIAppearanceContainer, UITraitEnvironment, UIContentContainer, UIFocusEnvironment>
| `- note: 'UIViewController' has been explicitly marked unavailable here
105 |
106 | /*
/Users/admin/builder/spi-builder-workspace/Sources/BigUIPaging/Implementations/PageView/Platform/PlatformPageView+iOS.swift:117:36: error: 'UIPageViewController' is unavailable in watchOS
115 | func go(
116 | to value: SelectionValue,
117 | in pageViewController: UIPageViewController,
| `- error: 'UIPageViewController' is unavailable in watchOS
118 | animated: Bool = true
119 | ) {
/Applications/Xcode-27.0.0-Release.Candidate.app/Contents/Developer/Platforms/WatchOS.platform/Developer/SDKs/WatchOS27.0.sdk/System/Library/Frameworks/UIKit.framework/Headers/UIPageViewController.h:51:12: note: 'UIPageViewController' has been explicitly marked unavailable here
49 |
50 | UIKIT_EXTERN API_AVAILABLE(ios(5.0)) API_UNAVAILABLE(watchos) NS_SWIFT_UI_ACTOR
51 | @interface UIPageViewController : UIViewController {
| `- note: 'UIPageViewController' has been explicitly marked unavailable here
52 | }
53 |
/Users/admin/builder/spi-builder-workspace/Sources/BigUIPaging/Implementations/PageView/Platform/PlatformPageView+iOS.swift:134:51: error: 'UIPageViewController' is unavailable in watchOS
132 |
133 | /// Returns the currently selected value as represented by the currently visible view controller.
134 | func selectedValue(in pageViewController: UIPageViewController) -> SelectionValue? {
| `- error: 'UIPageViewController' is unavailable in watchOS
135 | guard let container = pageViewController.viewControllers?.first as? ContainerViewController else {
136 | return nil
/Applications/Xcode-27.0.0-Release.Candidate.app/Contents/Developer/Platforms/WatchOS.platform/Developer/SDKs/WatchOS27.0.sdk/System/Library/Frameworks/UIKit.framework/Headers/UIPageViewController.h:51:12: note: 'UIPageViewController' has been explicitly marked unavailable here
49 |
50 | UIKIT_EXTERN API_AVAILABLE(ios(5.0)) API_UNAVAILABLE(watchos) NS_SWIFT_UI_ACTOR
51 | @interface UIPageViewController : UIViewController {
| `- note: 'UIPageViewController' has been explicitly marked unavailable here
52 | }
53 |
/Users/admin/builder/spi-builder-workspace/Sources/BigUIPaging/Implementations/PageView/Platform/PlatformPageView+iOS.swift:49:34: error: 'UIPageViewControllerDelegate' is unavailable in watchOS
47 | extension PlatformPageView {
48 |
49 | class Coordinator: NSObject, UIPageViewControllerDelegate, UIPageViewControllerDataSource {
| `- error: 'UIPageViewControllerDelegate' is unavailable in watchOS
50 |
51 | let parent: PlatformPageView
/Applications/Xcode-27.0.0-Release.Candidate.app/Contents/Developer/Platforms/WatchOS.platform/Developer/SDKs/WatchOS27.0.sdk/System/Library/Frameworks/UIKit.framework/Headers/UIPageViewController.h:80:11: note: 'UIPageViewControllerDelegate' has been explicitly marked unavailable here
78 |
79 | API_UNAVAILABLE(watchos) NS_SWIFT_UI_ACTOR
80 | @protocol UIPageViewControllerDelegate <NSObject>
| `- note: 'UIPageViewControllerDelegate' has been explicitly marked unavailable here
81 |
82 | @optional
/Users/admin/builder/spi-builder-workspace/Sources/BigUIPaging/Implementations/PageView/Platform/PlatformPageView+iOS.swift:49:64: error: 'UIPageViewControllerDataSource' is unavailable in watchOS
47 | extension PlatformPageView {
48 |
49 | class Coordinator: NSObject, UIPageViewControllerDelegate, UIPageViewControllerDataSource {
| `- error: 'UIPageViewControllerDataSource' is unavailable in watchOS
50 |
51 | let parent: PlatformPageView
/Applications/Xcode-27.0.0-Release.Candidate.app/Contents/Developer/Platforms/WatchOS.platform/Developer/SDKs/WatchOS27.0.sdk/System/Library/Frameworks/UIKit.framework/Headers/UIPageViewController.h:100:11: note: 'UIPageViewControllerDataSource' has been explicitly marked unavailable here
98 |
99 | API_UNAVAILABLE(watchos) NS_SWIFT_UI_ACTOR
100 | @protocol UIPageViewControllerDataSource <NSObject>
| `- note: 'UIPageViewControllerDataSource' has been explicitly marked unavailable here
101 |
102 | @required
/Users/admin/builder/spi-builder-workspace/Sources/BigUIPaging/Implementations/PageView/Platform/PlatformPageView+iOS.swift:151:32: error: 'UIViewController' is unavailable in watchOS
149 | let value: SelectionValue
150 | let content: Content
151 | var hostingController: UIViewController?
| `- error: 'UIViewController' is unavailable in watchOS
152 | let background: Visibility
153 |
/Applications/Xcode-27.0.0-Release.Candidate.app/Contents/Developer/Platforms/WatchOS.platform/Developer/SDKs/WatchOS27.0.sdk/System/Library/Frameworks/UIKit.framework/Headers/UIViewController.h:104:12: note: 'UIViewController' has been explicitly marked unavailable here
102 |
103 | UIKIT_EXTERN API_AVAILABLE(ios(2.0)) API_UNAVAILABLE(watchos) NS_SWIFT_UI_ACTOR
104 | @interface UIViewController : UIResponder <NSCoding, UIAppearanceContainer, UITraitEnvironment, UIContentContainer, UIFocusEnvironment>
| `- note: 'UIViewController' has been explicitly marked unavailable here
105 |
106 | /*
/Users/admin/builder/spi-builder-workspace/Sources/BigUIPaging/Implementations/PageView/Platform/PlatformPageView+iOS.swift:147:36: error: 'UIViewController' is unavailable in watchOS
145 | extension PlatformPageView {
146 |
147 | class ContainerViewController: UIViewController {
| `- error: 'UIViewController' is unavailable in watchOS
148 |
149 | let value: SelectionValue
/Applications/Xcode-27.0.0-Release.Candidate.app/Contents/Developer/Platforms/WatchOS.platform/Developer/SDKs/WatchOS27.0.sdk/System/Library/Frameworks/UIKit.framework/Headers/UIViewController.h:104:12: note: 'UIViewController' has been explicitly marked unavailable here
102 |
103 | UIKIT_EXTERN API_AVAILABLE(ios(2.0)) API_UNAVAILABLE(watchos) NS_SWIFT_UI_ACTOR
104 | @interface UIViewController : UIResponder <NSCoding, UIAppearanceContainer, UITraitEnvironment, UIContentContainer, UIFocusEnvironment>
| `- note: 'UIViewController' has been explicitly marked unavailable here
105 |
106 | /*
/Users/admin/builder/spi-builder-workspace/Sources/BigUIPaging/Implementations/PageView/Platform/PlatformPageView+iOS.swift:203:37: error: cannot find type 'UIHostingController' in scope
201 | }
202 |
203 | class ContentHostingController: UIHostingController<Content> {
| `- error: cannot find type 'UIHostingController' in scope
204 |
205 | // Stop SwiftUI interfering with parent toolbar / navigation titles
/Users/admin/builder/spi-builder-workspace/Sources/BigUIPaging/Implementations/PageView/Platform/PlatformPageView+iOS.swift:206:22: error: property does not override any property from its superclass
204 |
205 | // Stop SwiftUI interfering with parent toolbar / navigation titles
206 | override var navigationController: UINavigationController? {
| `- error: property does not override any property from its superclass
207 | return nil
208 | }
/Users/admin/builder/spi-builder-workspace/Sources/BigUIPaging/Implementations/PageView/Platform/PlatformPageView+iOS.swift:206:44: error: 'UINavigationController' is unavailable in watchOS
204 |
205 | // Stop SwiftUI interfering with parent toolbar / navigation titles
206 | override var navigationController: UINavigationController? {
| `- error: 'UINavigationController' is unavailable in watchOS
207 | return nil
208 | }
/Applications/Xcode-27.0.0-Release.Candidate.app/Contents/Developer/Platforms/WatchOS.platform/Developer/SDKs/WatchOS27.0.sdk/System/Library/Frameworks/UIKit.framework/Headers/UINavigationController.h:46:12: note: 'UINavigationController' has been explicitly marked unavailable here
44 |
45 | UIKIT_EXTERN API_AVAILABLE(ios(2.0)) API_UNAVAILABLE(watchos) NS_SWIFT_UI_ACTOR
46 | @interface UINavigationController : UIViewController
| `- note: 'UINavigationController' has been explicitly marked unavailable here
47 |
48 |
/Users/admin/builder/spi-builder-workspace/Sources/BigUIPaging/Implementations/PageView/Platform/PlatformPageView+iOS.swift:222:73: error: 'UIPageViewController' is unavailable in watchOS
220 | ///
221 | /// It relies on SwiftUI internals which could change (specifically the navigation controller's hosting view).
222 | func fixNavigationControllerContentScrollView(_ pageViewController: UIPageViewController) {
| `- error: 'UIPageViewController' is unavailable in watchOS
223 | DispatchQueue.main.async {
224 | // Grab root view controller
/Applications/Xcode-27.0.0-Release.Candidate.app/Contents/Developer/Platforms/WatchOS.platform/Developer/SDKs/WatchOS27.0.sdk/System/Library/Frameworks/UIKit.framework/Headers/UIPageViewController.h:51:12: note: 'UIPageViewController' has been explicitly marked unavailable here
49 |
50 | UIKIT_EXTERN API_AVAILABLE(ios(5.0)) API_UNAVAILABLE(watchos) NS_SWIFT_UI_ACTOR
51 | @interface UIPageViewController : UIViewController {
| `- note: 'UIPageViewController' has been explicitly marked unavailable here
52 | }
53 |
/Users/admin/builder/spi-builder-workspace/Sources/BigUIPaging/Implementations/PageView/Platform/PlatformPageView+iOS.swift:248:19: error: 'UIPageViewController' is unavailable in watchOS
246 | extension SwiftUI.Axis {
247 |
248 | var platform: UIPageViewController.NavigationOrientation {
| `- error: 'UIPageViewController' is unavailable in watchOS
249 | switch self {
250 | case .horizontal:
/Applications/Xcode-27.0.0-Release.Candidate.app/Contents/Developer/Platforms/WatchOS.platform/Developer/SDKs/WatchOS27.0.sdk/System/Library/Frameworks/UIKit.framework/Headers/UIPageViewController.h:51:12: note: 'UIPageViewController' has been explicitly marked unavailable here
49 |
50 | UIKIT_EXTERN API_AVAILABLE(ios(5.0)) API_UNAVAILABLE(watchos) NS_SWIFT_UI_ACTOR
51 | @interface UIPageViewController : UIViewController {
| `- note: 'UIPageViewController' has been explicitly marked unavailable here
52 | }
53 |
/Users/admin/builder/spi-builder-workspace/Sources/BigUIPaging/Implementations/PageView/Platform/PlatformPageView+iOS.swift:261:19: error: 'UIPageViewController' is unavailable in watchOS
259 |
260 | /// Maps to a native page controller transition.
261 | var platform: UIPageViewController.TransitionStyle {
| `- error: 'UIPageViewController' is unavailable in watchOS
262 | switch self {
263 | case .book:
/Applications/Xcode-27.0.0-Release.Candidate.app/Contents/Developer/Platforms/WatchOS.platform/Developer/SDKs/WatchOS27.0.sdk/System/Library/Frameworks/UIKit.framework/Headers/UIPageViewController.h:51:12: note: 'UIPageViewController' has been explicitly marked unavailable here
49 |
50 | UIKIT_EXTERN API_AVAILABLE(ios(5.0)) API_UNAVAILABLE(watchos) NS_SWIFT_UI_ACTOR
51 | @interface UIPageViewController : UIViewController {
| `- note: 'UIPageViewController' has been explicitly marked unavailable here
52 | }
53 |
/Users/admin/builder/spi-builder-workspace/Sources/BigUIPaging/Implementations/PageView/Platform/PlatformPageView+iOS.swift:275:26: error: 'UIView' is unavailable in watchOS
273 | extension UIView {
274 |
275 | func firstSubview<T: UIView>(of type: T.Type) -> T? {
| `- error: 'UIView' is unavailable in watchOS
276 | if let match = self as? T {
277 | return match
/Applications/Xcode-27.0.0-Release.Candidate.app/Contents/Developer/Platforms/WatchOS.platform/Developer/SDKs/WatchOS27.0.sdk/System/Library/Frameworks/UIKit.framework/Headers/UIView.h:152:12: note: 'UIView' has been explicitly marked unavailable here
150 |
151 | UIKIT_EXTERN API_AVAILABLE(ios(2.0)) API_UNAVAILABLE(watchos) NS_SWIFT_UI_ACTOR
152 | @interface UIView : UIResponder <NSCoding, UIAppearance, UIAppearanceContainer, UIDynamicItem, UITraitEnvironment, UICoordinateSpace, UIFocusItem, UIFocusItemContainer, CALayerDelegate>
| `- note: 'UIView' has been explicitly marked unavailable here
153 |
154 | @property(class, nonatomic, readonly) Class layerClass; // default is [CALayer class]. Used when creating the underlying layer for the view.
/Users/admin/builder/spi-builder-workspace/Sources/BigUIPaging/Implementations/PageView/Platform/PlatformPageView+iOS.swift:273:11: error: 'UIView' is unavailable in watchOS
271 | }
272 |
273 | extension UIView {
| `- error: 'UIView' is unavailable in watchOS
274 |
275 | func firstSubview<T: UIView>(of type: T.Type) -> T? {
/Applications/Xcode-27.0.0-Release.Candidate.app/Contents/Developer/Platforms/WatchOS.platform/Developer/SDKs/WatchOS27.0.sdk/System/Library/Frameworks/UIKit.framework/Headers/UIView.h:152:12: note: 'UIView' has been explicitly marked unavailable here
150 |
151 | UIKIT_EXTERN API_AVAILABLE(ios(2.0)) API_UNAVAILABLE(watchos) NS_SWIFT_UI_ACTOR
152 | @interface UIView : UIResponder <NSCoding, UIAppearance, UIAppearanceContainer, UIDynamicItem, UITraitEnvironment, UICoordinateSpace, UIFocusItem, UIFocusItemContainer, CALayerDelegate>
| `- note: 'UIView' has been explicitly marked unavailable here
153 |
154 | @property(class, nonatomic, readonly) Class layerClass; // default is [CALayer class]. Used when creating the underlying layer for the view.
Failed frontend command:
/Applications/Xcode-27.0.0-Release.Candidate.app/Contents/Developer/Toolchains/XcodeDefault.xctoolchain/usr/bin/swift-frontend -frontend -emit-module -experimental-skip-non-inlinable-function-bodies-without-types /Users/admin/builder/spi-builder-workspace/Sources/BigUIPaging/Examples/CardDeckExample.swift /Users/admin/builder/spi-builder-workspace/Sources/BigUIPaging/Examples/CustomPageViewExample.swift /Users/admin/builder/spi-builder-workspace/Sources/BigUIPaging/Examples/ExampleGridToPageView.swift /Users/admin/builder/spi-builder-workspace/Sources/BigUIPaging/Examples/PageIndicatorExample.swift /Users/admin/builder/spi-builder-workspace/Sources/BigUIPaging/Examples/PageViewBasicExample.swift /Users/admin/builder/spi-builder-workspace/Sources/BigUIPaging/Examples/PageViewForEachExample.swift /Users/admin/builder/spi-builder-workspace/Sources/BigUIPaging/Examples/PageViewNavigationStackExample.swift /Users/admin/builder/spi-builder-workspace/Sources/BigUIPaging/Implementations/PageIndicator/PageIndicator+Environment.swift /Users/admin/builder/spi-builder-workspace/Sources/BigUIPaging/Implementations/PageIndicator/PageIndicator+iOS.swift /Users/admin/builder/spi-builder-workspace/Sources/BigUIPaging/Implementations/PageIndicator/PageIndicator.swift /Users/admin/builder/spi-builder-workspace/Sources/BigUIPaging/Implementations/PageView/Platform/PlatformPageView+iOS.swift /Users/admin/builder/spi-builder-workspace/Sources/BigUIPaging/Implementations/PageView/Platform/PlatformPageView+macOS.swift /Users/admin/builder/spi-builder-workspace/Sources/BigUIPaging/Implementations/PageView/Platform/PlatformPageView.swift /Users/admin/builder/spi-builder-workspace/Sources/BigUIPaging/Implementations/PageView/Styles/BookPageViewStyle.swift /Users/admin/builder/spi-builder-workspace/Sources/BigUIPaging/Implementations/PageView/Styles/BookStackPageViewStyle.swift /Users/admin/builder/spi-builder-workspace/Sources/BigUIPaging/Implementations/PageView/Styles/CardDeckPageViewStyle.swift /Users/admin/builder/spi-builder-workspace/Sources/BigUIPaging/Implementations/PageView/Styles/HistoryStackPageViewStyle.swift /Users/admin/builder/spi-builder-workspace/Sources/BigUIPaging/Implementations/PageView/Styles/PlainPageViewStyle.swift /Users/admin/builder/spi-builder-workspace/Sources/BigUIPaging/Implementations/PageView/Styles/PlatformPageViewStyle.swift /Users/admin/builder/spi-builder-workspace/Sources/BigUIPaging/Implementations/PageView/Styles/ScrollPageViewStyle.swift /Users/admin/builder/spi-builder-workspace/Sources/BigUIPaging/Implementations/PageView/Types/PageViewDirection.swift /Users/admin/builder/spi-builder-workspace/Sources/BigUIPaging/Implementations/PageView/Types/PageViewNavigateAction.swift /Users/admin/builder/spi-builder-workspace/Sources/BigUIPaging/Implementations/PageView/Types/PageViewStyle.swift /Users/admin/builder/spi-builder-workspace/Sources/BigUIPaging/Implementations/PageView/Types/PageViewStyleConfiguration.swift /Users/admin/builder/spi-builder-workspace/Sources/BigUIPaging/Implementations/PageView/View/PageView+Environment.swift /Users/admin/builder/spi-builder-workspace/Sources/BigUIPaging/Implementations/PageView/View/PageView+Preferences.swift /Users/admin/builder/spi-builder-workspace/Sources/BigUIPaging/Implementations/PageView/View/PageView.swift /Users/admin/builder/spi-builder-workspace/Sources/BigUIPaging/Implementations/PageView/View/PageViewEnvironmentModifier.swift /Users/admin/builder/spi-builder-workspace/Sources/BigUIPaging/Implementations/PageView/View/PageViewNavigationButton.swift /Users/admin/builder/spi-builder-workspace/Sources/BigUIPaging/Implementations/Utils/View+Inspect.swift /Users/admin/builder/spi-builder-workspace/Sources/BigUIPaging/Implementations/Utils/View+Measure.swift -target arm64-apple-watchos9.0 -module-can-import-version UIKit 9127.0.84.1 9127.0.84 -disable-cross-import-overlay-search -load-resolved-plugin /Applications/Xcode-27.0.0-Release.Candidate.app/Contents/Developer/Platforms/WatchOS.platform/Developer/usr/lib/swift/host/plugins/libFoundationMacros.dylib\#/Applications/Xcode-27.0.0-Release.Candidate.app/Contents/Developer/Platforms/WatchOS.platform/Developer/usr/bin/swift-plugin-server\#FoundationMacros -load-resolved-plugin /Applications/Xcode-27.0.0-Release.Candidate.app/Contents/Developer/Platforms/WatchOS.platform/Developer/usr/lib/swift/host/plugins/libObservationMacros.dylib\#/Applications/Xcode-27.0.0-Release.Candidate.app/Contents/Developer/Platforms/WatchOS.platform/Developer/usr/bin/swift-plugin-server\#ObservationMacros -load-resolved-plugin /Applications/Xcode-27.0.0-Release.Candidate.app/Contents/Developer/Platforms/WatchOS.platform/Developer/usr/lib/swift/host/plugins/libPreviewsMacros.dylib\#/Applications/Xcode-27.0.0-Release.Candidate.app/Contents/Developer/Platforms/WatchOS.platform/Developer/usr/bin/swift-plugin-server\#PreviewsMacros -load-resolved-plugin /Applications/Xcode-27.0.0-Release.Candidate.app/Contents/Developer/Platforms/WatchOS.platform/Developer/usr/lib/swift/host/plugins/libSwiftMacros.dylib\#/Applications/Xcode-27.0.0-Release.Candidate.app/Contents/Developer/Platforms/WatchOS.platform/Developer/usr/bin/swift-plugin-server\#SwiftMacros -load-resolved-plugin /Applications/Xcode-27.0.0-Release.Candidate.app/Contents/Developer/Platforms/WatchOS.platform/Developer/usr/lib/swift/host/plugins/libSwiftUIMacros.dylib\#/Applications/Xcode-27.0.0-Release.Candidate.app/Contents/Developer/Platforms/WatchOS.platform/Developer/usr/bin/swift-plugin-server\#SwiftUIMacros -disable-implicit-swift-modules -Xcc -fno-implicit-modules -Xcc -fno-implicit-module-maps -explicit-swift-module-map-file /Users/admin/builder/spi-builder-workspace/.derivedData/Build/Intermediates.noindex/BigUIPaging.build/Debug-watchos/BigUIPaging-t.build/Objects-normal/arm64/BigUIPaging-dependencies-2.json -Xllvm -aarch64-use-tbi -enable-objc-interop -stack-check -sdk /Applications/Xcode-27.0.0-Release.Candidate.app/Contents/Developer/Platforms/WatchOS.platform/Developer/SDKs/WatchOS27.0.sdk -I /Users/admin/builder/spi-builder-workspace/.derivedData/Build/Products/Debug-watchos -Isystem /Applications/Xcode-27.0.0-Release.Candidate.app/Contents/Developer/Platforms/WatchOS.platform/Developer/usr/lib -F /Users/admin/builder/spi-builder-workspace/.derivedData/Build/Products/Debug-watchos -F /Applications/Xcode-27.0.0-Release.Candidate.app/Contents/Developer/Platforms/WatchOS.platform/Developer/Library/Frameworks -F /Applications/Xcode-27.0.0-Release.Candidate.app/Contents/Developer/Platforms/WatchOS.platform/Developer/SDKs/WatchOS27.0.sdk/Developer/Library/Frameworks -module-cache-path /Users/admin/builder/spi-builder-workspace/.derivedData/Build/Intermediates.noindex/SwiftExplicitPrecompiledModules -no-color-diagnostics -Xcc -fno-color-diagnostics -enable-testing -g -debug-info-format\=dwarf -dwarf-version\=4 -profile-generate -profile-coverage-mapping -swift-version 5 -Onone -D SWIFT_PACKAGE -D DEBUG -D SWIFT_MODULE_RESOURCE_BUNDLE_UNAVAILABLE -D Xcode -serialize-debugging-options -enable-experimental-feature DebugDescriptionMacro -empty-abi-descriptor -validate-clang-modules-once -clang-build-session-file /Users/admin/builder/spi-builder-workspace/.derivedData/ModuleCache.noindex/Session.modulevalidation -Xcc -working-directory -Xcc /Users/admin/builder/spi-builder-workspace/.swiftpm/xcode -enable-anonymous-context-mangled-names -file-compilation-dir /Users/admin/builder/spi-builder-workspace/.swiftpm/xcode -Xcc -D_LIBCPP_HARDENING_MODE\=_LIBCPP_HARDENING_MODE_DEBUG -Xcc -ivfsstatcache -Xcc /Users/admin/builder/spi-builder-workspace/.derivedData/SDKStatCaches.noindex/watchos27.0-24R360-e829b21a6f8c9b70876ba0858053c04477534ef55a1706bf4c1112bbb242f0a2.sdkstatcache -Xcc -fmodules-prune-interval\=86400 -Xcc -fmodules-prune-after\=345600 -Xcc -I/Users/admin/builder/spi-builder-workspace/.derivedData/Build/Products/Debug-watchos/include -Xcc -I/Users/admin/builder/spi-builder-workspace/.derivedData/Build/Intermediates.noindex/BigUIPaging.build/Debug-watchos/BigUIPaging-t.build/DerivedSources-normal/arm64 -Xcc -I/Users/admin/builder/spi-builder-workspace/.derivedData/Build/Intermediates.noindex/BigUIPaging.build/Debug-watchos/BigUIPaging-t.build/DerivedSources/arm64 -Xcc -I/Users/admin/builder/spi-builder-workspace/.derivedData/Build/Intermediates.noindex/BigUIPaging.build/Debug-watchos/BigUIPaging-t.build/DerivedSources -Xcc -DSWIFT_PACKAGE -Xcc -DDEBUG\=1 -no-auto-bridging-header-chaining -module-name BigUIPaging -const-gather-protocols-file /Users/admin/builder/spi-builder-workspace/.derivedData/Build/Intermediates.noindex/BigUIPaging.build/Debug-watchos/BigUIPaging-t.build/Objects-normal/arm64/BigUIPaging_const_extract_protocols.json -disable-clang-spi -clang-target arm64-apple-watchos27.0 -target-sdk-version 27.0 -target-sdk-name watchos27.0 -in-process-plugin-server-path /Applications/Xcode-27.0.0-Release.Candidate.app/Contents/Developer/Toolchains/XcodeDefault.xctoolchain/usr/lib/swift/host/libSwiftInProcPluginServer.dylib -emit-module-doc-path /Users/admin/builder/spi-builder-workspace/.derivedData/Build/Intermediates.noindex/BigUIPaging.build/Debug-watchos/BigUIPaging-t.build/Objects-normal/arm64/BigUIPaging.swiftdoc -emit-module-source-info-path /Users/admin/builder/spi-builder-workspace/.derivedData/Build/Intermediates.noindex/BigUIPaging.build/Debug-watchos/BigUIPaging-t.build/Objects-normal/arm64/BigUIPaging.swiftsourceinfo -emit-objc-header-path /Users/admin/builder/spi-builder-workspace/.derivedData/Build/Intermediates.noindex/BigUIPaging.build/Debug-watchos/BigUIPaging-t.build/Objects-normal/arm64/BigUIPaging-Swift.h -serialize-diagnostics-path /Users/admin/builder/spi-builder-workspace/.derivedData/Build/Intermediates.noindex/BigUIPaging.build/Debug-watchos/BigUIPaging-t.build/Objects-normal/arm64/BigUIPaging-primary-emit-module.dia -emit-dependencies-path /Users/admin/builder/spi-builder-workspace/.derivedData/Build/Intermediates.noindex/BigUIPaging.build/Debug-watchos/BigUIPaging-t.build/Objects-normal/arm64/BigUIPaging-primary-emit-module.d -parse-as-library -o /Users/admin/builder/spi-builder-workspace/.derivedData/Build/Intermediates.noindex/BigUIPaging.build/Debug-watchos/BigUIPaging-t.build/Objects-normal/arm64/BigUIPaging.swiftmodule -emit-abi-descriptor-path /Users/admin/builder/spi-builder-workspace/.derivedData/Build/Intermediates.noindex/BigUIPaging.build/Debug-watchos/BigUIPaging-t.build/Objects-normal/arm64/BigUIPaging.abi.json
SwiftCompile normal arm64 (in target 'BigUIPaging' from project 'BigUIPaging')
cd /Users/admin/builder/spi-builder-workspace/.swiftpm/xcode
SwiftCompile normal arm64 Compiling\ PageViewNavigationButton.swift,\ View+Inspect.swift,\ View+Measure.swift /Users/admin/builder/spi-builder-workspace/Sources/BigUIPaging/Implementations/PageView/View/PageViewNavigationButton.swift /Users/admin/builder/spi-builder-workspace/Sources/BigUIPaging/Implementations/Utils/View+Inspect.swift /Users/admin/builder/spi-builder-workspace/Sources/BigUIPaging/Implementations/Utils/View+Measure.swift (in target 'BigUIPaging' from project 'BigUIPaging')
/Users/admin/builder/spi-builder-workspace/Sources/BigUIPaging/Implementations/PageView/View/PageViewNavigationButton.swift:19:13: error: 'ControlGroup' is unavailable in watchOS
17 | PageViewNavigationDirectionButton(direction: direction)
18 | } else {
19 | ControlGroup {
| `- error: 'ControlGroup' is unavailable in watchOS
20 | PageViewNavigationDirectionButton(direction: .backwards)
21 | PageViewNavigationDirectionButton(direction: .forwards)
SwiftUI.ControlGroup:3:27: note: 'ControlGroup' has been explicitly marked unavailable here
1 | @available(iOS 15.0, macOS 12.0, tvOS 17.0, *)
2 | @available(watchOS, unavailable)
3 | nonisolated public struct ControlGroup<Content> : View, ~Sendable where Content : View {
| `- note: 'ControlGroup' has been explicitly marked unavailable here
4 | nonisolated public init(@ContentBuilder content: () -> Content)
5 | nonisolated public var body: some View { get }
/Users/admin/builder/spi-builder-workspace/Sources/BigUIPaging/Implementations/PageView/View/PageViewNavigationButton.swift:23:14: error: 'controlGroupStyle' is unavailable in watchOS
21 | PageViewNavigationDirectionButton(direction: .forwards)
22 | }
23 | .controlGroupStyle(.navigation)
| `- error: 'controlGroupStyle' is unavailable in watchOS
24 | }
25 | }
SwiftUI.View.controlGroupStyle:2:25: note: 'controlGroupStyle' has been explicitly marked unavailable here
1 | protocol View {
2 | nonisolated public func controlGroupStyle<S>(_ style: S) -> some View where S : ControlGroupStyle
| `- note: 'controlGroupStyle' has been explicitly marked unavailable here
3 | }
4 |
SwiftCompile normal arm64 /Users/admin/builder/spi-builder-workspace/Sources/BigUIPaging/Implementations/PageView/View/PageViewNavigationButton.swift (in target 'BigUIPaging' from project 'BigUIPaging')
cd /Users/admin/builder/spi-builder-workspace/.swiftpm/xcode
builtin-SwiftPerFileCompile PageViewNavigationButton.swift
SwiftCompile normal arm64 /Users/admin/builder/spi-builder-workspace/Sources/BigUIPaging/Implementations/Utils/View+Inspect.swift (in target 'BigUIPaging' from project 'BigUIPaging')
cd /Users/admin/builder/spi-builder-workspace/.swiftpm/xcode
builtin-SwiftPerFileCompile View+Inspect.swift
SwiftCompile normal arm64 /Users/admin/builder/spi-builder-workspace/Sources/BigUIPaging/Implementations/Utils/View+Measure.swift (in target 'BigUIPaging' from project 'BigUIPaging')
cd /Users/admin/builder/spi-builder-workspace/.swiftpm/xcode
builtin-SwiftPerFileCompile View+Measure.swift
SwiftEmitModule normal arm64_32 Emitting\ module\ for\ BigUIPaging (in target 'BigUIPaging' from project 'BigUIPaging')
SwiftCompile normal arm64_32 (in target 'BigUIPaging' from project 'BigUIPaging')
cd /Users/admin/builder/spi-builder-workspace/.swiftpm/xcode
PruneExplicitPrecompiledModules /Users/admin/builder/spi-builder-workspace/.derivedData/Build/Intermediates.noindex/ExplicitPrecompiledModules
PruneExplicitPrecompiledModules /Users/admin/builder/spi-builder-workspace/.derivedData/Build/Intermediates.noindex/SwiftExplicitPrecompiledModules
PruneExplicitPrecompiledModules /Users/admin/builder/spi-builder-workspace/.derivedData/SDKExplicitPrecompiledModules
2026-09-19 14:36:29.829 xcodebuild[811:4761] [MT] IDERunDestination: Supported platforms for the buildables in the current scheme is empty.
** BUILD FAILED **
The following build commands failed:
SwiftEmitModule normal arm64 Emitting\ module\ for\ BigUIPaging (in target 'BigUIPaging' from project 'BigUIPaging')
SwiftCompile normal arm64 (in target 'BigUIPaging' from project 'BigUIPaging')
Building workspace BigUIPaging with scheme BigUIPaging
(3 failures)
BUILD FAILURE 6.4 watchOS