The Swift Package Index logo.Swift Package Index

Build Information

Failed to build WalletHDDerivationKit, reference v1.0.0 (cc67ee), with Swift 6.3 for Wasm on 18 Jul 2026 20:29:22 UTC.

Build Command

bash -c docker run --pull=always --rm -v "checkouts-54344844-0":/host -w "$PWD" -e JAVA_HOME="/root/.sdkman/candidates/java/current" -e SPI_BUILD="1" -e SPI_PROCESSING="1" registry.gitlab.com/saguaro1/spi-images:wasm-6.3-latest swift build --swift-sdk swift-6.3.2-RELEASE_wasm 2>&1

Build Log

========================================
RunAll
========================================
Builder version: 333316120c8b89ed7d21f1b34865290794301d91
Interrupt handler set up.
========================================
Checkout
========================================
Clone URL: https://github.com/devdasx/wallet-hd-derivation-kit.git
Reference: v1.0.0
Initialized empty Git repository in /host/spi-builder-workspace/.git/
hint: Using 'master' as the name for the initial branch. This default branch name
hint: is subject to change. To configure the initial branch name to use in all
hint: of your new repositories, which will suppress this warning, call:
hint:
hint: 	git config --global init.defaultBranch <name>
hint:
hint: Names commonly chosen instead of 'master' are 'main', 'trunk' and
hint: 'development'. The just-created branch can be renamed via this command:
hint:
hint: 	git branch -m <name>
From https://github.com/devdasx/wallet-hd-derivation-kit
 * tag               v1.0.0     -> FETCH_HEAD
HEAD is now at cc67ee8 fix: build Swift CodeQL with configured toolchain
Cloned https://github.com/devdasx/wallet-hd-derivation-kit.git
Revision (git rev-parse @):
cc67ee82e2021cfa12bb4d22961f0700faf90752
SPI manifest file found: $PWD/.spi.yml
SUCCESS checkout https://github.com/devdasx/wallet-hd-derivation-kit.git at v1.0.0
========================================
Build
========================================
Selected platform:         wasm
Swift version:             6.3
Building package at path:  $PWD
https://github.com/devdasx/wallet-hd-derivation-kit.git
Running build ...
bash -c docker run --pull=always --rm -v "checkouts-54344844-0":/host -w "$PWD" -e JAVA_HOME="/root/.sdkman/candidates/java/current" -e SPI_BUILD="1" -e SPI_PROCESSING="1" registry.gitlab.com/saguaro1/spi-images:wasm-6.3-latest swift build --swift-sdk swift-6.3.2-RELEASE_wasm 2>&1
wasm-6.3-latest: Pulling from saguaro1/spi-images
Digest: sha256:501b6bfc4ca8a27c305c68f9d5c778f996de82635741ab45476a03ffa6fa26d2
Status: Image is up to date for registry.gitlab.com/saguaro1/spi-images:wasm-6.3-latest
Fetching https://github.com/krzyzanowskim/CryptoSwift.git
Fetching https://github.com/GigaBitcoin/secp256k1.swift.git
Fetching https://github.com/swiftlang/swift-docc-plugin.git
Fetching https://github.com/devdasx/bip39-mnemonic-kit.git
Fetching https://github.com/apple/swift-crypto.git
[1/2325] Fetching swift-docc-plugin
[234/15762] Fetching swift-docc-plugin, cryptoswift
[5820/33565] Fetching swift-docc-plugin, cryptoswift, swift-crypto
[6177/34003] Fetching swift-docc-plugin, cryptoswift, swift-crypto, bip39-mnemonic-kit
Fetched https://github.com/devdasx/bip39-mnemonic-kit.git from cache (0.68s)
[7066/33565] Fetching swift-docc-plugin, cryptoswift, swift-crypto
[17366/44599] Fetching swift-docc-plugin, cryptoswift, swift-crypto, secp256k1.swift
Fetched https://github.com/swiftlang/swift-docc-plugin.git from cache (1.43s)
Fetched https://github.com/GigaBitcoin/secp256k1.swift.git from cache (1.45s)
Fetched https://github.com/apple/swift-crypto.git from cache (1.45s)
Fetched https://github.com/krzyzanowskim/CryptoSwift.git from cache (1.45s)
Computing version for https://github.com/swiftlang/swift-docc-plugin.git
Computed https://github.com/swiftlang/swift-docc-plugin.git at 1.5.0 (2.57s)
Fetching https://github.com/swiftlang/swift-docc-symbolkit
[1/3756] Fetching swift-docc-symbolkit
Fetched https://github.com/swiftlang/swift-docc-symbolkit from cache (0.54s)
Computing version for https://github.com/devdasx/bip39-mnemonic-kit.git
Computed https://github.com/devdasx/bip39-mnemonic-kit.git at 2.0.1 (0.71s)
Computing version for https://github.com/apple/swift-crypto.git
Computed https://github.com/apple/swift-crypto.git at 4.5.0 (1.14s)
Fetching https://github.com/apple/swift-asn1.git
[1/1914] Fetching swift-asn1
Fetched https://github.com/apple/swift-asn1.git from cache (0.37s)
Computing version for https://github.com/krzyzanowskim/CryptoSwift.git
Computed https://github.com/krzyzanowskim/CryptoSwift.git at 1.10.0 (0.54s)
Computing version for https://github.com/GigaBitcoin/secp256k1.swift.git
Computed https://github.com/GigaBitcoin/secp256k1.swift.git at 0.23.2 (0.19s)
Computing version for https://github.com/swiftlang/swift-docc-symbolkit
Computed https://github.com/swiftlang/swift-docc-symbolkit at 1.0.0 (0.19s)
Computing version for https://github.com/apple/swift-asn1.git
Computed https://github.com/apple/swift-asn1.git at 1.7.1 (0.18s)
Creating working copy for https://github.com/swiftlang/swift-docc-symbolkit
Working copy of https://github.com/swiftlang/swift-docc-symbolkit resolved at 1.0.0
Creating working copy for https://github.com/krzyzanowskim/CryptoSwift.git
Working copy of https://github.com/krzyzanowskim/CryptoSwift.git resolved at 1.10.0
Creating working copy for https://github.com/apple/swift-crypto.git
Working copy of https://github.com/apple/swift-crypto.git resolved at 4.5.0
Creating working copy for https://github.com/GigaBitcoin/secp256k1.swift.git
Working copy of https://github.com/GigaBitcoin/secp256k1.swift.git resolved at 0.23.2
Creating working copy for https://github.com/devdasx/bip39-mnemonic-kit.git
Working copy of https://github.com/devdasx/bip39-mnemonic-kit.git resolved at 2.0.1
Creating working copy for https://github.com/swiftlang/swift-docc-plugin.git
Working copy of https://github.com/swiftlang/swift-docc-plugin.git resolved at 1.5.0
Creating working copy for https://github.com/apple/swift-asn1.git
Working copy of https://github.com/apple/swift-asn1.git resolved at 1.7.1
[1/1] Compiling plugin Swift-DocC Preview
[2/2] Compiling plugin Swift-DocC
[3/3] Compiling plugin SharedSourcesPlugin
Building for debugging...
[3/397] Compiling precomputed_ecmult_gen.c
[4/397] Compiling Utility.c
[5/397] Write sources
[11/397] Compiling CXKCPShims shims.c
[12/397] Compiling SimpleFIPS202.c
[13/397] Compiling KeccakSponge.c
[14/397] Compiling secp256k1.c
[15/397] Compiling KeccakHash.c
[16/397] Compiling f_int.cc
[17/397] Compiling asn1_par.cc
[18/397] Compiling buf.cc
[19/397] Compiling asn_pack.cc
[20/397] Write swift-version-24593BA9C3E375BF.txt
[21/397] Compiling fiat_p256_adx_mul.S
[22/397] Compiling fiat_curve25519_adx_square.S
[23/397] Compiling fiat_p256_adx_sqr.S
[24/397] Compiling fiat_curve25519_adx_mul.S
[24/397] Compiling md5-x86_64-linux.S
[26/397] Compiling md5-x86_64-apple.S
[27/397] Compiling md5-586-linux.S
[28/397] Compiling md5-586-apple.S
[29/397] Compiling chacha20_poly1305_x86_64-linux.S
[30/397] Compiling chacha20_poly1305_x86_64-apple.S
[31/397] Compiling chacha20_poly1305_armv8-win.S
[32/398] Compiling chacha20_poly1305_armv8-linux.S
[33/398] Compiling chacha-x86_64-linux.S
[34/398] Compiling chacha20_poly1305_armv8-apple.S
[35/401] Compiling chacha-x86_64-apple.S
[36/401] Compiling chacha-x86-linux.S
[37/407] Compiling chacha-x86-apple.S
[38/420] Compiling CCryptoBoringSSLShims shims.c
[39/454] Compiling chacha-armv8-apple.S
[39/454] Compiling chacha-armv8-linux.S
[41/458] Compiling chacha-armv8-win.S
[42/468] Compiling chacha-armv4-linux.S
[43/490] Compiling x86_64-mont5-linux.S
[44/492] Compiling aes128gcmsiv-x86_64-apple.S
[45/496] Compiling x86_64-mont5-apple.S
[46/497] Compiling aes128gcmsiv-x86_64-linux.S
[47/497] Compiling x86_64-mont-linux.S
[48/497] Compiling x86-mont-linux.S
[49/497] Compiling x86_64-mont-apple.S
[50/497] Compiling x86-mont-apple.S
[51/497] Compiling vpaes-x86_64-linux.S
[52/497] Compiling vpaes-x86-apple.S
[53/497] Compiling vpaes-x86-linux.S
[54/497] Compiling vpaes-x86_64-apple.S
[55/497] Compiling vpaes-armv8-win.S
[56/497] Compiling err_data.cc
[57/497] Compiling vpaes-armv8-apple.S
[58/497] Compiling vpaes-armv8-linux.S
[59/497] Compiling vpaes-armv7-linux.S
[60/497] Compiling sha512-x86_64-linux.S
[61/497] Compiling sha512-x86_64-apple.S
[61/497] Compiling sha512-armv8-apple.S
[63/497] Compiling sha512-armv8-linux.S
[64/497] Compiling sha512-armv8-win.S
[65/497] Compiling sha512-armv4-linux.S
[66/497] Compiling sha512-586-apple.S
[67/497] Compiling sha512-586-linux.S
[68/497] Compiling sha256-x86_64-apple.S
[69/497] Compiling sha256-x86_64-linux.S
[70/497] Compiling sha256-armv8-win.S
[71/497] Compiling sha256-armv8-linux.S
[72/497] Compiling sha256-armv8-apple.S
[73/497] Compiling sha256-586-linux.S
[74/497] Compiling sha256-armv4-linux.S
[75/497] Compiling sha256-586-apple.S
[76/497] Compiling sha1-x86_64-linux.S
[77/497] Compiling sha1-armv8-win.S
[78/497] Compiling sha1-x86_64-apple.S
[79/497] Compiling sha1-armv8-linux.S
[80/497] Compiling sha1-armv8-apple.S
[81/497] Compiling sha1-armv4-large-linux.S
[82/497] Compiling sha1-586-linux.S
[83/497] Compiling sha1-586-apple.S
[84/497] Compiling rsaz-avx2-apple.S
[85/497] Compiling rdrand-x86_64-linux.S
[86/497] Compiling rsaz-avx2-linux.S
[87/497] Compiling rdrand-x86_64-apple.S
[88/497] Compiling p256_beeu-x86_64-asm-linux.S
[89/497] Compiling p256_beeu-x86_64-asm-apple.S
[90/497] Compiling p256_beeu-armv8-asm-win.S
[91/497] Compiling p256_beeu-armv8-asm-linux.S
[92/497] Compiling p256_beeu-armv8-asm-apple.S
[93/497] Compiling p256-x86_64-asm-linux.S
[93/497] Compiling p256-armv8-asm-win.S
[95/497] Compiling p256-armv8-asm-linux.S
[96/497] Compiling p256-x86_64-asm-apple.S
[97/497] Compiling p256-armv8-asm-apple.S
[98/497] Compiling ghashv8-armv8-linux.S
[99/497] Compiling ghashv8-armv8-win.S
[100/497] Compiling ghash-x86_64-linux.S
[100/497] Compiling ghashv8-armv8-apple.S
[102/497] Compiling ghashv8-armv7-linux.S
[103/497] Compiling ghash-x86_64-apple.S
[104/497] Compiling ghash-x86-linux.S
[105/497] Compiling ghash-ssse3-x86_64-linux.S
[106/497] Compiling ghash-x86-apple.S
[107/497] Compiling ghash-ssse3-x86_64-apple.S
[108/497] Compiling ghash-ssse3-x86-linux.S
[109/497] Compiling ghash-neon-armv8-win.S
[110/497] Compiling ghash-ssse3-x86-apple.S
[111/497] Compiling ghash-neon-armv8-linux.S
[112/497] Compiling ghash-neon-armv8-apple.S
[113/497] Compiling co-586-linux.S
[113/497] Compiling ghash-armv4-linux.S
[115/497] Compiling co-586-apple.S
[116/497] Compiling bn-armv8-win.S
[117/497] Compiling bsaes-armv7-linux.S
[118/497] Compiling bn-armv8-linux.S
[119/497] Compiling bn-586-linux.S
[120/497] Compiling bn-armv8-apple.S
[121/497] Compiling armv8-mont-win.S
[122/497] Compiling bn-586-apple.S
[123/497] Compiling armv8-mont-linux.S
[124/497] Compiling armv8-mont-apple.S
[125/497] Compiling armv4-mont-linux.S
[126/497] Compiling aesv8-gcm-armv8-win.S
[127/497] Compiling aesv8-gcm-armv8-linux.S
[128/497] Compiling aesv8-gcm-armv8-apple.S
[129/497] Compiling aesv8-armv8-win.S
[130/497] Compiling aesv8-armv8-linux.S
[131/497] Compiling aesv8-armv7-linux.S
[132/497] Compiling aesni-x86_64-linux.S
[133/497] Compiling aesv8-armv8-apple.S
[134/497] Compiling aesni-x86-linux.S
[135/497] Compiling aesni-x86_64-apple.S
[136/497] Compiling aesni-gcm-x86_64-linux.S
[137/497] Compiling aesni-x86-apple.S
[138/497] Compiling aes-gcm-avx512-x86_64-linux.S
[139/497] Compiling aesni-gcm-x86_64-apple.S
[140/497] Compiling aes-gcm-avx512-x86_64-apple.S
[141/497] Compiling aes-gcm-avx2-x86_64-linux.S
[142/497] Compiling aes-gcm-avx2-x86_64-apple.S
[143/497] Compiling precomputed_ecmult.c
[144/497] Compiling xwing.cc
[145/554] Compiling x_x509a.cc
[146/554] Compiling x_spki.cc
[147/554] Compiling x_x509.cc
[148/554] Compiling x_sig.cc
[149/554] Compiling x_req.cc
[150/554] Compiling x_crl.cc
[151/554] Compiling x_exten.cc
[152/554] Compiling x_name.cc
[153/554] Compiling x_pubkey.cc
[154/554] Compiling x_attrib.cc
[155/554] Compiling x_all.cc
[156/554] Compiling x509spki.cc
[157/554] Compiling x509name.cc
[158/554] Compiling x_algor.cc
[159/554] Compiling x509rset.cc
[161/554] Emitting module CryptoSwift
[162/568] Emitting module P256K
[162/576] Compiling x509cset.cc
[163/576] Compiling x509_vpm.cc
[164/576] Compiling x509_txt.cc
[165/576] Compiling x509_vfy.cc
[166/576] Compiling x509_v3.cc
[167/576] Compiling x509_trs.cc
[168/576] Compiling x509_req.cc
[169/576] Compiling x509_set.cc
[170/576] Compiling x509_lu.cc
[171/576] Compiling x509_obj.cc
[172/576] Compiling KeccakP-1600-opt64.c
[174/576] Compiling P256K SecureBytes.swift
[175/576] Compiling P256K Signature.swift
[176/576] Compiling P256K SubjectPublicKeyInfo.swift
[177/576] Compiling P256K RNG_boring.swift
[178/576] Compiling P256K Recovery+Signature.swift
[179/576] Compiling P256K Recovery.swift
[180/576] Compiling P256K SEC1PrivateKey.swift
[181/576] Compiling P256K SHA256.swift
[182/576] Compiling P256K SafeCompare.swift
[183/576] Compiling P256K Schnorr+Nonces.swift
[184/576] Compiling P256K Schnorr+PrivateKey.swift
[185/576] Compiling P256K MuSig.swift
[186/576] Compiling P256K ObjectIdentifier.swift
[187/576] Compiling P256K P256K.swift
[188/576] Compiling P256K Digest.swift
[189/576] Compiling P256K ECDH.swift
[190/576] Compiling P256K ECDSA+PrivateKey.swift
[191/576] Compiling P256K ECDSA+PublicKey.swift
[192/576] Compiling P256K ECDSA+Signature.swift
[193/576] Compiling P256K ECDSA+Tweak.swift
[194/576] Compiling P256K ECDSA+XonlyKey.swift
[195/576] Compiling P256K ECDSA.swift
[196/576] Compiling P256K ECDSASignature.swift
[197/576] Compiling P256K Schnorr+PublicKey.swift
[198/576] Compiling P256K Schnorr+Signature.swift
[199/576] Compiling P256K Schnorr+Tweak.swift
[200/576] Compiling P256K Schnorr+XonlyKey.swift
[201/576] Compiling P256K Schnorr.swift
[202/576] Compiling P256K Placeholder.swift
[203/576] Compiling P256K ASN1.swift
[204/576] Compiling P256K ASN1Any.swift
[205/576] Compiling P256K ASN1BitString.swift
[206/576] Compiling P256K ASN1Boolean.swift
[207/576] Compiling P256K ASN1Identifier.swift
[208/576] Compiling P256K ASN1Integer.swift
[209/576] Compiling P256K ASN1Null.swift
[210/576] Compiling P256K ASN1OctetString.swift
[211/576] Compiling P256K ASN1Strings.swift
[212/576] Compiling P256K ArraySliceBigint.swift
[213/576] Compiling P256K Combine.swift
[214/576] Compiling P256K Context.swift
[215/576] Compiling P256K CryptoKitErrors.swift
[216/576] Compiling P256K DH.swift
[217/576] Compiling CryptoSwift Collection+Extension.swift
[218/576] Compiling CryptoSwift CompactMap.swift
[219/576] Compiling CryptoSwift Cryptor.swift
[220/576] Compiling CryptoSwift Cryptors.swift
[221/576] Compiling CryptoSwift Digest.swift
[222/576] Compiling CryptoSwift DigestType.swift
[223/576] Compiling CryptoSwift AES+Foundation.swift
[224/576] Compiling CryptoSwift Array+Foundation.swift
[225/576] Compiling CryptoSwift Blowfish+Foundation.swift
[226/576] Compiling CryptoSwift ChaCha20+Foundation.swift
[227/576] Compiling CryptoSwift Data+Extension.swift
[228/576] Compiling CryptoSwift HMAC+Foundation.swift
[229/576] Compiling CryptoSwift Rabbit+Foundation.swift
[230/576] Compiling CryptoSwift String+FoundationExtension.swift
[230/576] Compiling x509_ext.cc
[232/576] Compiling CryptoSwift PKCS1v15.swift
[233/576] Compiling CryptoSwift PKCS5.swift
[234/576] Compiling CryptoSwift PKCS7.swift
[235/576] Compiling CryptoSwift PKCS7Padding.swift
[236/576] Compiling CryptoSwift Padding.swift
[237/576] Compiling CryptoSwift Poly1305.swift
[238/576] Compiling CryptoSwift RSA+Cipher.swift
[239/576] Compiling CryptoSwift RSA+Signature.swift
[240/576] Compiling CryptoSwift RSA.swift
[241/576] Compiling CryptoSwift Rabbit.swift
[242/576] Compiling CryptoSwift SHA1.swift
[243/576] Compiling CryptoSwift SHA2.swift
[244/576] Compiling CryptoSwift SHA3.swift
[245/576] Compiling CryptoSwift Scrypt.swift
[245/576] Compiling x509.cc
[246/576] Compiling x509_d2.cc
[255/576] Compiling x509_def.cc
[257/576] Compiling P256K EdDSA.swift
[258/576] Compiling P256K Errors.swift
[259/576] Compiling P256K GeneralizedTime.swift
[260/576] Compiling P256K HashDigest.swift
[261/576] Compiling P256K MuSig+Aggregate.swift
[262/576] Compiling P256K MuSig+Nonces.swift
[263/576] Compiling P256K MuSig+Signing.swift
[264/576] Compiling P256K MuSig+Tweak.swift
[265/576] Compiling P256K UInt256+FixedWidthInteger.swift
[266/576] Compiling P256K UInt256+Modular.swift
[267/576] Compiling P256K UInt256+Representation.swift
[268/576] Compiling P256K UInt256.swift
[269/576] Compiling P256K Utility.swift
[270/576] Compiling P256K XonlyKeyImplementation.swift
[271/576] Compiling P256K Zeroization.swift
[272/576] Compiling CryptoSwift Codable.swift
[273/576] Compiling CryptoSwift Comparable.swift
[274/576] Compiling CryptoSwift DataConversion.swift
[275/576] Compiling CryptoSwift Division.swift
[276/576] Compiling CryptoSwift Exponentiation.swift
[277/576] Compiling CryptoSwift FloatingPointConversion.swift
[278/576] Compiling CryptoSwift GCD.swift
[279/576] Compiling P256K UInt256+Arithmetic.swift
[311/576] Compiling P256K PEMDocument.swift
[312/576] Compiling P256K PKCS8PrivateKey.swift
[313/576] Compiling P256K PrettyBytes.swift
[314/576] Compiling P256K PrivateKeyImplementation.swift
[315/576] Compiling P256K PublicKeyImplementation.swift
[340/576] Compiling v3_utl.cc
[343/577] Compiling CryptoSwift SecureBytes.swift
[344/577] Compiling CryptoSwift Signature.swift
[345/577] Compiling CryptoSwift StreamDecryptor.swift
[346/577] Compiling CryptoSwift StreamEncryptor.swift
[347/577] Compiling CryptoSwift String+Extension.swift
[348/577] Compiling CryptoSwift UInt128.swift
[349/577] Compiling CryptoSwift UInt16+Extension.swift
[350/577] Compiling CryptoSwift UInt32+Extension.swift
[351/577] Compiling CryptoSwift UInt64+Extension.swift
[352/577] Compiling CryptoSwift UInt8+Extension.swift
[353/577] Compiling CryptoSwift Updatable.swift
[354/577] Compiling CryptoSwift Utils.swift
[355/577] Compiling CryptoSwift XChaCha20.swift
[356/577] Compiling CryptoSwift ZeroPadding.swift
[357/578] Compiling x509_cmp.cc
[358/578] Wrapping AST for P256K for debugging
[359/578] Wrapping AST for CryptoSwift for debugging
[360/578] Compiling x509_att.cc
[361/578] Compiling v3_skey.cc
[362/578] Compiling v3_prn.cc
[363/578] Compiling v3_purp.cc
[364/578] Compiling v3_pcons.cc
[365/578] Compiling v3_pmaps.cc
[366/578] Compiling v3_lib.cc
[367/578] Compiling v3_ncons.cc
[368/578] Compiling v3_ocsp.cc
[369/578] Compiling v3_genn.cc
[370/578] Compiling v3_ia5.cc
[371/578] Compiling v3_info.cc
[372/578] Compiling v3_int.cc
[373/578] Compiling v3_extku.cc
[374/578] Compiling v3_enum.cc
[375/578] Compiling v3_cpols.cc
[376/578] Compiling v3_crld.cc
[377/578] Compiling v3_conf.cc
[378/578] Compiling v3_akey.cc
[379/578] Compiling v3_alt.cc
[380/578] Compiling v3_bitst.cc
[381/578] Compiling v3_akeya.cc
[382/578] Compiling v3_bcons.cc
[383/578] Compiling t_x509.cc
[384/578] Compiling t_x509a.cc
[385/578] Compiling t_req.cc
[386/578] Compiling rsa_pss.cc
[387/578] Compiling t_crl.cc
[387/578] Compiling name_print.cc
[389/578] Compiling i2d_pr.cc
[390/578] Compiling algorithm.cc
[391/578] Compiling by_file.cc
[392/578] Compiling asn1_gen.cc
[393/578] Compiling policy.cc
[394/578] Compiling by_dir.cc
[395/578] Compiling a_digest.cc
[396/578] Compiling a_verify.cc
[397/578] Compiling thread_win.cc
[398/578] Compiling thread.cc
[399/578] Compiling trust_token.cc
[400/578] Compiling thread_none.cc
[401/578] Compiling pmbtoken.cc
[402/578] Compiling a_sign.cc
[403/578] Compiling stack.cc
[404/578] Compiling thread_pthread.cc
[405/578] Compiling sha1.cc
[406/578] Compiling voprf.cc
[407/578] Compiling sha512.cc
[408/578] Compiling slhdsa.cc
[409/578] Compiling siphash.cc
[410/578] Compiling sha256.cc
[411/578] Compiling rsa_extra.cc
[412/578] Compiling spake2plus.cc
[413/578] Compiling rsa_print.cc
[414/578] Compiling rc4.cc
[415/578] Compiling refcount.cc
[416/578] Compiling trusty.cc
[417/578] Compiling rsa_crypt.cc
[418/578] Compiling rand.cc
[419/578] Compiling urandom.cc
[420/578] Compiling windows.cc
[421/578] Compiling passive.cc
[422/578] Compiling rsa_asn1.cc
[423/578] Compiling poly1305_arm_asm.S
[424/578] Compiling ios.cc
[425/578] Compiling deterministic.cc
[426/578] Compiling getentropy.cc
[427/578] Compiling poly1305_vec.cc
[428/578] Compiling forkunsafe.cc
[429/578] Compiling poly1305_arm.cc
[430/578] Compiling fork_detect.cc
[431/578] Compiling poly1305.cc
[432/578] Compiling pool.cc
[433/578] Compiling pkcs7.cc
[434/578] Compiling pkcs8_x509.cc
[435/578] Compiling pem_x509.cc
[436/578] Compiling pem_xaux.cc
[437/578] Compiling p5_pbev2.cc
[438/578] Compiling pkcs7_x509.cc
[439/578] Compiling pem_pkey.cc
[440/578] Compiling pkcs8.cc
[441/578] Compiling mlkem.cc
[442/578] Compiling pem_pk8.cc
[443/578] Compiling pem_oth.cc
[444/578] Compiling obj_xref.cc
[445/578] Compiling pem_all.cc
[446/578] Compiling mldsa.cc
[447/578] Compiling pem_lib.cc
[448/578] Compiling obj.cc
[449/578] Compiling pem_info.cc
[450/578] Compiling poly_rq_mul.S
[451/578] Compiling lhash.cc
[452/578] Compiling fips_shared_support.cc
[453/578] Compiling mem.cc
[454/578] Compiling kyber.cc
[455/578] Compiling md5.cc
[456/578] Compiling hrss.cc
[457/578] Compiling md4.cc
[458/578] Compiling fuzzer_mode.cc
[459/578] Compiling hpke.cc
[460/578] Compiling print.cc
[461/578] Compiling pbkdf.cc
[462/578] Compiling ex_data.cc
[463/578] Compiling sign.cc
[464/578] Compiling scrypt.cc
[465/578] Compiling p_rsa_asn1.cc
[466/578] Compiling p_x25519_asn1.cc
[467/578] Compiling p_hkdf.cc
[468/578] Compiling p_ed25519_asn1.cc
[469/578] Compiling p_x25519.cc
[470/578] Compiling p_ed25519.cc
[471/578] Compiling p_rsa.cc
[472/578] Compiling p_dh_asn1.cc
[473/578] Compiling p_dh.cc
[474/578] Compiling p_ec.cc
[475/578] Compiling p_dsa_asn1.cc
[476/578] Compiling evp_asn1.cc
[477/578] Compiling evp_ctx.cc
[478/578] Compiling p_ec_asn1.cc
[479/578] Compiling evp.cc
[480/578] Compiling err.cc
[481/578] Compiling ecdh.cc
[482/578] Compiling engine.cc
[483/578] Compiling ecdsa_p1363.cc
[484/578] Compiling ec_derive.cc
[485/578] Compiling dsa.cc
[486/578] Compiling ecdsa_asn1.cc
[487/578] Compiling hash_to_curve.cc
[488/578] Compiling ec_asn1.cc
[489/578] Compiling bcm.cc
[490/578] Compiling digest_extra.cc
[491/578] Compiling dh_asn1.cc
[492/578] Compiling x25519-asm-arm.S
[493/578] Compiling params.cc
[494/578] Compiling dsa_asn1.cc
[495/578] Compiling spake25519.cc
[496/578] Compiling curve25519_64_adx.cc
[497/578] Compiling des.cc
[498/578] Compiling crypto.cc
[499/578] Compiling cpu_aarch64_sysreg.cc
[500/578] Compiling cpu_intel.cc
[501/578] Compiling cpu_arm_freebsd.cc
[502/578] Compiling cpu_aarch64_win.cc
[503/578] Compiling curve25519.cc
[504/578] Compiling cpu_aarch64_openbsd.cc
[505/578] Compiling cpu_arm_linux.cc
[506/578] Compiling cpu_aarch64_fuchsia.cc
[507/578] Compiling cpu_aarch64_linux.cc
[508/578] Compiling e_tls.cc
[509/578] Compiling tls_cbc.cc
[510/578] Compiling conf.cc
[511/578] Compiling cpu_aarch64_apple.cc
[512/578] Compiling get_cipher.cc
[513/578] Compiling e_null.cc
[514/578] Compiling e_rc4.cc
[515/578] Compiling e_chacha20poly1305.cc
[516/578] Compiling cms.cc
[517/578] Compiling e_des.cc
[518/578] Compiling e_rc2.cc
[519/578] Compiling e_aesgcmsiv.cc
[520/578] Compiling derive_key.cc
[521/578] Compiling chacha.cc
[522/578] Compiling e_aesctrhmac.cc
[523/578] Compiling e_aeseax.cc
[524/578] Compiling unicode.cc
[525/578] Compiling sqrt.cc
[526/578] Compiling asn1_compat.cc
[527/578] Compiling cbs.cc
[528/578] Compiling ber.cc
[529/578] Compiling convert.cc
[530/578] Compiling exponentiation.cc
[531/578] Compiling div.cc
[532/578] Compiling cbb.cc
[533/578] Compiling printf.cc
[534/578] Compiling blake2.cc
[535/578] Compiling bn_asn1.cc
[536/578] Compiling errno.cc
[537/578] Compiling file.cc
[538/578] Compiling pair.cc
[539/578] Compiling hexdump.cc
[540/578] Compiling fd.cc
[541/578] Compiling bio.cc
[542/578] Compiling bio_mem.cc
[543/578] Compiling base64.cc
[544/578] Compiling tasn_enc.cc
[545/578] Compiling tasn_fre.cc
[546/578] Compiling tasn_typ.cc
[547/578] Compiling tasn_utl.cc
[548/578] Compiling tasn_new.cc
[549/578] Compiling posix_time.cc
[550/578] Compiling f_string.cc
[551/578] Compiling tasn_dec.cc
[552/578] Compiling a_type.cc
[553/578] Compiling a_strnid.cc
[554/578] Compiling a_time.cc
[554/578] Compiling asn1_lib.cc
[556/578] Compiling a_utctm.cc
[557/578] Compiling a_octet.cc
[558/578] Compiling a_strex.cc
[559/578] Compiling a_int.cc
[560/578] Compiling a_dup.cc
[561/578] Compiling a_mbstr.cc
[562/578] Copying english.txt
[563/578] Compiling a_object.cc
[563/578] Write sources
[565/578] Compiling a_d2i_fp.cc
[566/578] Compiling a_i2d_fp.cc
[567/585] Compiling a_gentm.cc
[569/585] Compiling BIP39MnemonicKit Mnemonic.swift
/host/spi-builder-workspace/.build/checkouts/bip39-mnemonic-kit/Sources/BIP39MnemonicKit/BIP39.swift:1:8: error: no such module 'CryptoKit'
  1 | import CryptoKit
    |        `- error: no such module 'CryptoKit'
  2 | import Foundation
  3 | import Security
[569/585] Compiling aes.cc
[571/585] Compiling BIP39MnemonicKit BIP39EnglishWordlist.swift
/host/spi-builder-workspace/.build/checkouts/bip39-mnemonic-kit/Sources/BIP39MnemonicKit/BIP39.swift:1:8: error: no such module 'CryptoKit'
  1 | import CryptoKit
    |        `- error: no such module 'CryptoKit'
  2 | import Foundation
  3 | import Security
[572/585] Compiling BIP39MnemonicKit resource_bundle_accessor.swift
/host/spi-builder-workspace/.build/checkouts/bip39-mnemonic-kit/Sources/BIP39MnemonicKit/BIP39.swift:1:8: error: no such module 'CryptoKit'
  1 | import CryptoKit
    |        `- error: no such module 'CryptoKit'
  2 | import Foundation
  3 | import Security
[573/585] Compiling BIP39MnemonicKit BIP39Error.swift
/host/spi-builder-workspace/.build/checkouts/bip39-mnemonic-kit/Sources/BIP39MnemonicKit/BIP39.swift:1:8: error: no such module 'CryptoKit'
  1 | import CryptoKit
    |        `- error: no such module 'CryptoKit'
  2 | import Foundation
  3 | import Security
[574/585] Compiling BIP39MnemonicKit PBKDF2.swift
/host/spi-builder-workspace/.build/checkouts/bip39-mnemonic-kit/Sources/BIP39MnemonicKit/BIP39.swift:1:8: error: no such module 'CryptoKit'
  1 | import CryptoKit
    |        `- error: no such module 'CryptoKit'
  2 | import Foundation
  3 | import Security
[574/585] Compiling a_bitstr.cc
error: emit-module command failed with exit code 1 (use -v to see invocation)
[576/585] Emitting module BIP39MnemonicKit
/host/spi-builder-workspace/.build/checkouts/bip39-mnemonic-kit/Sources/BIP39MnemonicKit/BIP39.swift:1:8: error: no such module 'CryptoKit'
  1 | import CryptoKit
    |        `- error: no such module 'CryptoKit'
  2 | import Foundation
  3 | import Security
[577/585] Compiling BIP39MnemonicKit BIP39.swift
/host/spi-builder-workspace/.build/checkouts/bip39-mnemonic-kit/Sources/BIP39MnemonicKit/BIP39.swift:1:8: error: no such module 'CryptoKit'
  1 | import CryptoKit
    |        `- error: no such module 'CryptoKit'
  2 | import Foundation
  3 | import Security
[577/585] Compiling a_bool.cc
BUILD FAILURE 6.3 wasm