The Swift Package Index logo.Swift Package Index

Build Information

Failed to build CodeQuickKit, reference 7.0.0 (8b1e51), with Swift 6.4 for visionOS using Xcode 27.0 on 18 Sep 2026 19:42:35 UTC.

Build Command

env DEVELOPER_DIR=/Applications/Xcode-27.0.0-Release.Candidate.app xcrun xcodebuild -IDEClonedSourcePackagesDirPathOverride=$PWD/.dependencies -skipMacroValidation -skipPackagePluginValidation -derivedDataPath $PWD/.derivedData build -scheme CodeQuickKit -destination generic/platform=xrOS

Build Log

========================================
RunAll
========================================
Builder version: 5.1.0
Interrupt handler set up.
========================================
Checkout
========================================
Clone URL: https://github.com/richardpiazza/CodeQuickKit.git
Reference: 7.0.0
Initialized empty Git repository in /Users/admin/builder/spi-builder-workspace/.git/
From https://github.com/richardpiazza/CodeQuickKit
 * tag               7.0.0      -> FETCH_HEAD
HEAD is now at 8b1e515 Drop Deprecations (#8)
Cloned https://github.com/richardpiazza/CodeQuickKit.git
Revision (git rev-parse @):
8b1e5150daea43625dec1deff195bb254f2ecba4
SUCCESS checkout https://github.com/richardpiazza/CodeQuickKit.git at 7.0.0
========================================
Build
========================================
Selected platform:         visionOS
Swift version:             6.4
Building package at path:  $PWD
https://github.com/richardpiazza/CodeQuickKit.git
Command line invocation:
    /Applications/Xcode-27.0.0-Release.Candidate.app/Contents/Developer/usr/bin/xcodebuild -IDEClonedSourcePackagesDirPathOverride=/Users/admin/builder/spi-builder-workspace/.dependencies -resolvePackageDependencies
Resolve Package Graph
Resolve Package Graph
Resolved source packages:
  CodeQuickKit: /Users/admin/builder/spi-builder-workspace
resolved source packages: CodeQuickKit
2026-09-18 15:41:40.777 xcodebuild[525:3008] [MT] IDERunDestination: Supported platforms for the buildables in the current scheme is empty.
{
  "dependencies" : [
  ],
  "manifest_display_name" : "CodeQuickKit",
  "name" : "CodeQuickKit",
  "path" : "/Users/admin/builder/spi-builder-workspace",
  "platforms" : [
    {
      "name" : "macos",
      "version" : "10.15"
    },
    {
      "name" : "maccatalyst",
      "version" : "13.0"
    },
    {
      "name" : "ios",
      "version" : "13.0"
    },
    {
      "name" : "tvos",
      "version" : "13.0"
    },
    {
      "name" : "watchos",
      "version" : "6.0"
    }
  ],
  "products" : [
    {
      "name" : "CodeQuickKit",
      "targets" : [
        "CodeQuickKit"
      ],
      "type" : {
        "library" : [
          "automatic"
        ]
      }
    }
  ],
  "swift_languages_versions" : [
    "5"
  ],
  "targets" : [
    {
      "c99name" : "CodeQuickKitTests",
      "module_type" : "SwiftTarget",
      "name" : "CodeQuickKitTests",
      "path" : "Tests/CodeQuickKitTests",
      "sources" : [
        "Foundation/BundleTests.swift",
        "Foundation/DateTests.swift",
        "Foundation/NumberFormatterTests.swift",
        "Foundation/PausableTimerTests.swift",
        "Foundation/UserDefaultTests.swift",
        "Swift/DependencyTests.swift"
      ],
      "target_dependencies" : [
        "CodeQuickKit"
      ],
      "type" : "test"
    },
    {
      "c99name" : "CodeQuickKit",
      "module_type" : "SwiftTarget",
      "name" : "CodeQuickKit",
      "path" : "Sources/CodeQuickKit",
      "product_memberships" : [
        "CodeQuickKit"
      ],
      "sources" : [
        "Foundation/Bundle+CommonKeys.swift",
        "Foundation/Bundle+DecodableResources.swift",
        "Foundation/Character+Casing.swift",
        "Foundation/Date+Semantic.swift",
        "Foundation/FileManager.swift",
        "Foundation/NSMetadataQuery.swift",
        "Foundation/NumberFormatter.swift",
        "Foundation/PausableTimer.swift",
        "Foundation/String+Casing.swift",
        "Foundation/StringProtocol+Replacement.swift",
        "Foundation/Ubiquity.swift",
        "Foundation/UserDefault.swift",
        "Foundation/UserDefaults.swift",
        "Swift/Dependency.swift",
        "Swift/DependencyCache.swift",
        "Swift/DependencySupplier.swift",
        "Swift/Sequence+KeyPath.swift",
        "Swift/Sequence+SplitBefore.swift",
        "SwiftUI/ActivityAlertView.swift",
        "UIKit/Bundle+Storyboards.swift",
        "UIKit/HUD.swift",
        "UIKit/NSMutableAttributedString.swift",
        "UIKit/Reusable.swift",
        "UIKit/UIAlertController+ActivityAlert.swift",
        "UIKit/UIAlertController.swift",
        "UIKit/UIPickerView.swift",
        "UIKit/UIViewController.swift"
      ],
      "type" : "library"
    }
  ],
  "tools_version" : "5.5"
}
{
  "workspace" : {
    "name" : "CodeQuickKit",
    "schemes" : [
      "CodeQuickKit"
    ]
  }
}
2026-09-18 15:42:22.089 xcodebuild[623:3932] [MT] IDERunDestination: Supported platforms for the buildables in the current scheme is empty.
Running build ...
env DEVELOPER_DIR=/Applications/Xcode-27.0.0-Release.Candidate.app xcrun xcodebuild -IDEClonedSourcePackagesDirPathOverride=$PWD/.dependencies -skipMacroValidation -skipPackagePluginValidation -derivedDataPath $PWD/.derivedData build -scheme CodeQuickKit -destination generic/platform=xrOS
Command line invocation:
    /Applications/Xcode-27.0.0-Release.Candidate.app/Contents/Developer/usr/bin/xcodebuild -IDEClonedSourcePackagesDirPathOverride=/Users/admin/builder/spi-builder-workspace/.dependencies -skipMacroValidation -skipPackagePluginValidation -derivedDataPath /Users/admin/builder/spi-builder-workspace/.derivedData build -scheme CodeQuickKit -destination generic/platform=xrOS
Resolve Package Graph
Resolved source packages:
  CodeQuickKit: /Users/admin/builder/spi-builder-workspace
ComputePackagePrebuildTargetDependencyGraph
Prepare packages
CreateBuildRequest
SendProjectDescription
CreateBuildOperation
ComputeTargetDependencyGraph
note: Building targets in dependency order
note: Target dependency graph (2 targets)
    Target 'CodeQuickKit-product' in project 'CodeQuickKit'
        ➜ Explicit dependency on target 'CodeQuickKit' in project 'CodeQuickKit'
    Target 'CodeQuickKit' in project 'CodeQuickKit' (no dependencies)
GatherProvisioningInputs
CreateBuildDescription
ExecuteExternalTool /Applications/Xcode-27.0.0-Release.Candidate.app/Contents/Developer/Toolchains/XcodeDefault.xctoolchain/usr/bin/clang -v -E -dM -isysroot /Applications/Xcode-27.0.0-Release.Candidate.app/Contents/Developer/Platforms/XROS.platform/Developer/SDKs/XROS27.0.sdk -x c -c /dev/null
ExecuteExternalTool /Applications/Xcode-27.0.0-Release.Candidate.app/Contents/Developer/Toolchains/XcodeDefault.xctoolchain/usr/bin/swiftc --version
ExecuteExternalTool /Applications/Xcode-27.0.0-Release.Candidate.app/Contents/Developer/Toolchains/XcodeDefault.xctoolchain/usr/bin/ld -version_details
Build description signature: 71d1d3ce87c1d0d8df603b7c7d6419da
Build description path: /Users/admin/builder/spi-builder-workspace/.derivedData/Build/Intermediates.noindex/XCBuildData/71d1d3ce87c1d0d8df603b7c7d6419da.xcbuilddata
CreateBuildDirectory /Users/admin/builder/spi-builder-workspace/.derivedData/SDKExplicitPrecompiledModules
    cd /Users/admin/builder/spi-builder-workspace/.swiftpm/xcode
    builtin-create-build-directory /Users/admin/builder/spi-builder-workspace/.derivedData/SDKExplicitPrecompiledModules
CreateBuildDirectory /Users/admin/builder/spi-builder-workspace/.derivedData/ModuleCache.noindex
    cd /Users/admin/builder/spi-builder-workspace/.swiftpm/xcode
    builtin-create-build-directory /Users/admin/builder/spi-builder-workspace/.derivedData/ModuleCache.noindex
CreateBuildDirectory /Users/admin/builder/spi-builder-workspace/.derivedData/CompilationCache.noindex
    cd /Users/admin/builder/spi-builder-workspace/.swiftpm/xcode
    builtin-create-build-directory /Users/admin/builder/spi-builder-workspace/.derivedData/CompilationCache.noindex
ClangStatCache /Applications/Xcode-27.0.0-Release.Candidate.app/Contents/Developer/Toolchains/XcodeDefault.xctoolchain/usr/bin/clang-stat-cache /Applications/Xcode-27.0.0-Release.Candidate.app/Contents/Developer/Platforms/XROS.platform/Developer/SDKs/XROS27.0.sdk /Users/admin/builder/spi-builder-workspace/.derivedData/SDKStatCaches.noindex/xros27.0-24M361-e829b21a6f8c9b70876ba0858053c044735bd543db762f57723cac368afd1ce4.sdkstatcache
    cd /Users/admin/builder/spi-builder-workspace/.swiftpm/xcode
    /Applications/Xcode-27.0.0-Release.Candidate.app/Contents/Developer/Toolchains/XcodeDefault.xctoolchain/usr/bin/clang-stat-cache /Applications/Xcode-27.0.0-Release.Candidate.app/Contents/Developer/Platforms/XROS.platform/Developer/SDKs/XROS27.0.sdk -o /Users/admin/builder/spi-builder-workspace/.derivedData/SDKStatCaches.noindex/xros27.0-24M361-e829b21a6f8c9b70876ba0858053c044735bd543db762f57723cac368afd1ce4.sdkstatcache
CreateBuildDirectory /Users/admin/builder/spi-builder-workspace/.derivedData/Build/Products
    cd /Users/admin/builder/spi-builder-workspace/.swiftpm/xcode
    builtin-create-build-directory /Users/admin/builder/spi-builder-workspace/.derivedData/Build/Products
CreateBuildDirectory /Users/admin/builder/spi-builder-workspace/.derivedData/Build/Intermediates.noindex
    cd /Users/admin/builder/spi-builder-workspace/.swiftpm/xcode
    builtin-create-build-directory /Users/admin/builder/spi-builder-workspace/.derivedData/Build/Intermediates.noindex
CreateBuildDirectory /Users/admin/builder/spi-builder-workspace/.derivedData/Build/Intermediates.noindex/PrecompiledHeaders
    cd /Users/admin/builder/spi-builder-workspace/.swiftpm/xcode
    builtin-create-build-directory /Users/admin/builder/spi-builder-workspace/.derivedData/Build/Intermediates.noindex/PrecompiledHeaders
CreateBuildDirectory /Users/admin/builder/spi-builder-workspace/.derivedData/Build/Intermediates.noindex/ExplicitPrecompiledModules
    cd /Users/admin/builder/spi-builder-workspace/.swiftpm/xcode
    builtin-create-build-directory /Users/admin/builder/spi-builder-workspace/.derivedData/Build/Intermediates.noindex/ExplicitPrecompiledModules
CreateBuildDirectory /Users/admin/builder/spi-builder-workspace/.derivedData/Build/Intermediates.noindex/SwiftExplicitPrecompiledModules
    cd /Users/admin/builder/spi-builder-workspace/.swiftpm/xcode
    builtin-create-build-directory /Users/admin/builder/spi-builder-workspace/.derivedData/Build/Intermediates.noindex/SwiftExplicitPrecompiledModules
CreateBuildDirectory /Users/admin/builder/spi-builder-workspace/.derivedData/Build/Intermediates.noindex/EagerLinkingTBDs/Debug-xros
    cd /Users/admin/builder/spi-builder-workspace/.swiftpm/xcode
    builtin-create-build-directory /Users/admin/builder/spi-builder-workspace/.derivedData/Build/Intermediates.noindex/EagerLinkingTBDs/Debug-xros
CreateBuildDirectory /Users/admin/builder/spi-builder-workspace/.derivedData/Build/Products/Debug-xros
    cd /Users/admin/builder/spi-builder-workspace/.swiftpm/xcode
    builtin-create-build-directory /Users/admin/builder/spi-builder-workspace/.derivedData/Build/Products/Debug-xros
CreateBuildDirectory /Users/admin/builder/spi-builder-workspace/.derivedData/Build/Products/Debug-xros/PackageFrameworks
    cd /Users/admin/builder/spi-builder-workspace/.swiftpm/xcode
    builtin-create-build-directory /Users/admin/builder/spi-builder-workspace/.derivedData/Build/Products/Debug-xros/PackageFrameworks
WriteAuxiliaryFile /Users/admin/builder/spi-builder-workspace/.derivedData/Build/Intermediates.noindex/CodeQuickKit.build/Debug-xros/CodeQuickKit-t.build/CodeQuickKit.modulemap (in target 'CodeQuickKit' from project 'CodeQuickKit')
    cd /Users/admin/builder/spi-builder-workspace
    write-file /Users/admin/builder/spi-builder-workspace/.derivedData/Build/Intermediates.noindex/CodeQuickKit.build/Debug-xros/CodeQuickKit-t.build/CodeQuickKit.modulemap
WriteAuxiliaryFile /Users/admin/builder/spi-builder-workspace/.derivedData/Build/Intermediates.noindex/CodeQuickKit.build/Debug-xros/CodeQuickKit-t.build/CodeQuickKit.DependencyStaticMetadataFileList (in target 'CodeQuickKit' from project 'CodeQuickKit')
    cd /Users/admin/builder/spi-builder-workspace
    write-file /Users/admin/builder/spi-builder-workspace/.derivedData/Build/Intermediates.noindex/CodeQuickKit.build/Debug-xros/CodeQuickKit-t.build/CodeQuickKit.DependencyStaticMetadataFileList
WriteAuxiliaryFile /Users/admin/builder/spi-builder-workspace/.derivedData/Build/Intermediates.noindex/CodeQuickKit.build/Debug-xros/CodeQuickKit-t.build/CodeQuickKit.DependencyMetadataFileList (in target 'CodeQuickKit' from project 'CodeQuickKit')
    cd /Users/admin/builder/spi-builder-workspace
    write-file /Users/admin/builder/spi-builder-workspace/.derivedData/Build/Intermediates.noindex/CodeQuickKit.build/Debug-xros/CodeQuickKit-t.build/CodeQuickKit.DependencyMetadataFileList
WriteAuxiliaryFile /Users/admin/builder/spi-builder-workspace/.derivedData/Build/Intermediates.noindex/CodeQuickKit.build/Debug-xros/CodeQuickKit-t.build/Objects-normal/arm64/CodeQuickKit.SwiftFileList (in target 'CodeQuickKit' from project 'CodeQuickKit')
    cd /Users/admin/builder/spi-builder-workspace
    write-file /Users/admin/builder/spi-builder-workspace/.derivedData/Build/Intermediates.noindex/CodeQuickKit.build/Debug-xros/CodeQuickKit-t.build/Objects-normal/arm64/CodeQuickKit.SwiftFileList
WriteAuxiliaryFile /Users/admin/builder/spi-builder-workspace/.derivedData/Build/Intermediates.noindex/CodeQuickKit.build/Debug-xros/CodeQuickKit-t.build/Objects-normal/arm64/CodeQuickKit.SwiftConstValuesFileList (in target 'CodeQuickKit' from project 'CodeQuickKit')
    cd /Users/admin/builder/spi-builder-workspace
    write-file /Users/admin/builder/spi-builder-workspace/.derivedData/Build/Intermediates.noindex/CodeQuickKit.build/Debug-xros/CodeQuickKit-t.build/Objects-normal/arm64/CodeQuickKit.SwiftConstValuesFileList
WriteAuxiliaryFile /Users/admin/builder/spi-builder-workspace/.derivedData/Build/Intermediates.noindex/CodeQuickKit.build/Debug-xros/CodeQuickKit-t.build/Objects-normal/arm64/CodeQuickKit_const_extract_protocols.json (in target 'CodeQuickKit' from project 'CodeQuickKit')
    cd /Users/admin/builder/spi-builder-workspace
    write-file /Users/admin/builder/spi-builder-workspace/.derivedData/Build/Intermediates.noindex/CodeQuickKit.build/Debug-xros/CodeQuickKit-t.build/Objects-normal/arm64/CodeQuickKit_const_extract_protocols.json
WriteAuxiliaryFile /Users/admin/builder/spi-builder-workspace/.derivedData/Build/Intermediates.noindex/CodeQuickKit.build/Debug-xros/CodeQuickKit-t.build/Objects-normal/arm64/CodeQuickKit-OutputFileMap.json (in target 'CodeQuickKit' from project 'CodeQuickKit')
    cd /Users/admin/builder/spi-builder-workspace
    write-file /Users/admin/builder/spi-builder-workspace/.derivedData/Build/Intermediates.noindex/CodeQuickKit.build/Debug-xros/CodeQuickKit-t.build/Objects-normal/arm64/CodeQuickKit-OutputFileMap.json
WriteAuxiliaryFile /Users/admin/builder/spi-builder-workspace/.derivedData/Build/Intermediates.noindex/CodeQuickKit.build/Debug-xros/CodeQuickKit-t.build/Objects-normal/arm64/CodeQuickKit.LinkFileList (in target 'CodeQuickKit' from project 'CodeQuickKit')
    cd /Users/admin/builder/spi-builder-workspace
    write-file /Users/admin/builder/spi-builder-workspace/.derivedData/Build/Intermediates.noindex/CodeQuickKit.build/Debug-xros/CodeQuickKit-t.build/Objects-normal/arm64/CodeQuickKit.LinkFileList
Copy /Users/admin/builder/spi-builder-workspace/.derivedData/Build/Intermediates.noindex/GeneratedModuleMaps-xros/CodeQuickKit.modulemap /Users/admin/builder/spi-builder-workspace/.derivedData/Build/Intermediates.noindex/CodeQuickKit.build/Debug-xros/CodeQuickKit-t.build/CodeQuickKit.modulemap (in target 'CodeQuickKit' from project 'CodeQuickKit')
    cd /Users/admin/builder/spi-builder-workspace
    builtin-copy -exclude .DS_Store -exclude CVS -exclude .svn -exclude .git -exclude .hg -resolve-src-symlinks /Users/admin/builder/spi-builder-workspace/.derivedData/Build/Intermediates.noindex/CodeQuickKit.build/Debug-xros/CodeQuickKit-t.build/CodeQuickKit.modulemap /Users/admin/builder/spi-builder-workspace/.derivedData/Build/Intermediates.noindex/GeneratedModuleMaps-xros
SwiftDriver CodeQuickKit normal arm64 com.apple.xcode.tools.swift.compiler (in target 'CodeQuickKit' from project 'CodeQuickKit')
    cd /Users/admin/builder/spi-builder-workspace/.swiftpm/xcode
    builtin-SwiftDriver -- /Applications/Xcode-27.0.0-Release.Candidate.app/Contents/Developer/Toolchains/XcodeDefault.xctoolchain/usr/bin/swiftc -parse-as-library -module-name CodeQuickKit -Onone @/Users/admin/builder/spi-builder-workspace/.derivedData/Build/Intermediates.noindex/CodeQuickKit.build/Debug-xros/CodeQuickKit-t.build/Objects-normal/arm64/CodeQuickKit.SwiftFileList -DSWIFT_PACKAGE -DDEBUG -DSWIFT_MODULE_RESOURCE_BUNDLE_UNAVAILABLE -DXcode -plugin-path /Applications/Xcode-27.0.0-Release.Candidate.app/Contents/Developer/Toolchains/XcodeDefault.xctoolchain/usr/lib/swift/host/plugins/testing -enable-experimental-feature DebugDescriptionMacro -sdk /Applications/Xcode-27.0.0-Release.Candidate.app/Contents/Developer/Platforms/XROS.platform/Developer/SDKs/XROS27.0.sdk -target arm64-apple-xros1.0 -g -module-cache-path /Users/admin/builder/spi-builder-workspace/.derivedData/ModuleCache.noindex -Xfrontend -serialize-debugging-options -profile-coverage-mapping -profile-generate -enable-testing -index-store-path /Users/admin/builder/spi-builder-workspace/.derivedData/Index.noindex/DataStore -Xcc -D_LIBCPP_HARDENING_MODE\=_LIBCPP_HARDENING_MODE_DEBUG -swift-version 5 -I /Users/admin/builder/spi-builder-workspace/.derivedData/Build/Products/Debug-xros -Isystem /Applications/Xcode-27.0.0-Release.Candidate.app/Contents/Developer/Platforms/XROS.platform/Developer/usr/lib -F /Users/admin/builder/spi-builder-workspace/.derivedData/Build/Products/Debug-xros -F /Applications/Xcode-27.0.0-Release.Candidate.app/Contents/Developer/Platforms/XROS.platform/Developer/Library/Frameworks -F /Applications/Xcode-27.0.0-Release.Candidate.app/Contents/Developer/Platforms/XROS.platform/Developer/SDKs/XROS27.0.sdk/Developer/Library/Frameworks -c -j10 -enable-batch-mode -incremental -Xcc -ivfsstatcache -Xcc /Users/admin/builder/spi-builder-workspace/.derivedData/SDKStatCaches.noindex/xros27.0-24M361-e829b21a6f8c9b70876ba0858053c044735bd543db762f57723cac368afd1ce4.sdkstatcache -output-file-map /Users/admin/builder/spi-builder-workspace/.derivedData/Build/Intermediates.noindex/CodeQuickKit.build/Debug-xros/CodeQuickKit-t.build/Objects-normal/arm64/CodeQuickKit-OutputFileMap.json -save-temps -no-color-diagnostics -explicit-module-build -module-cache-path /Users/admin/builder/spi-builder-workspace/.derivedData/Build/Intermediates.noindex/SwiftExplicitPrecompiledModules -clang-scanner-module-cache-path /Users/admin/builder/spi-builder-workspace/.derivedData/ModuleCache.noindex -sdk-module-cache-path /Users/admin/builder/spi-builder-workspace/.derivedData/SDKExplicitPrecompiledModules -emit-dependencies -emit-module -emit-module-path /Users/admin/builder/spi-builder-workspace/.derivedData/Build/Intermediates.noindex/CodeQuickKit.build/Debug-xros/CodeQuickKit-t.build/Objects-normal/arm64/CodeQuickKit.swiftmodule -serialize-diagnostics -dependency-scan-serialize-diagnostics-path /Users/admin/builder/spi-builder-workspace/.derivedData/Build/Intermediates.noindex/CodeQuickKit.build/Debug-xros/CodeQuickKit-t.build/Objects-normal/arm64/CodeQuickKit-dependency-scan.dia -validate-clang-modules-once -clang-build-session-file /Users/admin/builder/spi-builder-workspace/.derivedData/ModuleCache.noindex/Session.modulevalidation -Xcc -fmodules-prune-interval\=86400 -Xcc -fmodules-prune-after\=345600 -emit-const-values -const-gather-protocols-list /Users/admin/builder/spi-builder-workspace/.derivedData/Build/Intermediates.noindex/CodeQuickKit.build/Debug-xros/CodeQuickKit-t.build/Objects-normal/arm64/CodeQuickKit_const_extract_protocols.json -Xcc -I/Users/admin/builder/spi-builder-workspace/.derivedData/Build/Products/Debug-xros/include -Xcc -I/Users/admin/builder/spi-builder-workspace/.derivedData/Build/Intermediates.noindex/CodeQuickKit.build/Debug-xros/CodeQuickKit-t.build/DerivedSources-normal/arm64 -Xcc -I/Users/admin/builder/spi-builder-workspace/.derivedData/Build/Intermediates.noindex/CodeQuickKit.build/Debug-xros/CodeQuickKit-t.build/DerivedSources/arm64 -Xcc -I/Users/admin/builder/spi-builder-workspace/.derivedData/Build/Intermediates.noindex/CodeQuickKit.build/Debug-xros/CodeQuickKit-t.build/DerivedSources -Xcc -DSWIFT_PACKAGE -Xcc -DDEBUG\=1 -emit-objc-header -emit-objc-header-path /Users/admin/builder/spi-builder-workspace/.derivedData/Build/Intermediates.noindex/CodeQuickKit.build/Debug-xros/CodeQuickKit-t.build/Objects-normal/arm64/CodeQuickKit-Swift.h -working-directory /Users/admin/builder/spi-builder-workspace/.swiftpm/xcode -experimental-emit-module-separately -disable-cmo
SwiftExplicitDependencyGeneratePcm arm64 /Users/admin/builder/spi-builder-workspace/.derivedData/SDKExplicitPrecompiledModules/ptrcheck-BXA97MNLI4BB0HF5I8MJE403D.pcm
SwiftExplicitDependencyGeneratePcm arm64 /Users/admin/builder/spi-builder-workspace/.derivedData/SDKExplicitPrecompiledModules/DeveloperToolsSupport-46GOQP8J1QTHLYQSJW81T8UZ3.pcm
SwiftExplicitDependencyGeneratePcm arm64 /Users/admin/builder/spi-builder-workspace/.derivedData/SDKExplicitPrecompiledModules/ShaderGraph-AW1O397P711WTY8KSK8LZX9YA.pcm
SwiftExplicitDependencyGeneratePcm arm64 /Users/admin/builder/spi-builder-workspace/.derivedData/SDKExplicitPrecompiledModules/_Builtin_stdarg-CDA349K2K4US766844K8E0PVA.pcm
SwiftExplicitDependencyGeneratePcm arm64 /Users/admin/builder/spi-builder-workspace/.derivedData/SDKExplicitPrecompiledModules/_SwiftConcurrencyShims-C8XHKSHX96D5YYALNM4W70Z0O.pcm
SwiftExplicitDependencyGeneratePcm arm64 /Users/admin/builder/spi-builder-workspace/.derivedData/SDKExplicitPrecompiledModules/_Builtin_stdbool-5BU2ADS7JXQMYENKQHW9X8XOU.pcm
SwiftExplicitDependencyGeneratePcm arm64 /Users/admin/builder/spi-builder-workspace/.derivedData/SDKExplicitPrecompiledModules/_Builtin_float-6WKHNW5S40U2QGHXXGETUDIRA.pcm
SwiftExplicitDependencyGeneratePcm arm64 /Users/admin/builder/spi-builder-workspace/.derivedData/SDKExplicitPrecompiledModules/_AvailabilityInternal-1Q8IQP6M38UWSGZ95UCEY2M44.pcm
SwiftExplicitDependencyGeneratePcm arm64 /Users/admin/builder/spi-builder-workspace/.derivedData/SDKExplicitPrecompiledModules/ptrauth-1WBA714DZSVUL5JQDJ08CLKZ.pcm
SwiftExplicitDependencyGeneratePcm arm64 /Users/admin/builder/spi-builder-workspace/.derivedData/SDKExplicitPrecompiledModules/_Builtin_stddef-5NQ9Z1GV07GBSRQGAQCGXGVRI.pcm
SwiftExplicitDependencyGeneratePcm arm64 /Users/admin/builder/spi-builder-workspace/.derivedData/SDKExplicitPrecompiledModules/SwiftShims-CI4H5RO9IYFFWQ2COB512Q2S9.pcm
SwiftExplicitDependencyGeneratePcm arm64 /Users/admin/builder/spi-builder-workspace/.derivedData/SDKExplicitPrecompiledModules/_DarwinFoundation1-5RGRVV2TZ6WC4WZW5IXF8NQ04.pcm
SwiftExplicitDependencyGeneratePcm arm64 /Users/admin/builder/spi-builder-workspace/.derivedData/SDKExplicitPrecompiledModules/_DarwinFoundation2-ENTECK156YEWITZRRBTOCE4KR.pcm
SwiftExplicitDependencyGeneratePcm arm64 /Users/admin/builder/spi-builder-workspace/.derivedData/SDKExplicitPrecompiledModules/_Builtin_limits-425JDMN5HPM3D0UEI8LEHP6NM.pcm
SwiftExplicitDependencyGeneratePcm arm64 /Users/admin/builder/spi-builder-workspace/.derivedData/SDKExplicitPrecompiledModules/_Builtin_stdint-8OR6T47OOYJA90ZBO3N1USDE.pcm
SwiftExplicitDependencyGeneratePcm arm64 /Users/admin/builder/spi-builder-workspace/.derivedData/SDKExplicitPrecompiledModules/_Builtin_tgmath-BPYSMHWI520EQRL2HW519ZY7Z.pcm
SwiftExplicitDependencyGeneratePcm arm64 /Users/admin/builder/spi-builder-workspace/.derivedData/SDKExplicitPrecompiledModules/sys_types-AYM0BHR77VKMWZCO2T0XGV2HF.pcm
SwiftExplicitDependencyGeneratePcm arm64 /Users/admin/builder/spi-builder-workspace/.derivedData/SDKExplicitPrecompiledModules/string_h-2GT67HHHHK5CF1V1S31LH0PU2.pcm
SwiftExplicitDependencyGeneratePcm arm64 /Users/admin/builder/spi-builder-workspace/.derivedData/SDKExplicitPrecompiledModules/_DarwinFoundation3-9ZHN6JKBS40BBA81RQMV8H0IC.pcm
SwiftExplicitDependencyGeneratePcm arm64 /Users/admin/builder/spi-builder-workspace/.derivedData/SDKExplicitPrecompiledModules/_Builtin_intrinsics-BC5IJI3YI34RQ61ZNVDRDZ6RN.pcm
SwiftExplicitDependencyGeneratePcm arm64 /Users/admin/builder/spi-builder-workspace/.derivedData/SDKExplicitPrecompiledModules/_Builtin_stdatomic-1VUZPM79PNCAHXVBERD53WRSF.pcm
SwiftExplicitDependencyGeneratePcm arm64 /Users/admin/builder/spi-builder-workspace/.derivedData/SDKExplicitPrecompiledModules/_Builtin_inttypes-11B64KJD36B3YOHBR1BBXBJY8.pcm
SwiftExplicitDependencyGeneratePcm arm64 /Users/admin/builder/spi-builder-workspace/.derivedData/SDKExplicitPrecompiledModules/Darwin-60P5LVNQO3ESRRM5DCJ05PFNK.pcm
SwiftExplicitDependencyGeneratePcm arm64 /Users/admin/builder/spi-builder-workspace/.derivedData/SDKExplicitPrecompiledModules/simd-9XXAB17Y6E4BBPQADD61NZ23.pcm
SwiftExplicitDependencyGeneratePcm arm64 /Users/admin/builder/spi-builder-workspace/.derivedData/SDKExplicitPrecompiledModules/MachO-3XTHY7HWV6RF3KXKYQVHUBUXK.pcm
SwiftExplicitDependencyGeneratePcm arm64 /Users/admin/builder/spi-builder-workspace/.derivedData/SDKExplicitPrecompiledModules/ObjectiveC-26TIBFYCEJZVP216ZZAU1X8KN.pcm
SwiftExplicitDependencyGeneratePcm arm64 /Users/admin/builder/spi-builder-workspace/.derivedData/SDKExplicitPrecompiledModules/os_object-692CJ8BG6RE5H04487EJJOVXW.pcm
SwiftExplicitDependencyGeneratePcm arm64 /Users/admin/builder/spi-builder-workspace/.derivedData/SDKExplicitPrecompiledModules/os_workgroup-4U1VXMWIZD80E7PRUQF2G7P9X.pcm
SwiftExplicitDependencyGeneratePcm arm64 /Users/admin/builder/spi-builder-workspace/.derivedData/SDKExplicitPrecompiledModules/Spatial-5E0I2846LO3ZE24CSVR2O57TI.pcm
SwiftExplicitDependencyGeneratePcm arm64 /Users/admin/builder/spi-builder-workspace/.derivedData/SDKExplicitPrecompiledModules/Dispatch-CLT3466HKC22GCKAWSCNG0H7T.pcm
SwiftExplicitDependencyGeneratePcm arm64 /Users/admin/builder/spi-builder-workspace/.derivedData/SDKExplicitPrecompiledModules/XPC-EP5EU7FNGP4VOA3EDM18P1KHO.pcm
SwiftExplicitDependencyGeneratePcm arm64 /Users/admin/builder/spi-builder-workspace/.derivedData/SDKExplicitPrecompiledModules/dnssd-CCUV1M8EULNEQJUXO7L0PJAL4.pcm
SwiftExplicitDependencyGeneratePcm arm64 /Users/admin/builder/spi-builder-workspace/.derivedData/SDKExplicitPrecompiledModules/CoreFoundation-AVLTZVCXBU2TO75JCN4AGU8XJ.pcm
SwiftExplicitDependencyGeneratePcm arm64 /Users/admin/builder/spi-builder-workspace/.derivedData/SDKExplicitPrecompiledModules/os-1004XEJ3IXOOAU0KL58SM3D0K.pcm
SwiftExplicitDependencyGeneratePcm arm64 /Users/admin/builder/spi-builder-workspace/.derivedData/SDKExplicitPrecompiledModules/CoreGraphics-BFUJ177R223UT2ZI327ZTZY91.pcm
SwiftExplicitDependencyGeneratePcm arm64 /Users/admin/builder/spi-builder-workspace/.derivedData/SDKExplicitPrecompiledModules/CoreAudioTypes-45UXYEQRN95KG6BF2CW0QIYK9.pcm
SwiftExplicitDependencyGeneratePcm arm64 /Users/admin/builder/spi-builder-workspace/.derivedData/SDKExplicitPrecompiledModules/CFNetwork-5MI70N1VLDQSWTX4COWLMSIRO.pcm
SwiftExplicitDependencyGeneratePcm arm64 /Users/admin/builder/spi-builder-workspace/.derivedData/SDKExplicitPrecompiledModules/Security-8TH2M8WJIQMET4SADWX0N8372.pcm
SwiftExplicitDependencyGeneratePcm arm64 /Users/admin/builder/spi-builder-workspace/.derivedData/SDKExplicitPrecompiledModules/CoreAudio-CXS3C78T5TQDGLEGXIBJ04WJ4.pcm
SwiftExplicitDependencyGeneratePcm arm64 /Users/admin/builder/spi-builder-workspace/.derivedData/SDKExplicitPrecompiledModules/Foundation-8GON1KVEKRN3NOQI8RETBRWJP.pcm
SwiftExplicitDependencyGeneratePcm arm64 /Users/admin/builder/spi-builder-workspace/.derivedData/SDKExplicitPrecompiledModules/ImageIO-5CC6COR9KJYI1UBL7CSHLU2OG.pcm
SwiftExplicitDependencyGeneratePcm arm64 /Users/admin/builder/spi-builder-workspace/.derivedData/SDKExplicitPrecompiledModules/CoreText-6F9TY5TEPCCZ1K2KYM4GMEGHD.pcm
SwiftExplicitDependencyGeneratePcm arm64 /Users/admin/builder/spi-builder-workspace/.derivedData/SDKExplicitPrecompiledModules/OSLog-BNGT87TS0GMBFF7TY70HHB69.pcm
SwiftExplicitDependencyGeneratePcm arm64 /Users/admin/builder/spi-builder-workspace/.derivedData/SDKExplicitPrecompiledModules/UIUtilities-AOVGLUWEAN6CG2UZFNESGSP6C.pcm
SwiftExplicitDependencyGeneratePcm arm64 /Users/admin/builder/spi-builder-workspace/.derivedData/SDKExplicitPrecompiledModules/Network-EQPZZF3W6BWG89K0PY9NZO3T0.pcm
SwiftExplicitDependencyGeneratePcm arm64 /Users/admin/builder/spi-builder-workspace/.derivedData/SDKExplicitPrecompiledModules/Accessibility-1DR4J4YDVDGAYQTZ0FKZ1PU09.pcm
SwiftExplicitDependencyGeneratePcm arm64 /Users/admin/builder/spi-builder-workspace/.derivedData/SDKExplicitPrecompiledModules/UserNotifications-8IIV1V1FPNAPA4LY1Y23LOM2N.pcm
SwiftExplicitDependencyGeneratePcm arm64 /Users/admin/builder/spi-builder-workspace/.derivedData/SDKExplicitPrecompiledModules/CoreData-73N6Z547OZUEZ8ADGEC6XRHWN.pcm
SwiftExplicitDependencyGeneratePcm arm64 /Users/admin/builder/spi-builder-workspace/.derivedData/SDKExplicitPrecompiledModules/FileProvider-C9I28SI56F2SEVH1BCWTKGODO.pcm
SwiftExplicitDependencyGeneratePcm arm64 /Users/admin/builder/spi-builder-workspace/.derivedData/SDKExplicitPrecompiledModules/DataDetection-BANTQ3WXXGKZJYC0LLB3MD9K0.pcm
SwiftExplicitDependencyGeneratePcm arm64 /Users/admin/builder/spi-builder-workspace/.derivedData/SDKExplicitPrecompiledModules/CoreTransferable-8TBYAKHCX6UC8QQSS7BD8GQK5.pcm
SwiftExplicitDependencyGeneratePcm arm64 /Users/admin/builder/spi-builder-workspace/.derivedData/SDKExplicitPrecompiledModules/CoreMIDI-7L19IC4ZH9BPYLVTD8IIFWN9R.pcm
SwiftExplicitDependencyGeneratePcm arm64 /Users/admin/builder/spi-builder-workspace/.derivedData/SDKExplicitPrecompiledModules/Symbols-8G2XC01RPQ5HYIZE6JNUT864I.pcm
SwiftExplicitDependencyGeneratePcm arm64 /Users/admin/builder/spi-builder-workspace/.derivedData/SDKExplicitPrecompiledModules/IOSurface-5FE9U89GVFF9A7X7AGO2R8ENI.pcm
SwiftExplicitDependencyGeneratePcm arm64 /Users/admin/builder/spi-builder-workspace/.derivedData/SDKExplicitPrecompiledModules/_LocationEssentials-8GQGFVARUE99D8VJX3TINY0VP.pcm
SwiftExplicitDependencyGeneratePcm arm64 /Users/admin/builder/spi-builder-workspace/.derivedData/SDKExplicitPrecompiledModules/LocalAuthentication-9MSPUJ85OBXBTOD7NJCT1GZ0O.pcm
SwiftExplicitDependencyGeneratePcm arm64 /Users/admin/builder/spi-builder-workspace/.derivedData/SDKExplicitPrecompiledModules/UniformTypeIdentifiers-E5KMWDZEKS4QW9RO1KBRDEXV6.pcm
SwiftExplicitDependencyGeneratePcm arm64 /Users/admin/builder/spi-builder-workspace/.derivedData/SDKExplicitPrecompiledModules/AudioToolbox-2K3S8EA590EB3GMH6D6784BWZ.pcm
SwiftExplicitDependencyGeneratePcm arm64 /Users/admin/builder/spi-builder-workspace/.derivedData/SDKExplicitPrecompiledModules/AVRouting-55P8FRNK50AFZOMMB2LBBOX33.pcm
SwiftExplicitDependencyGeneratePcm arm64 /Users/admin/builder/spi-builder-workspace/.derivedData/SDKExplicitPrecompiledModules/CoreLocation-1SN37095DAPVJ068LLP9TBDQX.pcm
SwiftExplicitDependencyGeneratePcm arm64 /Users/admin/builder/spi-builder-workspace/.derivedData/SDKExplicitPrecompiledModules/OpenGLES-56BKSYXNVAP91BYZRWAKQZKGI.pcm
SwiftExplicitDependencyGeneratePcm arm64 /Users/admin/builder/spi-builder-workspace/.derivedData/SDKExplicitPrecompiledModules/Metal-EKNUM9P3PRIBHZK1ZBD6BA2T7.pcm
SwiftExplicitDependencyGeneratePcm arm64 /Users/admin/builder/spi-builder-workspace/.derivedData/SDKExplicitPrecompiledModules/CoreMotion-10LV922UPGE28QX2SOIO7ALIZ.pcm
SwiftExplicitDependencyCompileModuleFromInterface arm64 /Users/admin/builder/spi-builder-workspace/.derivedData/SDKExplicitPrecompiledModules/ShaderGraph-URHKVVOFZL5Z.swiftmodule
SwiftExplicitDependencyGeneratePcm arm64 /Users/admin/builder/spi-builder-workspace/.derivedData/SDKExplicitPrecompiledModules/CoreVideo-E12HJSJSLO0YKWYBES11UKJ02.pcm
SwiftExplicitDependencyGeneratePcm arm64 /Users/admin/builder/spi-builder-workspace/.derivedData/SDKExplicitPrecompiledModules/CoreMedia-D1IBHC28BRHWLNUG1Q75G5YN0.pcm
SwiftExplicitDependencyGeneratePcm arm64 /Users/admin/builder/spi-builder-workspace/.derivedData/SDKExplicitPrecompiledModules/CoreImage-8WF1P230U10QM666EQMNV7OF1.pcm
SwiftExplicitDependencyGeneratePcm arm64 /Users/admin/builder/spi-builder-workspace/.derivedData/SDKExplicitPrecompiledModules/CoreML-37QYERWC0RQN4IY4377UD0TY1.pcm
SwiftExplicitDependencyGeneratePcm arm64 /Users/admin/builder/spi-builder-workspace/.derivedData/SDKExplicitPrecompiledModules/ARKitFoundation-3N77COW7DLP77CM0PWZXSR9BD.pcm
SwiftExplicitDependencyGeneratePcm arm64 /Users/admin/builder/spi-builder-workspace/.derivedData/SDKExplicitPrecompiledModules/QuartzCore-12T8WVKUNCL1N7VXH87MM4YOB.pcm
SwiftExplicitDependencyGeneratePcm arm64 /Users/admin/builder/spi-builder-workspace/.derivedData/SDKExplicitPrecompiledModules/SwiftUICore-6OBBMA39VFD4CB6SG2PE41FAP.pcm
SwiftExplicitDependencyGeneratePcm arm64 /Users/admin/builder/spi-builder-workspace/.derivedData/SDKExplicitPrecompiledModules/VideoToolbox-7I4MDYIPJ4IWU1ZSL4JE3I7M6.pcm
SwiftExplicitDependencyGeneratePcm arm64 /Users/admin/builder/spi-builder-workspace/.derivedData/SDKExplicitPrecompiledModules/AVFAudio-E8GATWFYYBEBB41O9N0LRRGYC.pcm
SwiftExplicitDependencyGeneratePcm arm64 /Users/admin/builder/spi-builder-workspace/.derivedData/SDKExplicitPrecompiledModules/MediaToolbox-1J5U29ERBPNPI1HKEJHXOP8EV.pcm
SwiftExplicitDependencyGeneratePcm arm64 /Users/admin/builder/spi-builder-workspace/.derivedData/SDKExplicitPrecompiledModules/Vision-DVVG9MQGC3IMTVPTC1691MQ6Z.pcm
SwiftExplicitDependencyGeneratePcm arm64 /Users/admin/builder/spi-builder-workspace/.derivedData/SDKExplicitPrecompiledModules/UIKit-2D2PMAAE45TMO6S28UCGCO5BR.pcm
SwiftExplicitDependencyGeneratePcm arm64 /Users/admin/builder/spi-builder-workspace/.derivedData/SDKExplicitPrecompiledModules/AVFoundation-DFCX8GQJWVA3CZBITWEHAZEFX.pcm
SwiftExplicitDependencyGeneratePcm arm64 /Users/admin/builder/spi-builder-workspace/.derivedData/SDKExplicitPrecompiledModules/ARKitCore-307YVPJLQNB66BTBIONHZNP86.pcm
SwiftExplicitDependencyGeneratePcm arm64 /Users/admin/builder/spi-builder-workspace/.derivedData/SDKExplicitPrecompiledModules/SwiftUI-77PUPXISY3V3TUF5FJEHUQC86.pcm
SwiftExplicitDependencyGeneratePcm arm64 /Users/admin/builder/spi-builder-workspace/.derivedData/SDKExplicitPrecompiledModules/GameController-7QL0VMQHE24OWQFUR0UFT89DW.pcm
SwiftExplicitDependencyGeneratePcm arm64 /Users/admin/builder/spi-builder-workspace/.derivedData/SDKExplicitPrecompiledModules/ARKit-27VDPOZ50FG2MJG7OFV6IFQYQ.pcm
SwiftEmitModule normal arm64 Emitting\ module\ for\ CodeQuickKit (in target 'CodeQuickKit' from project 'CodeQuickKit')
/Users/admin/builder/spi-builder-workspace/Sources/CodeQuickKit/UIKit/Bundle+Storyboards.swift:6:33: warning: 'UIStoryboard' was deprecated in visionOS 1.0: Loading Interface Builder products will not be supported in a future version of visionOS. [#DeprecatedDeclaration]
 4 | public extension Bundle {
 5 |     /// This call potentially throws an exception that cannot be caught.
 6 |     var launchScreenStoryboard: UIStoryboard? {
   |                                 `- warning: 'UIStoryboard' was deprecated in visionOS 1.0: Loading Interface Builder products will not be supported in a future version of visionOS. [#DeprecatedDeclaration]
 7 |         guard let name = launchStoryboardName else {
 8 |             return nil
/Users/admin/builder/spi-builder-workspace/Sources/CodeQuickKit/UIKit/Bundle+Storyboards.swift:15:25: warning: 'UIStoryboard' was deprecated in visionOS 1.0: Loading Interface Builder products will not be supported in a future version of visionOS. [#DeprecatedDeclaration]
13 |
14 |     /// This call potentially throws an exception that cannot be caught.
15 |     var mainStoryboard: UIStoryboard? {
   |                         `- warning: 'UIStoryboard' was deprecated in visionOS 1.0: Loading Interface Builder products will not be supported in a future version of visionOS. [#DeprecatedDeclaration]
16 |         guard let name = mainStoryboardName else {
17 |             return nil
/Users/admin/builder/spi-builder-workspace/Sources/CodeQuickKit/UIKit/HUD.swift:264:52: error: 'whiteLarge' is unavailable in visionOS
262 |             view = UIActivityIndicatorView(style: .large)
263 |         } else {
264 |             view = UIActivityIndicatorView(style: .whiteLarge)
    |                                                    `- error: 'whiteLarge' is unavailable in visionOS
265 |         }
266 |         view.translatesAutoresizingMaskIntoConstraints = false
UIKit.UIActivityIndicatorView.Style.whiteLarge:5:10: note: 'whiteLarge' has been explicitly marked unavailable here
3 | @available(iOS, introduced: 2.0, deprecated: 13.0, renamed: "UIActivityIndicatorView.Style.large")
4 |     @available(visionOS, unavailable)
5 |     case whiteLarge  }
  |          `- note: 'whiteLarge' has been explicitly marked unavailable here
6 | }
7 |
/Users/admin/builder/spi-builder-workspace/Sources/CodeQuickKit/UIKit/Reusable.swift:31:18: warning: 'UIStoryboard' was deprecated in visionOS 1.0: Loading Interface Builder products will not be supported in a future version of visionOS. [#DeprecatedDeclaration]
 29 | extension UIViewController: Reusable {}
 30 |
 31 | public extension UIStoryboard {
    |                  `- warning: 'UIStoryboard' was deprecated in visionOS 1.0: Loading Interface Builder products will not be supported in a future version of visionOS. [#DeprecatedDeclaration]
 32 |     /// Instantiates a UIViewController for the provided `Reusable` type.
 33 |     /// - throws: NSInvalidArgumentException (when unable to locate view with identifier)
[#DeprecatedDeclaration]: <https://docs.swift.org/compiler/documentation/diagnostics/deprecated-declaration>
Failed frontend command:
SwiftCompile normal arm64 (in target 'CodeQuickKit' from project 'CodeQuickKit')
    cd /Users/admin/builder/spi-builder-workspace/.swiftpm/xcode

/Applications/Xcode-27.0.0-Release.Candidate.app/Contents/Developer/Toolchains/XcodeDefault.xctoolchain/usr/bin/swift-frontend -frontend -emit-module -experimental-skip-non-inlinable-function-bodies-without-types /Users/admin/builder/spi-builder-workspace/Sources/CodeQuickKit/Foundation/Bundle+CommonKeys.swift /Users/admin/builder/spi-builder-workspace/Sources/CodeQuickKit/Foundation/Bundle+DecodableResources.swift /Users/admin/builder/spi-builder-workspace/Sources/CodeQuickKit/Foundation/Character+Casing.swift /Users/admin/builder/spi-builder-workspace/Sources/CodeQuickKit/Foundation/Date+Semantic.swift /Users/admin/builder/spi-builder-workspace/Sources/CodeQuickKit/Foundation/FileManager.swift /Users/admin/builder/spi-builder-workspace/Sources/CodeQuickKit/Foundation/NSMetadataQuery.swift /Users/admin/builder/spi-builder-workspace/Sources/CodeQuickKit/Foundation/NumberFormatter.swift /Users/admin/builder/spi-builder-workspace/Sources/CodeQuickKit/Foundation/PausableTimer.swift /Users/admin/builder/spi-builder-workspace/Sources/CodeQuickKit/Foundation/String+Casing.swift /Users/admin/builder/spi-builder-workspace/Sources/CodeQuickKit/Foundation/StringProtocol+Replacement.swift /Users/admin/builder/spi-builder-workspace/Sources/CodeQuickKit/Foundation/Ubiquity.swift /Users/admin/builder/spi-builder-workspace/Sources/CodeQuickKit/Foundation/UserDefault.swift /Users/admin/builder/spi-builder-workspace/Sources/CodeQuickKit/Foundation/UserDefaults.swift /Users/admin/builder/spi-builder-workspace/Sources/CodeQuickKit/Swift/Dependency.swift /Users/admin/builder/spi-builder-workspace/Sources/CodeQuickKit/Swift/DependencyCache.swift /Users/admin/builder/spi-builder-workspace/Sources/CodeQuickKit/Swift/DependencySupplier.swift /Users/admin/builder/spi-builder-workspace/Sources/CodeQuickKit/Swift/Sequence+KeyPath.swift /Users/admin/builder/spi-builder-workspace/Sources/CodeQuickKit/Swift/Sequence+SplitBefore.swift /Users/admin/builder/spi-builder-workspace/Sources/CodeQuickKit/SwiftUI/ActivityAlertView.swift /Users/admin/builder/spi-builder-workspace/Sources/CodeQuickKit/UIKit/Bundle+Storyboards.swift /Users/admin/builder/spi-builder-workspace/Sources/CodeQuickKit/UIKit/HUD.swift /Users/admin/builder/spi-builder-workspace/Sources/CodeQuickKit/UIKit/NSMutableAttributedString.swift /Users/admin/builder/spi-builder-workspace/Sources/CodeQuickKit/UIKit/Reusable.swift /Users/admin/builder/spi-builder-workspace/Sources/CodeQuickKit/UIKit/UIAlertController+ActivityAlert.swift /Users/admin/builder/spi-builder-workspace/Sources/CodeQuickKit/UIKit/UIAlertController.swift /Users/admin/builder/spi-builder-workspace/Sources/CodeQuickKit/UIKit/UIPickerView.swift /Users/admin/builder/spi-builder-workspace/Sources/CodeQuickKit/UIKit/UIViewController.swift -target arm64-apple-xros1.0 -module-can-import-version ObjectiveC 973.1 0 -module-can-import-version SwiftUI 8.0.84.1 8.0.84 -module-can-import-version UIKit 9127.0.84.1 9127.0.84 -disable-cross-import-overlay-search -load-resolved-plugin /Applications/Xcode-27.0.0-Release.Candidate.app/Contents/Developer/Platforms/XROS.platform/Developer/usr/lib/swift/host/plugins/libFoundationMacros.dylib\#/Applications/Xcode-27.0.0-Release.Candidate.app/Contents/Developer/Platforms/XROS.platform/Developer/usr/bin/swift-plugin-server\#FoundationMacros -load-resolved-plugin /Applications/Xcode-27.0.0-Release.Candidate.app/Contents/Developer/Platforms/XROS.platform/Developer/usr/lib/swift/host/plugins/libObservationMacros.dylib\#/Applications/Xcode-27.0.0-Release.Candidate.app/Contents/Developer/Platforms/XROS.platform/Developer/usr/bin/swift-plugin-server\#ObservationMacros -load-resolved-plugin /Applications/Xcode-27.0.0-Release.Candidate.app/Contents/Developer/Platforms/XROS.platform/Developer/usr/lib/swift/host/plugins/libPreviewsMacros.dylib\#/Applications/Xcode-27.0.0-Release.Candidate.app/Contents/Developer/Platforms/XROS.platform/Developer/usr/bin/swift-plugin-server\#PreviewsMacros -load-resolved-plugin /Applications/Xcode-27.0.0-Release.Candidate.app/Contents/Developer/Platforms/XROS.platform/Developer/usr/lib/swift/host/plugins/libSwiftMacros.dylib\#/Applications/Xcode-27.0.0-Release.Candidate.app/Contents/Developer/Platforms/XROS.platform/Developer/usr/bin/swift-plugin-server\#SwiftMacros -load-resolved-plugin /Applications/Xcode-27.0.0-Release.Candidate.app/Contents/Developer/Platforms/XROS.platform/Developer/usr/lib/swift/host/plugins/libSwiftUIMacros.dylib\#/Applications/Xcode-27.0.0-Release.Candidate.app/Contents/Developer/Platforms/XROS.platform/Developer/usr/bin/swift-plugin-server\#SwiftUIMacros -disable-implicit-swift-modules -Xcc -fno-implicit-modules -Xcc -fno-implicit-module-maps -explicit-swift-module-map-file /Users/admin/builder/spi-builder-workspace/.derivedData/Build/Intermediates.noindex/CodeQuickKit.build/Debug-xros/CodeQuickKit-t.build/Objects-normal/arm64/CodeQuickKit-dependencies-1.json -Xllvm -aarch64-use-tbi -enable-objc-interop -stack-check -sdk /Applications/Xcode-27.0.0-Release.Candidate.app/Contents/Developer/Platforms/XROS.platform/Developer/SDKs/XROS27.0.sdk -I /Users/admin/builder/spi-builder-workspace/.derivedData/Build/Products/Debug-xros -Isystem /Applications/Xcode-27.0.0-Release.Candidate.app/Contents/Developer/Platforms/XROS.platform/Developer/usr/lib -F /Users/admin/builder/spi-builder-workspace/.derivedData/Build/Products/Debug-xros -F /Applications/Xcode-27.0.0-Release.Candidate.app/Contents/Developer/Platforms/XROS.platform/Developer/Library/Frameworks -F /Applications/Xcode-27.0.0-Release.Candidate.app/Contents/Developer/Platforms/XROS.platform/Developer/SDKs/XROS27.0.sdk/Developer/Library/Frameworks -module-cache-path /Users/admin/builder/spi-builder-workspace/.derivedData/Build/Intermediates.noindex/SwiftExplicitPrecompiledModules -no-color-diagnostics -Xcc -fno-color-diagnostics -enable-testing -g -debug-info-format\=dwarf -dwarf-version\=4 -profile-generate -profile-coverage-mapping -swift-version 5 -Onone -D SWIFT_PACKAGE -D DEBUG -D SWIFT_MODULE_RESOURCE_BUNDLE_UNAVAILABLE -D Xcode -serialize-debugging-options -enable-experimental-feature DebugDescriptionMacro -empty-abi-descriptor -validate-clang-modules-once -clang-build-session-file /Users/admin/builder/spi-builder-workspace/.derivedData/ModuleCache.noindex/Session.modulevalidation -Xcc -working-directory -Xcc /Users/admin/builder/spi-builder-workspace/.swiftpm/xcode -enable-anonymous-context-mangled-names -file-compilation-dir /Users/admin/builder/spi-builder-workspace/.swiftpm/xcode -Xcc -D_LIBCPP_HARDENING_MODE\=_LIBCPP_HARDENING_MODE_DEBUG -Xcc -ivfsstatcache -Xcc /Users/admin/builder/spi-builder-workspace/.derivedData/SDKStatCaches.noindex/xros27.0-24M361-e829b21a6f8c9b70876ba0858053c044735bd543db762f57723cac368afd1ce4.sdkstatcache -Xcc -fmodules-prune-interval\=86400 -Xcc -fmodules-prune-after\=345600 -Xcc -I/Users/admin/builder/spi-builder-workspace/.derivedData/Build/Products/Debug-xros/include -Xcc -I/Users/admin/builder/spi-builder-workspace/.derivedData/Build/Intermediates.noindex/CodeQuickKit.build/Debug-xros/CodeQuickKit-t.build/DerivedSources-normal/arm64 -Xcc -I/Users/admin/builder/spi-builder-workspace/.derivedData/Build/Intermediates.noindex/CodeQuickKit.build/Debug-xros/CodeQuickKit-t.build/DerivedSources/arm64 -Xcc -I/Users/admin/builder/spi-builder-workspace/.derivedData/Build/Intermediates.noindex/CodeQuickKit.build/Debug-xros/CodeQuickKit-t.build/DerivedSources -Xcc -DSWIFT_PACKAGE -Xcc -DDEBUG\=1 -no-auto-bridging-header-chaining -module-name CodeQuickKit -const-gather-protocols-file /Users/admin/builder/spi-builder-workspace/.derivedData/Build/Intermediates.noindex/CodeQuickKit.build/Debug-xros/CodeQuickKit-t.build/Objects-normal/arm64/CodeQuickKit_const_extract_protocols.json -disable-clang-spi -clang-target arm64-apple-xros27.0 -target-sdk-version 27.0 -target-sdk-name xros27.0 -in-process-plugin-server-path /Applications/Xcode-27.0.0-Release.Candidate.app/Contents/Developer/Toolchains/XcodeDefault.xctoolchain/usr/lib/swift/host/libSwiftInProcPluginServer.dylib -emit-module-doc-path /Users/admin/builder/spi-builder-workspace/.derivedData/Build/Intermediates.noindex/CodeQuickKit.build/Debug-xros/CodeQuickKit-t.build/Objects-normal/arm64/CodeQuickKit.swiftdoc -emit-module-source-info-path /Users/admin/builder/spi-builder-workspace/.derivedData/Build/Intermediates.noindex/CodeQuickKit.build/Debug-xros/CodeQuickKit-t.build/Objects-normal/arm64/CodeQuickKit.swiftsourceinfo -emit-objc-header-path /Users/admin/builder/spi-builder-workspace/.derivedData/Build/Intermediates.noindex/CodeQuickKit.build/Debug-xros/CodeQuickKit-t.build/Objects-normal/arm64/CodeQuickKit-Swift.h -serialize-diagnostics-path /Users/admin/builder/spi-builder-workspace/.derivedData/Build/Intermediates.noindex/CodeQuickKit.build/Debug-xros/CodeQuickKit-t.build/Objects-normal/arm64/CodeQuickKit-primary-emit-module.dia -emit-dependencies-path /Users/admin/builder/spi-builder-workspace/.derivedData/Build/Intermediates.noindex/CodeQuickKit.build/Debug-xros/CodeQuickKit-t.build/Objects-normal/arm64/CodeQuickKit-primary-emit-module.d -parse-as-library -o /Users/admin/builder/spi-builder-workspace/.derivedData/Build/Intermediates.noindex/CodeQuickKit.build/Debug-xros/CodeQuickKit-t.build/Objects-normal/arm64/CodeQuickKit.swiftmodule -emit-abi-descriptor-path /Users/admin/builder/spi-builder-workspace/.derivedData/Build/Intermediates.noindex/CodeQuickKit.build/Debug-xros/CodeQuickKit-t.build/Objects-normal/arm64/CodeQuickKit.abi.json
SwiftCompile normal arm64 Compiling\ Date+Semantic.swift,\ FileManager.swift,\ NSMetadataQuery.swift /Users/admin/builder/spi-builder-workspace/Sources/CodeQuickKit/Foundation/Date+Semantic.swift /Users/admin/builder/spi-builder-workspace/Sources/CodeQuickKit/Foundation/FileManager.swift /Users/admin/builder/spi-builder-workspace/Sources/CodeQuickKit/Foundation/NSMetadataQuery.swift (in target 'CodeQuickKit' from project 'CodeQuickKit')
SwiftCompile normal arm64 /Users/admin/builder/spi-builder-workspace/Sources/CodeQuickKit/Foundation/Date+Semantic.swift (in target 'CodeQuickKit' from project 'CodeQuickKit')
    cd /Users/admin/builder/spi-builder-workspace/.swiftpm/xcode
    builtin-SwiftPerFileCompile Date+Semantic.swift
SwiftCompile normal arm64 /Users/admin/builder/spi-builder-workspace/Sources/CodeQuickKit/Foundation/FileManager.swift (in target 'CodeQuickKit' from project 'CodeQuickKit')
    cd /Users/admin/builder/spi-builder-workspace/.swiftpm/xcode
    builtin-SwiftPerFileCompile FileManager.swift
SwiftCompile normal arm64 /Users/admin/builder/spi-builder-workspace/Sources/CodeQuickKit/Foundation/NSMetadataQuery.swift (in target 'CodeQuickKit' from project 'CodeQuickKit')
    cd /Users/admin/builder/spi-builder-workspace/.swiftpm/xcode
    builtin-SwiftPerFileCompile NSMetadataQuery.swift
SwiftCompile normal arm64 Compiling\ UIAlertController+ActivityAlert.swift,\ UIAlertController.swift /Users/admin/builder/spi-builder-workspace/Sources/CodeQuickKit/UIKit/UIAlertController+ActivityAlert.swift /Users/admin/builder/spi-builder-workspace/Sources/CodeQuickKit/UIKit/UIAlertController.swift (in target 'CodeQuickKit' from project 'CodeQuickKit')
SwiftCompile normal arm64 /Users/admin/builder/spi-builder-workspace/Sources/CodeQuickKit/UIKit/UIAlertController+ActivityAlert.swift (in target 'CodeQuickKit' from project 'CodeQuickKit')
    cd /Users/admin/builder/spi-builder-workspace/.swiftpm/xcode
    builtin-SwiftPerFileCompile UIAlertController+ActivityAlert.swift
SwiftCompile normal arm64 /Users/admin/builder/spi-builder-workspace/Sources/CodeQuickKit/UIKit/UIAlertController.swift (in target 'CodeQuickKit' from project 'CodeQuickKit')
    cd /Users/admin/builder/spi-builder-workspace/.swiftpm/xcode
    builtin-SwiftPerFileCompile UIAlertController.swift
SwiftCompile normal arm64 Compiling\ UIPickerView.swift,\ UIViewController.swift /Users/admin/builder/spi-builder-workspace/Sources/CodeQuickKit/UIKit/UIPickerView.swift /Users/admin/builder/spi-builder-workspace/Sources/CodeQuickKit/UIKit/UIViewController.swift (in target 'CodeQuickKit' from project 'CodeQuickKit')
SwiftCompile normal arm64 /Users/admin/builder/spi-builder-workspace/Sources/CodeQuickKit/UIKit/UIPickerView.swift (in target 'CodeQuickKit' from project 'CodeQuickKit')
    cd /Users/admin/builder/spi-builder-workspace/.swiftpm/xcode
    builtin-SwiftPerFileCompile UIPickerView.swift
SwiftCompile normal arm64 /Users/admin/builder/spi-builder-workspace/Sources/CodeQuickKit/UIKit/UIViewController.swift (in target 'CodeQuickKit' from project 'CodeQuickKit')
    cd /Users/admin/builder/spi-builder-workspace/.swiftpm/xcode
    builtin-SwiftPerFileCompile UIViewController.swift
SwiftCompile normal arm64 Compiling\ StringProtocol+Replacement.swift,\ Ubiquity.swift,\ UserDefault.swift /Users/admin/builder/spi-builder-workspace/Sources/CodeQuickKit/Foundation/StringProtocol+Replacement.swift /Users/admin/builder/spi-builder-workspace/Sources/CodeQuickKit/Foundation/Ubiquity.swift /Users/admin/builder/spi-builder-workspace/Sources/CodeQuickKit/Foundation/UserDefault.swift (in target 'CodeQuickKit' from project 'CodeQuickKit')
SwiftCompile normal arm64 /Users/admin/builder/spi-builder-workspace/Sources/CodeQuickKit/Foundation/StringProtocol+Replacement.swift (in target 'CodeQuickKit' from project 'CodeQuickKit')
    cd /Users/admin/builder/spi-builder-workspace/.swiftpm/xcode
    builtin-SwiftPerFileCompile StringProtocol+Replacement.swift
SwiftCompile normal arm64 /Users/admin/builder/spi-builder-workspace/Sources/CodeQuickKit/Foundation/Ubiquity.swift (in target 'CodeQuickKit' from project 'CodeQuickKit')
    cd /Users/admin/builder/spi-builder-workspace/.swiftpm/xcode
    builtin-SwiftPerFileCompile Ubiquity.swift
SwiftCompile normal arm64 /Users/admin/builder/spi-builder-workspace/Sources/CodeQuickKit/Foundation/UserDefault.swift (in target 'CodeQuickKit' from project 'CodeQuickKit')
    cd /Users/admin/builder/spi-builder-workspace/.swiftpm/xcode
    builtin-SwiftPerFileCompile UserDefault.swift
SwiftCompile normal arm64 Compiling\ NumberFormatter.swift,\ PausableTimer.swift,\ String+Casing.swift /Users/admin/builder/spi-builder-workspace/Sources/CodeQuickKit/Foundation/NumberFormatter.swift /Users/admin/builder/spi-builder-workspace/Sources/CodeQuickKit/Foundation/PausableTimer.swift /Users/admin/builder/spi-builder-workspace/Sources/CodeQuickKit/Foundation/String+Casing.swift (in target 'CodeQuickKit' from project 'CodeQuickKit')
SwiftCompile normal arm64 /Users/admin/builder/spi-builder-workspace/Sources/CodeQuickKit/Foundation/NumberFormatter.swift (in target 'CodeQuickKit' from project 'CodeQuickKit')
    cd /Users/admin/builder/spi-builder-workspace/.swiftpm/xcode
    builtin-SwiftPerFileCompile NumberFormatter.swift
SwiftCompile normal arm64 /Users/admin/builder/spi-builder-workspace/Sources/CodeQuickKit/Foundation/PausableTimer.swift (in target 'CodeQuickKit' from project 'CodeQuickKit')
    cd /Users/admin/builder/spi-builder-workspace/.swiftpm/xcode
    builtin-SwiftPerFileCompile PausableTimer.swift
SwiftCompile normal arm64 /Users/admin/builder/spi-builder-workspace/Sources/CodeQuickKit/Foundation/String+Casing.swift (in target 'CodeQuickKit' from project 'CodeQuickKit')
    cd /Users/admin/builder/spi-builder-workspace/.swiftpm/xcode
    builtin-SwiftPerFileCompile String+Casing.swift
SwiftCompile normal arm64 Compiling\ UserDefaults.swift,\ Dependency.swift,\ DependencyCache.swift /Users/admin/builder/spi-builder-workspace/Sources/CodeQuickKit/Foundation/UserDefaults.swift /Users/admin/builder/spi-builder-workspace/Sources/CodeQuickKit/Swift/Dependency.swift /Users/admin/builder/spi-builder-workspace/Sources/CodeQuickKit/Swift/DependencyCache.swift (in target 'CodeQuickKit' from project 'CodeQuickKit')
SwiftCompile normal arm64 /Users/admin/builder/spi-builder-workspace/Sources/CodeQuickKit/Foundation/UserDefaults.swift (in target 'CodeQuickKit' from project 'CodeQuickKit')
    cd /Users/admin/builder/spi-builder-workspace/.swiftpm/xcode
    builtin-SwiftPerFileCompile UserDefaults.swift
SwiftCompile normal arm64 /Users/admin/builder/spi-builder-workspace/Sources/CodeQuickKit/Swift/Dependency.swift (in target 'CodeQuickKit' from project 'CodeQuickKit')
    cd /Users/admin/builder/spi-builder-workspace/.swiftpm/xcode
    builtin-SwiftPerFileCompile Dependency.swift
SwiftCompile normal arm64 /Users/admin/builder/spi-builder-workspace/Sources/CodeQuickKit/Swift/DependencyCache.swift (in target 'CodeQuickKit' from project 'CodeQuickKit')
    cd /Users/admin/builder/spi-builder-workspace/.swiftpm/xcode
    builtin-SwiftPerFileCompile DependencyCache.swift
SwiftCompile normal arm64 Compiling\ ActivityAlertView.swift,\ Bundle+Storyboards.swift,\ HUD.swift /Users/admin/builder/spi-builder-workspace/Sources/CodeQuickKit/SwiftUI/ActivityAlertView.swift /Users/admin/builder/spi-builder-workspace/Sources/CodeQuickKit/UIKit/Bundle+Storyboards.swift /Users/admin/builder/spi-builder-workspace/Sources/CodeQuickKit/UIKit/HUD.swift (in target 'CodeQuickKit' from project 'CodeQuickKit')
/Users/admin/builder/spi-builder-workspace/Sources/CodeQuickKit/UIKit/Bundle+Storyboards.swift:6:33: warning: 'UIStoryboard' was deprecated in visionOS 1.0: Loading Interface Builder products will not be supported in a future version of visionOS. [#DeprecatedDeclaration]
 4 | public extension Bundle {
 5 |     /// This call potentially throws an exception that cannot be caught.
 6 |     var launchScreenStoryboard: UIStoryboard? {
   |                                 `- warning: 'UIStoryboard' was deprecated in visionOS 1.0: Loading Interface Builder products will not be supported in a future version of visionOS. [#DeprecatedDeclaration]
 7 |         guard let name = launchStoryboardName else {
 8 |             return nil
/Users/admin/builder/spi-builder-workspace/Sources/CodeQuickKit/UIKit/Bundle+Storyboards.swift:15:25: warning: 'UIStoryboard' was deprecated in visionOS 1.0: Loading Interface Builder products will not be supported in a future version of visionOS. [#DeprecatedDeclaration]
13 |
14 |     /// This call potentially throws an exception that cannot be caught.
15 |     var mainStoryboard: UIStoryboard? {
   |                         `- warning: 'UIStoryboard' was deprecated in visionOS 1.0: Loading Interface Builder products will not be supported in a future version of visionOS. [#DeprecatedDeclaration]
16 |         guard let name = mainStoryboardName else {
17 |             return nil
/Users/admin/builder/spi-builder-workspace/Sources/CodeQuickKit/UIKit/Bundle+Storyboards.swift:11:16: warning: 'UIStoryboard' was deprecated in visionOS 1.0: Loading Interface Builder products will not be supported in a future version of visionOS. [#DeprecatedDeclaration]
 9 |         }
10 |
11 |         return UIStoryboard(name: name, bundle: self)
   |                `- warning: 'UIStoryboard' was deprecated in visionOS 1.0: Loading Interface Builder products will not be supported in a future version of visionOS. [#DeprecatedDeclaration]
12 |     }
13 |
/Users/admin/builder/spi-builder-workspace/Sources/CodeQuickKit/UIKit/Bundle+Storyboards.swift:20:16: warning: 'UIStoryboard' was deprecated in visionOS 1.0: Loading Interface Builder products will not be supported in a future version of visionOS. [#DeprecatedDeclaration]
18 |         }
19 |
20 |         return UIStoryboard(name: name, bundle: self)
   |                `- warning: 'UIStoryboard' was deprecated in visionOS 1.0: Loading Interface Builder products will not be supported in a future version of visionOS. [#DeprecatedDeclaration]
21 |     }
22 | }
SwiftCompile normal arm64 /Users/admin/builder/spi-builder-workspace/Sources/CodeQuickKit/SwiftUI/ActivityAlertView.swift (in target 'CodeQuickKit' from project 'CodeQuickKit')
    cd /Users/admin/builder/spi-builder-workspace/.swiftpm/xcode
    builtin-SwiftPerFileCompile ActivityAlertView.swift
SwiftCompile normal arm64 /Users/admin/builder/spi-builder-workspace/Sources/CodeQuickKit/UIKit/Bundle+Storyboards.swift (in target 'CodeQuickKit' from project 'CodeQuickKit')
    cd /Users/admin/builder/spi-builder-workspace/.swiftpm/xcode
    builtin-SwiftPerFileCompile Bundle+Storyboards.swift
SwiftCompile normal arm64 /Users/admin/builder/spi-builder-workspace/Sources/CodeQuickKit/UIKit/HUD.swift (in target 'CodeQuickKit' from project 'CodeQuickKit')
    cd /Users/admin/builder/spi-builder-workspace/.swiftpm/xcode
    builtin-SwiftPerFileCompile HUD.swift
SwiftCompile normal arm64 Compiling\ NSMutableAttributedString.swift,\ Reusable.swift /Users/admin/builder/spi-builder-workspace/Sources/CodeQuickKit/UIKit/NSMutableAttributedString.swift /Users/admin/builder/spi-builder-workspace/Sources/CodeQuickKit/UIKit/Reusable.swift (in target 'CodeQuickKit' from project 'CodeQuickKit')
/Users/admin/builder/spi-builder-workspace/Sources/CodeQuickKit/UIKit/Reusable.swift:31:18: warning: 'UIStoryboard' was deprecated in visionOS 1.0: Loading Interface Builder products will not be supported in a future version of visionOS. [#DeprecatedDeclaration]
 29 | extension UIViewController: Reusable {}
 30 |
 31 | public extension UIStoryboard {
    |                  `- warning: 'UIStoryboard' was deprecated in visionOS 1.0: Loading Interface Builder products will not be supported in a future version of visionOS. [#DeprecatedDeclaration]
 32 |     /// Instantiates a UIViewController for the provided `Reusable` type.
 33 |     /// - throws: NSInvalidArgumentException (when unable to locate view with identifier)
/Users/admin/builder/spi-builder-workspace/Sources/CodeQuickKit/UIKit/Reusable.swift:56:23: warning: 'UINib' was deprecated in visionOS 1.0: Loading Interface Builder products will not be supported in a future version of visionOS. [#DeprecatedDeclaration]
 54 |         let bundle = Bundle(for: T.self)
 55 |         if let _ = bundle.url(forResource: T.reuseIdentifier, withExtension: "nib") {
 56 |             let nib = UINib(nibName: T.reuseIdentifier, bundle: bundle)
    |                       `- warning: 'UINib' was deprecated in visionOS 1.0: Loading Interface Builder products will not be supported in a future version of visionOS. [#DeprecatedDeclaration]
 57 |             self.register(nib, forCellReuseIdentifier: T.reuseIdentifier)
 58 |         } else {
/Users/admin/builder/spi-builder-workspace/Sources/CodeQuickKit/UIKit/Reusable.swift:57:18: warning: 'register(_:forCellReuseIdentifier:)' was deprecated in visionOS 1.0: Loading Interface Builder products will not be supported in a future version of visionOS. [#DeprecatedDeclaration]
 55 |         if let _ = bundle.url(forResource: T.reuseIdentifier, withExtension: "nib") {
 56 |             let nib = UINib(nibName: T.reuseIdentifier, bundle: bundle)
 57 |             self.register(nib, forCellReuseIdentifier: T.reuseIdentifier)
    |                  `- warning: 'register(_:forCellReuseIdentifier:)' was deprecated in visionOS 1.0: Loading Interface Builder products will not be supported in a future version of visionOS. [#DeprecatedDeclaration]
 58 |         } else {
 59 |             self.register(reusableType, forCellReuseIdentifier: T.reuseIdentifier)
/Users/admin/builder/spi-builder-workspace/Sources/CodeQuickKit/UIKit/Reusable.swift:80:23: warning: 'UINib' was deprecated in visionOS 1.0: Loading Interface Builder products will not be supported in a future version of visionOS. [#DeprecatedDeclaration]
 78 |         let bundle = Bundle(for: T.self)
 79 |         if let _ = bundle.url(forResource: T.reuseIdentifier, withExtension: "nib") {
 80 |             let nib = UINib(nibName: T.reuseIdentifier, bundle: bundle)
    |                       `- warning: 'UINib' was deprecated in visionOS 1.0: Loading Interface Builder products will not be supported in a future version of visionOS. [#DeprecatedDeclaration]
 81 |             self.register(nib, forCellWithReuseIdentifier: T.reuseIdentifier)
 82 |         } else {
/Users/admin/builder/spi-builder-workspace/Sources/CodeQuickKit/UIKit/Reusable.swift:81:18: warning: 'register(_:forCellWithReuseIdentifier:)' was deprecated in visionOS 1.0: Loading Interface Builder products will not be supported in a future version of visionOS. [#DeprecatedDeclaration]
 79 |         if let _ = bundle.url(forResource: T.reuseIdentifier, withExtension: "nib") {
 80 |             let nib = UINib(nibName: T.reuseIdentifier, bundle: bundle)
 81 |             self.register(nib, forCellWithReuseIdentifier: T.reuseIdentifier)
    |                  `- warning: 'register(_:forCellWithReuseIdentifier:)' was deprecated in visionOS 1.0: Loading Interface Builder products will not be supported in a future version of visionOS. [#DeprecatedDeclaration]
 82 |         } else {
 83 |             self.register(reusableType, forCellWithReuseIdentifier: T.reuseIdentifier)
/Users/admin/builder/spi-builder-workspace/Sources/CodeQuickKit/UIKit/Reusable.swift:104:23: warning: 'UINib' was deprecated in visionOS 1.0: Loading Interface Builder products will not be supported in a future version of visionOS. [#DeprecatedDeclaration]
102 |         let bundle = Bundle(for: T.self)
103 |         if let _ = bundle.url(forResource: T.reuseIdentifier, withExtension: "nib") {
104 |             let nib = UINib(nibName: T.reuseIdentifier, bundle: bundle)
    |                       `- warning: 'UINib' was deprecated in visionOS 1.0: Loading Interface Builder products will not be supported in a future version of visionOS. [#DeprecatedDeclaration]
105 |             self.register(nib, forSupplementaryViewOfKind: ofKind, withReuseIdentifier: T.reuseIdentifier)
106 |         } else {
SwiftCompile normal arm64 /Users/admin/builder/spi-builder-workspace/Sources/CodeQuickKit/UIKit/NSMutableAttributedString.swift (in target 'CodeQuickKit' from project 'CodeQuickKit')
    cd /Users/admin/builder/spi-builder-workspace/.swiftpm/xcode
    builtin-SwiftPerFileCompile NSMutableAttributedString.swift
SwiftCompile normal arm64 /Users/admin/builder/spi-builder-workspace/Sources/CodeQuickKit/UIKit/Reusable.swift (in target 'CodeQuickKit' from project 'CodeQuickKit')
    cd /Users/admin/builder/spi-builder-workspace/.swiftpm/xcode
    builtin-SwiftPerFileCompile Reusable.swift
SwiftCompile normal arm64 Compiling\ DependencySupplier.swift,\ Sequence+KeyPath.swift,\ Sequence+SplitBefore.swift /Users/admin/builder/spi-builder-workspace/Sources/CodeQuickKit/Swift/DependencySupplier.swift /Users/admin/builder/spi-builder-workspace/Sources/CodeQuickKit/Swift/Sequence+KeyPath.swift /Users/admin/builder/spi-builder-workspace/Sources/CodeQuickKit/Swift/Sequence+SplitBefore.swift (in target 'CodeQuickKit' from project 'CodeQuickKit')
SwiftCompile normal arm64 /Users/admin/builder/spi-builder-workspace/Sources/CodeQuickKit/Swift/DependencySupplier.swift (in target 'CodeQuickKit' from project 'CodeQuickKit')
    cd /Users/admin/builder/spi-builder-workspace/.swiftpm/xcode
    builtin-SwiftPerFileCompile DependencySupplier.swift
SwiftCompile normal arm64 /Users/admin/builder/spi-builder-workspace/Sources/CodeQuickKit/Swift/Sequence+KeyPath.swift (in target 'CodeQuickKit' from project 'CodeQuickKit')
    cd /Users/admin/builder/spi-builder-workspace/.swiftpm/xcode
    builtin-SwiftPerFileCompile Sequence+KeyPath.swift
SwiftCompile normal arm64 /Users/admin/builder/spi-builder-workspace/Sources/CodeQuickKit/Swift/Sequence+SplitBefore.swift (in target 'CodeQuickKit' from project 'CodeQuickKit')
    cd /Users/admin/builder/spi-builder-workspace/.swiftpm/xcode
    builtin-SwiftPerFileCompile Sequence+SplitBefore.swift
SwiftCompile normal arm64 Compiling\ Bundle+CommonKeys.swift,\ Bundle+DecodableResources.swift,\ Character+Casing.swift /Users/admin/builder/spi-builder-workspace/Sources/CodeQuickKit/Foundation/Bundle+CommonKeys.swift /Users/admin/builder/spi-builder-workspace/Sources/CodeQuickKit/Foundation/Bundle+DecodableResources.swift /Users/admin/builder/spi-builder-workspace/Sources/CodeQuickKit/Foundation/Character+Casing.swift (in target 'CodeQuickKit' from project 'CodeQuickKit')
SwiftCompile normal arm64 /Users/admin/builder/spi-builder-workspace/Sources/CodeQuickKit/Foundation/Bundle+CommonKeys.swift (in target 'CodeQuickKit' from project 'CodeQuickKit')
    cd /Users/admin/builder/spi-builder-workspace/.swiftpm/xcode
    builtin-SwiftPerFileCompile Bundle+CommonKeys.swift
SwiftCompile normal arm64 /Users/admin/builder/spi-builder-workspace/Sources/CodeQuickKit/Foundation/Bundle+DecodableResources.swift (in target 'CodeQuickKit' from project 'CodeQuickKit')
    cd /Users/admin/builder/spi-builder-workspace/.swiftpm/xcode
    builtin-SwiftPerFileCompile Bundle+DecodableResources.swift
SwiftCompile normal arm64 /Users/admin/builder/spi-builder-workspace/Sources/CodeQuickKit/Foundation/Character+Casing.swift (in target 'CodeQuickKit' from project 'CodeQuickKit')
    cd /Users/admin/builder/spi-builder-workspace/.swiftpm/xcode
    builtin-SwiftPerFileCompile Character+Casing.swift
PruneExplicitPrecompiledModules /Users/admin/builder/spi-builder-workspace/.derivedData/Build/Intermediates.noindex/ExplicitPrecompiledModules
PruneExplicitPrecompiledModules /Users/admin/builder/spi-builder-workspace/.derivedData/Build/Intermediates.noindex/SwiftExplicitPrecompiledModules
PruneExplicitPrecompiledModules /Users/admin/builder/spi-builder-workspace/.derivedData/SDKExplicitPrecompiledModules
2026-09-18 15:42:23.771 xcodebuild[644:4135] [MT] IDERunDestination: Supported platforms for the buildables in the current scheme is empty.
** BUILD FAILED **
The following build commands failed:
	SwiftCompile normal arm64 (in target 'CodeQuickKit' from project 'CodeQuickKit')
	SwiftEmitModule normal arm64 Emitting\ module\ for\ CodeQuickKit (in target 'CodeQuickKit' from project 'CodeQuickKit')
	Building workspace CodeQuickKit with scheme CodeQuickKit
(3 failures)
Command line invocation:
    /Applications/Xcode-27.0.0-Release.Candidate.app/Contents/Developer/usr/bin/xcodebuild -IDEClonedSourcePackagesDirPathOverride=/Users/admin/builder/spi-builder-workspace/.dependencies -resolvePackageDependencies
Resolve Package Graph
Resolved source packages:
  CodeQuickKit: /Users/admin/builder/spi-builder-workspace
resolved source packages: CodeQuickKit
2026-09-18 15:42:31.728 xcodebuild[759:4589] [MT] IDERunDestination: Supported platforms for the buildables in the current scheme is empty.
{
  "dependencies" : [
  ],
  "manifest_display_name" : "CodeQuickKit",
  "name" : "CodeQuickKit",
  "path" : "/Users/admin/builder/spi-builder-workspace",
  "platforms" : [
    {
      "name" : "macos",
      "version" : "10.15"
    },
    {
      "name" : "maccatalyst",
      "version" : "13.0"
    },
    {
      "name" : "ios",
      "version" : "13.0"
    },
    {
      "name" : "tvos",
      "version" : "13.0"
    },
    {
      "name" : "watchos",
      "version" : "6.0"
    }
  ],
  "products" : [
    {
      "name" : "CodeQuickKit",
      "targets" : [
        "CodeQuickKit"
      ],
      "type" : {
        "library" : [
          "automatic"
        ]
      }
    }
  ],
  "swift_languages_versions" : [
    "5"
  ],
  "targets" : [
    {
      "c99name" : "CodeQuickKitTests",
      "module_type" : "SwiftTarget",
      "name" : "CodeQuickKitTests",
      "path" : "Tests/CodeQuickKitTests",
      "sources" : [
        "Foundation/BundleTests.swift",
        "Foundation/DateTests.swift",
        "Foundation/NumberFormatterTests.swift",
        "Foundation/PausableTimerTests.swift",
        "Foundation/UserDefaultTests.swift",
        "Swift/DependencyTests.swift"
      ],
      "target_dependencies" : [
        "CodeQuickKit"
      ],
      "type" : "test"
    },
    {
      "c99name" : "CodeQuickKit",
      "module_type" : "SwiftTarget",
      "name" : "CodeQuickKit",
      "path" : "Sources/CodeQuickKit",
      "product_memberships" : [
        "CodeQuickKit"
      ],
      "sources" : [
        "Foundation/Bundle+CommonKeys.swift",
        "Foundation/Bundle+DecodableResources.swift",
        "Foundation/Character+Casing.swift",
        "Foundation/Date+Semantic.swift",
        "Foundation/FileManager.swift",
        "Foundation/NSMetadataQuery.swift",
        "Foundation/NumberFormatter.swift",
        "Foundation/PausableTimer.swift",
        "Foundation/String+Casing.swift",
        "Foundation/StringProtocol+Replacement.swift",
        "Foundation/Ubiquity.swift",
        "Foundation/UserDefault.swift",
        "Foundation/UserDefaults.swift",
        "Swift/Dependency.swift",
        "Swift/DependencyCache.swift",
        "Swift/DependencySupplier.swift",
        "Swift/Sequence+KeyPath.swift",
        "Swift/Sequence+SplitBefore.swift",
        "SwiftUI/ActivityAlertView.swift",
        "UIKit/Bundle+Storyboards.swift",
        "UIKit/HUD.swift",
        "UIKit/NSMutableAttributedString.swift",
        "UIKit/Reusable.swift",
        "UIKit/UIAlertController+ActivityAlert.swift",
        "UIKit/UIAlertController.swift",
        "UIKit/UIPickerView.swift",
        "UIKit/UIViewController.swift"
      ],
      "type" : "library"
    }
  ],
  "tools_version" : "5.5"
}
{
  "workspace" : {
    "name" : "CodeQuickKit",
    "schemes" : [
      "CodeQuickKit"
    ]
  }
}
2026-09-18 15:42:32.925 xcodebuild[767:4666] [MT] IDERunDestination: Supported platforms for the buildables in the current scheme is empty.
Running build ...
env DEVELOPER_DIR=/Applications/Xcode-27.0.0-Release.Candidate.app xcrun xcodebuild -IDEClonedSourcePackagesDirPathOverride=$PWD/.dependencies -skipMacroValidation -skipPackagePluginValidation -derivedDataPath $PWD/.derivedData build -scheme CodeQuickKit -destination generic/platform=xrOS
Command line invocation:
    /Applications/Xcode-27.0.0-Release.Candidate.app/Contents/Developer/usr/bin/xcodebuild -IDEClonedSourcePackagesDirPathOverride=/Users/admin/builder/spi-builder-workspace/.dependencies -skipMacroValidation -skipPackagePluginValidation -derivedDataPath /Users/admin/builder/spi-builder-workspace/.derivedData build -scheme CodeQuickKit -destination generic/platform=xrOS
Resolve Package Graph
Resolved source packages:
  CodeQuickKit: /Users/admin/builder/spi-builder-workspace
ComputePackagePrebuildTargetDependencyGraph
Prepare packages
CreateBuildRequest
SendProjectDescription
CreateBuildOperation
ComputeTargetDependencyGraph
note: Building targets in dependency order
note: Target dependency graph (2 targets)
    Target 'CodeQuickKit-product' in project 'CodeQuickKit'
        ➜ Explicit dependency on target 'CodeQuickKit' in project 'CodeQuickKit'
    Target 'CodeQuickKit' in project 'CodeQuickKit' (no dependencies)
GatherProvisioningInputs
CreateBuildDescription
ClangStatCache /Applications/Xcode-27.0.0-Release.Candidate.app/Contents/Developer/Toolchains/XcodeDefault.xctoolchain/usr/bin/clang-stat-cache /Applications/Xcode-27.0.0-Release.Candidate.app/Contents/Developer/Platforms/XROS.platform/Developer/SDKs/XROS27.0.sdk /Users/admin/builder/spi-builder-workspace/.derivedData/SDKStatCaches.noindex/xros27.0-24M361-e829b21a6f8c9b70876ba0858053c044735bd543db762f57723cac368afd1ce4.sdkstatcache
    cd /Users/admin/builder/spi-builder-workspace/.swiftpm/xcode
    /Applications/Xcode-27.0.0-Release.Candidate.app/Contents/Developer/Toolchains/XcodeDefault.xctoolchain/usr/bin/clang-stat-cache /Applications/Xcode-27.0.0-Release.Candidate.app/Contents/Developer/Platforms/XROS.platform/Developer/SDKs/XROS27.0.sdk -o /Users/admin/builder/spi-builder-workspace/.derivedData/SDKStatCaches.noindex/xros27.0-24M361-e829b21a6f8c9b70876ba0858053c044735bd543db762f57723cac368afd1ce4.sdkstatcache
SwiftDriver CodeQuickKit normal arm64 com.apple.xcode.tools.swift.compiler (in target 'CodeQuickKit' from project 'CodeQuickKit')
    cd /Users/admin/builder/spi-builder-workspace/.swiftpm/xcode
    builtin-SwiftDriver -- /Applications/Xcode-27.0.0-Release.Candidate.app/Contents/Developer/Toolchains/XcodeDefault.xctoolchain/usr/bin/swiftc -parse-as-library -module-name CodeQuickKit -Onone @/Users/admin/builder/spi-builder-workspace/.derivedData/Build/Intermediates.noindex/CodeQuickKit.build/Debug-xros/CodeQuickKit-t.build/Objects-normal/arm64/CodeQuickKit.SwiftFileList -DSWIFT_PACKAGE -DDEBUG -DSWIFT_MODULE_RESOURCE_BUNDLE_UNAVAILABLE -DXcode -plugin-path /Applications/Xcode-27.0.0-Release.Candidate.app/Contents/Developer/Toolchains/XcodeDefault.xctoolchain/usr/lib/swift/host/plugins/testing -enable-experimental-feature DebugDescriptionMacro -sdk /Applications/Xcode-27.0.0-Release.Candidate.app/Contents/Developer/Platforms/XROS.platform/Developer/SDKs/XROS27.0.sdk -target arm64-apple-xros1.0 -g -module-cache-path /Users/admin/builder/spi-builder-workspace/.derivedData/ModuleCache.noindex -Xfrontend -serialize-debugging-options -profile-coverage-mapping -profile-generate -enable-testing -index-store-path /Users/admin/builder/spi-builder-workspace/.derivedData/Index.noindex/DataStore -Xcc -D_LIBCPP_HARDENING_MODE\=_LIBCPP_HARDENING_MODE_DEBUG -swift-version 5 -I /Users/admin/builder/spi-builder-workspace/.derivedData/Build/Products/Debug-xros -Isystem /Applications/Xcode-27.0.0-Release.Candidate.app/Contents/Developer/Platforms/XROS.platform/Developer/usr/lib -F /Users/admin/builder/spi-builder-workspace/.derivedData/Build/Products/Debug-xros -F /Applications/Xcode-27.0.0-Release.Candidate.app/Contents/Developer/Platforms/XROS.platform/Developer/Library/Frameworks -F /Applications/Xcode-27.0.0-Release.Candidate.app/Contents/Developer/Platforms/XROS.platform/Developer/SDKs/XROS27.0.sdk/Developer/Library/Frameworks -c -j10 -enable-batch-mode -incremental -Xcc -ivfsstatcache -Xcc /Users/admin/builder/spi-builder-workspace/.derivedData/SDKStatCaches.noindex/xros27.0-24M361-e829b21a6f8c9b70876ba0858053c044735bd543db762f57723cac368afd1ce4.sdkstatcache -output-file-map /Users/admin/builder/spi-builder-workspace/.derivedData/Build/Intermediates.noindex/CodeQuickKit.build/Debug-xros/CodeQuickKit-t.build/Objects-normal/arm64/CodeQuickKit-OutputFileMap.json -save-temps -no-color-diagnostics -explicit-module-build -module-cache-path /Users/admin/builder/spi-builder-workspace/.derivedData/Build/Intermediates.noindex/SwiftExplicitPrecompiledModules -clang-scanner-module-cache-path /Users/admin/builder/spi-builder-workspace/.derivedData/ModuleCache.noindex -sdk-module-cache-path /Users/admin/builder/spi-builder-workspace/.derivedData/SDKExplicitPrecompiledModules -emit-dependencies -emit-module -emit-module-path /Users/admin/builder/spi-builder-workspace/.derivedData/Build/Intermediates.noindex/CodeQuickKit.build/Debug-xros/CodeQuickKit-t.build/Objects-normal/arm64/CodeQuickKit.swiftmodule -serialize-diagnostics -dependency-scan-serialize-diagnostics-path /Users/admin/builder/spi-builder-workspace/.derivedData/Build/Intermediates.noindex/CodeQuickKit.build/Debug-xros/CodeQuickKit-t.build/Objects-normal/arm64/CodeQuickKit-dependency-scan.dia -validate-clang-modules-once -clang-build-session-file /Users/admin/builder/spi-builder-workspace/.derivedData/ModuleCache.noindex/Session.modulevalidation -Xcc -fmodules-prune-interval\=86400 -Xcc -fmodules-prune-after\=345600 -emit-const-values -const-gather-protocols-list /Users/admin/builder/spi-builder-workspace/.derivedData/Build/Intermediates.noindex/CodeQuickKit.build/Debug-xros/CodeQuickKit-t.build/Objects-normal/arm64/CodeQuickKit_const_extract_protocols.json -Xcc -I/Users/admin/builder/spi-builder-workspace/.derivedData/Build/Products/Debug-xros/include -Xcc -I/Users/admin/builder/spi-builder-workspace/.derivedData/Build/Intermediates.noindex/CodeQuickKit.build/Debug-xros/CodeQuickKit-t.build/DerivedSources-normal/arm64 -Xcc -I/Users/admin/builder/spi-builder-workspace/.derivedData/Build/Intermediates.noindex/CodeQuickKit.build/Debug-xros/CodeQuickKit-t.build/DerivedSources/arm64 -Xcc -I/Users/admin/builder/spi-builder-workspace/.derivedData/Build/Intermediates.noindex/CodeQuickKit.build/Debug-xros/CodeQuickKit-t.build/DerivedSources -Xcc -DSWIFT_PACKAGE -Xcc -DDEBUG\=1 -emit-objc-header -emit-objc-header-path /Users/admin/builder/spi-builder-workspace/.derivedData/Build/Intermediates.noindex/CodeQuickKit.build/Debug-xros/CodeQuickKit-t.build/Objects-normal/arm64/CodeQuickKit-Swift.h -working-directory /Users/admin/builder/spi-builder-workspace/.swiftpm/xcode -experimental-emit-module-separately -disable-cmo
SwiftCompile normal arm64 Compiling\ StringProtocol+Replacement.swift,\ Ubiquity.swift,\ UserDefault.swift /Users/admin/builder/spi-builder-workspace/Sources/CodeQuickKit/Foundation/StringProtocol+Replacement.swift /Users/admin/builder/spi-builder-workspace/Sources/CodeQuickKit/Foundation/Ubiquity.swift /Users/admin/builder/spi-builder-workspace/Sources/CodeQuickKit/Foundation/UserDefault.swift (in target 'CodeQuickKit' from project 'CodeQuickKit')
SwiftCompile normal arm64 /Users/admin/builder/spi-builder-workspace/Sources/CodeQuickKit/Foundation/StringProtocol+Replacement.swift (in target 'CodeQuickKit' from project 'CodeQuickKit')
    cd /Users/admin/builder/spi-builder-workspace/.swiftpm/xcode
    builtin-SwiftPerFileCompile StringProtocol+Replacement.swift
SwiftCompile normal arm64 /Users/admin/builder/spi-builder-workspace/Sources/CodeQuickKit/Foundation/Ubiquity.swift (in target 'CodeQuickKit' from project 'CodeQuickKit')
    cd /Users/admin/builder/spi-builder-workspace/.swiftpm/xcode
    builtin-SwiftPerFileCompile Ubiquity.swift
SwiftCompile normal arm64 /Users/admin/builder/spi-builder-workspace/Sources/CodeQuickKit/Foundation/UserDefault.swift (in target 'CodeQuickKit' from project 'CodeQuickKit')
    cd /Users/admin/builder/spi-builder-workspace/.swiftpm/xcode
    builtin-SwiftPerFileCompile UserDefault.swift
SwiftCompile normal arm64 Compiling\ NumberFormatter.swift,\ PausableTimer.swift,\ String+Casing.swift /Users/admin/builder/spi-builder-workspace/Sources/CodeQuickKit/Foundation/NumberFormatter.swift /Users/admin/builder/spi-builder-workspace/Sources/CodeQuickKit/Foundation/PausableTimer.swift /Users/admin/builder/spi-builder-workspace/Sources/CodeQuickKit/Foundation/String+Casing.swift (in target 'CodeQuickKit' from project 'CodeQuickKit')
SwiftCompile normal arm64 /Users/admin/builder/spi-builder-workspace/Sources/CodeQuickKit/Foundation/NumberFormatter.swift (in target 'CodeQuickKit' from project 'CodeQuickKit')
    cd /Users/admin/builder/spi-builder-workspace/.swiftpm/xcode
    builtin-SwiftPerFileCompile NumberFormatter.swift
SwiftCompile normal arm64 /Users/admin/builder/spi-builder-workspace/Sources/CodeQuickKit/Foundation/PausableTimer.swift (in target 'CodeQuickKit' from project 'CodeQuickKit')
    cd /Users/admin/builder/spi-builder-workspace/.swiftpm/xcode
    builtin-SwiftPerFileCompile PausableTimer.swift
SwiftCompile normal arm64 /Users/admin/builder/spi-builder-workspace/Sources/CodeQuickKit/Foundation/String+Casing.swift (in target 'CodeQuickKit' from project 'CodeQuickKit')
    cd /Users/admin/builder/spi-builder-workspace/.swiftpm/xcode
    builtin-SwiftPerFileCompile String+Casing.swift
SwiftCompile normal arm64 Compiling\ DependencySupplier.swift,\ Sequence+KeyPath.swift,\ Sequence+SplitBefore.swift /Users/admin/builder/spi-builder-workspace/Sources/CodeQuickKit/Swift/DependencySupplier.swift /Users/admin/builder/spi-builder-workspace/Sources/CodeQuickKit/Swift/Sequence+KeyPath.swift /Users/admin/builder/spi-builder-workspace/Sources/CodeQuickKit/Swift/Sequence+SplitBefore.swift (in target 'CodeQuickKit' from project 'CodeQuickKit')
SwiftCompile normal arm64 /Users/admin/builder/spi-builder-workspace/Sources/CodeQuickKit/Swift/DependencySupplier.swift (in target 'CodeQuickKit' from project 'CodeQuickKit')
    cd /Users/admin/builder/spi-builder-workspace/.swiftpm/xcode
    builtin-SwiftPerFileCompile DependencySupplier.swift
SwiftCompile normal arm64 /Users/admin/builder/spi-builder-workspace/Sources/CodeQuickKit/Swift/Sequence+KeyPath.swift (in target 'CodeQuickKit' from project 'CodeQuickKit')
    cd /Users/admin/builder/spi-builder-workspace/.swiftpm/xcode
    builtin-SwiftPerFileCompile Sequence+KeyPath.swift
SwiftCompile normal arm64 /Users/admin/builder/spi-builder-workspace/Sources/CodeQuickKit/Swift/Sequence+SplitBefore.swift (in target 'CodeQuickKit' from project 'CodeQuickKit')
    cd /Users/admin/builder/spi-builder-workspace/.swiftpm/xcode
    builtin-SwiftPerFileCompile Sequence+SplitBefore.swift
SwiftCompile normal arm64 Compiling\ UIAlertController+ActivityAlert.swift,\ UIAlertController.swift /Users/admin/builder/spi-builder-workspace/Sources/CodeQuickKit/UIKit/UIAlertController+ActivityAlert.swift /Users/admin/builder/spi-builder-workspace/Sources/CodeQuickKit/UIKit/UIAlertController.swift (in target 'CodeQuickKit' from project 'CodeQuickKit')
SwiftCompile normal arm64 /Users/admin/builder/spi-builder-workspace/Sources/CodeQuickKit/UIKit/UIAlertController+ActivityAlert.swift (in target 'CodeQuickKit' from project 'CodeQuickKit')
    cd /Users/admin/builder/spi-builder-workspace/.swiftpm/xcode
    builtin-SwiftPerFileCompile UIAlertController+ActivityAlert.swift
SwiftCompile normal arm64 /Users/admin/builder/spi-builder-workspace/Sources/CodeQuickKit/UIKit/UIAlertController.swift (in target 'CodeQuickKit' from project 'CodeQuickKit')
    cd /Users/admin/builder/spi-builder-workspace/.swiftpm/xcode
    builtin-SwiftPerFileCompile UIAlertController.swift
SwiftCompile normal arm64 Compiling\ ActivityAlertView.swift,\ Bundle+Storyboards.swift,\ HUD.swift /Users/admin/builder/spi-builder-workspace/Sources/CodeQuickKit/SwiftUI/ActivityAlertView.swift /Users/admin/builder/spi-builder-workspace/Sources/CodeQuickKit/UIKit/Bundle+Storyboards.swift /Users/admin/builder/spi-builder-workspace/Sources/CodeQuickKit/UIKit/HUD.swift (in target 'CodeQuickKit' from project 'CodeQuickKit')
/Users/admin/builder/spi-builder-workspace/Sources/CodeQuickKit/UIKit/Bundle+Storyboards.swift:6:33: warning: 'UIStoryboard' was deprecated in visionOS 1.0: Loading Interface Builder products will not be supported in a future version of visionOS. [#DeprecatedDeclaration]
 4 | public extension Bundle {
 5 |     /// This call potentially throws an exception that cannot be caught.
 6 |     var launchScreenStoryboard: UIStoryboard? {
   |                                 `- warning: 'UIStoryboard' was deprecated in visionOS 1.0: Loading Interface Builder products will not be supported in a future version of visionOS. [#DeprecatedDeclaration]
 7 |         guard let name = launchStoryboardName else {
 8 |             return nil
/Users/admin/builder/spi-builder-workspace/Sources/CodeQuickKit/UIKit/Bundle+Storyboards.swift:15:25: warning: 'UIStoryboard' was deprecated in visionOS 1.0: Loading Interface Builder products will not be supported in a future version of visionOS. [#DeprecatedDeclaration]
13 |
14 |     /// This call potentially throws an exception that cannot be caught.
15 |     var mainStoryboard: UIStoryboard? {
   |                         `- warning: 'UIStoryboard' was deprecated in visionOS 1.0: Loading Interface Builder products will not be supported in a future version of visionOS. [#DeprecatedDeclaration]
16 |         guard let name = mainStoryboardName else {
17 |             return nil
/Users/admin/builder/spi-builder-workspace/Sources/CodeQuickKit/UIKit/Bundle+Storyboards.swift:11:16: warning: 'UIStoryboard' was deprecated in visionOS 1.0: Loading Interface Builder products will not be supported in a future version of visionOS. [#DeprecatedDeclaration]
 9 |         }
10 |
11 |         return UIStoryboard(name: name, bundle: self)
   |                `- warning: 'UIStoryboard' was deprecated in visionOS 1.0: Loading Interface Builder products will not be supported in a future version of visionOS. [#DeprecatedDeclaration]
12 |     }
13 |
/Users/admin/builder/spi-builder-workspace/Sources/CodeQuickKit/UIKit/Bundle+Storyboards.swift:20:16: warning: 'UIStoryboard' was deprecated in visionOS 1.0: Loading Interface Builder products will not be supported in a future version of visionOS. [#DeprecatedDeclaration]
18 |         }
19 |
20 |         return UIStoryboard(name: name, bundle: self)
   |                `- warning: 'UIStoryboard' was deprecated in visionOS 1.0: Loading Interface Builder products will not be supported in a future version of visionOS. [#DeprecatedDeclaration]
21 |     }
22 | }
SwiftCompile normal arm64 /Users/admin/builder/spi-builder-workspace/Sources/CodeQuickKit/SwiftUI/ActivityAlertView.swift (in target 'CodeQuickKit' from project 'CodeQuickKit')
    cd /Users/admin/builder/spi-builder-workspace/.swiftpm/xcode
    builtin-SwiftPerFileCompile ActivityAlertView.swift
SwiftCompile normal arm64 /Users/admin/builder/spi-builder-workspace/Sources/CodeQuickKit/UIKit/Bundle+Storyboards.swift (in target 'CodeQuickKit' from project 'CodeQuickKit')
    cd /Users/admin/builder/spi-builder-workspace/.swiftpm/xcode
    builtin-SwiftPerFileCompile Bundle+Storyboards.swift
SwiftCompile normal arm64 /Users/admin/builder/spi-builder-workspace/Sources/CodeQuickKit/UIKit/HUD.swift (in target 'CodeQuickKit' from project 'CodeQuickKit')
    cd /Users/admin/builder/spi-builder-workspace/.swiftpm/xcode
    builtin-SwiftPerFileCompile HUD.swift
SwiftEmitModule normal arm64 Emitting\ module\ for\ CodeQuickKit (in target 'CodeQuickKit' from project 'CodeQuickKit')
/Users/admin/builder/spi-builder-workspace/Sources/CodeQuickKit/UIKit/Bundle+Storyboards.swift:6:33: warning: 'UIStoryboard' was deprecated in visionOS 1.0: Loading Interface Builder products will not be supported in a future version of visionOS. [#DeprecatedDeclaration]
 4 | public extension Bundle {
 5 |     /// This call potentially throws an exception that cannot be caught.
 6 |     var launchScreenStoryboard: UIStoryboard? {
   |                                 `- warning: 'UIStoryboard' was deprecated in visionOS 1.0: Loading Interface Builder products will not be supported in a future version of visionOS. [#DeprecatedDeclaration]
 7 |         guard let name = launchStoryboardName else {
 8 |             return nil
/Users/admin/builder/spi-builder-workspace/Sources/CodeQuickKit/UIKit/Bundle+Storyboards.swift:15:25: warning: 'UIStoryboard' was deprecated in visionOS 1.0: Loading Interface Builder products will not be supported in a future version of visionOS. [#DeprecatedDeclaration]
13 |
14 |     /// This call potentially throws an exception that cannot be caught.
15 |     var mainStoryboard: UIStoryboard? {
   |                         `- warning: 'UIStoryboard' was deprecated in visionOS 1.0: Loading Interface Builder products will not be supported in a future version of visionOS. [#DeprecatedDeclaration]
16 |         guard let name = mainStoryboardName else {
17 |             return nil
/Users/admin/builder/spi-builder-workspace/Sources/CodeQuickKit/UIKit/HUD.swift:264:52: error: 'whiteLarge' is unavailable in visionOS
262 |             view = UIActivityIndicatorView(style: .large)
263 |         } else {
264 |             view = UIActivityIndicatorView(style: .whiteLarge)
    |                                                    `- error: 'whiteLarge' is unavailable in visionOS
265 |         }
266 |         view.translatesAutoresizingMaskIntoConstraints = false
UIKit.UIActivityIndicatorView.Style.whiteLarge:5:10: note: 'whiteLarge' has been explicitly marked unavailable here
3 | @available(iOS, introduced: 2.0, deprecated: 13.0, renamed: "UIActivityIndicatorView.Style.large")
4 |     @available(visionOS, unavailable)
5 |     case whiteLarge  }
  |          `- note: 'whiteLarge' has been explicitly marked unavailable here
6 | }
7 |
/Users/admin/builder/spi-builder-workspace/Sources/CodeQuickKit/UIKit/Reusable.swift:31:18: warning: 'UIStoryboard' was deprecated in visionOS 1.0: Loading Interface Builder products will not be supported in a future version of visionOS. [#DeprecatedDeclaration]
 29 | extension UIViewController: Reusable {}
 30 |
 31 | public extension UIStoryboard {
    |                  `- warning: 'UIStoryboard' was deprecated in visionOS 1.0: Loading Interface Builder products will not be supported in a future version of visionOS. [#DeprecatedDeclaration]
 32 |     /// Instantiates a UIViewController for the provided `Reusable` type.
 33 |     /// - throws: NSInvalidArgumentException (when unable to locate view with identifier)
[#DeprecatedDeclaration]: <https://docs.swift.org/compiler/documentation/diagnostics/deprecated-declaration>
Failed frontend command:
/Applications/Xcode-27.0.0-Release.Candidate.app/Contents/Developer/Toolchains/XcodeDefault.xctoolchain/usr/bin/swift-frontend -frontend -emit-module -experimental-skip-non-inlinable-function-bodies-without-types /Users/admin/builder/spi-builder-workspace/Sources/CodeQuickKit/Foundation/Bundle+CommonKeys.swift /Users/admin/builder/spi-builder-workspace/Sources/CodeQuickKit/Foundation/Bundle+DecodableResources.swift /Users/admin/builder/spi-builder-workspace/Sources/CodeQuickKit/Foundation/Character+Casing.swift /Users/admin/builder/spi-builder-workspace/Sources/CodeQuickKit/Foundation/Date+Semantic.swift /Users/admin/builder/spi-builder-workspace/Sources/CodeQuickKit/Foundation/FileManager.swift /Users/admin/builder/spi-builder-workspace/Sources/CodeQuickKit/Foundation/NSMetadataQuery.swift /Users/admin/builder/spi-builder-workspace/Sources/CodeQuickKit/Foundation/NumberFormatter.swift /Users/admin/builder/spi-builder-workspace/Sources/CodeQuickKit/Foundation/PausableTimer.swift /Users/admin/builder/spi-builder-workspace/Sources/CodeQuickKit/Foundation/String+Casing.swift /Users/admin/builder/spi-builder-workspace/Sources/CodeQuickKit/Foundation/StringProtocol+Replacement.swift /Users/admin/builder/spi-builder-workspace/Sources/CodeQuickKit/Foundation/Ubiquity.swift /Users/admin/builder/spi-builder-workspace/Sources/CodeQuickKit/Foundation/UserDefault.swift /Users/admin/builder/spi-builder-workspace/Sources/CodeQuickKit/Foundation/UserDefaults.swift /Users/admin/builder/spi-builder-workspace/Sources/CodeQuickKit/Swift/Dependency.swift /Users/admin/builder/spi-builder-workspace/Sources/CodeQuickKit/Swift/DependencyCache.swift /Users/admin/builder/spi-builder-workspace/Sources/CodeQuickKit/Swift/DependencySupplier.swift /Users/admin/builder/spi-builder-workspace/Sources/CodeQuickKit/Swift/Sequence+KeyPath.swift /Users/admin/builder/spi-builder-workspace/Sources/CodeQuickKit/Swift/Sequence+SplitBefore.swift /Users/admin/builder/spi-builder-workspace/Sources/CodeQuickKit/SwiftUI/ActivityAlertView.swift /Users/admin/builder/spi-builder-workspace/Sources/CodeQuickKit/UIKit/Bundle+Storyboards.swift /Users/admin/builder/spi-builder-workspace/Sources/CodeQuickKit/UIKit/HUD.swift /Users/admin/builder/spi-builder-workspace/Sources/CodeQuickKit/UIKit/NSMutableAttributedString.swift /Users/admin/builder/spi-builder-workspace/Sources/CodeQuickKit/UIKit/Reusable.swift /Users/admin/builder/spi-builder-workspace/Sources/CodeQuickKit/UIKit/UIAlertController+ActivityAlert.swift /Users/admin/builder/spi-builder-workspace/Sources/CodeQuickKit/UIKit/UIAlertController.swift /Users/admin/builder/spi-builder-workspace/Sources/CodeQuickKit/UIKit/UIPickerView.swift /Users/admin/builder/spi-builder-workspace/Sources/CodeQuickKit/UIKit/UIViewController.swift -target arm64-apple-xros1.0 -module-can-import-version ObjectiveC 973.1 0 -module-can-import-version SwiftUI 8.0.84.1 8.0.84 -module-can-import-version UIKit 9127.0.84.1 9127.0.84 -disable-cross-import-overlay-search -load-resolved-plugin /Applications/Xcode-27.0.0-Release.Candidate.app/Contents/Developer/Platforms/XROS.platform/Developer/usr/lib/swift/host/plugins/libFoundationMacros.dylib\#/Applications/Xcode-27.0.0-Release.Candidate.app/Contents/Developer/Platforms/XROS.platform/Developer/usr/bin/swift-plugin-server\#FoundationMacros -load-resolved-plugin /Applications/Xcode-27.0.0-Release.Candidate.app/Contents/Developer/Platforms/XROS.platform/Developer/usr/lib/swift/host/plugins/libObservationMacros.dylib\#/Applications/Xcode-27.0.0-Release.Candidate.app/Contents/Developer/Platforms/XROS.platform/Developer/usr/bin/swift-plugin-server\#ObservationMacros -load-resolved-plugin /Applications/Xcode-27.0.0-Release.Candidate.app/Contents/Developer/Platforms/XROS.platform/Developer/usr/lib/swift/host/plugins/libPreviewsMacros.dylib\#/Applications/Xcode-27.0.0-Release.Candidate.app/Contents/Developer/Platforms/XROS.platform/Developer/usr/bin/swift-plugin-server\#PreviewsMacros -load-resolved-plugin /Applications/Xcode-27.0.0-Release.Candidate.app/Contents/Developer/Platforms/XROS.platform/Developer/usr/lib/swift/host/plugins/libSwiftMacros.dylib\#/Applications/Xcode-27.0.0-Release.Candidate.app/Contents/Developer/Platforms/XROS.platform/Developer/usr/bin/swift-plugin-server\#SwiftMacros -load-resolved-plugin /Applications/Xcode-27.0.0-Release.Candidate.app/Contents/Developer/Platforms/XROS.platform/Developer/usr/lib/swift/host/plugins/libSwiftUIMacros.dylib\#/Applications/Xcode-27.0.0-Release.Candidate.app/Contents/Developer/Platforms/XROS.platform/Developer/usr/bin/swift-plugin-server\#SwiftUIMacros -disable-implicit-swift-modules -Xcc -fno-implicit-modules -Xcc -fno-implicit-module-maps -explicit-swift-module-map-file /Users/admin/builder/spi-builder-workspace/.derivedData/Build/Intermediates.noindex/CodeQuickKit.build/Debug-xros/CodeQuickKit-t.build/Objects-normal/arm64/CodeQuickKit-dependencies-1.json -Xllvm -aarch64-use-tbi -enable-objc-interop -stack-check -sdk /Applications/Xcode-27.0.0-Release.Candidate.app/Contents/Developer/Platforms/XROS.platform/Developer/SDKs/XROS27.0.sdk -I /Users/admin/builder/spi-builder-workspace/.derivedData/Build/Products/Debug-xros -Isystem /Applications/Xcode-27.0.0-Release.Candidate.app/Contents/Developer/Platforms/XROS.platform/Developer/usr/lib -F /Users/admin/builder/spi-builder-workspace/.derivedData/Build/Products/Debug-xros -F /Applications/Xcode-27.0.0-Release.Candidate.app/Contents/Developer/Platforms/XROS.platform/Developer/Library/Frameworks -F /Applications/Xcode-27.0.0-Release.Candidate.app/Contents/Developer/Platforms/XROS.platform/Developer/SDKs/XROS27.0.sdk/Developer/Library/Frameworks -module-cache-path /Users/admin/builder/spi-builder-workspace/.derivedData/Build/Intermediates.noindex/SwiftExplicitPrecompiledModules -no-color-diagnostics -Xcc -fno-color-diagnostics -enable-testing -g -debug-info-format\=dwarf -dwarf-version\=4 -profile-generate -profile-coverage-mapping -swift-version 5 -Onone -D SWIFT_PACKAGE -D DEBUG -D SWIFT_MODULE_RESOURCE_BUNDLE_UNAVAILABLE -D Xcode -serialize-debugging-options -enable-experimental-feature DebugDescriptionMacro -empty-abi-descriptor -validate-clang-modules-once -clang-build-session-file /Users/admin/builder/spi-builder-workspace/.derivedData/ModuleCache.noindex/Session.modulevalidation -Xcc -working-directory -Xcc /Users/admin/builder/spi-builder-workspace/.swiftpm/xcode -enable-anonymous-context-mangled-names -file-compilation-dir /Users/admin/builder/spi-builder-workspace/.swiftpm/xcode -Xcc -D_LIBCPP_HARDENING_MODE\=_LIBCPP_HARDENING_MODE_DEBUG -Xcc -ivfsstatcache -Xcc /Users/admin/builder/spi-builder-workspace/.derivedData/SDKStatCaches.noindex/xros27.0-24M361-e829b21a6f8c9b70876ba0858053c044735bd543db762f57723cac368afd1ce4.sdkstatcache -Xcc -fmodules-prune-interval\=86400 -Xcc -fmodules-prune-after\=345600 -Xcc -I/Users/admin/builder/spi-builder-workspace/.derivedData/Build/Products/Debug-xros/include -Xcc -I/Users/admin/builder/spi-builder-workspace/.derivedData/Build/Intermediates.noindex/CodeQuickKit.build/Debug-xros/CodeQuickKit-t.build/DerivedSources-normal/arm64 -Xcc -I/Users/admin/builder/spi-builder-workspace/.derivedData/Build/Intermediates.noindex/CodeQuickKit.build/Debug-xros/CodeQuickKit-t.build/DerivedSources/arm64 -Xcc -I/Users/admin/builder/spi-builder-workspace/.derivedData/Build/Intermediates.noindex/CodeQuickKit.build/Debug-xros/CodeQuickKit-t.build/DerivedSources -Xcc -DSWIFT_PACKAGE -Xcc -DDEBUG\=1 -no-auto-bridging-header-chaining -module-name CodeQuickKit -const-gather-protocols-file /Users/admin/builder/spi-builder-workspace/.derivedData/Build/Intermediates.noindex/CodeQuickKit.build/Debug-xros/CodeQuickKit-t.build/Objects-normal/arm64/CodeQuickKit_const_extract_protocols.json -disable-clang-spi -clang-target arm64-apple-xros27.0 -target-sdk-version 27.0 -target-sdk-name xros27.0 -in-process-plugin-server-path /Applications/Xcode-27.0.0-Release.Candidate.app/Contents/Developer/Toolchains/XcodeDefault.xctoolchain/usr/lib/swift/host/libSwiftInProcPluginServer.dylib -emit-module-doc-path /Users/admin/builder/spi-builder-workspace/.derivedData/Build/Intermediates.noindex/CodeQuickKit.build/Debug-xros/CodeQuickKit-t.build/Objects-normal/arm64/CodeQuickKit.swiftdoc -emit-module-source-info-path /Users/admin/builder/spi-builder-workspace/.derivedData/Build/Intermediates.noindex/CodeQuickKit.build/Debug-xros/CodeQuickKit-t.build/Objects-normal/arm64/CodeQuickKit.swiftsourceinfo -emit-objc-header-path /Users/admin/builder/spi-builder-workspace/.derivedData/Build/Intermediates.noindex/CodeQuickKit.build/Debug-xros/CodeQuickKit-t.build/Objects-normal/arm64/CodeQuickKit-Swift.h -serialize-diagnostics-path /Users/admin/builder/spi-builder-workspace/.derivedData/Build/Intermediates.noindex/CodeQuickKit.build/Debug-xros/CodeQuickKit-t.build/Objects-normal/arm64/CodeQuickKit-primary-emit-module.dia -emit-dependencies-path /Users/admin/builder/spi-builder-workspace/.derivedData/Build/Intermediates.noindex/CodeQuickKit.build/Debug-xros/CodeQuickKit-t.build/Objects-normal/arm64/CodeQuickKit-primary-emit-module.d -parse-as-library -o /Users/admin/builder/spi-builder-workspace/.derivedData/Build/Intermediates.noindex/CodeQuickKit.build/Debug-xros/CodeQuickKit-t.build/Objects-normal/arm64/CodeQuickKit.swiftmodule -emit-abi-descriptor-path /Users/admin/builder/spi-builder-workspace/.derivedData/Build/Intermediates.noindex/CodeQuickKit.build/Debug-xros/CodeQuickKit-t.build/Objects-normal/arm64/CodeQuickKit.abi.json
SwiftCompile normal arm64 (in target 'CodeQuickKit' from project 'CodeQuickKit')
    cd /Users/admin/builder/spi-builder-workspace/.swiftpm/xcode

SwiftCompile normal arm64 Compiling\ UIPickerView.swift,\ UIViewController.swift /Users/admin/builder/spi-builder-workspace/Sources/CodeQuickKit/UIKit/UIPickerView.swift /Users/admin/builder/spi-builder-workspace/Sources/CodeQuickKit/UIKit/UIViewController.swift (in target 'CodeQuickKit' from project 'CodeQuickKit')
SwiftCompile normal arm64 /Users/admin/builder/spi-builder-workspace/Sources/CodeQuickKit/UIKit/UIPickerView.swift (in target 'CodeQuickKit' from project 'CodeQuickKit')
    cd /Users/admin/builder/spi-builder-workspace/.swiftpm/xcode
    builtin-SwiftPerFileCompile UIPickerView.swift
SwiftCompile normal arm64 /Users/admin/builder/spi-builder-workspace/Sources/CodeQuickKit/UIKit/UIViewController.swift (in target 'CodeQuickKit' from project 'CodeQuickKit')
    cd /Users/admin/builder/spi-builder-workspace/.swiftpm/xcode
    builtin-SwiftPerFileCompile UIViewController.swift
SwiftCompile normal arm64 Compiling\ UserDefaults.swift,\ Dependency.swift,\ DependencyCache.swift /Users/admin/builder/spi-builder-workspace/Sources/CodeQuickKit/Foundation/UserDefaults.swift /Users/admin/builder/spi-builder-workspace/Sources/CodeQuickKit/Swift/Dependency.swift /Users/admin/builder/spi-builder-workspace/Sources/CodeQuickKit/Swift/DependencyCache.swift (in target 'CodeQuickKit' from project 'CodeQuickKit')
SwiftCompile normal arm64 /Users/admin/builder/spi-builder-workspace/Sources/CodeQuickKit/Foundation/UserDefaults.swift (in target 'CodeQuickKit' from project 'CodeQuickKit')
    cd /Users/admin/builder/spi-builder-workspace/.swiftpm/xcode
    builtin-SwiftPerFileCompile UserDefaults.swift
SwiftCompile normal arm64 /Users/admin/builder/spi-builder-workspace/Sources/CodeQuickKit/Swift/Dependency.swift (in target 'CodeQuickKit' from project 'CodeQuickKit')
    cd /Users/admin/builder/spi-builder-workspace/.swiftpm/xcode
    builtin-SwiftPerFileCompile Dependency.swift
SwiftCompile normal arm64 /Users/admin/builder/spi-builder-workspace/Sources/CodeQuickKit/Swift/DependencyCache.swift (in target 'CodeQuickKit' from project 'CodeQuickKit')
    cd /Users/admin/builder/spi-builder-workspace/.swiftpm/xcode
    builtin-SwiftPerFileCompile DependencyCache.swift
SwiftCompile normal arm64 Compiling\ Date+Semantic.swift,\ FileManager.swift,\ NSMetadataQuery.swift /Users/admin/builder/spi-builder-workspace/Sources/CodeQuickKit/Foundation/Date+Semantic.swift /Users/admin/builder/spi-builder-workspace/Sources/CodeQuickKit/Foundation/FileManager.swift /Users/admin/builder/spi-builder-workspace/Sources/CodeQuickKit/Foundation/NSMetadataQuery.swift (in target 'CodeQuickKit' from project 'CodeQuickKit')
SwiftCompile normal arm64 /Users/admin/builder/spi-builder-workspace/Sources/CodeQuickKit/Foundation/Date+Semantic.swift (in target 'CodeQuickKit' from project 'CodeQuickKit')
    cd /Users/admin/builder/spi-builder-workspace/.swiftpm/xcode
    builtin-SwiftPerFileCompile Date+Semantic.swift
SwiftCompile normal arm64 /Users/admin/builder/spi-builder-workspace/Sources/CodeQuickKit/Foundation/FileManager.swift (in target 'CodeQuickKit' from project 'CodeQuickKit')
    cd /Users/admin/builder/spi-builder-workspace/.swiftpm/xcode
    builtin-SwiftPerFileCompile FileManager.swift
SwiftCompile normal arm64 /Users/admin/builder/spi-builder-workspace/Sources/CodeQuickKit/Foundation/NSMetadataQuery.swift (in target 'CodeQuickKit' from project 'CodeQuickKit')
    cd /Users/admin/builder/spi-builder-workspace/.swiftpm/xcode
    builtin-SwiftPerFileCompile NSMetadataQuery.swift
SwiftCompile normal arm64 Compiling\ Bundle+CommonKeys.swift,\ Bundle+DecodableResources.swift,\ Character+Casing.swift /Users/admin/builder/spi-builder-workspace/Sources/CodeQuickKit/Foundation/Bundle+CommonKeys.swift /Users/admin/builder/spi-builder-workspace/Sources/CodeQuickKit/Foundation/Bundle+DecodableResources.swift /Users/admin/builder/spi-builder-workspace/Sources/CodeQuickKit/Foundation/Character+Casing.swift (in target 'CodeQuickKit' from project 'CodeQuickKit')
SwiftCompile normal arm64 /Users/admin/builder/spi-builder-workspace/Sources/CodeQuickKit/Foundation/Bundle+CommonKeys.swift (in target 'CodeQuickKit' from project 'CodeQuickKit')
    cd /Users/admin/builder/spi-builder-workspace/.swiftpm/xcode
    builtin-SwiftPerFileCompile Bundle+CommonKeys.swift
SwiftCompile normal arm64 /Users/admin/builder/spi-builder-workspace/Sources/CodeQuickKit/Foundation/Bundle+DecodableResources.swift (in target 'CodeQuickKit' from project 'CodeQuickKit')
    cd /Users/admin/builder/spi-builder-workspace/.swiftpm/xcode
    builtin-SwiftPerFileCompile Bundle+DecodableResources.swift
SwiftCompile normal arm64 /Users/admin/builder/spi-builder-workspace/Sources/CodeQuickKit/Foundation/Character+Casing.swift (in target 'CodeQuickKit' from project 'CodeQuickKit')
    cd /Users/admin/builder/spi-builder-workspace/.swiftpm/xcode
    builtin-SwiftPerFileCompile Character+Casing.swift
SwiftCompile normal arm64 Compiling\ NSMutableAttributedString.swift,\ Reusable.swift /Users/admin/builder/spi-builder-workspace/Sources/CodeQuickKit/UIKit/NSMutableAttributedString.swift /Users/admin/builder/spi-builder-workspace/Sources/CodeQuickKit/UIKit/Reusable.swift (in target 'CodeQuickKit' from project 'CodeQuickKit')
SwiftCompile normal arm64 /Users/admin/builder/spi-builder-workspace/Sources/CodeQuickKit/UIKit/NSMutableAttributedString.swift (in target 'CodeQuickKit' from project 'CodeQuickKit')
    cd /Users/admin/builder/spi-builder-workspace/.swiftpm/xcode
    builtin-SwiftPerFileCompile NSMutableAttributedString.swift
SwiftCompile normal arm64 /Users/admin/builder/spi-builder-workspace/Sources/CodeQuickKit/UIKit/Reusable.swift (in target 'CodeQuickKit' from project 'CodeQuickKit')
    cd /Users/admin/builder/spi-builder-workspace/.swiftpm/xcode
    builtin-SwiftPerFileCompile Reusable.swift
PruneExplicitPrecompiledModules /Users/admin/builder/spi-builder-workspace/.derivedData/SDKExplicitPrecompiledModules
PruneExplicitPrecompiledModules /Users/admin/builder/spi-builder-workspace/.derivedData/Build/Intermediates.noindex/SwiftExplicitPrecompiledModules
PruneExplicitPrecompiledModules /Users/admin/builder/spi-builder-workspace/.derivedData/Build/Intermediates.noindex/ExplicitPrecompiledModules
2026-09-18 15:42:33.883 xcodebuild[768:4690] [MT] IDERunDestination: Supported platforms for the buildables in the current scheme is empty.
** BUILD FAILED **
The following build commands failed:
	SwiftEmitModule normal arm64 Emitting\ module\ for\ CodeQuickKit (in target 'CodeQuickKit' from project 'CodeQuickKit')
	SwiftCompile normal arm64 (in target 'CodeQuickKit' from project 'CodeQuickKit')
	Building workspace CodeQuickKit with scheme CodeQuickKit
(3 failures)
BUILD FAILURE 6.4 visionOS