The Swift Package Index logo.Swift Package Index

Build Information

Failed to build CocoaFob, reference master (7903c4), with Swift 6.4 for tvOS using Xcode 27.0 on 18 Sep 2026 21:15:49 UTC.

Build Command

env DEVELOPER_DIR=/Applications/Xcode-27.0.0-Release.Candidate.app xcrun xcodebuild -IDEClonedSourcePackagesDirPathOverride=$PWD/.dependencies -skipMacroValidation -skipPackagePluginValidation -derivedDataPath $PWD/.derivedData build -scheme CocoaFob -destination generic/platform=tvOS

Build Log

========================================
RunAll
========================================
Builder version: 5.1.0
Interrupt handler set up.
========================================
Checkout
========================================
Clone URL: https://github.com/glebd/cocoafob.git
Reference: master
Initialized empty Git repository in /Users/admin/builder/spi-builder-workspace/.git/
From https://github.com/glebd/cocoafob
 * branch            master     -> FETCH_HEAD
 * [new branch]      master     -> origin/master
HEAD is now at 7903c43 fix Swift 5 Xcode test builds
Cloned https://github.com/glebd/cocoafob.git
Revision (git rev-parse @):
7903c431e4838861afb29b8b6f51d445fa552072
SUCCESS checkout https://github.com/glebd/cocoafob.git at master
========================================
Build
========================================
Selected platform:         tvOS
Swift version:             6.4
Building package at path:  $PWD
https://github.com/glebd/cocoafob.git
Command line invocation:
    /Applications/Xcode-27.0.0-Release.Candidate.app/Contents/Developer/usr/bin/xcodebuild -IDEClonedSourcePackagesDirPathOverride=/Users/admin/builder/spi-builder-workspace/.dependencies -resolvePackageDependencies
resolved source packages:
{
  "dependencies" : [
  ],
  "manifest_display_name" : "CocoaFob",
  "name" : "CocoaFob",
  "path" : "/Users/admin/builder/spi-builder-workspace",
  "platforms" : [
    {
      "name" : "macos",
      "version" : "10.13"
    }
  ],
  "products" : [
    {
      "name" : "CocoaFob",
      "targets" : [
        "CocoaFob"
      ],
      "type" : {
        "library" : [
          "static"
        ]
      }
    }
  ],
  "targets" : [
    {
      "c99name" : "CocoaFobTests",
      "module_type" : "SwiftTarget",
      "name" : "CocoaFobTests",
      "path" : "swift5/CocoaFobTests",
      "sources" : [
        "CocoaFobTests.swift"
      ],
      "target_dependencies" : [
        "CocoaFob"
      ],
      "type" : "test"
    },
    {
      "c99name" : "CocoaFob",
      "module_type" : "SwiftTarget",
      "name" : "CocoaFob",
      "path" : "swift5/CocoaFob",
      "product_memberships" : [
        "CocoaFob"
      ],
      "sources" : [
        "CFUtil.swift",
        "CocoaFobError.swift",
        "LicenseGenerator.swift",
        "LicenseVerifier.swift",
        "String+CocoaFob.swift"
      ],
      "type" : "library"
    }
  ],
  "tools_version" : "5.5"
}
{
  "workspace" : {
    "name" : "CocoaFob",
    "schemes" : [
      "CocoaFob",
      "cocoafob-keygen"
    ]
  }
}
{
  "workspace" : {
    "name" : "CocoaFob",
    "schemes" : [
      "CocoaFob"
    ]
  }
}
2026-09-18 17:15:38.699 xcodebuild[616:3856] [MT] IDERunDestination: Supported platforms for the buildables in the current scheme is empty.
Running build ...
env DEVELOPER_DIR=/Applications/Xcode-27.0.0-Release.Candidate.app xcrun xcodebuild -IDEClonedSourcePackagesDirPathOverride=$PWD/.dependencies -skipMacroValidation -skipPackagePluginValidation -derivedDataPath $PWD/.derivedData build -scheme CocoaFob -destination generic/platform=tvOS
Command line invocation:
    /Applications/Xcode-27.0.0-Release.Candidate.app/Contents/Developer/usr/bin/xcodebuild -IDEClonedSourcePackagesDirPathOverride=/Users/admin/builder/spi-builder-workspace/.dependencies -skipMacroValidation -skipPackagePluginValidation -derivedDataPath /Users/admin/builder/spi-builder-workspace/.derivedData build -scheme CocoaFob -destination generic/platform=tvOS
Resolve Package Graph
Resolved source packages:
  CocoaFob: /Users/admin/builder/spi-builder-workspace
ComputePackagePrebuildTargetDependencyGraph
Prepare packages
CreateBuildRequest
SendProjectDescription
CreateBuildOperation
ComputeTargetDependencyGraph
note: Building targets in dependency order
note: Target dependency graph (2 targets)
    Target 'CocoaFob-product' in project 'CocoaFob'
        ➜ Explicit dependency on target 'CocoaFob' in project 'CocoaFob'
    Target 'CocoaFob' in project 'CocoaFob' (no dependencies)
GatherProvisioningInputs
CreateBuildDescription
ExecuteExternalTool /Applications/Xcode-27.0.0-Release.Candidate.app/Contents/Developer/Toolchains/XcodeDefault.xctoolchain/usr/bin/clang -v -E -dM -isysroot /Applications/Xcode-27.0.0-Release.Candidate.app/Contents/Developer/Platforms/AppleTVOS.platform/Developer/SDKs/AppleTVOS27.0.sdk -x c -c /dev/null
ExecuteExternalTool /Applications/Xcode-27.0.0-Release.Candidate.app/Contents/Developer/Toolchains/XcodeDefault.xctoolchain/usr/bin/swiftc --version
ExecuteExternalTool /Applications/Xcode-27.0.0-Release.Candidate.app/Contents/Developer/Toolchains/XcodeDefault.xctoolchain/usr/bin/ld -version_details
Build description signature: 345481ad5df41c12a92714ddb0ef946c
Build description path: /Users/admin/builder/spi-builder-workspace/.derivedData/Build/Intermediates.noindex/XCBuildData/345481ad5df41c12a92714ddb0ef946c.xcbuilddata
CreateBuildDirectory /Users/admin/builder/spi-builder-workspace/.derivedData/SDKExplicitPrecompiledModules
    cd /Users/admin/builder/spi-builder-workspace/.swiftpm/xcode
    builtin-create-build-directory /Users/admin/builder/spi-builder-workspace/.derivedData/SDKExplicitPrecompiledModules
CreateBuildDirectory /Users/admin/builder/spi-builder-workspace/.derivedData/CompilationCache.noindex
    cd /Users/admin/builder/spi-builder-workspace/.swiftpm/xcode
    builtin-create-build-directory /Users/admin/builder/spi-builder-workspace/.derivedData/CompilationCache.noindex
CreateBuildDirectory /Users/admin/builder/spi-builder-workspace/.derivedData/ModuleCache.noindex
    cd /Users/admin/builder/spi-builder-workspace/.swiftpm/xcode
    builtin-create-build-directory /Users/admin/builder/spi-builder-workspace/.derivedData/ModuleCache.noindex
CreateBuildDirectory /Users/admin/builder/spi-builder-workspace/.derivedData/Build/Products
    cd /Users/admin/builder/spi-builder-workspace/.swiftpm/xcode
    builtin-create-build-directory /Users/admin/builder/spi-builder-workspace/.derivedData/Build/Products
ClangStatCache /Applications/Xcode-27.0.0-Release.Candidate.app/Contents/Developer/Toolchains/XcodeDefault.xctoolchain/usr/bin/clang-stat-cache /Applications/Xcode-27.0.0-Release.Candidate.app/Contents/Developer/Platforms/AppleTVOS.platform/Developer/SDKs/AppleTVOS27.0.sdk /Users/admin/builder/spi-builder-workspace/.derivedData/SDKStatCaches.noindex/appletvos27.0-24J360-e829b21a6f8c9b70876ba0858053c044b32bfd8d43560033f8d89884cdb90028.sdkstatcache
    cd /Users/admin/builder/spi-builder-workspace/.swiftpm/xcode
    /Applications/Xcode-27.0.0-Release.Candidate.app/Contents/Developer/Toolchains/XcodeDefault.xctoolchain/usr/bin/clang-stat-cache /Applications/Xcode-27.0.0-Release.Candidate.app/Contents/Developer/Platforms/AppleTVOS.platform/Developer/SDKs/AppleTVOS27.0.sdk -o /Users/admin/builder/spi-builder-workspace/.derivedData/SDKStatCaches.noindex/appletvos27.0-24J360-e829b21a6f8c9b70876ba0858053c044b32bfd8d43560033f8d89884cdb90028.sdkstatcache
CreateBuildDirectory /Users/admin/builder/spi-builder-workspace/.derivedData/Build/Intermediates.noindex
    cd /Users/admin/builder/spi-builder-workspace/.swiftpm/xcode
    builtin-create-build-directory /Users/admin/builder/spi-builder-workspace/.derivedData/Build/Intermediates.noindex
CreateBuildDirectory /Users/admin/builder/spi-builder-workspace/.derivedData/Build/Products/Debug-appletvos
    cd /Users/admin/builder/spi-builder-workspace/.swiftpm/xcode
    builtin-create-build-directory /Users/admin/builder/spi-builder-workspace/.derivedData/Build/Products/Debug-appletvos
CreateBuildDirectory /Users/admin/builder/spi-builder-workspace/.derivedData/Build/Intermediates.noindex/SwiftExplicitPrecompiledModules
    cd /Users/admin/builder/spi-builder-workspace/.swiftpm/xcode
    builtin-create-build-directory /Users/admin/builder/spi-builder-workspace/.derivedData/Build/Intermediates.noindex/SwiftExplicitPrecompiledModules
CreateBuildDirectory /Users/admin/builder/spi-builder-workspace/.derivedData/Build/Intermediates.noindex/ExplicitPrecompiledModules
    cd /Users/admin/builder/spi-builder-workspace/.swiftpm/xcode
    builtin-create-build-directory /Users/admin/builder/spi-builder-workspace/.derivedData/Build/Intermediates.noindex/ExplicitPrecompiledModules
CreateBuildDirectory /Users/admin/builder/spi-builder-workspace/.derivedData/Build/Intermediates.noindex/PrecompiledHeaders
    cd /Users/admin/builder/spi-builder-workspace/.swiftpm/xcode
    builtin-create-build-directory /Users/admin/builder/spi-builder-workspace/.derivedData/Build/Intermediates.noindex/PrecompiledHeaders
CreateBuildDirectory /Users/admin/builder/spi-builder-workspace/.derivedData/Build/Intermediates.noindex/EagerLinkingTBDs/Debug-appletvos
    cd /Users/admin/builder/spi-builder-workspace/.swiftpm/xcode
    builtin-create-build-directory /Users/admin/builder/spi-builder-workspace/.derivedData/Build/Intermediates.noindex/EagerLinkingTBDs/Debug-appletvos
CreateBuildDirectory /Users/admin/builder/spi-builder-workspace/.derivedData/Build/Products/Debug-appletvos/PackageFrameworks
    cd /Users/admin/builder/spi-builder-workspace/.swiftpm/xcode
    builtin-create-build-directory /Users/admin/builder/spi-builder-workspace/.derivedData/Build/Products/Debug-appletvos/PackageFrameworks
WriteAuxiliaryFile /Users/admin/builder/spi-builder-workspace/.derivedData/Build/Intermediates.noindex/CocoaFob.build/Debug-appletvos/CocoaFob-t.build/CocoaFob.DependencyStaticMetadataFileList (in target 'CocoaFob' from project 'CocoaFob')
    cd /Users/admin/builder/spi-builder-workspace
    write-file /Users/admin/builder/spi-builder-workspace/.derivedData/Build/Intermediates.noindex/CocoaFob.build/Debug-appletvos/CocoaFob-t.build/CocoaFob.DependencyStaticMetadataFileList
WriteAuxiliaryFile /Users/admin/builder/spi-builder-workspace/.derivedData/Build/Intermediates.noindex/CocoaFob.build/Debug-appletvos/CocoaFob-t.build/CocoaFob.modulemap (in target 'CocoaFob' from project 'CocoaFob')
    cd /Users/admin/builder/spi-builder-workspace
    write-file /Users/admin/builder/spi-builder-workspace/.derivedData/Build/Intermediates.noindex/CocoaFob.build/Debug-appletvos/CocoaFob-t.build/CocoaFob.modulemap
WriteAuxiliaryFile /Users/admin/builder/spi-builder-workspace/.derivedData/Build/Intermediates.noindex/CocoaFob.build/Debug-appletvos/CocoaFob-t.build/CocoaFob.DependencyMetadataFileList (in target 'CocoaFob' from project 'CocoaFob')
    cd /Users/admin/builder/spi-builder-workspace
    write-file /Users/admin/builder/spi-builder-workspace/.derivedData/Build/Intermediates.noindex/CocoaFob.build/Debug-appletvos/CocoaFob-t.build/CocoaFob.DependencyMetadataFileList
WriteAuxiliaryFile /Users/admin/builder/spi-builder-workspace/.derivedData/Build/Intermediates.noindex/CocoaFob.build/Debug-appletvos/CocoaFob-t.build/Objects-normal/arm64/CocoaFob.SwiftConstValuesFileList (in target 'CocoaFob' from project 'CocoaFob')
    cd /Users/admin/builder/spi-builder-workspace
    write-file /Users/admin/builder/spi-builder-workspace/.derivedData/Build/Intermediates.noindex/CocoaFob.build/Debug-appletvos/CocoaFob-t.build/Objects-normal/arm64/CocoaFob.SwiftConstValuesFileList
WriteAuxiliaryFile /Users/admin/builder/spi-builder-workspace/.derivedData/Build/Intermediates.noindex/CocoaFob.build/Debug-appletvos/CocoaFob-t.build/Objects-normal/arm64/CocoaFob.LinkFileList (in target 'CocoaFob' from project 'CocoaFob')
    cd /Users/admin/builder/spi-builder-workspace
    write-file /Users/admin/builder/spi-builder-workspace/.derivedData/Build/Intermediates.noindex/CocoaFob.build/Debug-appletvos/CocoaFob-t.build/Objects-normal/arm64/CocoaFob.LinkFileList
WriteAuxiliaryFile /Users/admin/builder/spi-builder-workspace/.derivedData/Build/Intermediates.noindex/CocoaFob.build/Debug-appletvos/CocoaFob-t.build/Objects-normal/arm64/CocoaFob_const_extract_protocols.json (in target 'CocoaFob' from project 'CocoaFob')
    cd /Users/admin/builder/spi-builder-workspace
    write-file /Users/admin/builder/spi-builder-workspace/.derivedData/Build/Intermediates.noindex/CocoaFob.build/Debug-appletvos/CocoaFob-t.build/Objects-normal/arm64/CocoaFob_const_extract_protocols.json
WriteAuxiliaryFile /Users/admin/builder/spi-builder-workspace/.derivedData/Build/Intermediates.noindex/CocoaFob.build/Debug-appletvos/CocoaFob-t.build/Objects-normal/arm64/CocoaFob.SwiftFileList (in target 'CocoaFob' from project 'CocoaFob')
    cd /Users/admin/builder/spi-builder-workspace
    write-file /Users/admin/builder/spi-builder-workspace/.derivedData/Build/Intermediates.noindex/CocoaFob.build/Debug-appletvos/CocoaFob-t.build/Objects-normal/arm64/CocoaFob.SwiftFileList
WriteAuxiliaryFile /Users/admin/builder/spi-builder-workspace/.derivedData/Build/Intermediates.noindex/CocoaFob.build/Debug-appletvos/CocoaFob-t.build/Objects-normal/arm64/CocoaFob-OutputFileMap.json (in target 'CocoaFob' from project 'CocoaFob')
    cd /Users/admin/builder/spi-builder-workspace
    write-file /Users/admin/builder/spi-builder-workspace/.derivedData/Build/Intermediates.noindex/CocoaFob.build/Debug-appletvos/CocoaFob-t.build/Objects-normal/arm64/CocoaFob-OutputFileMap.json
Copy /Users/admin/builder/spi-builder-workspace/.derivedData/Build/Intermediates.noindex/GeneratedModuleMaps-appletvos/CocoaFob.modulemap /Users/admin/builder/spi-builder-workspace/.derivedData/Build/Intermediates.noindex/CocoaFob.build/Debug-appletvos/CocoaFob-t.build/CocoaFob.modulemap (in target 'CocoaFob' from project 'CocoaFob')
    cd /Users/admin/builder/spi-builder-workspace
    builtin-copy -exclude .DS_Store -exclude CVS -exclude .svn -exclude .git -exclude .hg -resolve-src-symlinks /Users/admin/builder/spi-builder-workspace/.derivedData/Build/Intermediates.noindex/CocoaFob.build/Debug-appletvos/CocoaFob-t.build/CocoaFob.modulemap /Users/admin/builder/spi-builder-workspace/.derivedData/Build/Intermediates.noindex/GeneratedModuleMaps-appletvos
SwiftDriver CocoaFob normal arm64 com.apple.xcode.tools.swift.compiler (in target 'CocoaFob' from project 'CocoaFob')
    cd /Users/admin/builder/spi-builder-workspace/.swiftpm/xcode
    builtin-SwiftDriver -- /Applications/Xcode-27.0.0-Release.Candidate.app/Contents/Developer/Toolchains/XcodeDefault.xctoolchain/usr/bin/swiftc -parse-as-library -module-name CocoaFob -Onone @/Users/admin/builder/spi-builder-workspace/.derivedData/Build/Intermediates.noindex/CocoaFob.build/Debug-appletvos/CocoaFob-t.build/Objects-normal/arm64/CocoaFob.SwiftFileList -DSWIFT_PACKAGE -DDEBUG -DSWIFT_MODULE_RESOURCE_BUNDLE_UNAVAILABLE -DXcode -plugin-path /Applications/Xcode-27.0.0-Release.Candidate.app/Contents/Developer/Toolchains/XcodeDefault.xctoolchain/usr/lib/swift/host/plugins/testing -enable-experimental-feature DebugDescriptionMacro -sdk /Applications/Xcode-27.0.0-Release.Candidate.app/Contents/Developer/Platforms/AppleTVOS.platform/Developer/SDKs/AppleTVOS27.0.sdk -target arm64-apple-tvos15.0 -g -module-cache-path /Users/admin/builder/spi-builder-workspace/.derivedData/ModuleCache.noindex -Xfrontend -serialize-debugging-options -profile-coverage-mapping -profile-generate -enable-testing -index-store-path /Users/admin/builder/spi-builder-workspace/.derivedData/Index.noindex/DataStore -Xcc -D_LIBCPP_HARDENING_MODE\=_LIBCPP_HARDENING_MODE_DEBUG -swift-version 5 -I /Users/admin/builder/spi-builder-workspace/.derivedData/Build/Products/Debug-appletvos -Isystem /Applications/Xcode-27.0.0-Release.Candidate.app/Contents/Developer/Platforms/AppleTVOS.platform/Developer/usr/lib -F /Users/admin/builder/spi-builder-workspace/.derivedData/Build/Products/Debug-appletvos -F /Applications/Xcode-27.0.0-Release.Candidate.app/Contents/Developer/Platforms/AppleTVOS.platform/Developer/Library/Frameworks -F /Applications/Xcode-27.0.0-Release.Candidate.app/Contents/Developer/Platforms/AppleTVOS.platform/Developer/SDKs/AppleTVOS27.0.sdk/Developer/Library/Frameworks -c -j10 -enable-batch-mode -incremental -Xcc -ivfsstatcache -Xcc /Users/admin/builder/spi-builder-workspace/.derivedData/SDKStatCaches.noindex/appletvos27.0-24J360-e829b21a6f8c9b70876ba0858053c044b32bfd8d43560033f8d89884cdb90028.sdkstatcache -output-file-map /Users/admin/builder/spi-builder-workspace/.derivedData/Build/Intermediates.noindex/CocoaFob.build/Debug-appletvos/CocoaFob-t.build/Objects-normal/arm64/CocoaFob-OutputFileMap.json -save-temps -no-color-diagnostics -explicit-module-build -module-cache-path /Users/admin/builder/spi-builder-workspace/.derivedData/Build/Intermediates.noindex/SwiftExplicitPrecompiledModules -clang-scanner-module-cache-path /Users/admin/builder/spi-builder-workspace/.derivedData/ModuleCache.noindex -sdk-module-cache-path /Users/admin/builder/spi-builder-workspace/.derivedData/SDKExplicitPrecompiledModules -emit-dependencies -emit-module -emit-module-path /Users/admin/builder/spi-builder-workspace/.derivedData/Build/Intermediates.noindex/CocoaFob.build/Debug-appletvos/CocoaFob-t.build/Objects-normal/arm64/CocoaFob.swiftmodule -serialize-diagnostics -dependency-scan-serialize-diagnostics-path /Users/admin/builder/spi-builder-workspace/.derivedData/Build/Intermediates.noindex/CocoaFob.build/Debug-appletvos/CocoaFob-t.build/Objects-normal/arm64/CocoaFob-dependency-scan.dia -validate-clang-modules-once -clang-build-session-file /Users/admin/builder/spi-builder-workspace/.derivedData/ModuleCache.noindex/Session.modulevalidation -Xcc -fmodules-prune-interval\=86400 -Xcc -fmodules-prune-after\=345600 -emit-const-values -const-gather-protocols-list /Users/admin/builder/spi-builder-workspace/.derivedData/Build/Intermediates.noindex/CocoaFob.build/Debug-appletvos/CocoaFob-t.build/Objects-normal/arm64/CocoaFob_const_extract_protocols.json -Xcc -I/Users/admin/builder/spi-builder-workspace/.derivedData/Build/Products/Debug-appletvos/include -Xcc -I/Users/admin/builder/spi-builder-workspace/.derivedData/Build/Intermediates.noindex/CocoaFob.build/Debug-appletvos/CocoaFob-t.build/DerivedSources-normal/arm64 -Xcc -I/Users/admin/builder/spi-builder-workspace/.derivedData/Build/Intermediates.noindex/CocoaFob.build/Debug-appletvos/CocoaFob-t.build/DerivedSources/arm64 -Xcc -I/Users/admin/builder/spi-builder-workspace/.derivedData/Build/Intermediates.noindex/CocoaFob.build/Debug-appletvos/CocoaFob-t.build/DerivedSources -Xcc -DSWIFT_PACKAGE -Xcc -DDEBUG\=1 -emit-objc-header -emit-objc-header-path /Users/admin/builder/spi-builder-workspace/.derivedData/Build/Intermediates.noindex/CocoaFob.build/Debug-appletvos/CocoaFob-t.build/Objects-normal/arm64/CocoaFob-Swift.h -working-directory /Users/admin/builder/spi-builder-workspace/.swiftpm/xcode -experimental-emit-module-separately -disable-cmo
SwiftExplicitDependencyGeneratePcm arm64 /Users/admin/builder/spi-builder-workspace/.derivedData/SDKExplicitPrecompiledModules/SwiftShims-8N4EXJ4RUJTR8K9OO3CMOH1EP.pcm
SwiftExplicitDependencyGeneratePcm arm64 /Users/admin/builder/spi-builder-workspace/.derivedData/SDKExplicitPrecompiledModules/ptrcheck-2AZ6B5IBYD3RRRTFWN2ONASY3.pcm
SwiftExplicitDependencyGeneratePcm arm64 /Users/admin/builder/spi-builder-workspace/.derivedData/SDKExplicitPrecompiledModules/_Builtin_float-8ZJAYZ85YBOAOP52Y9H6IUNP3.pcm
SwiftExplicitDependencyGeneratePcm arm64 /Users/admin/builder/spi-builder-workspace/.derivedData/SDKExplicitPrecompiledModules/_Builtin_stddef-9ZJZ6FDEZNKTZU8YLPMFT9RAQ.pcm
SwiftExplicitDependencyGeneratePcm arm64 /Users/admin/builder/spi-builder-workspace/.derivedData/SDKExplicitPrecompiledModules/_SwiftConcurrencyShims-BY5PD8KF1L5KF6F4Q69HE3TJ4.pcm
SwiftExplicitDependencyGeneratePcm arm64 /Users/admin/builder/spi-builder-workspace/.derivedData/SDKExplicitPrecompiledModules/_AvailabilityInternal-BV2EDDP0MI5QJDDPEEV4D9D3V.pcm
SwiftExplicitDependencyGeneratePcm arm64 /Users/admin/builder/spi-builder-workspace/.derivedData/SDKExplicitPrecompiledModules/_Builtin_stdarg-BO2OCAUYVAXDRVQWQ8ISKGNUQ.pcm
SwiftExplicitDependencyGeneratePcm arm64 /Users/admin/builder/spi-builder-workspace/.derivedData/SDKExplicitPrecompiledModules/ptrauth-8X2KEPL7CTRPS40TUB9APHPK6.pcm
SwiftExplicitDependencyGeneratePcm arm64 /Users/admin/builder/spi-builder-workspace/.derivedData/SDKExplicitPrecompiledModules/_Builtin_stdbool-AHRDH5EKLY6D04C5E42F3VCQI.pcm
SwiftExplicitDependencyGeneratePcm arm64 /Users/admin/builder/spi-builder-workspace/.derivedData/SDKExplicitPrecompiledModules/_DarwinFoundation1-JOTYMOA1YZCIJ2NON6FQ848O.pcm
SwiftExplicitDependencyGeneratePcm arm64 /Users/admin/builder/spi-builder-workspace/.derivedData/SDKExplicitPrecompiledModules/_Builtin_limits-7JU2HP127LIT1X9E2V3D8WZ1.pcm
SwiftExplicitDependencyGeneratePcm arm64 /Users/admin/builder/spi-builder-workspace/.derivedData/SDKExplicitPrecompiledModules/_DarwinFoundation2-AOGAN1O02NKXRJN5V73AV3V3M.pcm
SwiftExplicitDependencyGeneratePcm arm64 /Users/admin/builder/spi-builder-workspace/.derivedData/SDKExplicitPrecompiledModules/_Builtin_stdint-6NFTB6IBKS143IVPGT1EKB7HO.pcm
SwiftExplicitDependencyGeneratePcm arm64 /Users/admin/builder/spi-builder-workspace/.derivedData/SDKExplicitPrecompiledModules/sys_types-8GCAV1YMG5UUGHUID3CA20TCH.pcm
SwiftExplicitDependencyGeneratePcm arm64 /Users/admin/builder/spi-builder-workspace/.derivedData/SDKExplicitPrecompiledModules/string_h-6EVHP7A717OUS5DMC78F79HWO.pcm
SwiftExplicitDependencyGeneratePcm arm64 /Users/admin/builder/spi-builder-workspace/.derivedData/SDKExplicitPrecompiledModules/_DarwinFoundation3-8SR3855WDFHQPR6G9GHOI2C07.pcm
SwiftExplicitDependencyGeneratePcm arm64 /Users/admin/builder/spi-builder-workspace/.derivedData/SDKExplicitPrecompiledModules/_Builtin_inttypes-6X1IQ3QK9KEVKXOK9Y79EW7J3.pcm
SwiftExplicitDependencyGeneratePcm arm64 /Users/admin/builder/spi-builder-workspace/.derivedData/SDKExplicitPrecompiledModules/Darwin-DBSQAVBBPC3D2OMU5ZI2RXMST.pcm
SwiftExplicitDependencyGeneratePcm arm64 /Users/admin/builder/spi-builder-workspace/.derivedData/SDKExplicitPrecompiledModules/ObjectiveC-5250FDCE56N8508OR6XUYDKZM.pcm
SwiftExplicitDependencyGeneratePcm arm64 /Users/admin/builder/spi-builder-workspace/.derivedData/SDKExplicitPrecompiledModules/os_object-E2DGZ0SX0TULQHULZRPO6OKNW.pcm
SwiftExplicitDependencyGeneratePcm arm64 /Users/admin/builder/spi-builder-workspace/.derivedData/SDKExplicitPrecompiledModules/os_workgroup-DBUFF7811DKMX7VPBOJPGGF1U.pcm
SwiftExplicitDependencyGeneratePcm arm64 /Users/admin/builder/spi-builder-workspace/.derivedData/SDKExplicitPrecompiledModules/Dispatch-1QL58A0V50C39KVAIC6C38SHL.pcm
SwiftExplicitDependencyGeneratePcm arm64 /Users/admin/builder/spi-builder-workspace/.derivedData/SDKExplicitPrecompiledModules/XPC-6O2DJFT3QUJ7QKTD3SNUB6PCR.pcm
SwiftExplicitDependencyGeneratePcm arm64 /Users/admin/builder/spi-builder-workspace/.derivedData/SDKExplicitPrecompiledModules/CoreFoundation-7TPJ7ENDC4L1A1ESHYI9TXS0D.pcm
SwiftExplicitDependencyGeneratePcm arm64 /Users/admin/builder/spi-builder-workspace/.derivedData/SDKExplicitPrecompiledModules/CFNetwork-2CUR2VK9S3S3WPFXPNXNUWYGN.pcm
SwiftExplicitDependencyGeneratePcm arm64 /Users/admin/builder/spi-builder-workspace/.derivedData/SDKExplicitPrecompiledModules/Security-8VMXEKVDA3MHUH9AOTP905DID.pcm
SwiftExplicitDependencyGeneratePcm arm64 /Users/admin/builder/spi-builder-workspace/.derivedData/SDKExplicitPrecompiledModules/Foundation-BSSIP64DIGUKMAYJOG1WPQ78X.pcm
SwiftEmitModule normal arm64 Emitting\ module\ for\ CocoaFob (in target 'CocoaFob' from project 'CocoaFob')
/Users/admin/builder/spi-builder-workspace/swift5/CocoaFob/LicenseGenerator.swift:76:88: error: cannot find type 'SecGroupTransform' in scope
 74 |   // MARK: - Utility functions
 75 |
 76 |   fileprivate func connectTransforms(_ signer: SecTransform, encoder: SecTransform) -> SecGroupTransform? {
    |                                                                                        `- error: cannot find type 'SecGroupTransform' in scope
 77 |     guard let groupTransform = getGroupTransform() else { return nil }
 78 |     return SecTransformConnectTransforms(signer, kSecTransformOutputAttributeName, encoder, kSecTransformInputAttributeName, groupTransform, nil)
/Users/admin/builder/spi-builder-workspace/swift5/CocoaFob/LicenseGenerator.swift:76:48: error: cannot find type 'SecTransform' in scope
 74 |   // MARK: - Utility functions
 75 |
 76 |   fileprivate func connectTransforms(_ signer: SecTransform, encoder: SecTransform) -> SecGroupTransform? {
    |                                                `- error: cannot find type 'SecTransform' in scope
 77 |     guard let groupTransform = getGroupTransform() else { return nil }
 78 |     return SecTransformConnectTransforms(signer, kSecTransformOutputAttributeName, encoder, kSecTransformInputAttributeName, groupTransform, nil)
/Users/admin/builder/spi-builder-workspace/swift5/CocoaFob/LicenseGenerator.swift:76:71: error: cannot find type 'SecTransform' in scope
 74 |   // MARK: - Utility functions
 75 |
 76 |   fileprivate func connectTransforms(_ signer: SecTransform, encoder: SecTransform) -> SecGroupTransform? {
    |                                                                       `- error: cannot find type 'SecTransform' in scope
 77 |     guard let groupTransform = getGroupTransform() else { return nil }
 78 |     return SecTransformConnectTransforms(signer, kSecTransformOutputAttributeName, encoder, kSecTransformInputAttributeName, groupTransform, nil)
/Users/admin/builder/spi-builder-workspace/swift5/CocoaFob/LicenseGenerator.swift:81:43: error: cannot find type 'SecGroupTransform' in scope
 79 |   }
 80 |
 81 |   fileprivate func getGroupTransform() -> SecGroupTransform? {
    |                                           `- error: cannot find type 'SecGroupTransform' in scope
 82 |     return SecTransformCreateGroupTransform()
 83 |   }
/Users/admin/builder/spi-builder-workspace/swift5/CocoaFob/LicenseGenerator.swift:89:39: error: cannot find type 'SecTransform' in scope
 87 |   }
 88 |
 89 |   func getSigner(_ nameData: Data) -> SecTransform? {
    |                                       `- error: cannot find type 'SecTransform' in scope
 90 |     do {
 91 |       let signer = try cfTry(.error) { return SecSignTransformCreate(self.privKey, $0) }
/Users/admin/builder/spi-builder-workspace/swift5/CocoaFob/LicenseGenerator.swift:100:36: error: cannot find type 'SecTransform' in scope
 98 |   }
 99 |
100 |   fileprivate func getEncoder() -> SecTransform? {
    |                                    `- error: cannot find type 'SecTransform' in scope
101 |     do {
102 |       let encoder = try cfTry(.error) { return SecEncodeTransformCreate(kSecBase32Encoding, $0) }
/Users/admin/builder/spi-builder-workspace/swift5/CocoaFob/LicenseVerifier.swift:85:60: error: cannot find type 'SecTransform' in scope
 83 |
 84 |   // MARK: - Helper functions
 85 |   fileprivate func getEncoder(_ signature: Data) throws -> SecTransform {
    |                                                            `- error: cannot find type 'SecTransform' in scope
 86 |     let encoder = try cfTry(.error) { return SecEncodeTransformCreate(kSecBase32Encoding, $0) }
 87 |     let _ = try cfTry(.error) { return SecTransformSetAttribute(encoder, kSecTransformInputAttributeName, signature as CFTypeRef, $0) }
/Users/admin/builder/spi-builder-workspace/swift5/CocoaFob/LicenseVerifier.swift:91:58: error: cannot find type 'SecTransform' in scope
 89 |   }
 90 |
 91 |   fileprivate func getDecoder(_ keyData: Data) throws -> SecTransform {
    |                                                          `- error: cannot find type 'SecTransform' in scope
 92 |     let decoder = try cfTry(.error) { return SecDecodeTransformCreate(kSecBase32Encoding, $0) }
 93 |     let _ = try cfTry(.error) { return SecTransformSetAttribute(decoder, kSecTransformInputAttributeName, keyData as CFTypeRef, $0) }
/Users/admin/builder/spi-builder-workspace/swift5/CocoaFob/LicenseVerifier.swift:97:96: error: cannot find type 'SecTransform' in scope
 95 |   }
 96 |
 97 |   fileprivate func getVerifier(_ publicKey: SecKey, signature: Data, nameData: Data) throws -> SecTransform {
    |                                                                                                `- error: cannot find type 'SecTransform' in scope
 98 |     let verifier = try cfTry(.error) { return SecVerifyTransformCreate(publicKey, signature as CFData?, $0) }
 99 |     let _ = try cfTry(.error) { return SecTransformSetAttribute(verifier, kSecTransformInputAttributeName, nameData as CFTypeRef, $0) }
Failed frontend command:
SwiftCompile normal arm64 (in target 'CocoaFob' from project 'CocoaFob')
    cd /Users/admin/builder/spi-builder-workspace/.swiftpm/xcode

/Applications/Xcode-27.0.0-Release.Candidate.app/Contents/Developer/Toolchains/XcodeDefault.xctoolchain/usr/bin/swift-frontend -frontend -emit-module -experimental-skip-non-inlinable-function-bodies-without-types /Users/admin/builder/spi-builder-workspace/swift5/CocoaFob/CFUtil.swift /Users/admin/builder/spi-builder-workspace/swift5/CocoaFob/CocoaFobError.swift /Users/admin/builder/spi-builder-workspace/swift5/CocoaFob/LicenseGenerator.swift /Users/admin/builder/spi-builder-workspace/swift5/CocoaFob/LicenseVerifier.swift /Users/admin/builder/spi-builder-workspace/swift5/CocoaFob/String+CocoaFob.swift -target arm64-apple-tvos15.0 -disable-cross-import-overlay-search -load-resolved-plugin /Applications/Xcode-27.0.0-Release.Candidate.app/Contents/Developer/Platforms/AppleTVOS.platform/Developer/usr/lib/swift/host/plugins/libFoundationMacros.dylib\#/Applications/Xcode-27.0.0-Release.Candidate.app/Contents/Developer/Platforms/AppleTVOS.platform/Developer/usr/bin/swift-plugin-server\#FoundationMacros -load-resolved-plugin /Applications/Xcode-27.0.0-Release.Candidate.app/Contents/Developer/Platforms/AppleTVOS.platform/Developer/usr/lib/swift/host/plugins/libObservationMacros.dylib\#/Applications/Xcode-27.0.0-Release.Candidate.app/Contents/Developer/Platforms/AppleTVOS.platform/Developer/usr/bin/swift-plugin-server\#ObservationMacros -load-resolved-plugin /Applications/Xcode-27.0.0-Release.Candidate.app/Contents/Developer/Platforms/AppleTVOS.platform/Developer/usr/lib/swift/host/plugins/libSwiftMacros.dylib\#/Applications/Xcode-27.0.0-Release.Candidate.app/Contents/Developer/Platforms/AppleTVOS.platform/Developer/usr/bin/swift-plugin-server\#SwiftMacros -disable-implicit-swift-modules -Xcc -fno-implicit-modules -Xcc -fno-implicit-module-maps -explicit-swift-module-map-file /Users/admin/builder/spi-builder-workspace/.derivedData/Build/Intermediates.noindex/CocoaFob.build/Debug-appletvos/CocoaFob-t.build/Objects-normal/arm64/CocoaFob-dependencies-1.json -Xllvm -aarch64-use-tbi -enable-objc-interop -stack-check -sdk /Applications/Xcode-27.0.0-Release.Candidate.app/Contents/Developer/Platforms/AppleTVOS.platform/Developer/SDKs/AppleTVOS27.0.sdk -I /Users/admin/builder/spi-builder-workspace/.derivedData/Build/Products/Debug-appletvos -Isystem /Applications/Xcode-27.0.0-Release.Candidate.app/Contents/Developer/Platforms/AppleTVOS.platform/Developer/usr/lib -F /Users/admin/builder/spi-builder-workspace/.derivedData/Build/Products/Debug-appletvos -F /Applications/Xcode-27.0.0-Release.Candidate.app/Contents/Developer/Platforms/AppleTVOS.platform/Developer/Library/Frameworks -F /Applications/Xcode-27.0.0-Release.Candidate.app/Contents/Developer/Platforms/AppleTVOS.platform/Developer/SDKs/AppleTVOS27.0.sdk/Developer/Library/Frameworks -module-cache-path /Users/admin/builder/spi-builder-workspace/.derivedData/Build/Intermediates.noindex/SwiftExplicitPrecompiledModules -no-color-diagnostics -Xcc -fno-color-diagnostics -enable-testing -g -debug-info-format\=dwarf -dwarf-version\=4 -profile-generate -profile-coverage-mapping -swift-version 5 -Onone -D SWIFT_PACKAGE -D DEBUG -D SWIFT_MODULE_RESOURCE_BUNDLE_UNAVAILABLE -D Xcode -serialize-debugging-options -enable-experimental-feature DebugDescriptionMacro -empty-abi-descriptor -validate-clang-modules-once -clang-build-session-file /Users/admin/builder/spi-builder-workspace/.derivedData/ModuleCache.noindex/Session.modulevalidation -Xcc -working-directory -Xcc /Users/admin/builder/spi-builder-workspace/.swiftpm/xcode -enable-anonymous-context-mangled-names -file-compilation-dir /Users/admin/builder/spi-builder-workspace/.swiftpm/xcode -Xcc -D_LIBCPP_HARDENING_MODE\=_LIBCPP_HARDENING_MODE_DEBUG -Xcc -ivfsstatcache -Xcc /Users/admin/builder/spi-builder-workspace/.derivedData/SDKStatCaches.noindex/appletvos27.0-24J360-e829b21a6f8c9b70876ba0858053c044b32bfd8d43560033f8d89884cdb90028.sdkstatcache -Xcc -fmodules-prune-interval\=86400 -Xcc -fmodules-prune-after\=345600 -Xcc -I/Users/admin/builder/spi-builder-workspace/.derivedData/Build/Products/Debug-appletvos/include -Xcc -I/Users/admin/builder/spi-builder-workspace/.derivedData/Build/Intermediates.noindex/CocoaFob.build/Debug-appletvos/CocoaFob-t.build/DerivedSources-normal/arm64 -Xcc -I/Users/admin/builder/spi-builder-workspace/.derivedData/Build/Intermediates.noindex/CocoaFob.build/Debug-appletvos/CocoaFob-t.build/DerivedSources/arm64 -Xcc -I/Users/admin/builder/spi-builder-workspace/.derivedData/Build/Intermediates.noindex/CocoaFob.build/Debug-appletvos/CocoaFob-t.build/DerivedSources -Xcc -DSWIFT_PACKAGE -Xcc -DDEBUG\=1 -no-auto-bridging-header-chaining -module-name CocoaFob -const-gather-protocols-file /Users/admin/builder/spi-builder-workspace/.derivedData/Build/Intermediates.noindex/CocoaFob.build/Debug-appletvos/CocoaFob-t.build/Objects-normal/arm64/CocoaFob_const_extract_protocols.json -disable-clang-spi -clang-target arm64-apple-tvos27.0 -target-sdk-version 27.0 -target-sdk-name appletvos27.0 -in-process-plugin-server-path /Applications/Xcode-27.0.0-Release.Candidate.app/Contents/Developer/Toolchains/XcodeDefault.xctoolchain/usr/lib/swift/host/libSwiftInProcPluginServer.dylib -emit-module-doc-path /Users/admin/builder/spi-builder-workspace/.derivedData/Build/Intermediates.noindex/CocoaFob.build/Debug-appletvos/CocoaFob-t.build/Objects-normal/arm64/CocoaFob.swiftdoc -emit-module-source-info-path /Users/admin/builder/spi-builder-workspace/.derivedData/Build/Intermediates.noindex/CocoaFob.build/Debug-appletvos/CocoaFob-t.build/Objects-normal/arm64/CocoaFob.swiftsourceinfo -emit-objc-header-path /Users/admin/builder/spi-builder-workspace/.derivedData/Build/Intermediates.noindex/CocoaFob.build/Debug-appletvos/CocoaFob-t.build/Objects-normal/arm64/CocoaFob-Swift.h -serialize-diagnostics-path /Users/admin/builder/spi-builder-workspace/.derivedData/Build/Intermediates.noindex/CocoaFob.build/Debug-appletvos/CocoaFob-t.build/Objects-normal/arm64/CocoaFob-primary-emit-module.dia -emit-dependencies-path /Users/admin/builder/spi-builder-workspace/.derivedData/Build/Intermediates.noindex/CocoaFob.build/Debug-appletvos/CocoaFob-t.build/Objects-normal/arm64/CocoaFob-primary-emit-module.d -parse-as-library -o /Users/admin/builder/spi-builder-workspace/.derivedData/Build/Intermediates.noindex/CocoaFob.build/Debug-appletvos/CocoaFob-t.build/Objects-normal/arm64/CocoaFob.swiftmodule -emit-abi-descriptor-path /Users/admin/builder/spi-builder-workspace/.derivedData/Build/Intermediates.noindex/CocoaFob.build/Debug-appletvos/CocoaFob-t.build/Objects-normal/arm64/CocoaFob.abi.json
SwiftCompile normal arm64 Compiling\ LicenseGenerator.swift /Users/admin/builder/spi-builder-workspace/swift5/CocoaFob/LicenseGenerator.swift (in target 'CocoaFob' from project 'CocoaFob')
SwiftCompile normal arm64 /Users/admin/builder/spi-builder-workspace/swift5/CocoaFob/LicenseGenerator.swift (in target 'CocoaFob' from project 'CocoaFob')
    cd /Users/admin/builder/spi-builder-workspace/.swiftpm/xcode
    builtin-SwiftPerFileCompile LicenseGenerator.swift
/Users/admin/builder/spi-builder-workspace/swift5/CocoaFob/LicenseGenerator.swift:76:88: error: cannot find type 'SecGroupTransform' in scope
 74 |   // MARK: - Utility functions
 75 |
 76 |   fileprivate func connectTransforms(_ signer: SecTransform, encoder: SecTransform) -> SecGroupTransform? {
    |                                                                                        `- error: cannot find type 'SecGroupTransform' in scope
 77 |     guard let groupTransform = getGroupTransform() else { return nil }
 78 |     return SecTransformConnectTransforms(signer, kSecTransformOutputAttributeName, encoder, kSecTransformInputAttributeName, groupTransform, nil)
/Users/admin/builder/spi-builder-workspace/swift5/CocoaFob/LicenseGenerator.swift:76:48: error: cannot find type 'SecTransform' in scope
 74 |   // MARK: - Utility functions
 75 |
 76 |   fileprivate func connectTransforms(_ signer: SecTransform, encoder: SecTransform) -> SecGroupTransform? {
    |                                                `- error: cannot find type 'SecTransform' in scope
 77 |     guard let groupTransform = getGroupTransform() else { return nil }
 78 |     return SecTransformConnectTransforms(signer, kSecTransformOutputAttributeName, encoder, kSecTransformInputAttributeName, groupTransform, nil)
/Users/admin/builder/spi-builder-workspace/swift5/CocoaFob/LicenseGenerator.swift:76:71: error: cannot find type 'SecTransform' in scope
 74 |   // MARK: - Utility functions
 75 |
 76 |   fileprivate func connectTransforms(_ signer: SecTransform, encoder: SecTransform) -> SecGroupTransform? {
    |                                                                       `- error: cannot find type 'SecTransform' in scope
 77 |     guard let groupTransform = getGroupTransform() else { return nil }
 78 |     return SecTransformConnectTransforms(signer, kSecTransformOutputAttributeName, encoder, kSecTransformInputAttributeName, groupTransform, nil)
/Users/admin/builder/spi-builder-workspace/swift5/CocoaFob/LicenseGenerator.swift:81:43: error: cannot find type 'SecGroupTransform' in scope
 79 |   }
 80 |
 81 |   fileprivate func getGroupTransform() -> SecGroupTransform? {
    |                                           `- error: cannot find type 'SecGroupTransform' in scope
 82 |     return SecTransformCreateGroupTransform()
 83 |   }
/Users/admin/builder/spi-builder-workspace/swift5/CocoaFob/LicenseGenerator.swift:89:39: error: cannot find type 'SecTransform' in scope
 87 |   }
 88 |
 89 |   func getSigner(_ nameData: Data) -> SecTransform? {
    |                                       `- error: cannot find type 'SecTransform' in scope
 90 |     do {
 91 |       let signer = try cfTry(.error) { return SecSignTransformCreate(self.privKey, $0) }
/Users/admin/builder/spi-builder-workspace/swift5/CocoaFob/LicenseGenerator.swift:100:36: error: cannot find type 'SecTransform' in scope
 98 |   }
 99 |
100 |   fileprivate func getEncoder() -> SecTransform? {
    |                                    `- error: cannot find type 'SecTransform' in scope
101 |     do {
102 |       let encoder = try cfTry(.error) { return SecEncodeTransformCreate(kSecBase32Encoding, $0) }
/Users/admin/builder/spi-builder-workspace/swift5/CocoaFob/LicenseGenerator.swift:28:18: error: cannot find 'SecItemImportExportKeyParameters' in scope
 26 |     let emptyString = "" as NSString
 27 |     let password = Unmanaged.passUnretained(emptyString as AnyObject)
 28 |     var params = SecItemImportExportKeyParameters(
    |                  `- error: cannot find 'SecItemImportExportKeyParameters' in scope
 29 |       version: UInt32(bitPattern: SEC_KEY_IMPORT_EXPORT_PARAMS_VERSION),
 30 |       flags: SecKeyImportExportFlags.importOnlyOne,
/Users/admin/builder/spi-builder-workspace/swift5/CocoaFob/LicenseGenerator.swift:29:35: error: cannot find 'SEC_KEY_IMPORT_EXPORT_PARAMS_VERSION' in scope
 27 |     let password = Unmanaged.passUnretained(emptyString as AnyObject)
 28 |     var params = SecItemImportExportKeyParameters(
 29 |       version: UInt32(bitPattern: SEC_KEY_IMPORT_EXPORT_PARAMS_VERSION),
    |                                   `- error: cannot find 'SEC_KEY_IMPORT_EXPORT_PARAMS_VERSION' in scope
 30 |       flags: SecKeyImportExportFlags.importOnlyOne,
 31 |       passphrase: password,
/Users/admin/builder/spi-builder-workspace/swift5/CocoaFob/LicenseGenerator.swift:30:14: error: cannot find 'SecKeyImportExportFlags' in scope
 28 |     var params = SecItemImportExportKeyParameters(
 29 |       version: UInt32(bitPattern: SEC_KEY_IMPORT_EXPORT_PARAMS_VERSION),
 30 |       flags: SecKeyImportExportFlags.importOnlyOne,
    |              `- error: cannot find 'SecKeyImportExportFlags' in scope
 31 |       passphrase: password,
 32 |       alertTitle: Unmanaged.passUnretained(emptyString),
/Users/admin/builder/spi-builder-workspace/swift5/CocoaFob/LicenseGenerator.swift:37:21: error: cannot find 'SecExternalFormat' in scope
 35 |       keyUsage: nil,
 36 |       keyAttributes: nil)
 37 |     var keyFormat = SecExternalFormat.formatPEMSequence
    |                     `- error: cannot find 'SecExternalFormat' in scope
 38 |     var keyType = SecExternalItemType.itemTypePrivateKey
 39 |     guard let keyData = privateKeyPEM.data(using: String.Encoding.utf8) else { return nil }
/Users/admin/builder/spi-builder-workspace/swift5/CocoaFob/LicenseGenerator.swift:38:19: error: cannot find 'SecExternalItemType' in scope
 36 |       keyAttributes: nil)
 37 |     var keyFormat = SecExternalFormat.formatPEMSequence
 38 |     var keyType = SecExternalItemType.itemTypePrivateKey
    |                   `- error: cannot find 'SecExternalItemType' in scope
 39 |     guard let keyData = privateKeyPEM.data(using: String.Encoding.utf8) else { return nil }
 40 |     let keyBytes = [UInt8](keyData)
/Users/admin/builder/spi-builder-workspace/swift5/CocoaFob/LicenseGenerator.swift:45:9: error: cannot find 'SecItemImport' in scope
 43 |     let osStatus = withUnsafeMutablePointer(to: &keyFormat, {pKeyFormat -> OSStatus in
 44 |       withUnsafeMutablePointer(to: &keyType, { pKeyType in
 45 |         SecItemImport(keyDataCF, nil, pKeyFormat, pKeyType, SecItemImportExportFlags(rawValue: 0), &params, nil, &importArray)
    |         `- error: cannot find 'SecItemImport' in scope
 46 |       })
 47 |     })
SwiftCompile normal arm64 Compiling\ LicenseVerifier.swift /Users/admin/builder/spi-builder-workspace/swift5/CocoaFob/LicenseVerifier.swift (in target 'CocoaFob' from project 'CocoaFob')
SwiftCompile normal arm64 /Users/admin/builder/spi-builder-workspace/swift5/CocoaFob/LicenseVerifier.swift (in target 'CocoaFob' from project 'CocoaFob')
    cd /Users/admin/builder/spi-builder-workspace/.swiftpm/xcode
    builtin-SwiftPerFileCompile LicenseVerifier.swift
/Users/admin/builder/spi-builder-workspace/swift5/CocoaFob/LicenseVerifier.swift:85:60: error: cannot find type 'SecTransform' in scope
 83 |
 84 |   // MARK: - Helper functions
 85 |   fileprivate func getEncoder(_ signature: Data) throws -> SecTransform {
    |                                                            `- error: cannot find type 'SecTransform' in scope
 86 |     let encoder = try cfTry(.error) { return SecEncodeTransformCreate(kSecBase32Encoding, $0) }
 87 |     let _ = try cfTry(.error) { return SecTransformSetAttribute(encoder, kSecTransformInputAttributeName, signature as CFTypeRef, $0) }
/Users/admin/builder/spi-builder-workspace/swift5/CocoaFob/LicenseVerifier.swift:91:58: error: cannot find type 'SecTransform' in scope
 89 |   }
 90 |
 91 |   fileprivate func getDecoder(_ keyData: Data) throws -> SecTransform {
    |                                                          `- error: cannot find type 'SecTransform' in scope
 92 |     let decoder = try cfTry(.error) { return SecDecodeTransformCreate(kSecBase32Encoding, $0) }
 93 |     let _ = try cfTry(.error) { return SecTransformSetAttribute(decoder, kSecTransformInputAttributeName, keyData as CFTypeRef, $0) }
/Users/admin/builder/spi-builder-workspace/swift5/CocoaFob/LicenseVerifier.swift:97:96: error: cannot find type 'SecTransform' in scope
 95 |   }
 96 |
 97 |   fileprivate func getVerifier(_ publicKey: SecKey, signature: Data, nameData: Data) throws -> SecTransform {
    |                                                                                                `- error: cannot find type 'SecTransform' in scope
 98 |     let verifier = try cfTry(.error) { return SecVerifyTransformCreate(publicKey, signature as CFData?, $0) }
 99 |     let _ = try cfTry(.error) { return SecTransformSetAttribute(verifier, kSecTransformInputAttributeName, nameData as CFTypeRef, $0) }
/Users/admin/builder/spi-builder-workspace/swift5/CocoaFob/LicenseVerifier.swift:28:18: error: cannot find 'SecItemImportExportKeyParameters' in scope
 26 |     let emptyString = "" as NSString
 27 |     let password = Unmanaged.passUnretained(emptyString as AnyObject)
 28 |     var params = SecItemImportExportKeyParameters(
    |                  `- error: cannot find 'SecItemImportExportKeyParameters' in scope
 29 |       version: UInt32(bitPattern: SEC_KEY_IMPORT_EXPORT_PARAMS_VERSION),
 30 |       flags: SecKeyImportExportFlags.importOnlyOne,
/Users/admin/builder/spi-builder-workspace/swift5/CocoaFob/LicenseVerifier.swift:29:35: error: cannot find 'SEC_KEY_IMPORT_EXPORT_PARAMS_VERSION' in scope
 27 |     let password = Unmanaged.passUnretained(emptyString as AnyObject)
 28 |     var params = SecItemImportExportKeyParameters(
 29 |       version: UInt32(bitPattern: SEC_KEY_IMPORT_EXPORT_PARAMS_VERSION),
    |                                   `- error: cannot find 'SEC_KEY_IMPORT_EXPORT_PARAMS_VERSION' in scope
 30 |       flags: SecKeyImportExportFlags.importOnlyOne,
 31 |       passphrase: password,
/Users/admin/builder/spi-builder-workspace/swift5/CocoaFob/LicenseVerifier.swift:30:14: error: cannot find 'SecKeyImportExportFlags' in scope
 28 |     var params = SecItemImportExportKeyParameters(
 29 |       version: UInt32(bitPattern: SEC_KEY_IMPORT_EXPORT_PARAMS_VERSION),
 30 |       flags: SecKeyImportExportFlags.importOnlyOne,
    |              `- error: cannot find 'SecKeyImportExportFlags' in scope
 31 |       passphrase: password,
 32 |       alertTitle: Unmanaged.passUnretained(emptyString),
/Users/admin/builder/spi-builder-workspace/swift5/CocoaFob/LicenseVerifier.swift:37:21: error: cannot find 'SecExternalFormat' in scope
 35 |       keyUsage: nil,
 36 |       keyAttributes: nil)
 37 |     var keyFormat = SecExternalFormat.formatPEMSequence
    |                     `- error: cannot find 'SecExternalFormat' in scope
 38 |     var keyType = SecExternalItemType.itemTypePublicKey
 39 |     guard let keyData = publicKeyPEM.data(using: String.Encoding.utf8) else { return nil }
/Users/admin/builder/spi-builder-workspace/swift5/CocoaFob/LicenseVerifier.swift:38:19: error: cannot find 'SecExternalItemType' in scope
 36 |       keyAttributes: nil)
 37 |     var keyFormat = SecExternalFormat.formatPEMSequence
 38 |     var keyType = SecExternalItemType.itemTypePublicKey
    |                   `- error: cannot find 'SecExternalItemType' in scope
 39 |     guard let keyData = publicKeyPEM.data(using: String.Encoding.utf8) else { return nil }
 40 |     let keyBytes = [UInt8](keyData)
/Users/admin/builder/spi-builder-workspace/swift5/CocoaFob/LicenseVerifier.swift:45:9: error: cannot find 'SecItemImport' in scope
 43 |     let osStatus = withUnsafeMutablePointer(to: &keyFormat) { pKeyFormat in
 44 |       withUnsafeMutablePointer(to: &keyType, {pKeyType in
 45 |         SecItemImport(keyDataCF, nil, pKeyFormat, pKeyType, SecItemImportExportFlags(rawValue: 0), &params, nil, &importArray)
    |         `- error: cannot find 'SecItemImport' in scope
 46 |       })
 47 |     }
SwiftCompile normal arm64 Compiling\ String+CocoaFob.swift /Users/admin/builder/spi-builder-workspace/swift5/CocoaFob/String+CocoaFob.swift (in target 'CocoaFob' from project 'CocoaFob')
SwiftCompile normal arm64 /Users/admin/builder/spi-builder-workspace/swift5/CocoaFob/String+CocoaFob.swift (in target 'CocoaFob' from project 'CocoaFob')
    cd /Users/admin/builder/spi-builder-workspace/.swiftpm/xcode
    builtin-SwiftPerFileCompile String+CocoaFob.swift
SwiftCompile normal arm64 Compiling\ CocoaFobError.swift /Users/admin/builder/spi-builder-workspace/swift5/CocoaFob/CocoaFobError.swift (in target 'CocoaFob' from project 'CocoaFob')
SwiftCompile normal arm64 /Users/admin/builder/spi-builder-workspace/swift5/CocoaFob/CocoaFobError.swift (in target 'CocoaFob' from project 'CocoaFob')
    cd /Users/admin/builder/spi-builder-workspace/.swiftpm/xcode
    builtin-SwiftPerFileCompile CocoaFobError.swift
SwiftCompile normal arm64 Compiling\ CFUtil.swift /Users/admin/builder/spi-builder-workspace/swift5/CocoaFob/CFUtil.swift (in target 'CocoaFob' from project 'CocoaFob')
SwiftCompile normal arm64 /Users/admin/builder/spi-builder-workspace/swift5/CocoaFob/CFUtil.swift (in target 'CocoaFob' from project 'CocoaFob')
    cd /Users/admin/builder/spi-builder-workspace/.swiftpm/xcode
    builtin-SwiftPerFileCompile CFUtil.swift
PruneExplicitPrecompiledModules /Users/admin/builder/spi-builder-workspace/.derivedData/Build/Intermediates.noindex/ExplicitPrecompiledModules
PruneExplicitPrecompiledModules /Users/admin/builder/spi-builder-workspace/.derivedData/Build/Intermediates.noindex/SwiftExplicitPrecompiledModules
PruneExplicitPrecompiledModules /Users/admin/builder/spi-builder-workspace/.derivedData/SDKExplicitPrecompiledModules
2026-09-18 17:15:40.464 xcodebuild[657:4274] [MT] IDERunDestination: Supported platforms for the buildables in the current scheme is empty.
** BUILD FAILED **
The following build commands failed:
	SwiftCompile normal arm64 (in target 'CocoaFob' from project 'CocoaFob')
	SwiftEmitModule normal arm64 Emitting\ module\ for\ CocoaFob (in target 'CocoaFob' from project 'CocoaFob')
	Building workspace CocoaFob with scheme CocoaFob
(3 failures)
Command line invocation:
    /Applications/Xcode-27.0.0-Release.Candidate.app/Contents/Developer/usr/bin/xcodebuild -IDEClonedSourcePackagesDirPathOverride=/Users/admin/builder/spi-builder-workspace/.dependencies -resolvePackageDependencies
Resolve Package Graph
Resolved source packages:
  CocoaFob: /Users/admin/builder/spi-builder-workspace
resolved source packages: CocoaFob
2026-09-18 17:15:45.721 xcodebuild[705:4507] [MT] IDERunDestination: Supported platforms for the buildables in the current scheme is empty.
{
  "dependencies" : [
  ],
  "manifest_display_name" : "CocoaFob",
  "name" : "CocoaFob",
  "path" : "/Users/admin/builder/spi-builder-workspace",
  "platforms" : [
    {
      "name" : "macos",
      "version" : "10.13"
    }
  ],
  "products" : [
    {
      "name" : "CocoaFob",
      "targets" : [
        "CocoaFob"
      ],
      "type" : {
        "library" : [
          "static"
        ]
      }
    }
  ],
  "targets" : [
    {
      "c99name" : "CocoaFobTests",
      "module_type" : "SwiftTarget",
      "name" : "CocoaFobTests",
      "path" : "swift5/CocoaFobTests",
      "sources" : [
        "CocoaFobTests.swift"
      ],
      "target_dependencies" : [
        "CocoaFob"
      ],
      "type" : "test"
    },
    {
      "c99name" : "CocoaFob",
      "module_type" : "SwiftTarget",
      "name" : "CocoaFob",
      "path" : "swift5/CocoaFob",
      "product_memberships" : [
        "CocoaFob"
      ],
      "sources" : [
        "CFUtil.swift",
        "CocoaFobError.swift",
        "LicenseGenerator.swift",
        "LicenseVerifier.swift",
        "String+CocoaFob.swift"
      ],
      "type" : "library"
    }
  ],
  "tools_version" : "5.5"
}
{
  "workspace" : {
    "name" : "CocoaFob",
    "schemes" : [
      "CocoaFob"
    ]
  }
}
2026-09-18 17:15:47.073 xcodebuild[713:4576] [MT] IDERunDestination: Supported platforms for the buildables in the current scheme is empty.
Running build ...
env DEVELOPER_DIR=/Applications/Xcode-27.0.0-Release.Candidate.app xcrun xcodebuild -IDEClonedSourcePackagesDirPathOverride=$PWD/.dependencies -skipMacroValidation -skipPackagePluginValidation -derivedDataPath $PWD/.derivedData build -scheme CocoaFob -destination generic/platform=tvOS
Command line invocation:
    /Applications/Xcode-27.0.0-Release.Candidate.app/Contents/Developer/usr/bin/xcodebuild -IDEClonedSourcePackagesDirPathOverride=/Users/admin/builder/spi-builder-workspace/.dependencies -skipMacroValidation -skipPackagePluginValidation -derivedDataPath /Users/admin/builder/spi-builder-workspace/.derivedData build -scheme CocoaFob -destination generic/platform=tvOS
Resolve Package Graph
Resolved source packages:
  CocoaFob: /Users/admin/builder/spi-builder-workspace
ComputePackagePrebuildTargetDependencyGraph
Prepare packages
CreateBuildRequest
SendProjectDescription
CreateBuildOperation
ComputeTargetDependencyGraph
note: Building targets in dependency order
note: Target dependency graph (2 targets)
    Target 'CocoaFob-product' in project 'CocoaFob'
        ➜ Explicit dependency on target 'CocoaFob' in project 'CocoaFob'
    Target 'CocoaFob' in project 'CocoaFob' (no dependencies)
GatherProvisioningInputs
CreateBuildDescription
ClangStatCache /Applications/Xcode-27.0.0-Release.Candidate.app/Contents/Developer/Toolchains/XcodeDefault.xctoolchain/usr/bin/clang-stat-cache /Applications/Xcode-27.0.0-Release.Candidate.app/Contents/Developer/Platforms/AppleTVOS.platform/Developer/SDKs/AppleTVOS27.0.sdk /Users/admin/builder/spi-builder-workspace/.derivedData/SDKStatCaches.noindex/appletvos27.0-24J360-e829b21a6f8c9b70876ba0858053c044b32bfd8d43560033f8d89884cdb90028.sdkstatcache
    cd /Users/admin/builder/spi-builder-workspace/.swiftpm/xcode
    /Applications/Xcode-27.0.0-Release.Candidate.app/Contents/Developer/Toolchains/XcodeDefault.xctoolchain/usr/bin/clang-stat-cache /Applications/Xcode-27.0.0-Release.Candidate.app/Contents/Developer/Platforms/AppleTVOS.platform/Developer/SDKs/AppleTVOS27.0.sdk -o /Users/admin/builder/spi-builder-workspace/.derivedData/SDKStatCaches.noindex/appletvos27.0-24J360-e829b21a6f8c9b70876ba0858053c044b32bfd8d43560033f8d89884cdb90028.sdkstatcache
SwiftDriver CocoaFob normal arm64 com.apple.xcode.tools.swift.compiler (in target 'CocoaFob' from project 'CocoaFob')
    cd /Users/admin/builder/spi-builder-workspace/.swiftpm/xcode
    builtin-SwiftDriver -- /Applications/Xcode-27.0.0-Release.Candidate.app/Contents/Developer/Toolchains/XcodeDefault.xctoolchain/usr/bin/swiftc -parse-as-library -module-name CocoaFob -Onone @/Users/admin/builder/spi-builder-workspace/.derivedData/Build/Intermediates.noindex/CocoaFob.build/Debug-appletvos/CocoaFob-t.build/Objects-normal/arm64/CocoaFob.SwiftFileList -DSWIFT_PACKAGE -DDEBUG -DSWIFT_MODULE_RESOURCE_BUNDLE_UNAVAILABLE -DXcode -plugin-path /Applications/Xcode-27.0.0-Release.Candidate.app/Contents/Developer/Toolchains/XcodeDefault.xctoolchain/usr/lib/swift/host/plugins/testing -enable-experimental-feature DebugDescriptionMacro -sdk /Applications/Xcode-27.0.0-Release.Candidate.app/Contents/Developer/Platforms/AppleTVOS.platform/Developer/SDKs/AppleTVOS27.0.sdk -target arm64-apple-tvos15.0 -g -module-cache-path /Users/admin/builder/spi-builder-workspace/.derivedData/ModuleCache.noindex -Xfrontend -serialize-debugging-options -profile-coverage-mapping -profile-generate -enable-testing -index-store-path /Users/admin/builder/spi-builder-workspace/.derivedData/Index.noindex/DataStore -Xcc -D_LIBCPP_HARDENING_MODE\=_LIBCPP_HARDENING_MODE_DEBUG -swift-version 5 -I /Users/admin/builder/spi-builder-workspace/.derivedData/Build/Products/Debug-appletvos -Isystem /Applications/Xcode-27.0.0-Release.Candidate.app/Contents/Developer/Platforms/AppleTVOS.platform/Developer/usr/lib -F /Users/admin/builder/spi-builder-workspace/.derivedData/Build/Products/Debug-appletvos -F /Applications/Xcode-27.0.0-Release.Candidate.app/Contents/Developer/Platforms/AppleTVOS.platform/Developer/Library/Frameworks -F /Applications/Xcode-27.0.0-Release.Candidate.app/Contents/Developer/Platforms/AppleTVOS.platform/Developer/SDKs/AppleTVOS27.0.sdk/Developer/Library/Frameworks -c -j10 -enable-batch-mode -incremental -Xcc -ivfsstatcache -Xcc /Users/admin/builder/spi-builder-workspace/.derivedData/SDKStatCaches.noindex/appletvos27.0-24J360-e829b21a6f8c9b70876ba0858053c044b32bfd8d43560033f8d89884cdb90028.sdkstatcache -output-file-map /Users/admin/builder/spi-builder-workspace/.derivedData/Build/Intermediates.noindex/CocoaFob.build/Debug-appletvos/CocoaFob-t.build/Objects-normal/arm64/CocoaFob-OutputFileMap.json -save-temps -no-color-diagnostics -explicit-module-build -module-cache-path /Users/admin/builder/spi-builder-workspace/.derivedData/Build/Intermediates.noindex/SwiftExplicitPrecompiledModules -clang-scanner-module-cache-path /Users/admin/builder/spi-builder-workspace/.derivedData/ModuleCache.noindex -sdk-module-cache-path /Users/admin/builder/spi-builder-workspace/.derivedData/SDKExplicitPrecompiledModules -emit-dependencies -emit-module -emit-module-path /Users/admin/builder/spi-builder-workspace/.derivedData/Build/Intermediates.noindex/CocoaFob.build/Debug-appletvos/CocoaFob-t.build/Objects-normal/arm64/CocoaFob.swiftmodule -serialize-diagnostics -dependency-scan-serialize-diagnostics-path /Users/admin/builder/spi-builder-workspace/.derivedData/Build/Intermediates.noindex/CocoaFob.build/Debug-appletvos/CocoaFob-t.build/Objects-normal/arm64/CocoaFob-dependency-scan.dia -validate-clang-modules-once -clang-build-session-file /Users/admin/builder/spi-builder-workspace/.derivedData/ModuleCache.noindex/Session.modulevalidation -Xcc -fmodules-prune-interval\=86400 -Xcc -fmodules-prune-after\=345600 -emit-const-values -const-gather-protocols-list /Users/admin/builder/spi-builder-workspace/.derivedData/Build/Intermediates.noindex/CocoaFob.build/Debug-appletvos/CocoaFob-t.build/Objects-normal/arm64/CocoaFob_const_extract_protocols.json -Xcc -I/Users/admin/builder/spi-builder-workspace/.derivedData/Build/Products/Debug-appletvos/include -Xcc -I/Users/admin/builder/spi-builder-workspace/.derivedData/Build/Intermediates.noindex/CocoaFob.build/Debug-appletvos/CocoaFob-t.build/DerivedSources-normal/arm64 -Xcc -I/Users/admin/builder/spi-builder-workspace/.derivedData/Build/Intermediates.noindex/CocoaFob.build/Debug-appletvos/CocoaFob-t.build/DerivedSources/arm64 -Xcc -I/Users/admin/builder/spi-builder-workspace/.derivedData/Build/Intermediates.noindex/CocoaFob.build/Debug-appletvos/CocoaFob-t.build/DerivedSources -Xcc -DSWIFT_PACKAGE -Xcc -DDEBUG\=1 -emit-objc-header -emit-objc-header-path /Users/admin/builder/spi-builder-workspace/.derivedData/Build/Intermediates.noindex/CocoaFob.build/Debug-appletvos/CocoaFob-t.build/Objects-normal/arm64/CocoaFob-Swift.h -working-directory /Users/admin/builder/spi-builder-workspace/.swiftpm/xcode -experimental-emit-module-separately -disable-cmo
SwiftCompile normal arm64 Compiling\ CFUtil.swift /Users/admin/builder/spi-builder-workspace/swift5/CocoaFob/CFUtil.swift (in target 'CocoaFob' from project 'CocoaFob')
SwiftCompile normal arm64 /Users/admin/builder/spi-builder-workspace/swift5/CocoaFob/CFUtil.swift (in target 'CocoaFob' from project 'CocoaFob')
    cd /Users/admin/builder/spi-builder-workspace/.swiftpm/xcode
    builtin-SwiftPerFileCompile CFUtil.swift
SwiftCompile normal arm64 Compiling\ String+CocoaFob.swift /Users/admin/builder/spi-builder-workspace/swift5/CocoaFob/String+CocoaFob.swift (in target 'CocoaFob' from project 'CocoaFob')
SwiftCompile normal arm64 /Users/admin/builder/spi-builder-workspace/swift5/CocoaFob/String+CocoaFob.swift (in target 'CocoaFob' from project 'CocoaFob')
    cd /Users/admin/builder/spi-builder-workspace/.swiftpm/xcode
    builtin-SwiftPerFileCompile String+CocoaFob.swift
SwiftCompile normal arm64 Compiling\ LicenseVerifier.swift /Users/admin/builder/spi-builder-workspace/swift5/CocoaFob/LicenseVerifier.swift (in target 'CocoaFob' from project 'CocoaFob')
/Users/admin/builder/spi-builder-workspace/swift5/CocoaFob/LicenseVerifier.swift:85:60: error: cannot find type 'SecTransform' in scope
 83 |
 84 |   // MARK: - Helper functions
 85 |   fileprivate func getEncoder(_ signature: Data) throws -> SecTransform {
    |                                                            `- error: cannot find type 'SecTransform' in scope
 86 |     let encoder = try cfTry(.error) { return SecEncodeTransformCreate(kSecBase32Encoding, $0) }
 87 |     let _ = try cfTry(.error) { return SecTransformSetAttribute(encoder, kSecTransformInputAttributeName, signature as CFTypeRef, $0) }
/Users/admin/builder/spi-builder-workspace/swift5/CocoaFob/LicenseVerifier.swift:91:58: error: cannot find type 'SecTransform' in scope
 89 |   }
 90 |
 91 |   fileprivate func getDecoder(_ keyData: Data) throws -> SecTransform {
    |                                                          `- error: cannot find type 'SecTransform' in scope
 92 |     let decoder = try cfTry(.error) { return SecDecodeTransformCreate(kSecBase32Encoding, $0) }
 93 |     let _ = try cfTry(.error) { return SecTransformSetAttribute(decoder, kSecTransformInputAttributeName, keyData as CFTypeRef, $0) }
/Users/admin/builder/spi-builder-workspace/swift5/CocoaFob/LicenseVerifier.swift:97:96: error: cannot find type 'SecTransform' in scope
 95 |   }
 96 |
 97 |   fileprivate func getVerifier(_ publicKey: SecKey, signature: Data, nameData: Data) throws -> SecTransform {
    |                                                                                                `- error: cannot find type 'SecTransform' in scope
 98 |     let verifier = try cfTry(.error) { return SecVerifyTransformCreate(publicKey, signature as CFData?, $0) }
 99 |     let _ = try cfTry(.error) { return SecTransformSetAttribute(verifier, kSecTransformInputAttributeName, nameData as CFTypeRef, $0) }
/Users/admin/builder/spi-builder-workspace/swift5/CocoaFob/LicenseVerifier.swift:28:18: error: cannot find 'SecItemImportExportKeyParameters' in scope
 26 |     let emptyString = "" as NSString
 27 |     let password = Unmanaged.passUnretained(emptyString as AnyObject)
 28 |     var params = SecItemImportExportKeyParameters(
    |                  `- error: cannot find 'SecItemImportExportKeyParameters' in scope
 29 |       version: UInt32(bitPattern: SEC_KEY_IMPORT_EXPORT_PARAMS_VERSION),
 30 |       flags: SecKeyImportExportFlags.importOnlyOne,
/Users/admin/builder/spi-builder-workspace/swift5/CocoaFob/LicenseVerifier.swift:29:35: error: cannot find 'SEC_KEY_IMPORT_EXPORT_PARAMS_VERSION' in scope
 27 |     let password = Unmanaged.passUnretained(emptyString as AnyObject)
 28 |     var params = SecItemImportExportKeyParameters(
 29 |       version: UInt32(bitPattern: SEC_KEY_IMPORT_EXPORT_PARAMS_VERSION),
    |                                   `- error: cannot find 'SEC_KEY_IMPORT_EXPORT_PARAMS_VERSION' in scope
 30 |       flags: SecKeyImportExportFlags.importOnlyOne,
 31 |       passphrase: password,
/Users/admin/builder/spi-builder-workspace/swift5/CocoaFob/LicenseVerifier.swift:30:14: error: cannot find 'SecKeyImportExportFlags' in scope
 28 |     var params = SecItemImportExportKeyParameters(
 29 |       version: UInt32(bitPattern: SEC_KEY_IMPORT_EXPORT_PARAMS_VERSION),
 30 |       flags: SecKeyImportExportFlags.importOnlyOne,
    |              `- error: cannot find 'SecKeyImportExportFlags' in scope
 31 |       passphrase: password,
 32 |       alertTitle: Unmanaged.passUnretained(emptyString),
/Users/admin/builder/spi-builder-workspace/swift5/CocoaFob/LicenseVerifier.swift:37:21: error: cannot find 'SecExternalFormat' in scope
 35 |       keyUsage: nil,
 36 |       keyAttributes: nil)
 37 |     var keyFormat = SecExternalFormat.formatPEMSequence
    |                     `- error: cannot find 'SecExternalFormat' in scope
 38 |     var keyType = SecExternalItemType.itemTypePublicKey
 39 |     guard let keyData = publicKeyPEM.data(using: String.Encoding.utf8) else { return nil }
/Users/admin/builder/spi-builder-workspace/swift5/CocoaFob/LicenseVerifier.swift:38:19: error: cannot find 'SecExternalItemType' in scope
 36 |       keyAttributes: nil)
 37 |     var keyFormat = SecExternalFormat.formatPEMSequence
 38 |     var keyType = SecExternalItemType.itemTypePublicKey
    |                   `- error: cannot find 'SecExternalItemType' in scope
 39 |     guard let keyData = publicKeyPEM.data(using: String.Encoding.utf8) else { return nil }
 40 |     let keyBytes = [UInt8](keyData)
/Users/admin/builder/spi-builder-workspace/swift5/CocoaFob/LicenseVerifier.swift:45:9: error: cannot find 'SecItemImport' in scope
 43 |     let osStatus = withUnsafeMutablePointer(to: &keyFormat) { pKeyFormat in
 44 |       withUnsafeMutablePointer(to: &keyType, {pKeyType in
 45 |         SecItemImport(keyDataCF, nil, pKeyFormat, pKeyType, SecItemImportExportFlags(rawValue: 0), &params, nil, &importArray)
    |         `- error: cannot find 'SecItemImport' in scope
 46 |       })
 47 |     }
SwiftCompile normal arm64 /Users/admin/builder/spi-builder-workspace/swift5/CocoaFob/LicenseVerifier.swift (in target 'CocoaFob' from project 'CocoaFob')
    cd /Users/admin/builder/spi-builder-workspace/.swiftpm/xcode
    builtin-SwiftPerFileCompile LicenseVerifier.swift
SwiftEmitModule normal arm64 Emitting\ module\ for\ CocoaFob (in target 'CocoaFob' from project 'CocoaFob')
/Users/admin/builder/spi-builder-workspace/swift5/CocoaFob/LicenseGenerator.swift:76:88: error: cannot find type 'SecGroupTransform' in scope
 74 |   // MARK: - Utility functions
 75 |
 76 |   fileprivate func connectTransforms(_ signer: SecTransform, encoder: SecTransform) -> SecGroupTransform? {
    |                                                                                        `- error: cannot find type 'SecGroupTransform' in scope
 77 |     guard let groupTransform = getGroupTransform() else { return nil }
 78 |     return SecTransformConnectTransforms(signer, kSecTransformOutputAttributeName, encoder, kSecTransformInputAttributeName, groupTransform, nil)
/Users/admin/builder/spi-builder-workspace/swift5/CocoaFob/LicenseGenerator.swift:76:48: error: cannot find type 'SecTransform' in scope
 74 |   // MARK: - Utility functions
 75 |
 76 |   fileprivate func connectTransforms(_ signer: SecTransform, encoder: SecTransform) -> SecGroupTransform? {
    |                                                `- error: cannot find type 'SecTransform' in scope
 77 |     guard let groupTransform = getGroupTransform() else { return nil }
 78 |     return SecTransformConnectTransforms(signer, kSecTransformOutputAttributeName, encoder, kSecTransformInputAttributeName, groupTransform, nil)
/Users/admin/builder/spi-builder-workspace/swift5/CocoaFob/LicenseGenerator.swift:76:71: error: cannot find type 'SecTransform' in scope
 74 |   // MARK: - Utility functions
 75 |
 76 |   fileprivate func connectTransforms(_ signer: SecTransform, encoder: SecTransform) -> SecGroupTransform? {
    |                                                                       `- error: cannot find type 'SecTransform' in scope
 77 |     guard let groupTransform = getGroupTransform() else { return nil }
 78 |     return SecTransformConnectTransforms(signer, kSecTransformOutputAttributeName, encoder, kSecTransformInputAttributeName, groupTransform, nil)
/Users/admin/builder/spi-builder-workspace/swift5/CocoaFob/LicenseGenerator.swift:81:43: error: cannot find type 'SecGroupTransform' in scope
 79 |   }
 80 |
 81 |   fileprivate func getGroupTransform() -> SecGroupTransform? {
    |                                           `- error: cannot find type 'SecGroupTransform' in scope
 82 |     return SecTransformCreateGroupTransform()
 83 |   }
/Users/admin/builder/spi-builder-workspace/swift5/CocoaFob/LicenseGenerator.swift:89:39: error: cannot find type 'SecTransform' in scope
 87 |   }
 88 |
 89 |   func getSigner(_ nameData: Data) -> SecTransform? {
    |                                       `- error: cannot find type 'SecTransform' in scope
 90 |     do {
 91 |       let signer = try cfTry(.error) { return SecSignTransformCreate(self.privKey, $0) }
/Users/admin/builder/spi-builder-workspace/swift5/CocoaFob/LicenseGenerator.swift:100:36: error: cannot find type 'SecTransform' in scope
 98 |   }
 99 |
100 |   fileprivate func getEncoder() -> SecTransform? {
    |                                    `- error: cannot find type 'SecTransform' in scope
101 |     do {
102 |       let encoder = try cfTry(.error) { return SecEncodeTransformCreate(kSecBase32Encoding, $0) }
/Users/admin/builder/spi-builder-workspace/swift5/CocoaFob/LicenseVerifier.swift:85:60: error: cannot find type 'SecTransform' in scope
 83 |
 84 |   // MARK: - Helper functions
 85 |   fileprivate func getEncoder(_ signature: Data) throws -> SecTransform {
    |                                                            `- error: cannot find type 'SecTransform' in scope
 86 |     let encoder = try cfTry(.error) { return SecEncodeTransformCreate(kSecBase32Encoding, $0) }
 87 |     let _ = try cfTry(.error) { return SecTransformSetAttribute(encoder, kSecTransformInputAttributeName, signature as CFTypeRef, $0) }
/Users/admin/builder/spi-builder-workspace/swift5/CocoaFob/LicenseVerifier.swift:91:58: error: cannot find type 'SecTransform' in scope
 89 |   }
 90 |
 91 |   fileprivate func getDecoder(_ keyData: Data) throws -> SecTransform {
    |                                                          `- error: cannot find type 'SecTransform' in scope
 92 |     let decoder = try cfTry(.error) { return SecDecodeTransformCreate(kSecBase32Encoding, $0) }
 93 |     let _ = try cfTry(.error) { return SecTransformSetAttribute(decoder, kSecTransformInputAttributeName, keyData as CFTypeRef, $0) }
/Users/admin/builder/spi-builder-workspace/swift5/CocoaFob/LicenseVerifier.swift:97:96: error: cannot find type 'SecTransform' in scope
 95 |   }
 96 |
 97 |   fileprivate func getVerifier(_ publicKey: SecKey, signature: Data, nameData: Data) throws -> SecTransform {
    |                                                                                                `- error: cannot find type 'SecTransform' in scope
 98 |     let verifier = try cfTry(.error) { return SecVerifyTransformCreate(publicKey, signature as CFData?, $0) }
 99 |     let _ = try cfTry(.error) { return SecTransformSetAttribute(verifier, kSecTransformInputAttributeName, nameData as CFTypeRef, $0) }
Failed frontend command:
/Applications/Xcode-27.0.0-Release.Candidate.app/Contents/Developer/Toolchains/XcodeDefault.xctoolchain/usr/bin/swift-frontend -frontend -emit-module -experimental-skip-non-inlinable-function-bodies-without-types /Users/admin/builder/spi-builder-workspace/swift5/CocoaFob/CFUtil.swift /Users/admin/builder/spi-builder-workspace/swift5/CocoaFob/CocoaFobError.swift /Users/admin/builder/spi-builder-workspace/swift5/CocoaFob/LicenseGenerator.swift /Users/admin/builder/spi-builder-workspace/swift5/CocoaFob/LicenseVerifier.swift /Users/admin/builder/spi-builder-workspace/swift5/CocoaFob/String+CocoaFob.swift -target arm64-apple-tvos15.0 -disable-cross-import-overlay-search -load-resolved-plugin /Applications/Xcode-27.0.0-Release.Candidate.app/Contents/Developer/Platforms/AppleTVOS.platform/Developer/usr/lib/swift/host/plugins/libFoundationMacros.dylib\#/Applications/Xcode-27.0.0-Release.Candidate.app/Contents/Developer/Platforms/AppleTVOS.platform/Developer/usr/bin/swift-plugin-server\#FoundationMacros -load-resolved-plugin /Applications/Xcode-27.0.0-Release.Candidate.app/Contents/Developer/Platforms/AppleTVOS.platform/Developer/usr/lib/swift/host/plugins/libObservationMacros.dylib\#/Applications/Xcode-27.0.0-Release.Candidate.app/Contents/Developer/Platforms/AppleTVOS.platform/Developer/usr/bin/swift-plugin-server\#ObservationMacros -load-resolved-plugin /Applications/Xcode-27.0.0-Release.Candidate.app/Contents/Developer/Platforms/AppleTVOS.platform/Developer/usr/lib/swift/host/plugins/libSwiftMacros.dylib\#/Applications/Xcode-27.0.0-Release.Candidate.app/Contents/Developer/Platforms/AppleTVOS.platform/Developer/usr/bin/swift-plugin-server\#SwiftMacros -disable-implicit-swift-modules -Xcc -fno-implicit-modules -Xcc -fno-implicit-module-maps -explicit-swift-module-map-file /Users/admin/builder/spi-builder-workspace/.derivedData/Build/Intermediates.noindex/CocoaFob.build/Debug-appletvos/CocoaFob-t.build/Objects-normal/arm64/CocoaFob-dependencies-1.json -Xllvm -aarch64-use-tbi -enable-objc-interop -stack-check -sdk /Applications/Xcode-27.0.0-Release.Candidate.app/Contents/Developer/Platforms/AppleTVOS.platform/Developer/SDKs/AppleTVOS27.0.sdk -I /Users/admin/builder/spi-builder-workspace/.derivedData/Build/Products/Debug-appletvos -Isystem /Applications/Xcode-27.0.0-Release.Candidate.app/Contents/Developer/Platforms/AppleTVOS.platform/Developer/usr/lib -F /Users/admin/builder/spi-builder-workspace/.derivedData/Build/Products/Debug-appletvos -F /Applications/Xcode-27.0.0-Release.Candidate.app/Contents/Developer/Platforms/AppleTVOS.platform/Developer/Library/Frameworks -F /Applications/Xcode-27.0.0-Release.Candidate.app/Contents/Developer/Platforms/AppleTVOS.platform/Developer/SDKs/AppleTVOS27.0.sdk/Developer/Library/Frameworks -module-cache-path /Users/admin/builder/spi-builder-workspace/.derivedData/Build/Intermediates.noindex/SwiftExplicitPrecompiledModules -no-color-diagnostics -Xcc -fno-color-diagnostics -enable-testing -g -debug-info-format\=dwarf -dwarf-version\=4 -profile-generate -profile-coverage-mapping -swift-version 5 -Onone -D SWIFT_PACKAGE -D DEBUG -D SWIFT_MODULE_RESOURCE_BUNDLE_UNAVAILABLE -D Xcode -serialize-debugging-options -enable-experimental-feature DebugDescriptionMacro -empty-abi-descriptor -validate-clang-modules-once -clang-build-session-file /Users/admin/builder/spi-builder-workspace/.derivedData/ModuleCache.noindex/Session.modulevalidation -Xcc -working-directory -Xcc /Users/admin/builder/spi-builder-workspace/.swiftpm/xcode -enable-anonymous-context-mangled-names -file-compilation-dir /Users/admin/builder/spi-builder-workspace/.swiftpm/xcode -Xcc -D_LIBCPP_HARDENING_MODE\=_LIBCPP_HARDENING_MODE_DEBUG -Xcc -ivfsstatcache -Xcc /Users/admin/builder/spi-builder-workspace/.derivedData/SDKStatCaches.noindex/appletvos27.0-24J360-e829b21a6f8c9b70876ba0858053c044b32bfd8d43560033f8d89884cdb90028.sdkstatcache -Xcc -fmodules-prune-interval\=86400 -Xcc -fmodules-prune-after\=345600 -Xcc -I/Users/admin/builder/spi-builder-workspace/.derivedData/Build/Products/Debug-appletvos/include -Xcc -I/Users/admin/builder/spi-builder-workspace/.derivedData/Build/Intermediates.noindex/CocoaFob.build/Debug-appletvos/CocoaFob-t.build/DerivedSources-normal/arm64 -Xcc -I/Users/admin/builder/spi-builder-workspace/.derivedData/Build/Intermediates.noindex/CocoaFob.build/Debug-appletvos/CocoaFob-t.build/DerivedSources/arm64 -Xcc -I/Users/admin/builder/spi-builder-workspace/.derivedData/Build/Intermediates.noindex/CocoaFob.build/Debug-appletvos/CocoaFob-t.build/DerivedSources -Xcc -DSWIFT_PACKAGE -Xcc -DDEBUG\=1 -no-auto-bridging-header-chaining -module-name CocoaFob -const-gather-protocols-file /Users/admin/builder/spi-builder-workspace/.derivedData/Build/Intermediates.noindex/CocoaFob.build/Debug-appletvos/CocoaFob-t.build/Objects-normal/arm64/CocoaFob_const_extract_protocols.json -disable-clang-spi -clang-target arm64-apple-tvos27.0 -target-sdk-version 27.0 -target-sdk-name appletvos27.0 -in-process-plugin-server-path /Applications/Xcode-27.0.0-Release.Candidate.app/Contents/Developer/Toolchains/XcodeDefault.xctoolchain/usr/lib/swift/host/libSwiftInProcPluginServer.dylib -emit-module-doc-path /Users/admin/builder/spi-builder-workspace/.derivedData/Build/Intermediates.noindex/CocoaFob.build/Debug-appletvos/CocoaFob-t.build/Objects-normal/arm64/CocoaFob.swiftdoc -emit-module-source-info-path /Users/admin/builder/spi-builder-workspace/.derivedData/Build/Intermediates.noindex/CocoaFob.build/Debug-appletvos/CocoaFob-t.build/Objects-normal/arm64/CocoaFob.swiftsourceinfo -emit-objc-header-path /Users/admin/builder/spi-builder-workspace/.derivedData/Build/Intermediates.noindex/CocoaFob.build/Debug-appletvos/CocoaFob-t.build/Objects-normal/arm64/CocoaFob-Swift.h -serialize-diagnostics-path /Users/admin/builder/spi-builder-workspace/.derivedData/Build/Intermediates.noindex/CocoaFob.build/Debug-appletvos/CocoaFob-t.build/Objects-normal/arm64/CocoaFob-primary-emit-module.dia -emit-dependencies-path /Users/admin/builder/spi-builder-workspace/.derivedData/Build/Intermediates.noindex/CocoaFob.build/Debug-appletvos/CocoaFob-t.build/Objects-normal/arm64/CocoaFob-primary-emit-module.d -parse-as-library -o /Users/admin/builder/spi-builder-workspace/.derivedData/Build/Intermediates.noindex/CocoaFob.build/Debug-appletvos/CocoaFob-t.build/Objects-normal/arm64/CocoaFob.swiftmodule -emit-abi-descriptor-path /Users/admin/builder/spi-builder-workspace/.derivedData/Build/Intermediates.noindex/CocoaFob.build/Debug-appletvos/CocoaFob-t.build/Objects-normal/arm64/CocoaFob.abi.json
SwiftCompile normal arm64 (in target 'CocoaFob' from project 'CocoaFob')
    cd /Users/admin/builder/spi-builder-workspace/.swiftpm/xcode

SwiftCompile normal arm64 Compiling\ LicenseGenerator.swift /Users/admin/builder/spi-builder-workspace/swift5/CocoaFob/LicenseGenerator.swift (in target 'CocoaFob' from project 'CocoaFob')
/Users/admin/builder/spi-builder-workspace/swift5/CocoaFob/LicenseGenerator.swift:76:88: error: cannot find type 'SecGroupTransform' in scope
 74 |   // MARK: - Utility functions
 75 |
 76 |   fileprivate func connectTransforms(_ signer: SecTransform, encoder: SecTransform) -> SecGroupTransform? {
    |                                                                                        `- error: cannot find type 'SecGroupTransform' in scope
 77 |     guard let groupTransform = getGroupTransform() else { return nil }
 78 |     return SecTransformConnectTransforms(signer, kSecTransformOutputAttributeName, encoder, kSecTransformInputAttributeName, groupTransform, nil)
/Users/admin/builder/spi-builder-workspace/swift5/CocoaFob/LicenseGenerator.swift:76:48: error: cannot find type 'SecTransform' in scope
 74 |   // MARK: - Utility functions
 75 |
 76 |   fileprivate func connectTransforms(_ signer: SecTransform, encoder: SecTransform) -> SecGroupTransform? {
    |                                                `- error: cannot find type 'SecTransform' in scope
 77 |     guard let groupTransform = getGroupTransform() else { return nil }
 78 |     return SecTransformConnectTransforms(signer, kSecTransformOutputAttributeName, encoder, kSecTransformInputAttributeName, groupTransform, nil)
/Users/admin/builder/spi-builder-workspace/swift5/CocoaFob/LicenseGenerator.swift:76:71: error: cannot find type 'SecTransform' in scope
 74 |   // MARK: - Utility functions
 75 |
 76 |   fileprivate func connectTransforms(_ signer: SecTransform, encoder: SecTransform) -> SecGroupTransform? {
    |                                                                       `- error: cannot find type 'SecTransform' in scope
 77 |     guard let groupTransform = getGroupTransform() else { return nil }
 78 |     return SecTransformConnectTransforms(signer, kSecTransformOutputAttributeName, encoder, kSecTransformInputAttributeName, groupTransform, nil)
/Users/admin/builder/spi-builder-workspace/swift5/CocoaFob/LicenseGenerator.swift:81:43: error: cannot find type 'SecGroupTransform' in scope
 79 |   }
 80 |
 81 |   fileprivate func getGroupTransform() -> SecGroupTransform? {
    |                                           `- error: cannot find type 'SecGroupTransform' in scope
 82 |     return SecTransformCreateGroupTransform()
 83 |   }
/Users/admin/builder/spi-builder-workspace/swift5/CocoaFob/LicenseGenerator.swift:89:39: error: cannot find type 'SecTransform' in scope
 87 |   }
 88 |
 89 |   func getSigner(_ nameData: Data) -> SecTransform? {
    |                                       `- error: cannot find type 'SecTransform' in scope
 90 |     do {
 91 |       let signer = try cfTry(.error) { return SecSignTransformCreate(self.privKey, $0) }
/Users/admin/builder/spi-builder-workspace/swift5/CocoaFob/LicenseGenerator.swift:100:36: error: cannot find type 'SecTransform' in scope
 98 |   }
 99 |
100 |   fileprivate func getEncoder() -> SecTransform? {
    |                                    `- error: cannot find type 'SecTransform' in scope
101 |     do {
102 |       let encoder = try cfTry(.error) { return SecEncodeTransformCreate(kSecBase32Encoding, $0) }
/Users/admin/builder/spi-builder-workspace/swift5/CocoaFob/LicenseGenerator.swift:28:18: error: cannot find 'SecItemImportExportKeyParameters' in scope
 26 |     let emptyString = "" as NSString
 27 |     let password = Unmanaged.passUnretained(emptyString as AnyObject)
 28 |     var params = SecItemImportExportKeyParameters(
    |                  `- error: cannot find 'SecItemImportExportKeyParameters' in scope
 29 |       version: UInt32(bitPattern: SEC_KEY_IMPORT_EXPORT_PARAMS_VERSION),
 30 |       flags: SecKeyImportExportFlags.importOnlyOne,
/Users/admin/builder/spi-builder-workspace/swift5/CocoaFob/LicenseGenerator.swift:29:35: error: cannot find 'SEC_KEY_IMPORT_EXPORT_PARAMS_VERSION' in scope
 27 |     let password = Unmanaged.passUnretained(emptyString as AnyObject)
 28 |     var params = SecItemImportExportKeyParameters(
 29 |       version: UInt32(bitPattern: SEC_KEY_IMPORT_EXPORT_PARAMS_VERSION),
    |                                   `- error: cannot find 'SEC_KEY_IMPORT_EXPORT_PARAMS_VERSION' in scope
 30 |       flags: SecKeyImportExportFlags.importOnlyOne,
 31 |       passphrase: password,
/Users/admin/builder/spi-builder-workspace/swift5/CocoaFob/LicenseGenerator.swift:30:14: error: cannot find 'SecKeyImportExportFlags' in scope
 28 |     var params = SecItemImportExportKeyParameters(
 29 |       version: UInt32(bitPattern: SEC_KEY_IMPORT_EXPORT_PARAMS_VERSION),
 30 |       flags: SecKeyImportExportFlags.importOnlyOne,
    |              `- error: cannot find 'SecKeyImportExportFlags' in scope
 31 |       passphrase: password,
 32 |       alertTitle: Unmanaged.passUnretained(emptyString),
/Users/admin/builder/spi-builder-workspace/swift5/CocoaFob/LicenseGenerator.swift:37:21: error: cannot find 'SecExternalFormat' in scope
 35 |       keyUsage: nil,
 36 |       keyAttributes: nil)
 37 |     var keyFormat = SecExternalFormat.formatPEMSequence
    |                     `- error: cannot find 'SecExternalFormat' in scope
 38 |     var keyType = SecExternalItemType.itemTypePrivateKey
 39 |     guard let keyData = privateKeyPEM.data(using: String.Encoding.utf8) else { return nil }
/Users/admin/builder/spi-builder-workspace/swift5/CocoaFob/LicenseGenerator.swift:38:19: error: cannot find 'SecExternalItemType' in scope
 36 |       keyAttributes: nil)
 37 |     var keyFormat = SecExternalFormat.formatPEMSequence
 38 |     var keyType = SecExternalItemType.itemTypePrivateKey
    |                   `- error: cannot find 'SecExternalItemType' in scope
 39 |     guard let keyData = privateKeyPEM.data(using: String.Encoding.utf8) else { return nil }
 40 |     let keyBytes = [UInt8](keyData)
/Users/admin/builder/spi-builder-workspace/swift5/CocoaFob/LicenseGenerator.swift:45:9: error: cannot find 'SecItemImport' in scope
 43 |     let osStatus = withUnsafeMutablePointer(to: &keyFormat, {pKeyFormat -> OSStatus in
 44 |       withUnsafeMutablePointer(to: &keyType, { pKeyType in
 45 |         SecItemImport(keyDataCF, nil, pKeyFormat, pKeyType, SecItemImportExportFlags(rawValue: 0), &params, nil, &importArray)
    |         `- error: cannot find 'SecItemImport' in scope
 46 |       })
 47 |     })
SwiftCompile normal arm64 /Users/admin/builder/spi-builder-workspace/swift5/CocoaFob/LicenseGenerator.swift (in target 'CocoaFob' from project 'CocoaFob')
    cd /Users/admin/builder/spi-builder-workspace/.swiftpm/xcode
    builtin-SwiftPerFileCompile LicenseGenerator.swift
SwiftCompile normal arm64 Compiling\ CocoaFobError.swift /Users/admin/builder/spi-builder-workspace/swift5/CocoaFob/CocoaFobError.swift (in target 'CocoaFob' from project 'CocoaFob')
SwiftCompile normal arm64 /Users/admin/builder/spi-builder-workspace/swift5/CocoaFob/CocoaFobError.swift (in target 'CocoaFob' from project 'CocoaFob')
    cd /Users/admin/builder/spi-builder-workspace/.swiftpm/xcode
    builtin-SwiftPerFileCompile CocoaFobError.swift
PruneExplicitPrecompiledModules /Users/admin/builder/spi-builder-workspace/.derivedData/Build/Intermediates.noindex/ExplicitPrecompiledModules
PruneExplicitPrecompiledModules /Users/admin/builder/spi-builder-workspace/.derivedData/Build/Intermediates.noindex/SwiftExplicitPrecompiledModules
PruneExplicitPrecompiledModules /Users/admin/builder/spi-builder-workspace/.derivedData/SDKExplicitPrecompiledModules
2026-09-18 17:15:48.058 xcodebuild[714:4605] [MT] IDERunDestination: Supported platforms for the buildables in the current scheme is empty.
** BUILD FAILED **
The following build commands failed:
	SwiftEmitModule normal arm64 Emitting\ module\ for\ CocoaFob (in target 'CocoaFob' from project 'CocoaFob')
	SwiftCompile normal arm64 (in target 'CocoaFob' from project 'CocoaFob')
	Building workspace CocoaFob with scheme CocoaFob
(3 failures)
BUILD FAILURE 6.4 tvOS