The Swift Package Index logo.Swift Package Index

Build Information

Failed to build swift-blocks, reference 0.11.0 (1a29d0), with Swift 6.2 for Android on 21 Aug 2026 14:35:47 UTC.

Build Command

bash -c docker run --pull=always --rm -v "checkouts-54344843-0":/host -w "$PWD" -e JAVA_HOME="/root/.sdkman/candidates/java/current" -e SPI_BUILD="1" -e SPI_PROCESSING="1" registry.gitlab.com/saguaro1/spi-images:android-6.2-latest swift build --swift-sdk aarch64-unknown-linux-android28 2>&1

Build Log

========================================
RunAll
========================================
Builder version: 5.0.2
Interrupt handler set up.
========================================
Checkout
========================================
Clone URL: https://github.com/dirtyhenry/swift-blocks.git
Reference: 0.11.0
Initialized empty Git repository in /host/spi-builder-workspace/.git/
hint: Using 'master' as the name for the initial branch. This default branch name
hint: is subject to change. To configure the initial branch name to use in all
hint: of your new repositories, which will suppress this warning, call:
hint:
hint: 	git config --global init.defaultBranch <name>
hint:
hint: Names commonly chosen instead of 'master' are 'main', 'trunk' and
hint: 'development'. The just-created branch can be renamed via this command:
hint:
hint: 	git branch -m <name>
From https://github.com/dirtyhenry/swift-blocks
 * tag               0.11.0     -> FETCH_HEAD
HEAD is now at 1a29d08 Merge pull request #139 from dirtyhenry/release
Cloned https://github.com/dirtyhenry/swift-blocks.git
Revision (git rev-parse @):
1a29d0869abd0ecf8e39efa667613686de09d565
SPI manifest file found: $PWD/.spi.yml
SUCCESS checkout https://github.com/dirtyhenry/swift-blocks.git at 0.11.0
========================================
Build
========================================
Selected platform:         android
Swift version:             6.2
Building package at path:  $PWD
https://github.com/dirtyhenry/swift-blocks.git
Running build ...
bash -c docker run --pull=always --rm -v "checkouts-54344843-0":/host -w "$PWD" -e JAVA_HOME="/root/.sdkman/candidates/java/current" -e SPI_BUILD="1" -e SPI_PROCESSING="1" registry.gitlab.com/saguaro1/spi-images:android-6.2-latest swift build --swift-sdk aarch64-unknown-linux-android28 2>&1
android-6.2-latest: Pulling from saguaro1/spi-images
Digest: sha256:573917aa137cc6f081a4f3d2a0330bac24553e9cd713cd758adf65046f5c6b90
Status: Image is up to date for registry.gitlab.com/saguaro1/spi-images:android-6.2-latest
Building for debugging...
[0/3] Write sources
[2/3] Write swift-version--11D90AFD9DD3AB2.txt
[4/43] Emitting module Blocks
[5/48] Compiling Blocks BlocksError.swift
/host/spi-builder-workspace/Sources/Blocks/CLIUtils/CLIUtils.swift:19:36: error: cannot find 'getpass' in scope
 17 |     public static func readLine(prompt: String, secure: Bool) -> String? {
 18 |         if secure {
 19 |             return String(cString: getpass(prompt))
    |                                    `- error: cannot find 'getpass' in scope
 20 |         } else {
 21 |             print(prompt)
[6/48] Compiling Blocks CLIUtils.swift
/host/spi-builder-workspace/Sources/Blocks/CLIUtils/CLIUtils.swift:19:36: error: cannot find 'getpass' in scope
 17 |     public static func readLine(prompt: String, secure: Bool) -> String? {
 18 |         if secure {
 19 |             return String(cString: getpass(prompt))
    |                                    `- error: cannot find 'getpass' in scope
 20 |         } else {
 21 |             print(prompt)
[7/48] Compiling Blocks String+StyledText.swift
/host/spi-builder-workspace/Sources/Blocks/CLIUtils/CLIUtils.swift:19:36: error: cannot find 'getpass' in scope
 17 |     public static func readLine(prompt: String, secure: Bool) -> String? {
 18 |         if secure {
 19 |             return String(cString: getpass(prompt))
    |                                    `- error: cannot find 'getpass' in scope
 20 |         } else {
 21 |             print(prompt)
[8/48] Compiling Blocks StyledText+Properties.swift
/host/spi-builder-workspace/Sources/Blocks/CLIUtils/CLIUtils.swift:19:36: error: cannot find 'getpass' in scope
 17 |     public static func readLine(prompt: String, secure: Bool) -> String? {
 18 |         if secure {
 19 |             return String(cString: getpass(prompt))
    |                                    `- error: cannot find 'getpass' in scope
 20 |         } else {
 21 |             print(prompt)
[9/48] Compiling Blocks StyledText.swift
/host/spi-builder-workspace/Sources/Blocks/CLIUtils/CLIUtils.swift:19:36: error: cannot find 'getpass' in scope
 17 |     public static func readLine(prompt: String, secure: Bool) -> String? {
 18 |         if secure {
 19 |             return String(cString: getpass(prompt))
    |                                    `- error: cannot find 'getpass' in scope
 20 |         } else {
 21 |             print(prompt)
[10/48] Compiling Blocks ICalendar.swift
/host/spi-builder-workspace/Sources/Blocks/CLIUtils/CLIUtils.swift:19:36: error: cannot find 'getpass' in scope
 17 |     public static func readLine(prompt: String, secure: Bool) -> String? {
 18 |         if secure {
 19 |             return String(cString: getpass(prompt))
    |                                    `- error: cannot find 'getpass' in scope
 20 |         } else {
 21 |             print(prompt)
[11/48] Compiling Blocks JSONDecoder.swift
/host/spi-builder-workspace/Sources/Blocks/Extensions/StringProtocol.swift:38:35: error: cannot find 'applyingTransform' in scope
36 |
37 |         if !isEmpty, slug.isEmpty {
38 |             if let extendedSelf = applyingTransform(.toUnicodeName, reverse: false)?
   |                                   `- error: cannot find 'applyingTransform' in scope
39 |                 .replacingOccurrences(of: "\\N", with: ""), self != extendedSelf {
40 |                 return extendedSelf.slugify()
/host/spi-builder-workspace/Sources/Blocks/Extensions/StringProtocol.swift:38:54: error: cannot infer contextual base in reference to member 'toUnicodeName'
36 |
37 |         if !isEmpty, slug.isEmpty {
38 |             if let extendedSelf = applyingTransform(.toUnicodeName, reverse: false)?
   |                                                      `- error: cannot infer contextual base in reference to member 'toUnicodeName'
39 |                 .replacingOccurrences(of: "\\N", with: ""), self != extendedSelf {
40 |                 return extendedSelf.slugify()
[12/48] Compiling Blocks JSONEncoder.swift
/host/spi-builder-workspace/Sources/Blocks/Extensions/StringProtocol.swift:38:35: error: cannot find 'applyingTransform' in scope
36 |
37 |         if !isEmpty, slug.isEmpty {
38 |             if let extendedSelf = applyingTransform(.toUnicodeName, reverse: false)?
   |                                   `- error: cannot find 'applyingTransform' in scope
39 |                 .replacingOccurrences(of: "\\N", with: ""), self != extendedSelf {
40 |                 return extendedSelf.slugify()
/host/spi-builder-workspace/Sources/Blocks/Extensions/StringProtocol.swift:38:54: error: cannot infer contextual base in reference to member 'toUnicodeName'
36 |
37 |         if !isEmpty, slug.isEmpty {
38 |             if let extendedSelf = applyingTransform(.toUnicodeName, reverse: false)?
   |                                                      `- error: cannot infer contextual base in reference to member 'toUnicodeName'
39 |                 .replacingOccurrences(of: "\\N", with: ""), self != extendedSelf {
40 |                 return extendedSelf.slugify()
[13/48] Compiling Blocks StringProtocol.swift
/host/spi-builder-workspace/Sources/Blocks/Extensions/StringProtocol.swift:38:35: error: cannot find 'applyingTransform' in scope
36 |
37 |         if !isEmpty, slug.isEmpty {
38 |             if let extendedSelf = applyingTransform(.toUnicodeName, reverse: false)?
   |                                   `- error: cannot find 'applyingTransform' in scope
39 |                 .replacingOccurrences(of: "\\N", with: ""), self != extendedSelf {
40 |                 return extendedSelf.slugify()
/host/spi-builder-workspace/Sources/Blocks/Extensions/StringProtocol.swift:38:54: error: cannot infer contextual base in reference to member 'toUnicodeName'
36 |
37 |         if !isEmpty, slug.isEmpty {
38 |             if let extendedSelf = applyingTransform(.toUnicodeName, reverse: false)?
   |                                                      `- error: cannot infer contextual base in reference to member 'toUnicodeName'
39 |                 .replacingOccurrences(of: "\\N", with: ""), self != extendedSelf {
40 |                 return extendedSelf.slugify()
[14/48] Compiling Blocks URLComponents.swift
/host/spi-builder-workspace/Sources/Blocks/Extensions/StringProtocol.swift:38:35: error: cannot find 'applyingTransform' in scope
36 |
37 |         if !isEmpty, slug.isEmpty {
38 |             if let extendedSelf = applyingTransform(.toUnicodeName, reverse: false)?
   |                                   `- error: cannot find 'applyingTransform' in scope
39 |                 .replacingOccurrences(of: "\\N", with: ""), self != extendedSelf {
40 |                 return extendedSelf.slugify()
/host/spi-builder-workspace/Sources/Blocks/Extensions/StringProtocol.swift:38:54: error: cannot infer contextual base in reference to member 'toUnicodeName'
36 |
37 |         if !isEmpty, slug.isEmpty {
38 |             if let extendedSelf = applyingTransform(.toUnicodeName, reverse: false)?
   |                                                      `- error: cannot infer contextual base in reference to member 'toUnicodeName'
39 |                 .replacingOccurrences(of: "\\N", with: ""), self != extendedSelf {
40 |                 return extendedSelf.slugify()
[15/48] Compiling Blocks JSON.swift
/host/spi-builder-workspace/Sources/Blocks/Extensions/StringProtocol.swift:38:35: error: cannot find 'applyingTransform' in scope
36 |
37 |         if !isEmpty, slug.isEmpty {
38 |             if let extendedSelf = applyingTransform(.toUnicodeName, reverse: false)?
   |                                   `- error: cannot find 'applyingTransform' in scope
39 |                 .replacingOccurrences(of: "\\N", with: ""), self != extendedSelf {
40 |                 return extendedSelf.slugify()
/host/spi-builder-workspace/Sources/Blocks/Extensions/StringProtocol.swift:38:54: error: cannot infer contextual base in reference to member 'toUnicodeName'
36 |
37 |         if !isEmpty, slug.isEmpty {
38 |             if let extendedSelf = applyingTransform(.toUnicodeName, reverse: false)?
   |                                                      `- error: cannot infer contextual base in reference to member 'toUnicodeName'
39 |                 .replacingOccurrences(of: "\\N", with: ""), self != extendedSelf {
40 |                 return extendedSelf.slugify()
[16/48] Compiling Blocks JavaScriptISO8601DateFormatter.swift
/host/spi-builder-workspace/Sources/Blocks/Extensions/StringProtocol.swift:38:35: error: cannot find 'applyingTransform' in scope
36 |
37 |         if !isEmpty, slug.isEmpty {
38 |             if let extendedSelf = applyingTransform(.toUnicodeName, reverse: false)?
   |                                   `- error: cannot find 'applyingTransform' in scope
39 |                 .replacingOccurrences(of: "\\N", with: ""), self != extendedSelf {
40 |                 return extendedSelf.slugify()
/host/spi-builder-workspace/Sources/Blocks/Extensions/StringProtocol.swift:38:54: error: cannot infer contextual base in reference to member 'toUnicodeName'
36 |
37 |         if !isEmpty, slug.isEmpty {
38 |             if let extendedSelf = applyingTransform(.toUnicodeName, reverse: false)?
   |                                                      `- error: cannot infer contextual base in reference to member 'toUnicodeName'
39 |                 .replacingOccurrences(of: "\\N", with: ""), self != extendedSelf {
40 |                 return extendedSelf.slugify()
[17/48] Compiling Blocks RetryTransport.swift
[18/48] Compiling Blocks StatusCodeCheckingTransport.swift
[19/48] Compiling Blocks TaskState.swift
[20/48] Compiling Blocks Transport.swift
[21/48] Compiling Blocks TransportError.swift
[22/48] Compiling Blocks Arithmetic.swift
[23/48] Compiling Blocks PackageDump.swift
[24/48] Compiling Blocks PrivateIPAddresses.swift
[25/48] Compiling Blocks Pasteboard.swift
[26/48] Compiling Blocks PlainDate.swift
[27/48] Compiling Blocks GenericPasswordKeychainItem.swift
[28/48] Compiling Blocks PKCE.swift
[29/48] Compiling Blocks SecurityError.swift
[30/48] Compiling Blocks SecurityUtils.swift
[31/48] Compiling Blocks SimpleMessageError.swift
[32/48] Compiling Blocks Sitemap.swift
[33/48] Compiling Blocks CopyUtils.swift
[34/48] Compiling Blocks DataFormatter.swift
[35/48] Compiling Blocks Bundle.swift
[36/48] Compiling Blocks Calendar.swift
[37/48] Compiling Blocks Data.swift
[38/48] Compiling Blocks Font.swift
[39/48] Compiling Blocks URLRequestHeaderItem.swift
[40/48] Compiling Blocks WatchPairingUtil.swift
[41/48] Compiling Blocks FrontMatter.swift
[42/48] Compiling Blocks JSONFeed.swift
[43/48] Compiling Blocks OpenGraph.swift
[44/48] Compiling Blocks Endpoint.swift
/host/spi-builder-workspace/Sources/Blocks/Transport/Endpoint.swift:191:13: warning: capture of non-Sendable type 'A.Type' in an isolated closure [#SendableMetatypes]
189 |     ) {
190 |         self.init(method, url: url, accept: accept, body: nil, headers: headers, query: query) { data, _ in
191 |             Result {
    |             `- warning: capture of non-Sendable type 'A.Type' in an isolated closure [#SendableMetatypes]
192 |                 guard let dat = data else { throw NoDataError() }
193 |                 return try decoder.decode(A.self, from: dat)
/host/spi-builder-workspace/Sources/Blocks/Transport/Endpoint.swift:221:13: warning: capture of non-Sendable type 'A.Type' in an isolated closure [#SendableMetatypes]
219 |         let b = body.map { try! encoder.encode($0) }
220 |         self.init(method, url: url, accept: accept, contentType: .json, body: b, headers: headers, query: query) { data, _ in
221 |             Result {
    |             `- warning: capture of non-Sendable type 'A.Type' in an isolated closure [#SendableMetatypes]
222 |                 guard let dat = data else { throw NoDataError() }
223 |                 return try decoder.decode(A.self, from: dat)
[#SendableMetatypes]: <https://docs.swift.org/compiler/documentation/diagnostics/sendable-metatypes>
[45/48] Compiling Blocks LoggingTransport.swift
/host/spi-builder-workspace/Sources/Blocks/Transport/Endpoint.swift:191:13: warning: capture of non-Sendable type 'A.Type' in an isolated closure [#SendableMetatypes]
189 |     ) {
190 |         self.init(method, url: url, accept: accept, body: nil, headers: headers, query: query) { data, _ in
191 |             Result {
    |             `- warning: capture of non-Sendable type 'A.Type' in an isolated closure [#SendableMetatypes]
192 |                 guard let dat = data else { throw NoDataError() }
193 |                 return try decoder.decode(A.self, from: dat)
/host/spi-builder-workspace/Sources/Blocks/Transport/Endpoint.swift:221:13: warning: capture of non-Sendable type 'A.Type' in an isolated closure [#SendableMetatypes]
219 |         let b = body.map { try! encoder.encode($0) }
220 |         self.init(method, url: url, accept: accept, contentType: .json, body: b, headers: headers, query: query) { data, _ in
221 |             Result {
    |             `- warning: capture of non-Sendable type 'A.Type' in an isolated closure [#SendableMetatypes]
222 |                 guard let dat = data else { throw NoDataError() }
223 |                 return try decoder.decode(A.self, from: dat)
[#SendableMetatypes]: <https://docs.swift.org/compiler/documentation/diagnostics/sendable-metatypes>
[46/48] Compiling Blocks MailtoComponents.swift
/host/spi-builder-workspace/Sources/Blocks/Transport/Endpoint.swift:191:13: warning: capture of non-Sendable type 'A.Type' in an isolated closure [#SendableMetatypes]
189 |     ) {
190 |         self.init(method, url: url, accept: accept, body: nil, headers: headers, query: query) { data, _ in
191 |             Result {
    |             `- warning: capture of non-Sendable type 'A.Type' in an isolated closure [#SendableMetatypes]
192 |                 guard let dat = data else { throw NoDataError() }
193 |                 return try decoder.decode(A.self, from: dat)
/host/spi-builder-workspace/Sources/Blocks/Transport/Endpoint.swift:221:13: warning: capture of non-Sendable type 'A.Type' in an isolated closure [#SendableMetatypes]
219 |         let b = body.map { try! encoder.encode($0) }
220 |         self.init(method, url: url, accept: accept, contentType: .json, body: b, headers: headers, query: query) { data, _ in
221 |             Result {
    |             `- warning: capture of non-Sendable type 'A.Type' in an isolated closure [#SendableMetatypes]
222 |                 guard let dat = data else { throw NoDataError() }
223 |                 return try decoder.decode(A.self, from: dat)
[#SendableMetatypes]: <https://docs.swift.org/compiler/documentation/diagnostics/sendable-metatypes>
[47/48] Compiling Blocks MockTransport.swift
/host/spi-builder-workspace/Sources/Blocks/Transport/Endpoint.swift:191:13: warning: capture of non-Sendable type 'A.Type' in an isolated closure [#SendableMetatypes]
189 |     ) {
190 |         self.init(method, url: url, accept: accept, body: nil, headers: headers, query: query) { data, _ in
191 |             Result {
    |             `- warning: capture of non-Sendable type 'A.Type' in an isolated closure [#SendableMetatypes]
192 |                 guard let dat = data else { throw NoDataError() }
193 |                 return try decoder.decode(A.self, from: dat)
/host/spi-builder-workspace/Sources/Blocks/Transport/Endpoint.swift:221:13: warning: capture of non-Sendable type 'A.Type' in an isolated closure [#SendableMetatypes]
219 |         let b = body.map { try! encoder.encode($0) }
220 |         self.init(method, url: url, accept: accept, contentType: .json, body: b, headers: headers, query: query) { data, _ in
221 |             Result {
    |             `- warning: capture of non-Sendable type 'A.Type' in an isolated closure [#SendableMetatypes]
222 |                 guard let dat = data else { throw NoDataError() }
223 |                 return try decoder.decode(A.self, from: dat)
[#SendableMetatypes]: <https://docs.swift.org/compiler/documentation/diagnostics/sendable-metatypes>
[48/48] Compiling Blocks MultipartRequest.swift
/host/spi-builder-workspace/Sources/Blocks/Transport/Endpoint.swift:191:13: warning: capture of non-Sendable type 'A.Type' in an isolated closure [#SendableMetatypes]
189 |     ) {
190 |         self.init(method, url: url, accept: accept, body: nil, headers: headers, query: query) { data, _ in
191 |             Result {
    |             `- warning: capture of non-Sendable type 'A.Type' in an isolated closure [#SendableMetatypes]
192 |                 guard let dat = data else { throw NoDataError() }
193 |                 return try decoder.decode(A.self, from: dat)
/host/spi-builder-workspace/Sources/Blocks/Transport/Endpoint.swift:221:13: warning: capture of non-Sendable type 'A.Type' in an isolated closure [#SendableMetatypes]
219 |         let b = body.map { try! encoder.encode($0) }
220 |         self.init(method, url: url, accept: accept, contentType: .json, body: b, headers: headers, query: query) { data, _ in
221 |             Result {
    |             `- warning: capture of non-Sendable type 'A.Type' in an isolated closure [#SendableMetatypes]
222 |                 guard let dat = data else { throw NoDataError() }
223 |                 return try decoder.decode(A.self, from: dat)
[#SendableMetatypes]: <https://docs.swift.org/compiler/documentation/diagnostics/sendable-metatypes>
BUILD FAILURE 6.2 android