Build Information
Failed to build WWSignInWith3rd_GitHub, reference main (68f472), with Swift 6.4 for watchOS using Xcode 27.0 on 22 Sep 2026 02:20:28 UTC.
Build Command
env DEVELOPER_DIR=/Applications/Xcode-27.0.0-Release.Candidate.app xcrun xcodebuild -IDEClonedSourcePackagesDirPathOverride=$PWD/.dependencies -skipMacroValidation -skipPackagePluginValidation -derivedDataPath $PWD/.derivedData build -scheme WWSignInWith3rd_GitHub -destination generic/platform=watchOSBuild Log
========================================
RunAll
========================================
Builder version: 5.1.0
Interrupt handler set up.
========================================
Checkout
========================================
Clone URL: https://github.com/William-Weng/WWSignInWith3rd_GitHub.git
Reference: main
Initialized empty Git repository in /Users/admin/builder/spi-builder-workspace/.git/
From https://github.com/William-Weng/WWSignInWith3rd_GitHub
* branch main -> FETCH_HEAD
* [new branch] main -> origin/main
HEAD is now at 68f4720 - 更新套件 - iOS 15 / Swift 5.7
Cloned https://github.com/William-Weng/WWSignInWith3rd_GitHub.git
Revision (git rev-parse @):
68f47207e755c5c55b000468976a1dc7d52977f5
SUCCESS checkout https://github.com/William-Weng/WWSignInWith3rd_GitHub.git at main
========================================
Build
========================================
Selected platform: watchOS
Swift version: 6.4
Building package at path: $PWD
https://github.com/William-Weng/WWSignInWith3rd_GitHub.git
Command line invocation:
/Applications/Xcode-27.0.0-Release.Candidate.app/Contents/Developer/usr/bin/xcodebuild -IDEClonedSourcePackagesDirPathOverride=/Users/admin/builder/spi-builder-workspace/.dependencies -resolvePackageDependencies
Resolve Package Graph
Fetching from https://github.com/William-Weng/WWSignInWith3rd_Apple
Fetching from https://github.com/William-Weng/WWNetworking
Creating working copy of package ‘WWSignInWith3rd_Apple’
Checking out 1.1.4 of package ‘WWSignInWith3rd_Apple’
Creating working copy of package ‘WWNetworking’
Checking out 1.7.6 of package ‘WWNetworking’
Resolve Package Graph
Resolved source packages:
WWSignInWith3rd_Apple: https://github.com/William-Weng/WWSignInWith3rd_Apple @ 1.1.4
WWNetworking: https://github.com/William-Weng/WWNetworking @ 1.7.6
WWSignInWith3rd_GitHub: /Users/admin/builder/spi-builder-workspace
resolved source packages: WWSignInWith3rd_Apple, WWNetworking, WWSignInWith3rd_GitHub
2026-09-21 22:19:36.747 xcodebuild[529:3009] [MT] IDERunDestination: Supported platforms for the buildables in the current scheme is empty.
{
"dependencies" : [
{
"identity" : "wwsigninwith3rd_apple",
"requirement" : {
"range" : [
{
"lower_bound" : "1.1.0",
"upper_bound" : "1.2.0"
}
]
},
"type" : "sourceControl",
"url" : "https://github.com/William-Weng/WWSignInWith3rd_Apple"
},
{
"identity" : "wwnetworking",
"requirement" : {
"range" : [
{
"lower_bound" : "1.7.5",
"upper_bound" : "1.8.0"
}
]
},
"type" : "sourceControl",
"url" : "https://github.com/William-Weng/WWNetworking"
}
],
"manifest_display_name" : "WWSignInWith3rd_GitHub",
"name" : "WWSignInWith3rd_GitHub",
"path" : "/Users/admin/builder/spi-builder-workspace",
"platforms" : [
{
"name" : "ios",
"version" : "15.0"
}
],
"products" : [
{
"name" : "WWSignInWith3rd_GitHub",
"targets" : [
"WWSignInWith3rd_GitHub"
],
"type" : {
"library" : [
"automatic"
]
}
}
],
"swift_languages_versions" : [
"5"
],
"targets" : [
{
"c99name" : "WWSignInWith3rd_GitHub",
"module_type" : "SwiftTarget",
"name" : "WWSignInWith3rd_GitHub",
"path" : "Sources/WWSignInWith3rd_GitHub",
"product_dependencies" : [
"WWSignInWith3rd_Apple",
"WWNetworking"
],
"product_memberships" : [
"WWSignInWith3rd_GitHub"
],
"resources" : [
{
"path" : "/Users/admin/builder/spi-builder-workspace/Sources/WWSignInWith3rd_GitHub/Privacy",
"rule" : {
"copy" : {
}
}
}
],
"sources" : [
"WWSignInWith3rd_GitHub.swift"
],
"type" : "library"
}
],
"tools_version" : "5.7"
}
{
"workspace" : {
"name" : "WWSignInWith3rd_GitHub",
"schemes" : [
"WWSignInWith3rd_GitHub"
]
}
}
2026-09-21 22:20:18.352 xcodebuild[729:4486] [MT] IDERunDestination: Supported platforms for the buildables in the current scheme is empty.
Running build ...
env DEVELOPER_DIR=/Applications/Xcode-27.0.0-Release.Candidate.app xcrun xcodebuild -IDEClonedSourcePackagesDirPathOverride=$PWD/.dependencies -skipMacroValidation -skipPackagePluginValidation -derivedDataPath $PWD/.derivedData build -scheme WWSignInWith3rd_GitHub -destination generic/platform=watchOS
Command line invocation:
/Applications/Xcode-27.0.0-Release.Candidate.app/Contents/Developer/usr/bin/xcodebuild -IDEClonedSourcePackagesDirPathOverride=/Users/admin/builder/spi-builder-workspace/.dependencies -skipMacroValidation -skipPackagePluginValidation -derivedDataPath /Users/admin/builder/spi-builder-workspace/.derivedData build -scheme WWSignInWith3rd_GitHub -destination generic/platform=watchOS
Resolve Package Graph
Resolve Package Graph
Resolved source packages:
WWNetworking: https://github.com/William-Weng/WWNetworking @ 1.7.6
WWSignInWith3rd_GitHub: /Users/admin/builder/spi-builder-workspace
WWSignInWith3rd_Apple: https://github.com/William-Weng/WWSignInWith3rd_Apple @ 1.1.4
ComputePackagePrebuildTargetDependencyGraph
Prepare packages
CreateBuildRequest
SendProjectDescription
CreateBuildOperation
ComputeTargetDependencyGraph
note: Building targets in dependency order
note: Target dependency graph (9 targets)
Target 'WWSignInWith3rd_GitHub-product' in project 'WWSignInWith3rd_GitHub'
➜ Explicit dependency on target 'WWSignInWith3rd_GitHub' in project 'WWSignInWith3rd_GitHub'
➜ Explicit dependency on target 'WWSignInWith3rd_GitHub_WWSignInWith3rd_GitHub' in project 'WWSignInWith3rd_GitHub'
➜ Explicit dependency on target 'WWSignInWith3rd_Apple-product' in project 'WWSignInWith3rd_Apple'
➜ Explicit dependency on target 'WWNetworking-product' in project 'WWNetworking'
Target 'WWSignInWith3rd_GitHub' in project 'WWSignInWith3rd_GitHub'
➜ Explicit dependency on target 'WWSignInWith3rd_GitHub_WWSignInWith3rd_GitHub' in project 'WWSignInWith3rd_GitHub'
➜ Explicit dependency on target 'WWSignInWith3rd_Apple-product' in project 'WWSignInWith3rd_Apple'
➜ Explicit dependency on target 'WWNetworking-product' in project 'WWNetworking'
Target 'WWNetworking-product' in project 'WWNetworking'
➜ Explicit dependency on target 'WWNetworking' in project 'WWNetworking'
➜ Explicit dependency on target 'WWNetworking_WWNetworking' in project 'WWNetworking'
Target 'WWNetworking' in project 'WWNetworking'
➜ Explicit dependency on target 'WWNetworking_WWNetworking' in project 'WWNetworking'
Target 'WWNetworking_WWNetworking' in project 'WWNetworking' (no dependencies)
Target 'WWSignInWith3rd_Apple-product' in project 'WWSignInWith3rd_Apple'
➜ Explicit dependency on target 'WWSignInWith3rd_Apple' in project 'WWSignInWith3rd_Apple'
➜ Explicit dependency on target 'WWSignInWith3rd_Apple_WWSignInWith3rd_Apple' in project 'WWSignInWith3rd_Apple'
Target 'WWSignInWith3rd_Apple' in project 'WWSignInWith3rd_Apple'
➜ Explicit dependency on target 'WWSignInWith3rd_Apple_WWSignInWith3rd_Apple' in project 'WWSignInWith3rd_Apple'
Target 'WWSignInWith3rd_Apple_WWSignInWith3rd_Apple' in project 'WWSignInWith3rd_Apple' (no dependencies)
Target 'WWSignInWith3rd_GitHub_WWSignInWith3rd_GitHub' in project 'WWSignInWith3rd_GitHub' (no dependencies)
GatherProvisioningInputs
CreateBuildDescription
ExecuteExternalTool /Applications/Xcode-27.0.0-Release.Candidate.app/Contents/Developer/Toolchains/XcodeDefault.xctoolchain/usr/bin/swiftc --version
ExecuteExternalTool /Applications/Xcode-27.0.0-Release.Candidate.app/Contents/Developer/Toolchains/XcodeDefault.xctoolchain/usr/bin/clang -v -E -dM -isysroot /Applications/Xcode-27.0.0-Release.Candidate.app/Contents/Developer/Platforms/WatchOS.platform/Developer/SDKs/WatchOS27.0.sdk -x c -c /dev/null
ExecuteExternalTool /Applications/Xcode-27.0.0-Release.Candidate.app/Contents/Developer/Toolchains/XcodeDefault.xctoolchain/usr/bin/ld -version_details
Build description signature: 8b365ce4eb99ddba3bd5d5d79f285f95
Build description path: /Users/admin/builder/spi-builder-workspace/.derivedData/Build/Intermediates.noindex/XCBuildData/8b365ce4eb99ddba3bd5d5d79f285f95.xcbuilddata
CreateBuildDirectory /Users/admin/builder/spi-builder-workspace/.derivedData/SDKExplicitPrecompiledModules
cd /Users/admin/builder/spi-builder-workspace/.swiftpm/xcode
builtin-create-build-directory /Users/admin/builder/spi-builder-workspace/.derivedData/SDKExplicitPrecompiledModules
CreateBuildDirectory /Users/admin/builder/spi-builder-workspace/.derivedData/CompilationCache.noindex
cd /Users/admin/builder/spi-builder-workspace/.swiftpm/xcode
builtin-create-build-directory /Users/admin/builder/spi-builder-workspace/.derivedData/CompilationCache.noindex
CreateBuildDirectory /Users/admin/builder/spi-builder-workspace/.derivedData/Build/Intermediates.noindex
cd /Users/admin/builder/spi-builder-workspace/.swiftpm/xcode
builtin-create-build-directory /Users/admin/builder/spi-builder-workspace/.derivedData/Build/Intermediates.noindex
CreateBuildDirectory /Users/admin/builder/spi-builder-workspace/.derivedData/ModuleCache.noindex
cd /Users/admin/builder/spi-builder-workspace/.swiftpm/xcode
builtin-create-build-directory /Users/admin/builder/spi-builder-workspace/.derivedData/ModuleCache.noindex
CreateBuildDirectory /Users/admin/builder/spi-builder-workspace/.derivedData/Build/Products
cd /Users/admin/builder/spi-builder-workspace/.swiftpm/xcode
builtin-create-build-directory /Users/admin/builder/spi-builder-workspace/.derivedData/Build/Products
ClangStatCache /Applications/Xcode-27.0.0-Release.Candidate.app/Contents/Developer/Toolchains/XcodeDefault.xctoolchain/usr/bin/clang-stat-cache /Applications/Xcode-27.0.0-Release.Candidate.app/Contents/Developer/Platforms/WatchOS.platform/Developer/SDKs/WatchOS27.0.sdk /Users/admin/builder/spi-builder-workspace/.derivedData/SDKStatCaches.noindex/watchos27.0-24R360-e829b21a6f8c9b70876ba0858053c04477534ef55a1706bf4c1112bbb242f0a2.sdkstatcache
cd /Users/admin/builder/spi-builder-workspace/.swiftpm/xcode
/Applications/Xcode-27.0.0-Release.Candidate.app/Contents/Developer/Toolchains/XcodeDefault.xctoolchain/usr/bin/clang-stat-cache /Applications/Xcode-27.0.0-Release.Candidate.app/Contents/Developer/Platforms/WatchOS.platform/Developer/SDKs/WatchOS27.0.sdk -o /Users/admin/builder/spi-builder-workspace/.derivedData/SDKStatCaches.noindex/watchos27.0-24R360-e829b21a6f8c9b70876ba0858053c04477534ef55a1706bf4c1112bbb242f0a2.sdkstatcache
CreateBuildDirectory /Users/admin/builder/spi-builder-workspace/.derivedData/Build/Intermediates.noindex/ExplicitPrecompiledModules
cd /Users/admin/builder/spi-builder-workspace/.swiftpm/xcode
builtin-create-build-directory /Users/admin/builder/spi-builder-workspace/.derivedData/Build/Intermediates.noindex/ExplicitPrecompiledModules
CreateBuildDirectory /Users/admin/builder/spi-builder-workspace/.derivedData/Build/Intermediates.noindex/PrecompiledHeaders
cd /Users/admin/builder/spi-builder-workspace/.swiftpm/xcode
builtin-create-build-directory /Users/admin/builder/spi-builder-workspace/.derivedData/Build/Intermediates.noindex/PrecompiledHeaders
CreateBuildDirectory /Users/admin/builder/spi-builder-workspace/.derivedData/Build/Intermediates.noindex/SwiftExplicitPrecompiledModules
cd /Users/admin/builder/spi-builder-workspace/.swiftpm/xcode
builtin-create-build-directory /Users/admin/builder/spi-builder-workspace/.derivedData/Build/Intermediates.noindex/SwiftExplicitPrecompiledModules
CreateBuildDirectory /Users/admin/builder/spi-builder-workspace/.derivedData/Build/Intermediates.noindex/EagerLinkingTBDs/Debug-watchos
cd /Users/admin/builder/spi-builder-workspace/.swiftpm/xcode
builtin-create-build-directory /Users/admin/builder/spi-builder-workspace/.derivedData/Build/Intermediates.noindex/EagerLinkingTBDs/Debug-watchos
CreateBuildDirectory /Users/admin/builder/spi-builder-workspace/.derivedData/Build/Products/Debug-watchos
cd /Users/admin/builder/spi-builder-workspace/.swiftpm/xcode
builtin-create-build-directory /Users/admin/builder/spi-builder-workspace/.derivedData/Build/Products/Debug-watchos
CreateBuildDirectory /Users/admin/builder/spi-builder-workspace/.derivedData/Build/Products/Debug-watchos/PackageFrameworks
cd /Users/admin/builder/spi-builder-workspace/.swiftpm/xcode
builtin-create-build-directory /Users/admin/builder/spi-builder-workspace/.derivedData/Build/Products/Debug-watchos/PackageFrameworks
WriteAuxiliaryFile /Users/admin/builder/spi-builder-workspace/.derivedData/Build/Intermediates.noindex/WWSignInWith3rd_GitHub.build/Debug-watchos/WWSignInWith3rd_GitHub-t.build/WWSignInWith3rd_GitHub.modulemap (in target 'WWSignInWith3rd_GitHub' from project 'WWSignInWith3rd_GitHub')
cd /Users/admin/builder/spi-builder-workspace
write-file /Users/admin/builder/spi-builder-workspace/.derivedData/Build/Intermediates.noindex/WWSignInWith3rd_GitHub.build/Debug-watchos/WWSignInWith3rd_GitHub-t.build/WWSignInWith3rd_GitHub.modulemap
WriteAuxiliaryFile /Users/admin/builder/spi-builder-workspace/.derivedData/Build/Intermediates.noindex/WWSignInWith3rd_GitHub.build/Debug-watchos/WWSignInWith3rd_GitHub-t.build/WWSignInWith3rd_GitHub.DependencyMetadataFileList (in target 'WWSignInWith3rd_GitHub' from project 'WWSignInWith3rd_GitHub')
cd /Users/admin/builder/spi-builder-workspace
write-file /Users/admin/builder/spi-builder-workspace/.derivedData/Build/Intermediates.noindex/WWSignInWith3rd_GitHub.build/Debug-watchos/WWSignInWith3rd_GitHub-t.build/WWSignInWith3rd_GitHub.DependencyMetadataFileList
WriteAuxiliaryFile /Users/admin/builder/spi-builder-workspace/.derivedData/Build/Intermediates.noindex/WWSignInWith3rd_GitHub.build/Debug-watchos/WWSignInWith3rd_GitHub_WWSignInWith3rd_GitHub-b.build/empty-WWSignInWith3rd_GitHub_WWSignInWith3rd_GitHub.plist (in target 'WWSignInWith3rd_GitHub_WWSignInWith3rd_GitHub' from project 'WWSignInWith3rd_GitHub')
cd /Users/admin/builder/spi-builder-workspace
write-file /Users/admin/builder/spi-builder-workspace/.derivedData/Build/Intermediates.noindex/WWSignInWith3rd_GitHub.build/Debug-watchos/WWSignInWith3rd_GitHub_WWSignInWith3rd_GitHub-b.build/empty-WWSignInWith3rd_GitHub_WWSignInWith3rd_GitHub.plist
WriteAuxiliaryFile /Users/admin/builder/spi-builder-workspace/.derivedData/Build/Intermediates.noindex/WWSignInWith3rd_GitHub.build/Debug-watchos/WWSignInWith3rd_GitHub_WWSignInWith3rd_GitHub-b.build/WWSignInWith3rd_GitHub_WWSignInWith3rd_GitHub.DependencyMetadataFileList (in target 'WWSignInWith3rd_GitHub_WWSignInWith3rd_GitHub' from project 'WWSignInWith3rd_GitHub')
cd /Users/admin/builder/spi-builder-workspace
write-file /Users/admin/builder/spi-builder-workspace/.derivedData/Build/Intermediates.noindex/WWSignInWith3rd_GitHub.build/Debug-watchos/WWSignInWith3rd_GitHub_WWSignInWith3rd_GitHub-b.build/WWSignInWith3rd_GitHub_WWSignInWith3rd_GitHub.DependencyMetadataFileList
WriteAuxiliaryFile /Users/admin/builder/spi-builder-workspace/.derivedData/Build/Intermediates.noindex/WWSignInWith3rd_GitHub.build/Debug-watchos/WWSignInWith3rd_GitHub-t.build/WWSignInWith3rd_GitHub.DependencyStaticMetadataFileList (in target 'WWSignInWith3rd_GitHub' from project 'WWSignInWith3rd_GitHub')
cd /Users/admin/builder/spi-builder-workspace
write-file /Users/admin/builder/spi-builder-workspace/.derivedData/Build/Intermediates.noindex/WWSignInWith3rd_GitHub.build/Debug-watchos/WWSignInWith3rd_GitHub-t.build/WWSignInWith3rd_GitHub.DependencyStaticMetadataFileList
WriteAuxiliaryFile /Users/admin/builder/spi-builder-workspace/.derivedData/Build/Intermediates.noindex/WWSignInWith3rd_GitHub.build/Debug-watchos/WWSignInWith3rd_GitHub_WWSignInWith3rd_GitHub-b.build/WWSignInWith3rd_GitHub_WWSignInWith3rd_GitHub.DependencyStaticMetadataFileList (in target 'WWSignInWith3rd_GitHub_WWSignInWith3rd_GitHub' from project 'WWSignInWith3rd_GitHub')
cd /Users/admin/builder/spi-builder-workspace
write-file /Users/admin/builder/spi-builder-workspace/.derivedData/Build/Intermediates.noindex/WWSignInWith3rd_GitHub.build/Debug-watchos/WWSignInWith3rd_GitHub_WWSignInWith3rd_GitHub-b.build/WWSignInWith3rd_GitHub_WWSignInWith3rd_GitHub.DependencyStaticMetadataFileList
WriteAuxiliaryFile /Users/admin/builder/spi-builder-workspace/.derivedData/Build/Intermediates.noindex/WWSignInWith3rd_GitHub.build/Debug-watchos/WWSignInWith3rd_GitHub-t.build/Objects-normal/arm64_32/WWSignInWith3rd_GitHub_const_extract_protocols.json (in target 'WWSignInWith3rd_GitHub' from project 'WWSignInWith3rd_GitHub')
cd /Users/admin/builder/spi-builder-workspace
write-file /Users/admin/builder/spi-builder-workspace/.derivedData/Build/Intermediates.noindex/WWSignInWith3rd_GitHub.build/Debug-watchos/WWSignInWith3rd_GitHub-t.build/Objects-normal/arm64_32/WWSignInWith3rd_GitHub_const_extract_protocols.json
WriteAuxiliaryFile /Users/admin/builder/spi-builder-workspace/.derivedData/Build/Intermediates.noindex/WWSignInWith3rd_GitHub.build/Debug-watchos/WWSignInWith3rd_GitHub-t.build/Objects-normal/arm64_32/WWSignInWith3rd_GitHub.SwiftFileList (in target 'WWSignInWith3rd_GitHub' from project 'WWSignInWith3rd_GitHub')
cd /Users/admin/builder/spi-builder-workspace
write-file /Users/admin/builder/spi-builder-workspace/.derivedData/Build/Intermediates.noindex/WWSignInWith3rd_GitHub.build/Debug-watchos/WWSignInWith3rd_GitHub-t.build/Objects-normal/arm64_32/WWSignInWith3rd_GitHub.SwiftFileList
WriteAuxiliaryFile /Users/admin/builder/spi-builder-workspace/.derivedData/Build/Intermediates.noindex/WWSignInWith3rd_GitHub.build/Debug-watchos/WWSignInWith3rd_GitHub-t.build/Objects-normal/arm64_32/WWSignInWith3rd_GitHub.SwiftConstValuesFileList (in target 'WWSignInWith3rd_GitHub' from project 'WWSignInWith3rd_GitHub')
cd /Users/admin/builder/spi-builder-workspace
write-file /Users/admin/builder/spi-builder-workspace/.derivedData/Build/Intermediates.noindex/WWSignInWith3rd_GitHub.build/Debug-watchos/WWSignInWith3rd_GitHub-t.build/Objects-normal/arm64_32/WWSignInWith3rd_GitHub.SwiftConstValuesFileList
WriteAuxiliaryFile /Users/admin/builder/spi-builder-workspace/.derivedData/Build/Intermediates.noindex/WWSignInWith3rd_GitHub.build/Debug-watchos/WWSignInWith3rd_GitHub-t.build/Objects-normal/arm64_32/WWSignInWith3rd_GitHub.LinkFileList (in target 'WWSignInWith3rd_GitHub' from project 'WWSignInWith3rd_GitHub')
cd /Users/admin/builder/spi-builder-workspace
write-file /Users/admin/builder/spi-builder-workspace/.derivedData/Build/Intermediates.noindex/WWSignInWith3rd_GitHub.build/Debug-watchos/WWSignInWith3rd_GitHub-t.build/Objects-normal/arm64_32/WWSignInWith3rd_GitHub.LinkFileList
WriteAuxiliaryFile /Users/admin/builder/spi-builder-workspace/.derivedData/Build/Intermediates.noindex/WWSignInWith3rd_GitHub.build/Debug-watchos/WWSignInWith3rd_GitHub-t.build/Objects-normal/arm64_32/WWSignInWith3rd_GitHub-OutputFileMap.json (in target 'WWSignInWith3rd_GitHub' from project 'WWSignInWith3rd_GitHub')
cd /Users/admin/builder/spi-builder-workspace
write-file /Users/admin/builder/spi-builder-workspace/.derivedData/Build/Intermediates.noindex/WWSignInWith3rd_GitHub.build/Debug-watchos/WWSignInWith3rd_GitHub-t.build/Objects-normal/arm64_32/WWSignInWith3rd_GitHub-OutputFileMap.json
WriteAuxiliaryFile /Users/admin/builder/spi-builder-workspace/.derivedData/Build/Intermediates.noindex/WWSignInWith3rd_GitHub.build/Debug-watchos/WWSignInWith3rd_GitHub-t.build/Objects-normal/arm64/WWSignInWith3rd_GitHub.SwiftConstValuesFileList (in target 'WWSignInWith3rd_GitHub' from project 'WWSignInWith3rd_GitHub')
cd /Users/admin/builder/spi-builder-workspace
write-file /Users/admin/builder/spi-builder-workspace/.derivedData/Build/Intermediates.noindex/WWSignInWith3rd_GitHub.build/Debug-watchos/WWSignInWith3rd_GitHub-t.build/Objects-normal/arm64/WWSignInWith3rd_GitHub.SwiftConstValuesFileList
WriteAuxiliaryFile /Users/admin/builder/spi-builder-workspace/.derivedData/Build/Intermediates.noindex/WWSignInWith3rd_GitHub.build/Debug-watchos/WWSignInWith3rd_GitHub-t.build/Objects-normal/arm64/WWSignInWith3rd_GitHub.SwiftFileList (in target 'WWSignInWith3rd_GitHub' from project 'WWSignInWith3rd_GitHub')
cd /Users/admin/builder/spi-builder-workspace
write-file /Users/admin/builder/spi-builder-workspace/.derivedData/Build/Intermediates.noindex/WWSignInWith3rd_GitHub.build/Debug-watchos/WWSignInWith3rd_GitHub-t.build/Objects-normal/arm64/WWSignInWith3rd_GitHub.SwiftFileList
WriteAuxiliaryFile /Users/admin/builder/spi-builder-workspace/.derivedData/Build/Intermediates.noindex/WWSignInWith3rd_GitHub.build/Debug-watchos/WWSignInWith3rd_GitHub-t.build/Objects-normal/arm64/WWSignInWith3rd_GitHub_const_extract_protocols.json (in target 'WWSignInWith3rd_GitHub' from project 'WWSignInWith3rd_GitHub')
cd /Users/admin/builder/spi-builder-workspace
write-file /Users/admin/builder/spi-builder-workspace/.derivedData/Build/Intermediates.noindex/WWSignInWith3rd_GitHub.build/Debug-watchos/WWSignInWith3rd_GitHub-t.build/Objects-normal/arm64/WWSignInWith3rd_GitHub_const_extract_protocols.json
WriteAuxiliaryFile /Users/admin/builder/spi-builder-workspace/.derivedData/Build/Intermediates.noindex/WWSignInWith3rd_GitHub.build/Debug-watchos/WWSignInWith3rd_GitHub-t.build/Objects-normal/arm64/WWSignInWith3rd_GitHub.LinkFileList (in target 'WWSignInWith3rd_GitHub' from project 'WWSignInWith3rd_GitHub')
cd /Users/admin/builder/spi-builder-workspace
write-file /Users/admin/builder/spi-builder-workspace/.derivedData/Build/Intermediates.noindex/WWSignInWith3rd_GitHub.build/Debug-watchos/WWSignInWith3rd_GitHub-t.build/Objects-normal/arm64/WWSignInWith3rd_GitHub.LinkFileList
WriteAuxiliaryFile /Users/admin/builder/spi-builder-workspace/.derivedData/Build/Intermediates.noindex/WWSignInWith3rd_GitHub.build/Debug-watchos/WWSignInWith3rd_GitHub-t.build/Objects-normal/arm64/WWSignInWith3rd_GitHub-OutputFileMap.json (in target 'WWSignInWith3rd_GitHub' from project 'WWSignInWith3rd_GitHub')
cd /Users/admin/builder/spi-builder-workspace
write-file /Users/admin/builder/spi-builder-workspace/.derivedData/Build/Intermediates.noindex/WWSignInWith3rd_GitHub.build/Debug-watchos/WWSignInWith3rd_GitHub-t.build/Objects-normal/arm64/WWSignInWith3rd_GitHub-OutputFileMap.json
Copy /Users/admin/builder/spi-builder-workspace/.derivedData/Build/Intermediates.noindex/GeneratedModuleMaps-watchos/WWSignInWith3rd_GitHub.modulemap /Users/admin/builder/spi-builder-workspace/.derivedData/Build/Intermediates.noindex/WWSignInWith3rd_GitHub.build/Debug-watchos/WWSignInWith3rd_GitHub-t.build/WWSignInWith3rd_GitHub.modulemap (in target 'WWSignInWith3rd_GitHub' from project 'WWSignInWith3rd_GitHub')
cd /Users/admin/builder/spi-builder-workspace
builtin-copy -exclude .DS_Store -exclude CVS -exclude .svn -exclude .git -exclude .hg -resolve-src-symlinks /Users/admin/builder/spi-builder-workspace/.derivedData/Build/Intermediates.noindex/WWSignInWith3rd_GitHub.build/Debug-watchos/WWSignInWith3rd_GitHub-t.build/WWSignInWith3rd_GitHub.modulemap /Users/admin/builder/spi-builder-workspace/.derivedData/Build/Intermediates.noindex/GeneratedModuleMaps-watchos
WriteAuxiliaryFile /Users/admin/builder/spi-builder-workspace/.derivedData/Build/Intermediates.noindex/WWSignInWith3rd_GitHub.build/Debug-watchos/WWSignInWith3rd_GitHub-t.build/DerivedSources/resource_bundle_accessor.swift (in target 'WWSignInWith3rd_GitHub' from project 'WWSignInWith3rd_GitHub')
cd /Users/admin/builder/spi-builder-workspace
write-file /Users/admin/builder/spi-builder-workspace/.derivedData/Build/Intermediates.noindex/WWSignInWith3rd_GitHub.build/Debug-watchos/WWSignInWith3rd_GitHub-t.build/DerivedSources/resource_bundle_accessor.swift
WriteAuxiliaryFile /Users/admin/builder/spi-builder-workspace/.derivedData/Build/Intermediates.noindex/WWSignInWith3rd_Apple.build/Debug-watchos/WWSignInWith3rd_Apple-t.build/WWSignInWith3rd_Apple.DependencyMetadataFileList (in target 'WWSignInWith3rd_Apple' from project 'WWSignInWith3rd_Apple')
cd /Users/admin/builder/spi-builder-workspace/.dependencies/checkouts/WWSignInWith3rd_Apple
write-file /Users/admin/builder/spi-builder-workspace/.derivedData/Build/Intermediates.noindex/WWSignInWith3rd_Apple.build/Debug-watchos/WWSignInWith3rd_Apple-t.build/WWSignInWith3rd_Apple.DependencyMetadataFileList
WriteAuxiliaryFile /Users/admin/builder/spi-builder-workspace/.derivedData/Build/Intermediates.noindex/WWSignInWith3rd_Apple.build/Debug-watchos/WWSignInWith3rd_Apple-t.build/WWSignInWith3rd_Apple.DependencyStaticMetadataFileList (in target 'WWSignInWith3rd_Apple' from project 'WWSignInWith3rd_Apple')
cd /Users/admin/builder/spi-builder-workspace/.dependencies/checkouts/WWSignInWith3rd_Apple
write-file /Users/admin/builder/spi-builder-workspace/.derivedData/Build/Intermediates.noindex/WWSignInWith3rd_Apple.build/Debug-watchos/WWSignInWith3rd_Apple-t.build/WWSignInWith3rd_Apple.DependencyStaticMetadataFileList
WriteAuxiliaryFile /Users/admin/builder/spi-builder-workspace/.derivedData/Build/Intermediates.noindex/WWSignInWith3rd_Apple.build/Debug-watchos/WWSignInWith3rd_Apple_WWSignInWith3rd_Apple-b.build/empty-WWSignInWith3rd_Apple_WWSignInWith3rd_Apple.plist (in target 'WWSignInWith3rd_Apple_WWSignInWith3rd_Apple' from project 'WWSignInWith3rd_Apple')
cd /Users/admin/builder/spi-builder-workspace/.dependencies/checkouts/WWSignInWith3rd_Apple
write-file /Users/admin/builder/spi-builder-workspace/.derivedData/Build/Intermediates.noindex/WWSignInWith3rd_Apple.build/Debug-watchos/WWSignInWith3rd_Apple_WWSignInWith3rd_Apple-b.build/empty-WWSignInWith3rd_Apple_WWSignInWith3rd_Apple.plist
WriteAuxiliaryFile /Users/admin/builder/spi-builder-workspace/.derivedData/Build/Intermediates.noindex/WWSignInWith3rd_Apple.build/Debug-watchos/WWSignInWith3rd_Apple-t.build/WWSignInWith3rd_Apple.modulemap (in target 'WWSignInWith3rd_Apple' from project 'WWSignInWith3rd_Apple')
cd /Users/admin/builder/spi-builder-workspace/.dependencies/checkouts/WWSignInWith3rd_Apple
write-file /Users/admin/builder/spi-builder-workspace/.derivedData/Build/Intermediates.noindex/WWSignInWith3rd_Apple.build/Debug-watchos/WWSignInWith3rd_Apple-t.build/WWSignInWith3rd_Apple.modulemap
WriteAuxiliaryFile /Users/admin/builder/spi-builder-workspace/.derivedData/Build/Intermediates.noindex/WWSignInWith3rd_Apple.build/Debug-watchos/WWSignInWith3rd_Apple_WWSignInWith3rd_Apple-b.build/WWSignInWith3rd_Apple_WWSignInWith3rd_Apple.DependencyMetadataFileList (in target 'WWSignInWith3rd_Apple_WWSignInWith3rd_Apple' from project 'WWSignInWith3rd_Apple')
cd /Users/admin/builder/spi-builder-workspace/.dependencies/checkouts/WWSignInWith3rd_Apple
write-file /Users/admin/builder/spi-builder-workspace/.derivedData/Build/Intermediates.noindex/WWSignInWith3rd_Apple.build/Debug-watchos/WWSignInWith3rd_Apple_WWSignInWith3rd_Apple-b.build/WWSignInWith3rd_Apple_WWSignInWith3rd_Apple.DependencyMetadataFileList
WriteAuxiliaryFile /Users/admin/builder/spi-builder-workspace/.derivedData/Build/Intermediates.noindex/WWSignInWith3rd_Apple.build/Debug-watchos/WWSignInWith3rd_Apple_WWSignInWith3rd_Apple-b.build/WWSignInWith3rd_Apple_WWSignInWith3rd_Apple.DependencyStaticMetadataFileList (in target 'WWSignInWith3rd_Apple_WWSignInWith3rd_Apple' from project 'WWSignInWith3rd_Apple')
cd /Users/admin/builder/spi-builder-workspace/.dependencies/checkouts/WWSignInWith3rd_Apple
write-file /Users/admin/builder/spi-builder-workspace/.derivedData/Build/Intermediates.noindex/WWSignInWith3rd_Apple.build/Debug-watchos/WWSignInWith3rd_Apple_WWSignInWith3rd_Apple-b.build/WWSignInWith3rd_Apple_WWSignInWith3rd_Apple.DependencyStaticMetadataFileList
WriteAuxiliaryFile /Users/admin/builder/spi-builder-workspace/.derivedData/Build/Intermediates.noindex/WWSignInWith3rd_Apple.build/Debug-watchos/WWSignInWith3rd_Apple-t.build/Objects-normal/arm64_32/WWSignInWith3rd_Apple_const_extract_protocols.json (in target 'WWSignInWith3rd_Apple' from project 'WWSignInWith3rd_Apple')
cd /Users/admin/builder/spi-builder-workspace/.dependencies/checkouts/WWSignInWith3rd_Apple
write-file /Users/admin/builder/spi-builder-workspace/.derivedData/Build/Intermediates.noindex/WWSignInWith3rd_Apple.build/Debug-watchos/WWSignInWith3rd_Apple-t.build/Objects-normal/arm64_32/WWSignInWith3rd_Apple_const_extract_protocols.json
WriteAuxiliaryFile /Users/admin/builder/spi-builder-workspace/.derivedData/Build/Intermediates.noindex/WWSignInWith3rd_Apple.build/Debug-watchos/WWSignInWith3rd_Apple-t.build/Objects-normal/arm64_32/WWSignInWith3rd_Apple.SwiftFileList (in target 'WWSignInWith3rd_Apple' from project 'WWSignInWith3rd_Apple')
cd /Users/admin/builder/spi-builder-workspace/.dependencies/checkouts/WWSignInWith3rd_Apple
write-file /Users/admin/builder/spi-builder-workspace/.derivedData/Build/Intermediates.noindex/WWSignInWith3rd_Apple.build/Debug-watchos/WWSignInWith3rd_Apple-t.build/Objects-normal/arm64_32/WWSignInWith3rd_Apple.SwiftFileList
WriteAuxiliaryFile /Users/admin/builder/spi-builder-workspace/.derivedData/Build/Intermediates.noindex/WWSignInWith3rd_Apple.build/Debug-watchos/WWSignInWith3rd_Apple-t.build/Objects-normal/arm64_32/WWSignInWith3rd_Apple.SwiftConstValuesFileList (in target 'WWSignInWith3rd_Apple' from project 'WWSignInWith3rd_Apple')
cd /Users/admin/builder/spi-builder-workspace/.dependencies/checkouts/WWSignInWith3rd_Apple
write-file /Users/admin/builder/spi-builder-workspace/.derivedData/Build/Intermediates.noindex/WWSignInWith3rd_Apple.build/Debug-watchos/WWSignInWith3rd_Apple-t.build/Objects-normal/arm64_32/WWSignInWith3rd_Apple.SwiftConstValuesFileList
WriteAuxiliaryFile /Users/admin/builder/spi-builder-workspace/.derivedData/Build/Intermediates.noindex/WWSignInWith3rd_Apple.build/Debug-watchos/WWSignInWith3rd_Apple-t.build/Objects-normal/arm64_32/WWSignInWith3rd_Apple-OutputFileMap.json (in target 'WWSignInWith3rd_Apple' from project 'WWSignInWith3rd_Apple')
cd /Users/admin/builder/spi-builder-workspace/.dependencies/checkouts/WWSignInWith3rd_Apple
write-file /Users/admin/builder/spi-builder-workspace/.derivedData/Build/Intermediates.noindex/WWSignInWith3rd_Apple.build/Debug-watchos/WWSignInWith3rd_Apple-t.build/Objects-normal/arm64_32/WWSignInWith3rd_Apple-OutputFileMap.json
WriteAuxiliaryFile /Users/admin/builder/spi-builder-workspace/.derivedData/Build/Intermediates.noindex/WWSignInWith3rd_Apple.build/Debug-watchos/WWSignInWith3rd_Apple-t.build/Objects-normal/arm64_32/WWSignInWith3rd_Apple.LinkFileList (in target 'WWSignInWith3rd_Apple' from project 'WWSignInWith3rd_Apple')
cd /Users/admin/builder/spi-builder-workspace/.dependencies/checkouts/WWSignInWith3rd_Apple
write-file /Users/admin/builder/spi-builder-workspace/.derivedData/Build/Intermediates.noindex/WWSignInWith3rd_Apple.build/Debug-watchos/WWSignInWith3rd_Apple-t.build/Objects-normal/arm64_32/WWSignInWith3rd_Apple.LinkFileList
WriteAuxiliaryFile /Users/admin/builder/spi-builder-workspace/.derivedData/Build/Intermediates.noindex/WWSignInWith3rd_Apple.build/Debug-watchos/WWSignInWith3rd_Apple-t.build/Objects-normal/arm64/WWSignInWith3rd_Apple.SwiftFileList (in target 'WWSignInWith3rd_Apple' from project 'WWSignInWith3rd_Apple')
cd /Users/admin/builder/spi-builder-workspace/.dependencies/checkouts/WWSignInWith3rd_Apple
write-file /Users/admin/builder/spi-builder-workspace/.derivedData/Build/Intermediates.noindex/WWSignInWith3rd_Apple.build/Debug-watchos/WWSignInWith3rd_Apple-t.build/Objects-normal/arm64/WWSignInWith3rd_Apple.SwiftFileList
WriteAuxiliaryFile /Users/admin/builder/spi-builder-workspace/.derivedData/Build/Intermediates.noindex/WWSignInWith3rd_Apple.build/Debug-watchos/WWSignInWith3rd_Apple-t.build/Objects-normal/arm64/WWSignInWith3rd_Apple_const_extract_protocols.json (in target 'WWSignInWith3rd_Apple' from project 'WWSignInWith3rd_Apple')
cd /Users/admin/builder/spi-builder-workspace/.dependencies/checkouts/WWSignInWith3rd_Apple
write-file /Users/admin/builder/spi-builder-workspace/.derivedData/Build/Intermediates.noindex/WWSignInWith3rd_Apple.build/Debug-watchos/WWSignInWith3rd_Apple-t.build/Objects-normal/arm64/WWSignInWith3rd_Apple_const_extract_protocols.json
WriteAuxiliaryFile /Users/admin/builder/spi-builder-workspace/.derivedData/Build/Intermediates.noindex/WWSignInWith3rd_Apple.build/Debug-watchos/WWSignInWith3rd_Apple-t.build/Objects-normal/arm64/WWSignInWith3rd_Apple.SwiftConstValuesFileList (in target 'WWSignInWith3rd_Apple' from project 'WWSignInWith3rd_Apple')
cd /Users/admin/builder/spi-builder-workspace/.dependencies/checkouts/WWSignInWith3rd_Apple
write-file /Users/admin/builder/spi-builder-workspace/.derivedData/Build/Intermediates.noindex/WWSignInWith3rd_Apple.build/Debug-watchos/WWSignInWith3rd_Apple-t.build/Objects-normal/arm64/WWSignInWith3rd_Apple.SwiftConstValuesFileList
WriteAuxiliaryFile /Users/admin/builder/spi-builder-workspace/.derivedData/Build/Intermediates.noindex/WWSignInWith3rd_Apple.build/Debug-watchos/WWSignInWith3rd_Apple-t.build/Objects-normal/arm64/WWSignInWith3rd_Apple.LinkFileList (in target 'WWSignInWith3rd_Apple' from project 'WWSignInWith3rd_Apple')
cd /Users/admin/builder/spi-builder-workspace/.dependencies/checkouts/WWSignInWith3rd_Apple
write-file /Users/admin/builder/spi-builder-workspace/.derivedData/Build/Intermediates.noindex/WWSignInWith3rd_Apple.build/Debug-watchos/WWSignInWith3rd_Apple-t.build/Objects-normal/arm64/WWSignInWith3rd_Apple.LinkFileList
WriteAuxiliaryFile /Users/admin/builder/spi-builder-workspace/.derivedData/Build/Intermediates.noindex/WWSignInWith3rd_Apple.build/Debug-watchos/WWSignInWith3rd_Apple-t.build/Objects-normal/arm64/WWSignInWith3rd_Apple-OutputFileMap.json (in target 'WWSignInWith3rd_Apple' from project 'WWSignInWith3rd_Apple')
cd /Users/admin/builder/spi-builder-workspace/.dependencies/checkouts/WWSignInWith3rd_Apple
write-file /Users/admin/builder/spi-builder-workspace/.derivedData/Build/Intermediates.noindex/WWSignInWith3rd_Apple.build/Debug-watchos/WWSignInWith3rd_Apple-t.build/Objects-normal/arm64/WWSignInWith3rd_Apple-OutputFileMap.json
WriteAuxiliaryFile /Users/admin/builder/spi-builder-workspace/.derivedData/Build/Intermediates.noindex/WWSignInWith3rd_Apple.build/Debug-watchos/WWSignInWith3rd_Apple-t.build/DerivedSources/resource_bundle_accessor.swift (in target 'WWSignInWith3rd_Apple' from project 'WWSignInWith3rd_Apple')
cd /Users/admin/builder/spi-builder-workspace/.dependencies/checkouts/WWSignInWith3rd_Apple
write-file /Users/admin/builder/spi-builder-workspace/.derivedData/Build/Intermediates.noindex/WWSignInWith3rd_Apple.build/Debug-watchos/WWSignInWith3rd_Apple-t.build/DerivedSources/resource_bundle_accessor.swift
Copy /Users/admin/builder/spi-builder-workspace/.derivedData/Build/Intermediates.noindex/GeneratedModuleMaps-watchos/WWSignInWith3rd_Apple.modulemap /Users/admin/builder/spi-builder-workspace/.derivedData/Build/Intermediates.noindex/WWSignInWith3rd_Apple.build/Debug-watchos/WWSignInWith3rd_Apple-t.build/WWSignInWith3rd_Apple.modulemap (in target 'WWSignInWith3rd_Apple' from project 'WWSignInWith3rd_Apple')
cd /Users/admin/builder/spi-builder-workspace/.dependencies/checkouts/WWSignInWith3rd_Apple
builtin-copy -exclude .DS_Store -exclude CVS -exclude .svn -exclude .git -exclude .hg -resolve-src-symlinks /Users/admin/builder/spi-builder-workspace/.derivedData/Build/Intermediates.noindex/WWSignInWith3rd_Apple.build/Debug-watchos/WWSignInWith3rd_Apple-t.build/WWSignInWith3rd_Apple.modulemap /Users/admin/builder/spi-builder-workspace/.derivedData/Build/Intermediates.noindex/GeneratedModuleMaps-watchos
MkDir /Users/admin/builder/spi-builder-workspace/.derivedData/Build/Products/Debug-watchos/WWSignInWith3rd_GitHub_WWSignInWith3rd_GitHub.bundle (in target 'WWSignInWith3rd_GitHub_WWSignInWith3rd_GitHub' from project 'WWSignInWith3rd_GitHub')
cd /Users/admin/builder/spi-builder-workspace
/bin/mkdir -p /Users/admin/builder/spi-builder-workspace/.derivedData/Build/Products/Debug-watchos/WWSignInWith3rd_GitHub_WWSignInWith3rd_GitHub.bundle
WriteAuxiliaryFile /Users/admin/builder/spi-builder-workspace/.derivedData/Build/Intermediates.noindex/WWNetworking.build/Debug-watchos/WWNetworking_WWNetworking-b.build/empty-WWNetworking_WWNetworking.plist (in target 'WWNetworking_WWNetworking' from project 'WWNetworking')
cd /Users/admin/builder/spi-builder-workspace/.dependencies/checkouts/WWNetworking
write-file /Users/admin/builder/spi-builder-workspace/.derivedData/Build/Intermediates.noindex/WWNetworking.build/Debug-watchos/WWNetworking_WWNetworking-b.build/empty-WWNetworking_WWNetworking.plist
WriteAuxiliaryFile /Users/admin/builder/spi-builder-workspace/.derivedData/Build/Intermediates.noindex/WWNetworking.build/Debug-watchos/WWNetworking_WWNetworking-b.build/WWNetworking_WWNetworking.DependencyStaticMetadataFileList (in target 'WWNetworking_WWNetworking' from project 'WWNetworking')
cd /Users/admin/builder/spi-builder-workspace/.dependencies/checkouts/WWNetworking
write-file /Users/admin/builder/spi-builder-workspace/.derivedData/Build/Intermediates.noindex/WWNetworking.build/Debug-watchos/WWNetworking_WWNetworking-b.build/WWNetworking_WWNetworking.DependencyStaticMetadataFileList
WriteAuxiliaryFile /Users/admin/builder/spi-builder-workspace/.derivedData/Build/Intermediates.noindex/WWNetworking.build/Debug-watchos/WWNetworking_WWNetworking-b.build/WWNetworking_WWNetworking.DependencyMetadataFileList (in target 'WWNetworking_WWNetworking' from project 'WWNetworking')
cd /Users/admin/builder/spi-builder-workspace/.dependencies/checkouts/WWNetworking
write-file /Users/admin/builder/spi-builder-workspace/.derivedData/Build/Intermediates.noindex/WWNetworking.build/Debug-watchos/WWNetworking_WWNetworking-b.build/WWNetworking_WWNetworking.DependencyMetadataFileList
MkDir /Users/admin/builder/spi-builder-workspace/.derivedData/Build/Products/Debug-watchos/WWSignInWith3rd_Apple_WWSignInWith3rd_Apple.bundle (in target 'WWSignInWith3rd_Apple_WWSignInWith3rd_Apple' from project 'WWSignInWith3rd_Apple')
cd /Users/admin/builder/spi-builder-workspace/.dependencies/checkouts/WWSignInWith3rd_Apple
/bin/mkdir -p /Users/admin/builder/spi-builder-workspace/.derivedData/Build/Products/Debug-watchos/WWSignInWith3rd_Apple_WWSignInWith3rd_Apple.bundle
MkDir /Users/admin/builder/spi-builder-workspace/.derivedData/Build/Products/Debug-watchos/WWNetworking_WWNetworking.bundle (in target 'WWNetworking_WWNetworking' from project 'WWNetworking')
cd /Users/admin/builder/spi-builder-workspace/.dependencies/checkouts/WWNetworking
/bin/mkdir -p /Users/admin/builder/spi-builder-workspace/.derivedData/Build/Products/Debug-watchos/WWNetworking_WWNetworking.bundle
WriteAuxiliaryFile /Users/admin/builder/spi-builder-workspace/.derivedData/Build/Intermediates.noindex/WWNetworking.build/Debug-watchos/WWNetworking-t.build/WWNetworking.modulemap (in target 'WWNetworking' from project 'WWNetworking')
cd /Users/admin/builder/spi-builder-workspace/.dependencies/checkouts/WWNetworking
write-file /Users/admin/builder/spi-builder-workspace/.derivedData/Build/Intermediates.noindex/WWNetworking.build/Debug-watchos/WWNetworking-t.build/WWNetworking.modulemap
WriteAuxiliaryFile /Users/admin/builder/spi-builder-workspace/.derivedData/Build/Intermediates.noindex/WWNetworking.build/Debug-watchos/WWNetworking-t.build/WWNetworking.DependencyStaticMetadataFileList (in target 'WWNetworking' from project 'WWNetworking')
cd /Users/admin/builder/spi-builder-workspace/.dependencies/checkouts/WWNetworking
write-file /Users/admin/builder/spi-builder-workspace/.derivedData/Build/Intermediates.noindex/WWNetworking.build/Debug-watchos/WWNetworking-t.build/WWNetworking.DependencyStaticMetadataFileList
WriteAuxiliaryFile /Users/admin/builder/spi-builder-workspace/.derivedData/Build/Intermediates.noindex/WWNetworking.build/Debug-watchos/WWNetworking-t.build/WWNetworking.DependencyMetadataFileList (in target 'WWNetworking' from project 'WWNetworking')
cd /Users/admin/builder/spi-builder-workspace/.dependencies/checkouts/WWNetworking
write-file /Users/admin/builder/spi-builder-workspace/.derivedData/Build/Intermediates.noindex/WWNetworking.build/Debug-watchos/WWNetworking-t.build/WWNetworking.DependencyMetadataFileList
WriteAuxiliaryFile /Users/admin/builder/spi-builder-workspace/.derivedData/Build/Intermediates.noindex/WWNetworking.build/Debug-watchos/WWNetworking-t.build/Objects-normal/arm64_32/WWNetworking_const_extract_protocols.json (in target 'WWNetworking' from project 'WWNetworking')
cd /Users/admin/builder/spi-builder-workspace/.dependencies/checkouts/WWNetworking
write-file /Users/admin/builder/spi-builder-workspace/.derivedData/Build/Intermediates.noindex/WWNetworking.build/Debug-watchos/WWNetworking-t.build/Objects-normal/arm64_32/WWNetworking_const_extract_protocols.json
WriteAuxiliaryFile /Users/admin/builder/spi-builder-workspace/.derivedData/Build/Intermediates.noindex/WWNetworking.build/Debug-watchos/WWNetworking-t.build/Objects-normal/arm64_32/WWNetworking-OutputFileMap.json (in target 'WWNetworking' from project 'WWNetworking')
cd /Users/admin/builder/spi-builder-workspace/.dependencies/checkouts/WWNetworking
write-file /Users/admin/builder/spi-builder-workspace/.derivedData/Build/Intermediates.noindex/WWNetworking.build/Debug-watchos/WWNetworking-t.build/Objects-normal/arm64_32/WWNetworking-OutputFileMap.json
WriteAuxiliaryFile /Users/admin/builder/spi-builder-workspace/.derivedData/Build/Intermediates.noindex/WWNetworking.build/Debug-watchos/WWNetworking-t.build/Objects-normal/arm64_32/WWNetworking.SwiftFileList (in target 'WWNetworking' from project 'WWNetworking')
cd /Users/admin/builder/spi-builder-workspace/.dependencies/checkouts/WWNetworking
write-file /Users/admin/builder/spi-builder-workspace/.derivedData/Build/Intermediates.noindex/WWNetworking.build/Debug-watchos/WWNetworking-t.build/Objects-normal/arm64_32/WWNetworking.SwiftFileList
WriteAuxiliaryFile /Users/admin/builder/spi-builder-workspace/.derivedData/Build/Intermediates.noindex/WWNetworking.build/Debug-watchos/WWNetworking-t.build/Objects-normal/arm64_32/WWNetworking.LinkFileList (in target 'WWNetworking' from project 'WWNetworking')
cd /Users/admin/builder/spi-builder-workspace/.dependencies/checkouts/WWNetworking
write-file /Users/admin/builder/spi-builder-workspace/.derivedData/Build/Intermediates.noindex/WWNetworking.build/Debug-watchos/WWNetworking-t.build/Objects-normal/arm64_32/WWNetworking.LinkFileList
WriteAuxiliaryFile /Users/admin/builder/spi-builder-workspace/.derivedData/Build/Intermediates.noindex/WWNetworking.build/Debug-watchos/WWNetworking-t.build/Objects-normal/arm64_32/WWNetworking.SwiftConstValuesFileList (in target 'WWNetworking' from project 'WWNetworking')
cd /Users/admin/builder/spi-builder-workspace/.dependencies/checkouts/WWNetworking
write-file /Users/admin/builder/spi-builder-workspace/.derivedData/Build/Intermediates.noindex/WWNetworking.build/Debug-watchos/WWNetworking-t.build/Objects-normal/arm64_32/WWNetworking.SwiftConstValuesFileList
WriteAuxiliaryFile /Users/admin/builder/spi-builder-workspace/.derivedData/Build/Intermediates.noindex/WWNetworking.build/Debug-watchos/WWNetworking-t.build/Objects-normal/arm64/WWNetworking_const_extract_protocols.json (in target 'WWNetworking' from project 'WWNetworking')
cd /Users/admin/builder/spi-builder-workspace/.dependencies/checkouts/WWNetworking
write-file /Users/admin/builder/spi-builder-workspace/.derivedData/Build/Intermediates.noindex/WWNetworking.build/Debug-watchos/WWNetworking-t.build/Objects-normal/arm64/WWNetworking_const_extract_protocols.json
WriteAuxiliaryFile /Users/admin/builder/spi-builder-workspace/.derivedData/Build/Intermediates.noindex/WWNetworking.build/Debug-watchos/WWNetworking-t.build/Objects-normal/arm64/WWNetworking.SwiftFileList (in target 'WWNetworking' from project 'WWNetworking')
cd /Users/admin/builder/spi-builder-workspace/.dependencies/checkouts/WWNetworking
write-file /Users/admin/builder/spi-builder-workspace/.derivedData/Build/Intermediates.noindex/WWNetworking.build/Debug-watchos/WWNetworking-t.build/Objects-normal/arm64/WWNetworking.SwiftFileList
WriteAuxiliaryFile /Users/admin/builder/spi-builder-workspace/.derivedData/Build/Intermediates.noindex/WWNetworking.build/Debug-watchos/WWNetworking-t.build/Objects-normal/arm64/WWNetworking.SwiftConstValuesFileList (in target 'WWNetworking' from project 'WWNetworking')
cd /Users/admin/builder/spi-builder-workspace/.dependencies/checkouts/WWNetworking
write-file /Users/admin/builder/spi-builder-workspace/.derivedData/Build/Intermediates.noindex/WWNetworking.build/Debug-watchos/WWNetworking-t.build/Objects-normal/arm64/WWNetworking.SwiftConstValuesFileList
WriteAuxiliaryFile /Users/admin/builder/spi-builder-workspace/.derivedData/Build/Intermediates.noindex/WWNetworking.build/Debug-watchos/WWNetworking-t.build/Objects-normal/arm64/WWNetworking.LinkFileList (in target 'WWNetworking' from project 'WWNetworking')
cd /Users/admin/builder/spi-builder-workspace/.dependencies/checkouts/WWNetworking
write-file /Users/admin/builder/spi-builder-workspace/.derivedData/Build/Intermediates.noindex/WWNetworking.build/Debug-watchos/WWNetworking-t.build/Objects-normal/arm64/WWNetworking.LinkFileList
WriteAuxiliaryFile /Users/admin/builder/spi-builder-workspace/.derivedData/Build/Intermediates.noindex/WWNetworking.build/Debug-watchos/WWNetworking-t.build/Objects-normal/arm64/WWNetworking-OutputFileMap.json (in target 'WWNetworking' from project 'WWNetworking')
cd /Users/admin/builder/spi-builder-workspace/.dependencies/checkouts/WWNetworking
write-file /Users/admin/builder/spi-builder-workspace/.derivedData/Build/Intermediates.noindex/WWNetworking.build/Debug-watchos/WWNetworking-t.build/Objects-normal/arm64/WWNetworking-OutputFileMap.json
Copy /Users/admin/builder/spi-builder-workspace/.derivedData/Build/Intermediates.noindex/GeneratedModuleMaps-watchos/WWNetworking.modulemap /Users/admin/builder/spi-builder-workspace/.derivedData/Build/Intermediates.noindex/WWNetworking.build/Debug-watchos/WWNetworking-t.build/WWNetworking.modulemap (in target 'WWNetworking' from project 'WWNetworking')
cd /Users/admin/builder/spi-builder-workspace/.dependencies/checkouts/WWNetworking
builtin-copy -exclude .DS_Store -exclude CVS -exclude .svn -exclude .git -exclude .hg -resolve-src-symlinks /Users/admin/builder/spi-builder-workspace/.derivedData/Build/Intermediates.noindex/WWNetworking.build/Debug-watchos/WWNetworking-t.build/WWNetworking.modulemap /Users/admin/builder/spi-builder-workspace/.derivedData/Build/Intermediates.noindex/GeneratedModuleMaps-watchos
WriteAuxiliaryFile /Users/admin/builder/spi-builder-workspace/.derivedData/Build/Intermediates.noindex/WWNetworking.build/Debug-watchos/WWNetworking-t.build/DerivedSources/resource_bundle_accessor.swift (in target 'WWNetworking' from project 'WWNetworking')
cd /Users/admin/builder/spi-builder-workspace/.dependencies/checkouts/WWNetworking
write-file /Users/admin/builder/spi-builder-workspace/.derivedData/Build/Intermediates.noindex/WWNetworking.build/Debug-watchos/WWNetworking-t.build/DerivedSources/resource_bundle_accessor.swift
CpResource /Users/admin/builder/spi-builder-workspace/.derivedData/Build/Products/Debug-watchos/WWSignInWith3rd_Apple_WWSignInWith3rd_Apple.bundle/Privacy /Users/admin/builder/spi-builder-workspace/.dependencies/checkouts/WWSignInWith3rd_Apple/Sources/WWSignInWith3rd_Apple/Privacy (in target 'WWSignInWith3rd_Apple_WWSignInWith3rd_Apple' from project 'WWSignInWith3rd_Apple')
cd /Users/admin/builder/spi-builder-workspace/.dependencies/checkouts/WWSignInWith3rd_Apple
builtin-copy -exclude .DS_Store -exclude CVS -exclude .svn -exclude .git -exclude .hg -resolve-src-symlinks /Users/admin/builder/spi-builder-workspace/.dependencies/checkouts/WWSignInWith3rd_Apple/Sources/WWSignInWith3rd_Apple/Privacy /Users/admin/builder/spi-builder-workspace/.derivedData/Build/Products/Debug-watchos/WWSignInWith3rd_Apple_WWSignInWith3rd_Apple.bundle
ProcessInfoPlistFile /Users/admin/builder/spi-builder-workspace/.derivedData/Build/Products/Debug-watchos/WWSignInWith3rd_Apple_WWSignInWith3rd_Apple.bundle/Info.plist /Users/admin/builder/spi-builder-workspace/.derivedData/Build/Intermediates.noindex/WWSignInWith3rd_Apple.build/Debug-watchos/WWSignInWith3rd_Apple_WWSignInWith3rd_Apple-b.build/empty-WWSignInWith3rd_Apple_WWSignInWith3rd_Apple.plist (in target 'WWSignInWith3rd_Apple_WWSignInWith3rd_Apple' from project 'WWSignInWith3rd_Apple')
cd /Users/admin/builder/spi-builder-workspace/.dependencies/checkouts/WWSignInWith3rd_Apple
builtin-infoPlistUtility /Users/admin/builder/spi-builder-workspace/.derivedData/Build/Intermediates.noindex/WWSignInWith3rd_Apple.build/Debug-watchos/WWSignInWith3rd_Apple_WWSignInWith3rd_Apple-b.build/empty-WWSignInWith3rd_Apple_WWSignInWith3rd_Apple.plist -producttype com.apple.product-type.bundle -expandbuildsettings -format binary -platform watchos -o /Users/admin/builder/spi-builder-workspace/.derivedData/Build/Products/Debug-watchos/WWSignInWith3rd_Apple_WWSignInWith3rd_Apple.bundle/Info.plist
ProcessInfoPlistFile /Users/admin/builder/spi-builder-workspace/.derivedData/Build/Products/Debug-watchos/WWSignInWith3rd_GitHub_WWSignInWith3rd_GitHub.bundle/Info.plist /Users/admin/builder/spi-builder-workspace/.derivedData/Build/Intermediates.noindex/WWSignInWith3rd_GitHub.build/Debug-watchos/WWSignInWith3rd_GitHub_WWSignInWith3rd_GitHub-b.build/empty-WWSignInWith3rd_GitHub_WWSignInWith3rd_GitHub.plist (in target 'WWSignInWith3rd_GitHub_WWSignInWith3rd_GitHub' from project 'WWSignInWith3rd_GitHub')
cd /Users/admin/builder/spi-builder-workspace
builtin-infoPlistUtility /Users/admin/builder/spi-builder-workspace/.derivedData/Build/Intermediates.noindex/WWSignInWith3rd_GitHub.build/Debug-watchos/WWSignInWith3rd_GitHub_WWSignInWith3rd_GitHub-b.build/empty-WWSignInWith3rd_GitHub_WWSignInWith3rd_GitHub.plist -producttype com.apple.product-type.bundle -expandbuildsettings -format binary -platform watchos -o /Users/admin/builder/spi-builder-workspace/.derivedData/Build/Products/Debug-watchos/WWSignInWith3rd_GitHub_WWSignInWith3rd_GitHub.bundle/Info.plist
CpResource /Users/admin/builder/spi-builder-workspace/.derivedData/Build/Products/Debug-watchos/WWSignInWith3rd_GitHub_WWSignInWith3rd_GitHub.bundle/Privacy /Users/admin/builder/spi-builder-workspace/Sources/WWSignInWith3rd_GitHub/Privacy (in target 'WWSignInWith3rd_GitHub_WWSignInWith3rd_GitHub' from project 'WWSignInWith3rd_GitHub')
cd /Users/admin/builder/spi-builder-workspace
builtin-copy -exclude .DS_Store -exclude CVS -exclude .svn -exclude .git -exclude .hg -resolve-src-symlinks /Users/admin/builder/spi-builder-workspace/Sources/WWSignInWith3rd_GitHub/Privacy /Users/admin/builder/spi-builder-workspace/.derivedData/Build/Products/Debug-watchos/WWSignInWith3rd_GitHub_WWSignInWith3rd_GitHub.bundle
CpResource /Users/admin/builder/spi-builder-workspace/.derivedData/Build/Products/Debug-watchos/WWNetworking_WWNetworking.bundle/Privacy /Users/admin/builder/spi-builder-workspace/.dependencies/checkouts/WWNetworking/Sources/WWNetworking/Privacy (in target 'WWNetworking_WWNetworking' from project 'WWNetworking')
cd /Users/admin/builder/spi-builder-workspace/.dependencies/checkouts/WWNetworking
builtin-copy -exclude .DS_Store -exclude CVS -exclude .svn -exclude .git -exclude .hg -resolve-src-symlinks /Users/admin/builder/spi-builder-workspace/.dependencies/checkouts/WWNetworking/Sources/WWNetworking/Privacy /Users/admin/builder/spi-builder-workspace/.derivedData/Build/Products/Debug-watchos/WWNetworking_WWNetworking.bundle
ProcessInfoPlistFile /Users/admin/builder/spi-builder-workspace/.derivedData/Build/Products/Debug-watchos/WWNetworking_WWNetworking.bundle/Info.plist /Users/admin/builder/spi-builder-workspace/.derivedData/Build/Intermediates.noindex/WWNetworking.build/Debug-watchos/WWNetworking_WWNetworking-b.build/empty-WWNetworking_WWNetworking.plist (in target 'WWNetworking_WWNetworking' from project 'WWNetworking')
cd /Users/admin/builder/spi-builder-workspace/.dependencies/checkouts/WWNetworking
builtin-infoPlistUtility /Users/admin/builder/spi-builder-workspace/.derivedData/Build/Intermediates.noindex/WWNetworking.build/Debug-watchos/WWNetworking_WWNetworking-b.build/empty-WWNetworking_WWNetworking.plist -producttype com.apple.product-type.bundle -expandbuildsettings -format binary -platform watchos -o /Users/admin/builder/spi-builder-workspace/.derivedData/Build/Products/Debug-watchos/WWNetworking_WWNetworking.bundle/Info.plist
RegisterExecutionPolicyException /Users/admin/builder/spi-builder-workspace/.derivedData/Build/Products/Debug-watchos/WWNetworking_WWNetworking.bundle (in target 'WWNetworking_WWNetworking' from project 'WWNetworking')
cd /Users/admin/builder/spi-builder-workspace/.dependencies/checkouts/WWNetworking
builtin-RegisterExecutionPolicyException /Users/admin/builder/spi-builder-workspace/.derivedData/Build/Products/Debug-watchos/WWNetworking_WWNetworking.bundle
RegisterExecutionPolicyException /Users/admin/builder/spi-builder-workspace/.derivedData/Build/Products/Debug-watchos/WWSignInWith3rd_Apple_WWSignInWith3rd_Apple.bundle (in target 'WWSignInWith3rd_Apple_WWSignInWith3rd_Apple' from project 'WWSignInWith3rd_Apple')
cd /Users/admin/builder/spi-builder-workspace/.dependencies/checkouts/WWSignInWith3rd_Apple
builtin-RegisterExecutionPolicyException /Users/admin/builder/spi-builder-workspace/.derivedData/Build/Products/Debug-watchos/WWSignInWith3rd_Apple_WWSignInWith3rd_Apple.bundle
RegisterExecutionPolicyException /Users/admin/builder/spi-builder-workspace/.derivedData/Build/Products/Debug-watchos/WWSignInWith3rd_GitHub_WWSignInWith3rd_GitHub.bundle (in target 'WWSignInWith3rd_GitHub_WWSignInWith3rd_GitHub' from project 'WWSignInWith3rd_GitHub')
cd /Users/admin/builder/spi-builder-workspace
builtin-RegisterExecutionPolicyException /Users/admin/builder/spi-builder-workspace/.derivedData/Build/Products/Debug-watchos/WWSignInWith3rd_GitHub_WWSignInWith3rd_GitHub.bundle
Touch /Users/admin/builder/spi-builder-workspace/.derivedData/Build/Products/Debug-watchos/WWSignInWith3rd_GitHub_WWSignInWith3rd_GitHub.bundle (in target 'WWSignInWith3rd_GitHub_WWSignInWith3rd_GitHub' from project 'WWSignInWith3rd_GitHub')
cd /Users/admin/builder/spi-builder-workspace
/usr/bin/touch -c /Users/admin/builder/spi-builder-workspace/.derivedData/Build/Products/Debug-watchos/WWSignInWith3rd_GitHub_WWSignInWith3rd_GitHub.bundle
Touch /Users/admin/builder/spi-builder-workspace/.derivedData/Build/Products/Debug-watchos/WWSignInWith3rd_Apple_WWSignInWith3rd_Apple.bundle (in target 'WWSignInWith3rd_Apple_WWSignInWith3rd_Apple' from project 'WWSignInWith3rd_Apple')
cd /Users/admin/builder/spi-builder-workspace/.dependencies/checkouts/WWSignInWith3rd_Apple
/usr/bin/touch -c /Users/admin/builder/spi-builder-workspace/.derivedData/Build/Products/Debug-watchos/WWSignInWith3rd_Apple_WWSignInWith3rd_Apple.bundle
Touch /Users/admin/builder/spi-builder-workspace/.derivedData/Build/Products/Debug-watchos/WWNetworking_WWNetworking.bundle (in target 'WWNetworking_WWNetworking' from project 'WWNetworking')
cd /Users/admin/builder/spi-builder-workspace/.dependencies/checkouts/WWNetworking
/usr/bin/touch -c /Users/admin/builder/spi-builder-workspace/.derivedData/Build/Products/Debug-watchos/WWNetworking_WWNetworking.bundle
SwiftDriver WWNetworking normal arm64_32 com.apple.xcode.tools.swift.compiler (in target 'WWNetworking' from project 'WWNetworking')
cd /Users/admin/builder/spi-builder-workspace/.swiftpm/xcode
builtin-SwiftDriver -- /Applications/Xcode-27.0.0-Release.Candidate.app/Contents/Developer/Toolchains/XcodeDefault.xctoolchain/usr/bin/swiftc -parse-as-library -module-name WWNetworking -Onone @/Users/admin/builder/spi-builder-workspace/.derivedData/Build/Intermediates.noindex/WWNetworking.build/Debug-watchos/WWNetworking-t.build/Objects-normal/arm64_32/WWNetworking.SwiftFileList -DSWIFT_PACKAGE -DDEBUG -DSWIFT_MODULE_RESOURCE_BUNDLE_AVAILABLE -DXcode -plugin-path /Applications/Xcode-27.0.0-Release.Candidate.app/Contents/Developer/Toolchains/XcodeDefault.xctoolchain/usr/lib/swift/host/plugins/testing -enable-experimental-feature DebugDescriptionMacro -sdk /Applications/Xcode-27.0.0-Release.Candidate.app/Contents/Developer/Platforms/WatchOS.platform/Developer/SDKs/WatchOS27.0.sdk -target arm64_32-apple-watchos9.0 -g -module-cache-path /Users/admin/builder/spi-builder-workspace/.derivedData/ModuleCache.noindex -Xfrontend -serialize-debugging-options -enable-testing -suppress-warnings -index-store-path /Users/admin/builder/spi-builder-workspace/.derivedData/Index.noindex/DataStore -Xcc -D_LIBCPP_HARDENING_MODE\=_LIBCPP_HARDENING_MODE_DEBUG -swift-version 5 -I /Users/admin/builder/spi-builder-workspace/.derivedData/Build/Products/Debug-watchos -Isystem /Applications/Xcode-27.0.0-Release.Candidate.app/Contents/Developer/Platforms/WatchOS.platform/Developer/usr/lib -F /Users/admin/builder/spi-builder-workspace/.derivedData/Build/Products/Debug-watchos -F /Applications/Xcode-27.0.0-Release.Candidate.app/Contents/Developer/Platforms/WatchOS.platform/Developer/Library/Frameworks -F /Applications/Xcode-27.0.0-Release.Candidate.app/Contents/Developer/Platforms/WatchOS.platform/Developer/SDKs/WatchOS27.0.sdk/Developer/Library/Frameworks -c -j10 -enable-batch-mode -incremental -Xcc -ivfsstatcache -Xcc /Users/admin/builder/spi-builder-workspace/.derivedData/SDKStatCaches.noindex/watchos27.0-24R360-e829b21a6f8c9b70876ba0858053c04477534ef55a1706bf4c1112bbb242f0a2.sdkstatcache -output-file-map /Users/admin/builder/spi-builder-workspace/.derivedData/Build/Intermediates.noindex/WWNetworking.build/Debug-watchos/WWNetworking-t.build/Objects-normal/arm64_32/WWNetworking-OutputFileMap.json -save-temps -no-color-diagnostics -explicit-module-build -module-cache-path /Users/admin/builder/spi-builder-workspace/.derivedData/Build/Intermediates.noindex/SwiftExplicitPrecompiledModules -clang-scanner-module-cache-path /Users/admin/builder/spi-builder-workspace/.derivedData/ModuleCache.noindex -sdk-module-cache-path /Users/admin/builder/spi-builder-workspace/.derivedData/SDKExplicitPrecompiledModules -emit-dependencies -emit-module -emit-module-path /Users/admin/builder/spi-builder-workspace/.derivedData/Build/Intermediates.noindex/WWNetworking.build/Debug-watchos/WWNetworking-t.build/Objects-normal/arm64_32/WWNetworking.swiftmodule -serialize-diagnostics -dependency-scan-serialize-diagnostics-path /Users/admin/builder/spi-builder-workspace/.derivedData/Build/Intermediates.noindex/WWNetworking.build/Debug-watchos/WWNetworking-t.build/Objects-normal/arm64_32/WWNetworking-dependency-scan.dia -validate-clang-modules-once -clang-build-session-file /Users/admin/builder/spi-builder-workspace/.derivedData/ModuleCache.noindex/Session.modulevalidation -Xcc -fmodules-prune-interval\=86400 -Xcc -fmodules-prune-after\=345600 -emit-const-values -const-gather-protocols-list /Users/admin/builder/spi-builder-workspace/.derivedData/Build/Intermediates.noindex/WWNetworking.build/Debug-watchos/WWNetworking-t.build/Objects-normal/arm64_32/WWNetworking_const_extract_protocols.json -Xcc -I/Users/admin/builder/spi-builder-workspace/.derivedData/Build/Products/Debug-watchos/include -Xcc -I/Users/admin/builder/spi-builder-workspace/.derivedData/Build/Intermediates.noindex/WWNetworking.build/Debug-watchos/WWNetworking-t.build/DerivedSources-normal/arm64_32 -Xcc -I/Users/admin/builder/spi-builder-workspace/.derivedData/Build/Intermediates.noindex/WWNetworking.build/Debug-watchos/WWNetworking-t.build/DerivedSources/arm64_32 -Xcc -I/Users/admin/builder/spi-builder-workspace/.derivedData/Build/Intermediates.noindex/WWNetworking.build/Debug-watchos/WWNetworking-t.build/DerivedSources -Xcc -DSWIFT_PACKAGE -Xcc -DDEBUG\=1 -emit-objc-header -emit-objc-header-path /Users/admin/builder/spi-builder-workspace/.derivedData/Build/Intermediates.noindex/WWNetworking.build/Debug-watchos/WWNetworking-t.build/Objects-normal/arm64_32/WWNetworking-Swift.h -working-directory /Users/admin/builder/spi-builder-workspace/.swiftpm/xcode -experimental-emit-module-separately -disable-cmo
SwiftDriver WWNetworking normal arm64 com.apple.xcode.tools.swift.compiler (in target 'WWNetworking' from project 'WWNetworking')
cd /Users/admin/builder/spi-builder-workspace/.swiftpm/xcode
builtin-SwiftDriver -- /Applications/Xcode-27.0.0-Release.Candidate.app/Contents/Developer/Toolchains/XcodeDefault.xctoolchain/usr/bin/swiftc -parse-as-library -module-name WWNetworking -Onone @/Users/admin/builder/spi-builder-workspace/.derivedData/Build/Intermediates.noindex/WWNetworking.build/Debug-watchos/WWNetworking-t.build/Objects-normal/arm64/WWNetworking.SwiftFileList -DSWIFT_PACKAGE -DDEBUG -DSWIFT_MODULE_RESOURCE_BUNDLE_AVAILABLE -DXcode -plugin-path /Applications/Xcode-27.0.0-Release.Candidate.app/Contents/Developer/Toolchains/XcodeDefault.xctoolchain/usr/lib/swift/host/plugins/testing -enable-experimental-feature DebugDescriptionMacro -sdk /Applications/Xcode-27.0.0-Release.Candidate.app/Contents/Developer/Platforms/WatchOS.platform/Developer/SDKs/WatchOS27.0.sdk -target arm64-apple-watchos9.0 -g -module-cache-path /Users/admin/builder/spi-builder-workspace/.derivedData/ModuleCache.noindex -Xfrontend -serialize-debugging-options -enable-testing -suppress-warnings -index-store-path /Users/admin/builder/spi-builder-workspace/.derivedData/Index.noindex/DataStore -Xcc -D_LIBCPP_HARDENING_MODE\=_LIBCPP_HARDENING_MODE_DEBUG -swift-version 5 -I /Users/admin/builder/spi-builder-workspace/.derivedData/Build/Products/Debug-watchos -Isystem /Applications/Xcode-27.0.0-Release.Candidate.app/Contents/Developer/Platforms/WatchOS.platform/Developer/usr/lib -F /Users/admin/builder/spi-builder-workspace/.derivedData/Build/Products/Debug-watchos -F /Applications/Xcode-27.0.0-Release.Candidate.app/Contents/Developer/Platforms/WatchOS.platform/Developer/Library/Frameworks -F /Applications/Xcode-27.0.0-Release.Candidate.app/Contents/Developer/Platforms/WatchOS.platform/Developer/SDKs/WatchOS27.0.sdk/Developer/Library/Frameworks -c -j10 -enable-batch-mode -incremental -Xcc -ivfsstatcache -Xcc /Users/admin/builder/spi-builder-workspace/.derivedData/SDKStatCaches.noindex/watchos27.0-24R360-e829b21a6f8c9b70876ba0858053c04477534ef55a1706bf4c1112bbb242f0a2.sdkstatcache -output-file-map /Users/admin/builder/spi-builder-workspace/.derivedData/Build/Intermediates.noindex/WWNetworking.build/Debug-watchos/WWNetworking-t.build/Objects-normal/arm64/WWNetworking-OutputFileMap.json -save-temps -no-color-diagnostics -explicit-module-build -module-cache-path /Users/admin/builder/spi-builder-workspace/.derivedData/Build/Intermediates.noindex/SwiftExplicitPrecompiledModules -clang-scanner-module-cache-path /Users/admin/builder/spi-builder-workspace/.derivedData/ModuleCache.noindex -sdk-module-cache-path /Users/admin/builder/spi-builder-workspace/.derivedData/SDKExplicitPrecompiledModules -emit-dependencies -emit-module -emit-module-path /Users/admin/builder/spi-builder-workspace/.derivedData/Build/Intermediates.noindex/WWNetworking.build/Debug-watchos/WWNetworking-t.build/Objects-normal/arm64/WWNetworking.swiftmodule -serialize-diagnostics -dependency-scan-serialize-diagnostics-path /Users/admin/builder/spi-builder-workspace/.derivedData/Build/Intermediates.noindex/WWNetworking.build/Debug-watchos/WWNetworking-t.build/Objects-normal/arm64/WWNetworking-dependency-scan.dia -validate-clang-modules-once -clang-build-session-file /Users/admin/builder/spi-builder-workspace/.derivedData/ModuleCache.noindex/Session.modulevalidation -Xcc -fmodules-prune-interval\=86400 -Xcc -fmodules-prune-after\=345600 -emit-const-values -const-gather-protocols-list /Users/admin/builder/spi-builder-workspace/.derivedData/Build/Intermediates.noindex/WWNetworking.build/Debug-watchos/WWNetworking-t.build/Objects-normal/arm64/WWNetworking_const_extract_protocols.json -Xcc -I/Users/admin/builder/spi-builder-workspace/.derivedData/Build/Products/Debug-watchos/include -Xcc -I/Users/admin/builder/spi-builder-workspace/.derivedData/Build/Intermediates.noindex/WWNetworking.build/Debug-watchos/WWNetworking-t.build/DerivedSources-normal/arm64 -Xcc -I/Users/admin/builder/spi-builder-workspace/.derivedData/Build/Intermediates.noindex/WWNetworking.build/Debug-watchos/WWNetworking-t.build/DerivedSources/arm64 -Xcc -I/Users/admin/builder/spi-builder-workspace/.derivedData/Build/Intermediates.noindex/WWNetworking.build/Debug-watchos/WWNetworking-t.build/DerivedSources -Xcc -DSWIFT_PACKAGE -Xcc -DDEBUG\=1 -emit-objc-header -emit-objc-header-path /Users/admin/builder/spi-builder-workspace/.derivedData/Build/Intermediates.noindex/WWNetworking.build/Debug-watchos/WWNetworking-t.build/Objects-normal/arm64/WWNetworking-Swift.h -working-directory /Users/admin/builder/spi-builder-workspace/.swiftpm/xcode -experimental-emit-module-separately -disable-cmo
SwiftDriver WWSignInWith3rd_Apple normal arm64 com.apple.xcode.tools.swift.compiler (in target 'WWSignInWith3rd_Apple' from project 'WWSignInWith3rd_Apple')
cd /Users/admin/builder/spi-builder-workspace/.swiftpm/xcode
builtin-SwiftDriver -- /Applications/Xcode-27.0.0-Release.Candidate.app/Contents/Developer/Toolchains/XcodeDefault.xctoolchain/usr/bin/swiftc -parse-as-library -module-name WWSignInWith3rd_Apple -Onone @/Users/admin/builder/spi-builder-workspace/.derivedData/Build/Intermediates.noindex/WWSignInWith3rd_Apple.build/Debug-watchos/WWSignInWith3rd_Apple-t.build/Objects-normal/arm64/WWSignInWith3rd_Apple.SwiftFileList -DSWIFT_PACKAGE -DDEBUG -DSWIFT_MODULE_RESOURCE_BUNDLE_AVAILABLE -DXcode -plugin-path /Applications/Xcode-27.0.0-Release.Candidate.app/Contents/Developer/Toolchains/XcodeDefault.xctoolchain/usr/lib/swift/host/plugins/testing -enable-experimental-feature DebugDescriptionMacro -sdk /Applications/Xcode-27.0.0-Release.Candidate.app/Contents/Developer/Platforms/WatchOS.platform/Developer/SDKs/WatchOS27.0.sdk -target arm64-apple-watchos9.0 -g -module-cache-path /Users/admin/builder/spi-builder-workspace/.derivedData/ModuleCache.noindex -Xfrontend -serialize-debugging-options -enable-testing -suppress-warnings -index-store-path /Users/admin/builder/spi-builder-workspace/.derivedData/Index.noindex/DataStore -Xcc -D_LIBCPP_HARDENING_MODE\=_LIBCPP_HARDENING_MODE_DEBUG -swift-version 5 -I /Users/admin/builder/spi-builder-workspace/.derivedData/Build/Products/Debug-watchos -Isystem /Applications/Xcode-27.0.0-Release.Candidate.app/Contents/Developer/Platforms/WatchOS.platform/Developer/usr/lib -F /Users/admin/builder/spi-builder-workspace/.derivedData/Build/Products/Debug-watchos -F /Applications/Xcode-27.0.0-Release.Candidate.app/Contents/Developer/Platforms/WatchOS.platform/Developer/Library/Frameworks -F /Applications/Xcode-27.0.0-Release.Candidate.app/Contents/Developer/Platforms/WatchOS.platform/Developer/SDKs/WatchOS27.0.sdk/Developer/Library/Frameworks -c -j10 -enable-batch-mode -incremental -Xcc -ivfsstatcache -Xcc /Users/admin/builder/spi-builder-workspace/.derivedData/SDKStatCaches.noindex/watchos27.0-24R360-e829b21a6f8c9b70876ba0858053c04477534ef55a1706bf4c1112bbb242f0a2.sdkstatcache -output-file-map /Users/admin/builder/spi-builder-workspace/.derivedData/Build/Intermediates.noindex/WWSignInWith3rd_Apple.build/Debug-watchos/WWSignInWith3rd_Apple-t.build/Objects-normal/arm64/WWSignInWith3rd_Apple-OutputFileMap.json -save-temps -no-color-diagnostics -explicit-module-build -module-cache-path /Users/admin/builder/spi-builder-workspace/.derivedData/Build/Intermediates.noindex/SwiftExplicitPrecompiledModules -clang-scanner-module-cache-path /Users/admin/builder/spi-builder-workspace/.derivedData/ModuleCache.noindex -sdk-module-cache-path /Users/admin/builder/spi-builder-workspace/.derivedData/SDKExplicitPrecompiledModules -emit-dependencies -emit-module -emit-module-path /Users/admin/builder/spi-builder-workspace/.derivedData/Build/Intermediates.noindex/WWSignInWith3rd_Apple.build/Debug-watchos/WWSignInWith3rd_Apple-t.build/Objects-normal/arm64/WWSignInWith3rd_Apple.swiftmodule -serialize-diagnostics -dependency-scan-serialize-diagnostics-path /Users/admin/builder/spi-builder-workspace/.derivedData/Build/Intermediates.noindex/WWSignInWith3rd_Apple.build/Debug-watchos/WWSignInWith3rd_Apple-t.build/Objects-normal/arm64/WWSignInWith3rd_Apple-dependency-scan.dia -validate-clang-modules-once -clang-build-session-file /Users/admin/builder/spi-builder-workspace/.derivedData/ModuleCache.noindex/Session.modulevalidation -Xcc -fmodules-prune-interval\=86400 -Xcc -fmodules-prune-after\=345600 -emit-const-values -const-gather-protocols-list /Users/admin/builder/spi-builder-workspace/.derivedData/Build/Intermediates.noindex/WWSignInWith3rd_Apple.build/Debug-watchos/WWSignInWith3rd_Apple-t.build/Objects-normal/arm64/WWSignInWith3rd_Apple_const_extract_protocols.json -Xcc -I/Users/admin/builder/spi-builder-workspace/.derivedData/Build/Products/Debug-watchos/include -Xcc -I/Users/admin/builder/spi-builder-workspace/.derivedData/Build/Intermediates.noindex/WWSignInWith3rd_Apple.build/Debug-watchos/WWSignInWith3rd_Apple-t.build/DerivedSources-normal/arm64 -Xcc -I/Users/admin/builder/spi-builder-workspace/.derivedData/Build/Intermediates.noindex/WWSignInWith3rd_Apple.build/Debug-watchos/WWSignInWith3rd_Apple-t.build/DerivedSources/arm64 -Xcc -I/Users/admin/builder/spi-builder-workspace/.derivedData/Build/Intermediates.noindex/WWSignInWith3rd_Apple.build/Debug-watchos/WWSignInWith3rd_Apple-t.build/DerivedSources -Xcc -DSWIFT_PACKAGE -Xcc -DDEBUG\=1 -emit-objc-header -emit-objc-header-path /Users/admin/builder/spi-builder-workspace/.derivedData/Build/Intermediates.noindex/WWSignInWith3rd_Apple.build/Debug-watchos/WWSignInWith3rd_Apple-t.build/Objects-normal/arm64/WWSignInWith3rd_Apple-Swift.h -working-directory /Users/admin/builder/spi-builder-workspace/.swiftpm/xcode -experimental-emit-module-separately -disable-cmo
/Users/admin/builder/spi-builder-workspace/.dependencies/checkouts/WWSignInWith3rd_Apple/Sources/WWSignInWith3rd_Apple/Utility/Extension.swift:8:8: error: Unable to resolve module dependency: 'WebKit' (in target 'WWSignInWith3rd_Apple' from project 'WWSignInWith3rd_Apple')
note: A dependency of main module 'WWSignInWith3rd_Apple'
/Users/admin/builder/spi-builder-workspace/.dependencies/checkouts/WWSignInWith3rd_Apple/Sources/WWSignInWith3rd_Apple/Utility/Extension.swift:8:8: note: A dependency of main module 'WWSignInWith3rd_Apple'
import WebKit
^ (in target 'WWSignInWith3rd_Apple' from project 'WWSignInWith3rd_Apple')
SwiftDriver WWSignInWith3rd_Apple normal arm64_32 com.apple.xcode.tools.swift.compiler (in target 'WWSignInWith3rd_Apple' from project 'WWSignInWith3rd_Apple')
cd /Users/admin/builder/spi-builder-workspace/.swiftpm/xcode
builtin-SwiftDriver -- /Applications/Xcode-27.0.0-Release.Candidate.app/Contents/Developer/Toolchains/XcodeDefault.xctoolchain/usr/bin/swiftc -parse-as-library -module-name WWSignInWith3rd_Apple -Onone @/Users/admin/builder/spi-builder-workspace/.derivedData/Build/Intermediates.noindex/WWSignInWith3rd_Apple.build/Debug-watchos/WWSignInWith3rd_Apple-t.build/Objects-normal/arm64_32/WWSignInWith3rd_Apple.SwiftFileList -DSWIFT_PACKAGE -DDEBUG -DSWIFT_MODULE_RESOURCE_BUNDLE_AVAILABLE -DXcode -plugin-path /Applications/Xcode-27.0.0-Release.Candidate.app/Contents/Developer/Toolchains/XcodeDefault.xctoolchain/usr/lib/swift/host/plugins/testing -enable-experimental-feature DebugDescriptionMacro -sdk /Applications/Xcode-27.0.0-Release.Candidate.app/Contents/Developer/Platforms/WatchOS.platform/Developer/SDKs/WatchOS27.0.sdk -target arm64_32-apple-watchos9.0 -g -module-cache-path /Users/admin/builder/spi-builder-workspace/.derivedData/ModuleCache.noindex -Xfrontend -serialize-debugging-options -enable-testing -suppress-warnings -index-store-path /Users/admin/builder/spi-builder-workspace/.derivedData/Index.noindex/DataStore -Xcc -D_LIBCPP_HARDENING_MODE\=_LIBCPP_HARDENING_MODE_DEBUG -swift-version 5 -I /Users/admin/builder/spi-builder-workspace/.derivedData/Build/Products/Debug-watchos -Isystem /Applications/Xcode-27.0.0-Release.Candidate.app/Contents/Developer/Platforms/WatchOS.platform/Developer/usr/lib -F /Users/admin/builder/spi-builder-workspace/.derivedData/Build/Products/Debug-watchos -F /Applications/Xcode-27.0.0-Release.Candidate.app/Contents/Developer/Platforms/WatchOS.platform/Developer/Library/Frameworks -F /Applications/Xcode-27.0.0-Release.Candidate.app/Contents/Developer/Platforms/WatchOS.platform/Developer/SDKs/WatchOS27.0.sdk/Developer/Library/Frameworks -c -j10 -enable-batch-mode -incremental -Xcc -ivfsstatcache -Xcc /Users/admin/builder/spi-builder-workspace/.derivedData/SDKStatCaches.noindex/watchos27.0-24R360-e829b21a6f8c9b70876ba0858053c04477534ef55a1706bf4c1112bbb242f0a2.sdkstatcache -output-file-map /Users/admin/builder/spi-builder-workspace/.derivedData/Build/Intermediates.noindex/WWSignInWith3rd_Apple.build/Debug-watchos/WWSignInWith3rd_Apple-t.build/Objects-normal/arm64_32/WWSignInWith3rd_Apple-OutputFileMap.json -save-temps -no-color-diagnostics -explicit-module-build -module-cache-path /Users/admin/builder/spi-builder-workspace/.derivedData/Build/Intermediates.noindex/SwiftExplicitPrecompiledModules -clang-scanner-module-cache-path /Users/admin/builder/spi-builder-workspace/.derivedData/ModuleCache.noindex -sdk-module-cache-path /Users/admin/builder/spi-builder-workspace/.derivedData/SDKExplicitPrecompiledModules -emit-dependencies -emit-module -emit-module-path /Users/admin/builder/spi-builder-workspace/.derivedData/Build/Intermediates.noindex/WWSignInWith3rd_Apple.build/Debug-watchos/WWSignInWith3rd_Apple-t.build/Objects-normal/arm64_32/WWSignInWith3rd_Apple.swiftmodule -serialize-diagnostics -dependency-scan-serialize-diagnostics-path /Users/admin/builder/spi-builder-workspace/.derivedData/Build/Intermediates.noindex/WWSignInWith3rd_Apple.build/Debug-watchos/WWSignInWith3rd_Apple-t.build/Objects-normal/arm64_32/WWSignInWith3rd_Apple-dependency-scan.dia -validate-clang-modules-once -clang-build-session-file /Users/admin/builder/spi-builder-workspace/.derivedData/ModuleCache.noindex/Session.modulevalidation -Xcc -fmodules-prune-interval\=86400 -Xcc -fmodules-prune-after\=345600 -emit-const-values -const-gather-protocols-list /Users/admin/builder/spi-builder-workspace/.derivedData/Build/Intermediates.noindex/WWSignInWith3rd_Apple.build/Debug-watchos/WWSignInWith3rd_Apple-t.build/Objects-normal/arm64_32/WWSignInWith3rd_Apple_const_extract_protocols.json -Xcc -I/Users/admin/builder/spi-builder-workspace/.derivedData/Build/Products/Debug-watchos/include -Xcc -I/Users/admin/builder/spi-builder-workspace/.derivedData/Build/Intermediates.noindex/WWSignInWith3rd_Apple.build/Debug-watchos/WWSignInWith3rd_Apple-t.build/DerivedSources-normal/arm64_32 -Xcc -I/Users/admin/builder/spi-builder-workspace/.derivedData/Build/Intermediates.noindex/WWSignInWith3rd_Apple.build/Debug-watchos/WWSignInWith3rd_Apple-t.build/DerivedSources/arm64_32 -Xcc -I/Users/admin/builder/spi-builder-workspace/.derivedData/Build/Intermediates.noindex/WWSignInWith3rd_Apple.build/Debug-watchos/WWSignInWith3rd_Apple-t.build/DerivedSources -Xcc -DSWIFT_PACKAGE -Xcc -DDEBUG\=1 -emit-objc-header -emit-objc-header-path /Users/admin/builder/spi-builder-workspace/.derivedData/Build/Intermediates.noindex/WWSignInWith3rd_Apple.build/Debug-watchos/WWSignInWith3rd_Apple-t.build/Objects-normal/arm64_32/WWSignInWith3rd_Apple-Swift.h -working-directory /Users/admin/builder/spi-builder-workspace/.swiftpm/xcode -experimental-emit-module-separately -disable-cmo
/Users/admin/builder/spi-builder-workspace/.dependencies/checkouts/WWSignInWith3rd_Apple/Sources/WWSignInWith3rd_Apple/Utility/Extension.swift:8:8: error: Unable to resolve module dependency: 'WebKit' (in target 'WWSignInWith3rd_Apple' from project 'WWSignInWith3rd_Apple')
note: A dependency of main module 'WWSignInWith3rd_Apple'
/Users/admin/builder/spi-builder-workspace/.dependencies/checkouts/WWSignInWith3rd_Apple/Sources/WWSignInWith3rd_Apple/Utility/Extension.swift:8:8: note: A dependency of main module 'WWSignInWith3rd_Apple'
import WebKit
^ (in target 'WWSignInWith3rd_Apple' from project 'WWSignInWith3rd_Apple')
PruneExplicitPrecompiledModules /Users/admin/builder/spi-builder-workspace/.derivedData/Build/Intermediates.noindex/SwiftExplicitPrecompiledModules
PruneExplicitPrecompiledModules /Users/admin/builder/spi-builder-workspace/.derivedData/SDKExplicitPrecompiledModules
PruneExplicitPrecompiledModules /Users/admin/builder/spi-builder-workspace/.derivedData/Build/Intermediates.noindex/ExplicitPrecompiledModules
2026-09-21 22:20:20.950 xcodebuild[730:4540] [MT] IDERunDestination: Supported platforms for the buildables in the current scheme is empty.
** BUILD FAILED **
The following build commands failed:
SwiftDriver WWSignInWith3rd_Apple normal arm64 com.apple.xcode.tools.swift.compiler (in target 'WWSignInWith3rd_Apple' from project 'WWSignInWith3rd_Apple')
SwiftDriver WWSignInWith3rd_Apple normal arm64_32 com.apple.xcode.tools.swift.compiler (in target 'WWSignInWith3rd_Apple' from project 'WWSignInWith3rd_Apple')
Building workspace WWSignInWith3rd_GitHub with scheme WWSignInWith3rd_GitHub
(3 failures)
Command line invocation:
/Applications/Xcode-27.0.0-Release.Candidate.app/Contents/Developer/usr/bin/xcodebuild -IDEClonedSourcePackagesDirPathOverride=/Users/admin/builder/spi-builder-workspace/.dependencies -resolvePackageDependencies
Resolve Package Graph
Resolved source packages:
WWSignInWith3rd_GitHub: /Users/admin/builder/spi-builder-workspace
WWNetworking: https://github.com/William-Weng/WWNetworking @ 1.7.6
WWSignInWith3rd_Apple: https://github.com/William-Weng/WWSignInWith3rd_Apple @ 1.1.4
resolved source packages: WWSignInWith3rd_GitHub, WWNetworking, WWSignInWith3rd_Apple
2026-09-21 22:20:24.814 xcodebuild[764:5000] [MT] IDERunDestination: Supported platforms for the buildables in the current scheme is empty.
{
"dependencies" : [
{
"identity" : "wwsigninwith3rd_apple",
"requirement" : {
"range" : [
{
"lower_bound" : "1.1.0",
"upper_bound" : "1.2.0"
}
]
},
"type" : "sourceControl",
"url" : "https://github.com/William-Weng/WWSignInWith3rd_Apple"
},
{
"identity" : "wwnetworking",
"requirement" : {
"range" : [
{
"lower_bound" : "1.7.5",
"upper_bound" : "1.8.0"
}
]
},
"type" : "sourceControl",
"url" : "https://github.com/William-Weng/WWNetworking"
}
],
"manifest_display_name" : "WWSignInWith3rd_GitHub",
"name" : "WWSignInWith3rd_GitHub",
"path" : "/Users/admin/builder/spi-builder-workspace",
"platforms" : [
{
"name" : "ios",
"version" : "15.0"
}
],
"products" : [
{
"name" : "WWSignInWith3rd_GitHub",
"targets" : [
"WWSignInWith3rd_GitHub"
],
"type" : {
"library" : [
"automatic"
]
}
}
],
"swift_languages_versions" : [
"5"
],
"targets" : [
{
"c99name" : "WWSignInWith3rd_GitHub",
"module_type" : "SwiftTarget",
"name" : "WWSignInWith3rd_GitHub",
"path" : "Sources/WWSignInWith3rd_GitHub",
"product_dependencies" : [
"WWSignInWith3rd_Apple",
"WWNetworking"
],
"product_memberships" : [
"WWSignInWith3rd_GitHub"
],
"resources" : [
{
"path" : "/Users/admin/builder/spi-builder-workspace/Sources/WWSignInWith3rd_GitHub/Privacy",
"rule" : {
"copy" : {
}
}
}
],
"sources" : [
"WWSignInWith3rd_GitHub.swift"
],
"type" : "library"
}
],
"tools_version" : "5.7"
}
{
"workspace" : {
"name" : "WWSignInWith3rd_GitHub",
"schemes" : [
"WWSignInWith3rd_GitHub"
]
}
}
2026-09-21 22:20:26.114 xcodebuild[772:5065] [MT] IDERunDestination: Supported platforms for the buildables in the current scheme is empty.
Running build ...
env DEVELOPER_DIR=/Applications/Xcode-27.0.0-Release.Candidate.app xcrun xcodebuild -IDEClonedSourcePackagesDirPathOverride=$PWD/.dependencies -skipMacroValidation -skipPackagePluginValidation -derivedDataPath $PWD/.derivedData build -scheme WWSignInWith3rd_GitHub -destination generic/platform=watchOS
Command line invocation:
/Applications/Xcode-27.0.0-Release.Candidate.app/Contents/Developer/usr/bin/xcodebuild -IDEClonedSourcePackagesDirPathOverride=/Users/admin/builder/spi-builder-workspace/.dependencies -skipMacroValidation -skipPackagePluginValidation -derivedDataPath /Users/admin/builder/spi-builder-workspace/.derivedData build -scheme WWSignInWith3rd_GitHub -destination generic/platform=watchOS
Resolve Package Graph
Resolved source packages:
WWSignInWith3rd_Apple: https://github.com/William-Weng/WWSignInWith3rd_Apple @ 1.1.4
WWNetworking: https://github.com/William-Weng/WWNetworking @ 1.7.6
WWSignInWith3rd_GitHub: /Users/admin/builder/spi-builder-workspace
ComputePackagePrebuildTargetDependencyGraph
Prepare packages
CreateBuildRequest
SendProjectDescription
CreateBuildOperation
ComputeTargetDependencyGraph
note: Building targets in dependency order
note: Target dependency graph (9 targets)
Target 'WWSignInWith3rd_GitHub-product' in project 'WWSignInWith3rd_GitHub'
➜ Explicit dependency on target 'WWSignInWith3rd_GitHub' in project 'WWSignInWith3rd_GitHub'
➜ Explicit dependency on target 'WWSignInWith3rd_GitHub_WWSignInWith3rd_GitHub' in project 'WWSignInWith3rd_GitHub'
➜ Explicit dependency on target 'WWSignInWith3rd_Apple-product' in project 'WWSignInWith3rd_Apple'
➜ Explicit dependency on target 'WWNetworking-product' in project 'WWNetworking'
Target 'WWSignInWith3rd_GitHub' in project 'WWSignInWith3rd_GitHub'
➜ Explicit dependency on target 'WWSignInWith3rd_GitHub_WWSignInWith3rd_GitHub' in project 'WWSignInWith3rd_GitHub'
➜ Explicit dependency on target 'WWSignInWith3rd_Apple-product' in project 'WWSignInWith3rd_Apple'
➜ Explicit dependency on target 'WWNetworking-product' in project 'WWNetworking'
Target 'WWNetworking-product' in project 'WWNetworking'
➜ Explicit dependency on target 'WWNetworking' in project 'WWNetworking'
➜ Explicit dependency on target 'WWNetworking_WWNetworking' in project 'WWNetworking'
Target 'WWNetworking' in project 'WWNetworking'
➜ Explicit dependency on target 'WWNetworking_WWNetworking' in project 'WWNetworking'
Target 'WWNetworking_WWNetworking' in project 'WWNetworking' (no dependencies)
Target 'WWSignInWith3rd_Apple-product' in project 'WWSignInWith3rd_Apple'
➜ Explicit dependency on target 'WWSignInWith3rd_Apple' in project 'WWSignInWith3rd_Apple'
➜ Explicit dependency on target 'WWSignInWith3rd_Apple_WWSignInWith3rd_Apple' in project 'WWSignInWith3rd_Apple'
Target 'WWSignInWith3rd_Apple' in project 'WWSignInWith3rd_Apple'
➜ Explicit dependency on target 'WWSignInWith3rd_Apple_WWSignInWith3rd_Apple' in project 'WWSignInWith3rd_Apple'
Target 'WWSignInWith3rd_Apple_WWSignInWith3rd_Apple' in project 'WWSignInWith3rd_Apple' (no dependencies)
Target 'WWSignInWith3rd_GitHub_WWSignInWith3rd_GitHub' in project 'WWSignInWith3rd_GitHub' (no dependencies)
GatherProvisioningInputs
CreateBuildDescription
ClangStatCache /Applications/Xcode-27.0.0-Release.Candidate.app/Contents/Developer/Toolchains/XcodeDefault.xctoolchain/usr/bin/clang-stat-cache /Applications/Xcode-27.0.0-Release.Candidate.app/Contents/Developer/Platforms/WatchOS.platform/Developer/SDKs/WatchOS27.0.sdk /Users/admin/builder/spi-builder-workspace/.derivedData/SDKStatCaches.noindex/watchos27.0-24R360-e829b21a6f8c9b70876ba0858053c04477534ef55a1706bf4c1112bbb242f0a2.sdkstatcache
cd /Users/admin/builder/spi-builder-workspace/.swiftpm/xcode
/Applications/Xcode-27.0.0-Release.Candidate.app/Contents/Developer/Toolchains/XcodeDefault.xctoolchain/usr/bin/clang-stat-cache /Applications/Xcode-27.0.0-Release.Candidate.app/Contents/Developer/Platforms/WatchOS.platform/Developer/SDKs/WatchOS27.0.sdk -o /Users/admin/builder/spi-builder-workspace/.derivedData/SDKStatCaches.noindex/watchos27.0-24R360-e829b21a6f8c9b70876ba0858053c04477534ef55a1706bf4c1112bbb242f0a2.sdkstatcache
SwiftDriver WWSignInWith3rd_Apple normal arm64_32 com.apple.xcode.tools.swift.compiler (in target 'WWSignInWith3rd_Apple' from project 'WWSignInWith3rd_Apple')
cd /Users/admin/builder/spi-builder-workspace/.swiftpm/xcode
builtin-SwiftDriver -- /Applications/Xcode-27.0.0-Release.Candidate.app/Contents/Developer/Toolchains/XcodeDefault.xctoolchain/usr/bin/swiftc -parse-as-library -module-name WWSignInWith3rd_Apple -Onone @/Users/admin/builder/spi-builder-workspace/.derivedData/Build/Intermediates.noindex/WWSignInWith3rd_Apple.build/Debug-watchos/WWSignInWith3rd_Apple-t.build/Objects-normal/arm64_32/WWSignInWith3rd_Apple.SwiftFileList -DSWIFT_PACKAGE -DDEBUG -DSWIFT_MODULE_RESOURCE_BUNDLE_AVAILABLE -DXcode -plugin-path /Applications/Xcode-27.0.0-Release.Candidate.app/Contents/Developer/Toolchains/XcodeDefault.xctoolchain/usr/lib/swift/host/plugins/testing -enable-experimental-feature DebugDescriptionMacro -sdk /Applications/Xcode-27.0.0-Release.Candidate.app/Contents/Developer/Platforms/WatchOS.platform/Developer/SDKs/WatchOS27.0.sdk -target arm64_32-apple-watchos9.0 -g -module-cache-path /Users/admin/builder/spi-builder-workspace/.derivedData/ModuleCache.noindex -Xfrontend -serialize-debugging-options -enable-testing -suppress-warnings -index-store-path /Users/admin/builder/spi-builder-workspace/.derivedData/Index.noindex/DataStore -Xcc -D_LIBCPP_HARDENING_MODE\=_LIBCPP_HARDENING_MODE_DEBUG -swift-version 5 -I /Users/admin/builder/spi-builder-workspace/.derivedData/Build/Products/Debug-watchos -Isystem /Applications/Xcode-27.0.0-Release.Candidate.app/Contents/Developer/Platforms/WatchOS.platform/Developer/usr/lib -F /Users/admin/builder/spi-builder-workspace/.derivedData/Build/Products/Debug-watchos -F /Applications/Xcode-27.0.0-Release.Candidate.app/Contents/Developer/Platforms/WatchOS.platform/Developer/Library/Frameworks -F /Applications/Xcode-27.0.0-Release.Candidate.app/Contents/Developer/Platforms/WatchOS.platform/Developer/SDKs/WatchOS27.0.sdk/Developer/Library/Frameworks -c -j10 -enable-batch-mode -incremental -Xcc -ivfsstatcache -Xcc /Users/admin/builder/spi-builder-workspace/.derivedData/SDKStatCaches.noindex/watchos27.0-24R360-e829b21a6f8c9b70876ba0858053c04477534ef55a1706bf4c1112bbb242f0a2.sdkstatcache -output-file-map /Users/admin/builder/spi-builder-workspace/.derivedData/Build/Intermediates.noindex/WWSignInWith3rd_Apple.build/Debug-watchos/WWSignInWith3rd_Apple-t.build/Objects-normal/arm64_32/WWSignInWith3rd_Apple-OutputFileMap.json -save-temps -no-color-diagnostics -explicit-module-build -module-cache-path /Users/admin/builder/spi-builder-workspace/.derivedData/Build/Intermediates.noindex/SwiftExplicitPrecompiledModules -clang-scanner-module-cache-path /Users/admin/builder/spi-builder-workspace/.derivedData/ModuleCache.noindex -sdk-module-cache-path /Users/admin/builder/spi-builder-workspace/.derivedData/SDKExplicitPrecompiledModules -emit-dependencies -emit-module -emit-module-path /Users/admin/builder/spi-builder-workspace/.derivedData/Build/Intermediates.noindex/WWSignInWith3rd_Apple.build/Debug-watchos/WWSignInWith3rd_Apple-t.build/Objects-normal/arm64_32/WWSignInWith3rd_Apple.swiftmodule -serialize-diagnostics -dependency-scan-serialize-diagnostics-path /Users/admin/builder/spi-builder-workspace/.derivedData/Build/Intermediates.noindex/WWSignInWith3rd_Apple.build/Debug-watchos/WWSignInWith3rd_Apple-t.build/Objects-normal/arm64_32/WWSignInWith3rd_Apple-dependency-scan.dia -validate-clang-modules-once -clang-build-session-file /Users/admin/builder/spi-builder-workspace/.derivedData/ModuleCache.noindex/Session.modulevalidation -Xcc -fmodules-prune-interval\=86400 -Xcc -fmodules-prune-after\=345600 -emit-const-values -const-gather-protocols-list /Users/admin/builder/spi-builder-workspace/.derivedData/Build/Intermediates.noindex/WWSignInWith3rd_Apple.build/Debug-watchos/WWSignInWith3rd_Apple-t.build/Objects-normal/arm64_32/WWSignInWith3rd_Apple_const_extract_protocols.json -Xcc -I/Users/admin/builder/spi-builder-workspace/.derivedData/Build/Products/Debug-watchos/include -Xcc -I/Users/admin/builder/spi-builder-workspace/.derivedData/Build/Intermediates.noindex/WWSignInWith3rd_Apple.build/Debug-watchos/WWSignInWith3rd_Apple-t.build/DerivedSources-normal/arm64_32 -Xcc -I/Users/admin/builder/spi-builder-workspace/.derivedData/Build/Intermediates.noindex/WWSignInWith3rd_Apple.build/Debug-watchos/WWSignInWith3rd_Apple-t.build/DerivedSources/arm64_32 -Xcc -I/Users/admin/builder/spi-builder-workspace/.derivedData/Build/Intermediates.noindex/WWSignInWith3rd_Apple.build/Debug-watchos/WWSignInWith3rd_Apple-t.build/DerivedSources -Xcc -DSWIFT_PACKAGE -Xcc -DDEBUG\=1 -emit-objc-header -emit-objc-header-path /Users/admin/builder/spi-builder-workspace/.derivedData/Build/Intermediates.noindex/WWSignInWith3rd_Apple.build/Debug-watchos/WWSignInWith3rd_Apple-t.build/Objects-normal/arm64_32/WWSignInWith3rd_Apple-Swift.h -working-directory /Users/admin/builder/spi-builder-workspace/.swiftpm/xcode -experimental-emit-module-separately -disable-cmo
/Users/admin/builder/spi-builder-workspace/.dependencies/checkouts/WWSignInWith3rd_Apple/Sources/WWSignInWith3rd_Apple/Utility/Extension.swift:8:8: error: Unable to resolve module dependency: 'WebKit' (in target 'WWSignInWith3rd_Apple' from project 'WWSignInWith3rd_Apple')
note: A dependency of main module 'WWSignInWith3rd_Apple'
/Users/admin/builder/spi-builder-workspace/.dependencies/checkouts/WWSignInWith3rd_Apple/Sources/WWSignInWith3rd_Apple/Utility/Extension.swift:8:8: note: A dependency of main module 'WWSignInWith3rd_Apple'
import WebKit
^ (in target 'WWSignInWith3rd_Apple' from project 'WWSignInWith3rd_Apple')
SwiftDriver WWSignInWith3rd_Apple normal arm64 com.apple.xcode.tools.swift.compiler (in target 'WWSignInWith3rd_Apple' from project 'WWSignInWith3rd_Apple')
cd /Users/admin/builder/spi-builder-workspace/.swiftpm/xcode
builtin-SwiftDriver -- /Applications/Xcode-27.0.0-Release.Candidate.app/Contents/Developer/Toolchains/XcodeDefault.xctoolchain/usr/bin/swiftc -parse-as-library -module-name WWSignInWith3rd_Apple -Onone @/Users/admin/builder/spi-builder-workspace/.derivedData/Build/Intermediates.noindex/WWSignInWith3rd_Apple.build/Debug-watchos/WWSignInWith3rd_Apple-t.build/Objects-normal/arm64/WWSignInWith3rd_Apple.SwiftFileList -DSWIFT_PACKAGE -DDEBUG -DSWIFT_MODULE_RESOURCE_BUNDLE_AVAILABLE -DXcode -plugin-path /Applications/Xcode-27.0.0-Release.Candidate.app/Contents/Developer/Toolchains/XcodeDefault.xctoolchain/usr/lib/swift/host/plugins/testing -enable-experimental-feature DebugDescriptionMacro -sdk /Applications/Xcode-27.0.0-Release.Candidate.app/Contents/Developer/Platforms/WatchOS.platform/Developer/SDKs/WatchOS27.0.sdk -target arm64-apple-watchos9.0 -g -module-cache-path /Users/admin/builder/spi-builder-workspace/.derivedData/ModuleCache.noindex -Xfrontend -serialize-debugging-options -enable-testing -suppress-warnings -index-store-path /Users/admin/builder/spi-builder-workspace/.derivedData/Index.noindex/DataStore -Xcc -D_LIBCPP_HARDENING_MODE\=_LIBCPP_HARDENING_MODE_DEBUG -swift-version 5 -I /Users/admin/builder/spi-builder-workspace/.derivedData/Build/Products/Debug-watchos -Isystem /Applications/Xcode-27.0.0-Release.Candidate.app/Contents/Developer/Platforms/WatchOS.platform/Developer/usr/lib -F /Users/admin/builder/spi-builder-workspace/.derivedData/Build/Products/Debug-watchos -F /Applications/Xcode-27.0.0-Release.Candidate.app/Contents/Developer/Platforms/WatchOS.platform/Developer/Library/Frameworks -F /Applications/Xcode-27.0.0-Release.Candidate.app/Contents/Developer/Platforms/WatchOS.platform/Developer/SDKs/WatchOS27.0.sdk/Developer/Library/Frameworks -c -j10 -enable-batch-mode -incremental -Xcc -ivfsstatcache -Xcc /Users/admin/builder/spi-builder-workspace/.derivedData/SDKStatCaches.noindex/watchos27.0-24R360-e829b21a6f8c9b70876ba0858053c04477534ef55a1706bf4c1112bbb242f0a2.sdkstatcache -output-file-map /Users/admin/builder/spi-builder-workspace/.derivedData/Build/Intermediates.noindex/WWSignInWith3rd_Apple.build/Debug-watchos/WWSignInWith3rd_Apple-t.build/Objects-normal/arm64/WWSignInWith3rd_Apple-OutputFileMap.json -save-temps -no-color-diagnostics -explicit-module-build -module-cache-path /Users/admin/builder/spi-builder-workspace/.derivedData/Build/Intermediates.noindex/SwiftExplicitPrecompiledModules -clang-scanner-module-cache-path /Users/admin/builder/spi-builder-workspace/.derivedData/ModuleCache.noindex -sdk-module-cache-path /Users/admin/builder/spi-builder-workspace/.derivedData/SDKExplicitPrecompiledModules -emit-dependencies -emit-module -emit-module-path /Users/admin/builder/spi-builder-workspace/.derivedData/Build/Intermediates.noindex/WWSignInWith3rd_Apple.build/Debug-watchos/WWSignInWith3rd_Apple-t.build/Objects-normal/arm64/WWSignInWith3rd_Apple.swiftmodule -serialize-diagnostics -dependency-scan-serialize-diagnostics-path /Users/admin/builder/spi-builder-workspace/.derivedData/Build/Intermediates.noindex/WWSignInWith3rd_Apple.build/Debug-watchos/WWSignInWith3rd_Apple-t.build/Objects-normal/arm64/WWSignInWith3rd_Apple-dependency-scan.dia -validate-clang-modules-once -clang-build-session-file /Users/admin/builder/spi-builder-workspace/.derivedData/ModuleCache.noindex/Session.modulevalidation -Xcc -fmodules-prune-interval\=86400 -Xcc -fmodules-prune-after\=345600 -emit-const-values -const-gather-protocols-list /Users/admin/builder/spi-builder-workspace/.derivedData/Build/Intermediates.noindex/WWSignInWith3rd_Apple.build/Debug-watchos/WWSignInWith3rd_Apple-t.build/Objects-normal/arm64/WWSignInWith3rd_Apple_const_extract_protocols.json -Xcc -I/Users/admin/builder/spi-builder-workspace/.derivedData/Build/Products/Debug-watchos/include -Xcc -I/Users/admin/builder/spi-builder-workspace/.derivedData/Build/Intermediates.noindex/WWSignInWith3rd_Apple.build/Debug-watchos/WWSignInWith3rd_Apple-t.build/DerivedSources-normal/arm64 -Xcc -I/Users/admin/builder/spi-builder-workspace/.derivedData/Build/Intermediates.noindex/WWSignInWith3rd_Apple.build/Debug-watchos/WWSignInWith3rd_Apple-t.build/DerivedSources/arm64 -Xcc -I/Users/admin/builder/spi-builder-workspace/.derivedData/Build/Intermediates.noindex/WWSignInWith3rd_Apple.build/Debug-watchos/WWSignInWith3rd_Apple-t.build/DerivedSources -Xcc -DSWIFT_PACKAGE -Xcc -DDEBUG\=1 -emit-objc-header -emit-objc-header-path /Users/admin/builder/spi-builder-workspace/.derivedData/Build/Intermediates.noindex/WWSignInWith3rd_Apple.build/Debug-watchos/WWSignInWith3rd_Apple-t.build/Objects-normal/arm64/WWSignInWith3rd_Apple-Swift.h -working-directory /Users/admin/builder/spi-builder-workspace/.swiftpm/xcode -experimental-emit-module-separately -disable-cmo
/Users/admin/builder/spi-builder-workspace/.dependencies/checkouts/WWSignInWith3rd_Apple/Sources/WWSignInWith3rd_Apple/Utility/Extension.swift:8:8: error: Unable to resolve module dependency: 'WebKit' (in target 'WWSignInWith3rd_Apple' from project 'WWSignInWith3rd_Apple')
note: A dependency of main module 'WWSignInWith3rd_Apple'
/Users/admin/builder/spi-builder-workspace/.dependencies/checkouts/WWSignInWith3rd_Apple/Sources/WWSignInWith3rd_Apple/Utility/Extension.swift:8:8: note: A dependency of main module 'WWSignInWith3rd_Apple'
import WebKit
^ (in target 'WWSignInWith3rd_Apple' from project 'WWSignInWith3rd_Apple')
SwiftDriver WWNetworking normal arm64 com.apple.xcode.tools.swift.compiler (in target 'WWNetworking' from project 'WWNetworking')
cd /Users/admin/builder/spi-builder-workspace/.swiftpm/xcode
builtin-SwiftDriver -- /Applications/Xcode-27.0.0-Release.Candidate.app/Contents/Developer/Toolchains/XcodeDefault.xctoolchain/usr/bin/swiftc -parse-as-library -module-name WWNetworking -Onone @/Users/admin/builder/spi-builder-workspace/.derivedData/Build/Intermediates.noindex/WWNetworking.build/Debug-watchos/WWNetworking-t.build/Objects-normal/arm64/WWNetworking.SwiftFileList -DSWIFT_PACKAGE -DDEBUG -DSWIFT_MODULE_RESOURCE_BUNDLE_AVAILABLE -DXcode -plugin-path /Applications/Xcode-27.0.0-Release.Candidate.app/Contents/Developer/Toolchains/XcodeDefault.xctoolchain/usr/lib/swift/host/plugins/testing -enable-experimental-feature DebugDescriptionMacro -sdk /Applications/Xcode-27.0.0-Release.Candidate.app/Contents/Developer/Platforms/WatchOS.platform/Developer/SDKs/WatchOS27.0.sdk -target arm64-apple-watchos9.0 -g -module-cache-path /Users/admin/builder/spi-builder-workspace/.derivedData/ModuleCache.noindex -Xfrontend -serialize-debugging-options -enable-testing -suppress-warnings -index-store-path /Users/admin/builder/spi-builder-workspace/.derivedData/Index.noindex/DataStore -Xcc -D_LIBCPP_HARDENING_MODE\=_LIBCPP_HARDENING_MODE_DEBUG -swift-version 5 -I /Users/admin/builder/spi-builder-workspace/.derivedData/Build/Products/Debug-watchos -Isystem /Applications/Xcode-27.0.0-Release.Candidate.app/Contents/Developer/Platforms/WatchOS.platform/Developer/usr/lib -F /Users/admin/builder/spi-builder-workspace/.derivedData/Build/Products/Debug-watchos -F /Applications/Xcode-27.0.0-Release.Candidate.app/Contents/Developer/Platforms/WatchOS.platform/Developer/Library/Frameworks -F /Applications/Xcode-27.0.0-Release.Candidate.app/Contents/Developer/Platforms/WatchOS.platform/Developer/SDKs/WatchOS27.0.sdk/Developer/Library/Frameworks -c -j10 -enable-batch-mode -incremental -Xcc -ivfsstatcache -Xcc /Users/admin/builder/spi-builder-workspace/.derivedData/SDKStatCaches.noindex/watchos27.0-24R360-e829b21a6f8c9b70876ba0858053c04477534ef55a1706bf4c1112bbb242f0a2.sdkstatcache -output-file-map /Users/admin/builder/spi-builder-workspace/.derivedData/Build/Intermediates.noindex/WWNetworking.build/Debug-watchos/WWNetworking-t.build/Objects-normal/arm64/WWNetworking-OutputFileMap.json -save-temps -no-color-diagnostics -explicit-module-build -module-cache-path /Users/admin/builder/spi-builder-workspace/.derivedData/Build/Intermediates.noindex/SwiftExplicitPrecompiledModules -clang-scanner-module-cache-path /Users/admin/builder/spi-builder-workspace/.derivedData/ModuleCache.noindex -sdk-module-cache-path /Users/admin/builder/spi-builder-workspace/.derivedData/SDKExplicitPrecompiledModules -emit-dependencies -emit-module -emit-module-path /Users/admin/builder/spi-builder-workspace/.derivedData/Build/Intermediates.noindex/WWNetworking.build/Debug-watchos/WWNetworking-t.build/Objects-normal/arm64/WWNetworking.swiftmodule -serialize-diagnostics -dependency-scan-serialize-diagnostics-path /Users/admin/builder/spi-builder-workspace/.derivedData/Build/Intermediates.noindex/WWNetworking.build/Debug-watchos/WWNetworking-t.build/Objects-normal/arm64/WWNetworking-dependency-scan.dia -validate-clang-modules-once -clang-build-session-file /Users/admin/builder/spi-builder-workspace/.derivedData/ModuleCache.noindex/Session.modulevalidation -Xcc -fmodules-prune-interval\=86400 -Xcc -fmodules-prune-after\=345600 -emit-const-values -const-gather-protocols-list /Users/admin/builder/spi-builder-workspace/.derivedData/Build/Intermediates.noindex/WWNetworking.build/Debug-watchos/WWNetworking-t.build/Objects-normal/arm64/WWNetworking_const_extract_protocols.json -Xcc -I/Users/admin/builder/spi-builder-workspace/.derivedData/Build/Products/Debug-watchos/include -Xcc -I/Users/admin/builder/spi-builder-workspace/.derivedData/Build/Intermediates.noindex/WWNetworking.build/Debug-watchos/WWNetworking-t.build/DerivedSources-normal/arm64 -Xcc -I/Users/admin/builder/spi-builder-workspace/.derivedData/Build/Intermediates.noindex/WWNetworking.build/Debug-watchos/WWNetworking-t.build/DerivedSources/arm64 -Xcc -I/Users/admin/builder/spi-builder-workspace/.derivedData/Build/Intermediates.noindex/WWNetworking.build/Debug-watchos/WWNetworking-t.build/DerivedSources -Xcc -DSWIFT_PACKAGE -Xcc -DDEBUG\=1 -emit-objc-header -emit-objc-header-path /Users/admin/builder/spi-builder-workspace/.derivedData/Build/Intermediates.noindex/WWNetworking.build/Debug-watchos/WWNetworking-t.build/Objects-normal/arm64/WWNetworking-Swift.h -working-directory /Users/admin/builder/spi-builder-workspace/.swiftpm/xcode -experimental-emit-module-separately -disable-cmo
SwiftDriver WWNetworking normal arm64_32 com.apple.xcode.tools.swift.compiler (in target 'WWNetworking' from project 'WWNetworking')
cd /Users/admin/builder/spi-builder-workspace/.swiftpm/xcode
builtin-SwiftDriver -- /Applications/Xcode-27.0.0-Release.Candidate.app/Contents/Developer/Toolchains/XcodeDefault.xctoolchain/usr/bin/swiftc -parse-as-library -module-name WWNetworking -Onone @/Users/admin/builder/spi-builder-workspace/.derivedData/Build/Intermediates.noindex/WWNetworking.build/Debug-watchos/WWNetworking-t.build/Objects-normal/arm64_32/WWNetworking.SwiftFileList -DSWIFT_PACKAGE -DDEBUG -DSWIFT_MODULE_RESOURCE_BUNDLE_AVAILABLE -DXcode -plugin-path /Applications/Xcode-27.0.0-Release.Candidate.app/Contents/Developer/Toolchains/XcodeDefault.xctoolchain/usr/lib/swift/host/plugins/testing -enable-experimental-feature DebugDescriptionMacro -sdk /Applications/Xcode-27.0.0-Release.Candidate.app/Contents/Developer/Platforms/WatchOS.platform/Developer/SDKs/WatchOS27.0.sdk -target arm64_32-apple-watchos9.0 -g -module-cache-path /Users/admin/builder/spi-builder-workspace/.derivedData/ModuleCache.noindex -Xfrontend -serialize-debugging-options -enable-testing -suppress-warnings -index-store-path /Users/admin/builder/spi-builder-workspace/.derivedData/Index.noindex/DataStore -Xcc -D_LIBCPP_HARDENING_MODE\=_LIBCPP_HARDENING_MODE_DEBUG -swift-version 5 -I /Users/admin/builder/spi-builder-workspace/.derivedData/Build/Products/Debug-watchos -Isystem /Applications/Xcode-27.0.0-Release.Candidate.app/Contents/Developer/Platforms/WatchOS.platform/Developer/usr/lib -F /Users/admin/builder/spi-builder-workspace/.derivedData/Build/Products/Debug-watchos -F /Applications/Xcode-27.0.0-Release.Candidate.app/Contents/Developer/Platforms/WatchOS.platform/Developer/Library/Frameworks -F /Applications/Xcode-27.0.0-Release.Candidate.app/Contents/Developer/Platforms/WatchOS.platform/Developer/SDKs/WatchOS27.0.sdk/Developer/Library/Frameworks -c -j10 -enable-batch-mode -incremental -Xcc -ivfsstatcache -Xcc /Users/admin/builder/spi-builder-workspace/.derivedData/SDKStatCaches.noindex/watchos27.0-24R360-e829b21a6f8c9b70876ba0858053c04477534ef55a1706bf4c1112bbb242f0a2.sdkstatcache -output-file-map /Users/admin/builder/spi-builder-workspace/.derivedData/Build/Intermediates.noindex/WWNetworking.build/Debug-watchos/WWNetworking-t.build/Objects-normal/arm64_32/WWNetworking-OutputFileMap.json -save-temps -no-color-diagnostics -explicit-module-build -module-cache-path /Users/admin/builder/spi-builder-workspace/.derivedData/Build/Intermediates.noindex/SwiftExplicitPrecompiledModules -clang-scanner-module-cache-path /Users/admin/builder/spi-builder-workspace/.derivedData/ModuleCache.noindex -sdk-module-cache-path /Users/admin/builder/spi-builder-workspace/.derivedData/SDKExplicitPrecompiledModules -emit-dependencies -emit-module -emit-module-path /Users/admin/builder/spi-builder-workspace/.derivedData/Build/Intermediates.noindex/WWNetworking.build/Debug-watchos/WWNetworking-t.build/Objects-normal/arm64_32/WWNetworking.swiftmodule -serialize-diagnostics -dependency-scan-serialize-diagnostics-path /Users/admin/builder/spi-builder-workspace/.derivedData/Build/Intermediates.noindex/WWNetworking.build/Debug-watchos/WWNetworking-t.build/Objects-normal/arm64_32/WWNetworking-dependency-scan.dia -validate-clang-modules-once -clang-build-session-file /Users/admin/builder/spi-builder-workspace/.derivedData/ModuleCache.noindex/Session.modulevalidation -Xcc -fmodules-prune-interval\=86400 -Xcc -fmodules-prune-after\=345600 -emit-const-values -const-gather-protocols-list /Users/admin/builder/spi-builder-workspace/.derivedData/Build/Intermediates.noindex/WWNetworking.build/Debug-watchos/WWNetworking-t.build/Objects-normal/arm64_32/WWNetworking_const_extract_protocols.json -Xcc -I/Users/admin/builder/spi-builder-workspace/.derivedData/Build/Products/Debug-watchos/include -Xcc -I/Users/admin/builder/spi-builder-workspace/.derivedData/Build/Intermediates.noindex/WWNetworking.build/Debug-watchos/WWNetworking-t.build/DerivedSources-normal/arm64_32 -Xcc -I/Users/admin/builder/spi-builder-workspace/.derivedData/Build/Intermediates.noindex/WWNetworking.build/Debug-watchos/WWNetworking-t.build/DerivedSources/arm64_32 -Xcc -I/Users/admin/builder/spi-builder-workspace/.derivedData/Build/Intermediates.noindex/WWNetworking.build/Debug-watchos/WWNetworking-t.build/DerivedSources -Xcc -DSWIFT_PACKAGE -Xcc -DDEBUG\=1 -emit-objc-header -emit-objc-header-path /Users/admin/builder/spi-builder-workspace/.derivedData/Build/Intermediates.noindex/WWNetworking.build/Debug-watchos/WWNetworking-t.build/Objects-normal/arm64_32/WWNetworking-Swift.h -working-directory /Users/admin/builder/spi-builder-workspace/.swiftpm/xcode -experimental-emit-module-separately -disable-cmo
SwiftExplicitDependencyGeneratePcm arm64_32 /Users/admin/builder/spi-builder-workspace/.derivedData/SDKExplicitPrecompiledModules/SwiftShims-9CQQGWTSNTN9EB5NSHDWUJICH.pcm
SwiftExplicitDependencyGeneratePcm arm64_32 /Users/admin/builder/spi-builder-workspace/.derivedData/SDKExplicitPrecompiledModules/DeveloperToolsSupport-DZU5G1OCMNWU0AQRULIFHUJ1Z.pcm
SwiftExplicitDependencyGeneratePcm arm64_32 /Users/admin/builder/spi-builder-workspace/.derivedData/SDKExplicitPrecompiledModules/_Builtin_stdarg-D305JG44A2WPI6CJY37X3QJE8.pcm
SwiftExplicitDependencyGeneratePcm arm64_32 /Users/admin/builder/spi-builder-workspace/.derivedData/SDKExplicitPrecompiledModules/_Builtin_stdbool-A967K8W8YUYEC9SN52KJ7OO88.pcm
SwiftExplicitDependencyGeneratePcm arm64_32 /Users/admin/builder/spi-builder-workspace/.derivedData/SDKExplicitPrecompiledModules/_Builtin_stddef-H44EFHQX6XSS5MZ7QP6YJZ76.pcm
SwiftExplicitDependencyGeneratePcm arm64_32 /Users/admin/builder/spi-builder-workspace/.derivedData/SDKExplicitPrecompiledModules/_AvailabilityInternal-244WAN3Z1QBT7PIA64EZEFY1R.pcm
SwiftExplicitDependencyGeneratePcm arm64_32 /Users/admin/builder/spi-builder-workspace/.derivedData/SDKExplicitPrecompiledModules/_Builtin_float-6KO8O3PEWRCA4WC6PPLOYO6WJ.pcm
SwiftExplicitDependencyGeneratePcm arm64_32 /Users/admin/builder/spi-builder-workspace/.derivedData/SDKExplicitPrecompiledModules/ptrcheck-7ELIH9BTIGVKX3UBITM9N72WD.pcm
SwiftExplicitDependencyGeneratePcm arm64_32 /Users/admin/builder/spi-builder-workspace/.derivedData/SDKExplicitPrecompiledModules/ptrauth-BFXF358ME5AK535N5A9Z766WU.pcm
PruneExplicitPrecompiledModules /Users/admin/builder/spi-builder-workspace/.derivedData/Build/Intermediates.noindex/SwiftExplicitPrecompiledModules
PruneExplicitPrecompiledModules /Users/admin/builder/spi-builder-workspace/.derivedData/SDKExplicitPrecompiledModules
PruneExplicitPrecompiledModules /Users/admin/builder/spi-builder-workspace/.derivedData/Build/Intermediates.noindex/ExplicitPrecompiledModules
2026-09-21 22:20:27.132 xcodebuild[773:5088] [MT] IDERunDestination: Supported platforms for the buildables in the current scheme is empty.
** BUILD FAILED **
The following build commands failed:
SwiftDriver WWSignInWith3rd_Apple normal arm64_32 com.apple.xcode.tools.swift.compiler (in target 'WWSignInWith3rd_Apple' from project 'WWSignInWith3rd_Apple')
SwiftDriver WWSignInWith3rd_Apple normal arm64 com.apple.xcode.tools.swift.compiler (in target 'WWSignInWith3rd_Apple' from project 'WWSignInWith3rd_Apple')
Building workspace WWSignInWith3rd_GitHub with scheme WWSignInWith3rd_GitHub
(3 failures)
BUILD FAILURE 6.4 watchOS