The Swift Package Index logo.Swift Package Index

Build Information

Failed to build TrialLicense, reference master (bded19), with Swift 6.4 for Linux on 20 Sep 2026 17:04:44 UTC.

Build Command

bash -c docker run --pull=always --rm -v "checkouts-53886770-1":/host -w "$PWD" -e JAVA_HOME="/root/.sdkman/candidates/java/current" -e SPI_BUILD="1" -e SPI_PROCESSING="1" registry.gitlab.com/saguaro1/spi-images:basic-6.4-latest swift build --triple x86_64-unknown-linux-gnu 2>&1

Build Log

========================================
RunAll
========================================
Builder version: 5.1.0
Interrupt handler set up.
========================================
Checkout
========================================
Clone URL: https://github.com/CleanCocoa/TrialLicensing.git
Reference: master
Initialized empty Git repository in /host/spi-builder-workspace/.git/
hint: Using 'master' as the name for the initial branch. This default branch name
hint: is subject to change. To configure the initial branch name to use in all
hint: of your new repositories, which will suppress this warning, call:
hint:
hint: 	git config --global init.defaultBranch <name>
hint:
hint: Names commonly chosen instead of 'master' are 'main', 'trunk' and
hint: 'development'. The just-created branch can be renamed via this command:
hint:
hint: 	git branch -m <name>
From https://github.com/CleanCocoa/TrialLicensing
 * branch            master     -> FETCH_HEAD
 * [new branch]      master     -> origin/master
HEAD is now at bded194 remove Carthage dependencies since we don't have an Xcode project anymore
Cloned https://github.com/CleanCocoa/TrialLicensing.git
Revision (git rev-parse @):
bded194498fea436fbf7fa4756cc5efe26479f39
SUCCESS checkout https://github.com/CleanCocoa/TrialLicensing.git at master
========================================
Build
========================================
Selected platform:         linux
Swift version:             6.4
Building package at path:  $PWD
https://github.com/CleanCocoa/TrialLicensing.git
Running build ...
bash -c docker run --pull=always --rm -v "checkouts-53886770-1":/host -w "$PWD" -e JAVA_HOME="/root/.sdkman/candidates/java/current" -e SPI_BUILD="1" -e SPI_PROCESSING="1" registry.gitlab.com/saguaro1/spi-images:basic-6.4-latest swift build --triple x86_64-unknown-linux-gnu 2>&1
basic-6.4-latest: Pulling from saguaro1/spi-images
Digest: sha256:c77fcce225e223ac0fafed844619173fc6de8d62dd560eeb28db3182af6a282b
Status: Image is up to date for registry.gitlab.com/saguaro1/spi-images:basic-6.4-latest
Fetching https://github.com/glebd/cocoafob
[1/1711] Fetching cocoafob
Fetched https://github.com/glebd/cocoafob (0.49s)
Computing version for https://github.com/glebd/cocoafob
Computed https://github.com/glebd/cocoafob at 2.4.0 (0.67s)
Creating working copy for https://github.com/glebd/cocoafob
Working copy of https://github.com/glebd/cocoafob resolved at 2.4.0
Building for debugging...
[Constructing description]
[Planning deferred tasks]
error: SwiftCompile normal x86_64 failed with a nonzero exit code. Command line:     cd /host

/host/spi-builder-workspace/.build/checkouts/cocoafob/swift5/CocoaFob/CFUtil.swift:11:75: error: cannot find type 'CFError' in scope
 9 | import Foundation
10 |
11 | func cfTry(_ err: CocoaFobError, cfBlock: (UnsafeMutablePointer<Unmanaged<CFError>?>) -> DarwinBoolean) throws {
   |                                                                           `- error: cannot find type 'CFError' in scope
12 |   var cferr: Unmanaged<CFError>? = nil
13 |   if !cfBlock(&cferr).boolValue {
/host/spi-builder-workspace/.build/checkouts/cocoafob/swift5/CocoaFob/CFUtil.swift:11:90: error: cannot find type 'DarwinBoolean' in scope
 9 | import Foundation
10 |
11 | func cfTry(_ err: CocoaFobError, cfBlock: (UnsafeMutablePointer<Unmanaged<CFError>?>) -> DarwinBoolean) throws {
   |                                                                                          `- error: cannot find type 'DarwinBoolean' in scope
12 |   var cferr: Unmanaged<CFError>? = nil
13 |   if !cfBlock(&cferr).boolValue {
/host/spi-builder-workspace/.build/checkouts/cocoafob/swift5/CocoaFob/CFUtil.swift:22:78: error: cannot find type 'CFError' in scope
20 | }
21 |
22 | func cfTry<T>(_ err: CocoaFobError, cfBlock: (UnsafeMutablePointer<Unmanaged<CFError>?>) -> T?) throws -> T {
   |                                                                              `- error: cannot find type 'CFError' in scope
23 |   var cferr: Unmanaged<CFError>? = nil
24 |   if let result = cfBlock(&cferr) {
/host/spi-builder-workspace/.build/checkouts/cocoafob/swift5/CocoaFob/LicenseGenerator.swift:16:16: error: cannot find type 'SecKey' in scope
 14 | public struct LicenseGenerator {
 15 |
 16 |   var privKey: SecKey
    |                `- error: cannot find type 'SecKey' in scope
 17 |
 18 |   // MARK: - Initialization
/host/spi-builder-workspace/.build/checkouts/cocoafob/swift5/CocoaFob/LicenseGenerator.swift:76:88: error: cannot find type 'SecGroupTransform' in scope
 74 |   // MARK: - Utility functions
 75 |
 76 |   fileprivate func connectTransforms(_ signer: SecTransform, encoder: SecTransform) -> SecGroupTransform? {
    |                                                                                        `- error: cannot find type 'SecGroupTransform' in scope
 77 |     guard let groupTransform = getGroupTransform() else { return nil }
 78 |     return SecTransformConnectTransforms(signer, kSecTransformOutputAttributeName, encoder, kSecTransformInputAttributeName, groupTransform, nil)
/host/spi-builder-workspace/.build/checkouts/cocoafob/swift5/CocoaFob/LicenseGenerator.swift:76:48: error: cannot find type 'SecTransform' in scope
 74 |   // MARK: - Utility functions
 75 |
 76 |   fileprivate func connectTransforms(_ signer: SecTransform, encoder: SecTransform) -> SecGroupTransform? {
    |                                                `- error: cannot find type 'SecTransform' in scope
 77 |     guard let groupTransform = getGroupTransform() else { return nil }
 78 |     return SecTransformConnectTransforms(signer, kSecTransformOutputAttributeName, encoder, kSecTransformInputAttributeName, groupTransform, nil)
/host/spi-builder-workspace/.build/checkouts/cocoafob/swift5/CocoaFob/LicenseGenerator.swift:76:71: error: cannot find type 'SecTransform' in scope
 74 |   // MARK: - Utility functions
 75 |
 76 |   fileprivate func connectTransforms(_ signer: SecTransform, encoder: SecTransform) -> SecGroupTransform? {
    |                                                                       `- error: cannot find type 'SecTransform' in scope
 77 |     guard let groupTransform = getGroupTransform() else { return nil }
 78 |     return SecTransformConnectTransforms(signer, kSecTransformOutputAttributeName, encoder, kSecTransformInputAttributeName, groupTransform, nil)
/host/spi-builder-workspace/.build/checkouts/cocoafob/swift5/CocoaFob/LicenseGenerator.swift:81:43: error: cannot find type 'SecGroupTransform' in scope
 79 |   }
 80 |
 81 |   fileprivate func getGroupTransform() -> SecGroupTransform? {
    |                                           `- error: cannot find type 'SecGroupTransform' in scope
 82 |     return SecTransformCreateGroupTransform()
 83 |   }
/host/spi-builder-workspace/.build/checkouts/cocoafob/swift5/CocoaFob/LicenseGenerator.swift:89:39: error: cannot find type 'SecTransform' in scope
 87 |   }
 88 |
 89 |   func getSigner(_ nameData: Data) -> SecTransform? {
    |                                       `- error: cannot find type 'SecTransform' in scope
 90 |     do {
 91 |       let signer = try cfTry(.error) { return SecSignTransformCreate(self.privKey, $0) }
/host/spi-builder-workspace/.build/checkouts/cocoafob/swift5/CocoaFob/LicenseGenerator.swift:100:36: error: cannot find type 'SecTransform' in scope
 98 |   }
 99 |
100 |   fileprivate func getEncoder() -> SecTransform? {
    |                                    `- error: cannot find type 'SecTransform' in scope
101 |     do {
102 |       let encoder = try cfTry(.error) { return SecEncodeTransformCreate(kSecBase32Encoding, $0) }
/host/spi-builder-workspace/.build/checkouts/cocoafob/swift5/CocoaFob/LicenseVerifier.swift:16:15: error: cannot find type 'SecKey' in scope
 14 | public struct LicenseVerifier {
 15 |
 16 |   var pubKey: SecKey
    |               `- error: cannot find type 'SecKey' in scope
 17 |
 18 |   // MARK: - Initialization
/host/spi-builder-workspace/.build/checkouts/cocoafob/swift5/CocoaFob/LicenseVerifier.swift:85:60: error: cannot find type 'SecTransform' in scope
 83 |
 84 |   // MARK: - Helper functions
 85 |   fileprivate func getEncoder(_ signature: Data) throws -> SecTransform {
    |                                                            `- error: cannot find type 'SecTransform' in scope
 86 |     let encoder = try cfTry(.error) { return SecEncodeTransformCreate(kSecBase32Encoding, $0) }
 87 |     let _ = try cfTry(.error) { return SecTransformSetAttribute(encoder, kSecTransformInputAttributeName, signature as CFTypeRef, $0) }
/host/spi-builder-workspace/.build/checkouts/cocoafob/swift5/CocoaFob/LicenseVerifier.swift:91:58: error: cannot find type 'SecTransform' in scope
 89 |   }
 90 |
 91 |   fileprivate func getDecoder(_ keyData: Data) throws -> SecTransform {
    |                                                          `- error: cannot find type 'SecTransform' in scope
 92 |     let decoder = try cfTry(.error) { return SecDecodeTransformCreate(kSecBase32Encoding, $0) }
 93 |     let _ = try cfTry(.error) { return SecTransformSetAttribute(decoder, kSecTransformInputAttributeName, keyData as CFTypeRef, $0) }
/host/spi-builder-workspace/.build/checkouts/cocoafob/swift5/CocoaFob/LicenseVerifier.swift:97:96: error: cannot find type 'SecTransform' in scope
 95 |   }
 96 |
 97 |   fileprivate func getVerifier(_ publicKey: SecKey, signature: Data, nameData: Data) throws -> SecTransform {
    |                                                                                                `- error: cannot find type 'SecTransform' in scope
 98 |     let verifier = try cfTry(.error) { return SecVerifyTransformCreate(publicKey, signature as CFData?, $0) }
 99 |     let _ = try cfTry(.error) { return SecTransformSetAttribute(verifier, kSecTransformInputAttributeName, nameData as CFTypeRef, $0) }
/host/spi-builder-workspace/.build/checkouts/cocoafob/swift5/CocoaFob/LicenseVerifier.swift:97:45: error: cannot find type 'SecKey' in scope
 95 |   }
 96 |
 97 |   fileprivate func getVerifier(_ publicKey: SecKey, signature: Data, nameData: Data) throws -> SecTransform {
    |                                             `- error: cannot find type 'SecKey' in scope
 98 |     let verifier = try cfTry(.error) { return SecVerifyTransformCreate(publicKey, signature as CFData?, $0) }
 99 |     let _ = try cfTry(.error) { return SecTransformSetAttribute(verifier, kSecTransformInputAttributeName, nameData as CFTypeRef, $0) }
Failed frontend command:
/usr/bin/swift-frontend -frontend -emit-module -experimental-skip-non-inlinable-function-bodies-without-types /host/spi-builder-workspace/.build/checkouts/cocoafob/swift5/CocoaFob/CFUtil.swift /host/spi-builder-workspace/.build/checkouts/cocoafob/swift5/CocoaFob/CocoaFobError.swift /host/spi-builder-workspace/.build/checkouts/cocoafob/swift5/CocoaFob/LicenseGenerator.swift /host/spi-builder-workspace/.build/checkouts/cocoafob/swift5/CocoaFob/LicenseVerifier.swift /host/spi-builder-workspace/.build/checkouts/cocoafob/swift5/CocoaFob/String+CocoaFob.swift -target x86_64-unknown-linux-gnu -disable-objc-interop -I /host/spi-builder-workspace/.build/out/Products/Debug-linux-x86_64 -module-cache-path /host/spi-builder-workspace/.build/out/ModuleCache.noindex -color-diagnostics -Xcc -fcolor-diagnostics -enable-testing -g -debug-info-format\=dwarf -dwarf-version\=4 -suppress-warnings -swift-version 5 -Onone -D SWIFT_PACKAGE -D DEBUG -D SWIFT_MODULE_RESOURCE_BUNDLE_UNAVAILABLE -D Xcode -serialize-debugging-options -enable-experimental-feature DebugDescriptionMacro -empty-abi-descriptor -external-plugin-path /usr/lib/swift/host/plugins/testing\#/usr/bin/swift-plugin-server -validate-clang-modules-once -clang-build-session-file /host/spi-builder-workspace/.build/out/ModuleCache.noindex/Session.modulevalidation -Xcc -working-directory -Xcc /host -enable-anonymous-context-mangled-names -file-compilation-dir /host -Xcc -fno-omit-frame-pointer -Xcc -D_LIBCPP_HARDENING_MODE\=_LIBCPP_HARDENING_MODE_DEBUG -Xcc -fmodules-prune-interval\=86400 -Xcc -fmodules-prune-after\=345600 -Xcc -I/host/spi-builder-workspace/.build/out/Products/Debug-linux-x86_64/include -Xcc -I/host/spi-builder-workspace/.build/out/Intermediates.noindex/CocoaFob.build/Debug-linux-x86_64/CocoaFob-t.build/DerivedSources-normal/x86_64 -Xcc -I/host/spi-builder-workspace/.build/out/Intermediates.noindex/CocoaFob.build/Debug-linux-x86_64/CocoaFob-t.build/DerivedSources/x86_64 -Xcc -I/host/spi-builder-workspace/.build/out/Intermediates.noindex/CocoaFob.build/Debug-linux-x86_64/CocoaFob-t.build/DerivedSources -Xcc -DSWIFT_PACKAGE -Xcc -DDEBUG\=1 -no-auto-bridging-header-chaining -module-name CocoaFob -const-gather-protocols-file /host/spi-builder-workspace/.build/out/Intermediates.noindex/CocoaFob.build/Debug-linux-x86_64/CocoaFob-t.build/Objects-normal/x86_64/CocoaFob_const_extract_protocols.json -in-process-plugin-server-path /usr/lib/swift/host/libSwiftInProcPluginServer.so -plugin-path /usr/lib/swift/host/plugins -plugin-path /usr/local/lib/swift/host/plugins -emit-module-doc-path /host/spi-builder-workspace/.build/out/Intermediates.noindex/CocoaFob.build/Debug-linux-x86_64/CocoaFob-t.build/Objects-normal/x86_64/Modules/CocoaFob.swiftdoc -emit-module-source-info-path /host/spi-builder-workspace/.build/out/Intermediates.noindex/CocoaFob.build/Debug-linux-x86_64/CocoaFob-t.build/Objects-normal/x86_64/Modules/CocoaFob.swiftsourceinfo -emit-objc-header-path /host/spi-builder-workspace/.build/out/Intermediates.noindex/CocoaFob.build/Debug-linux-x86_64/CocoaFob-t.build/Objects-normal/x86_64/CocoaFob-Swift.h -serialize-diagnostics-path /host/spi-builder-workspace/.build/out/Intermediates.noindex/CocoaFob.build/Debug-linux-x86_64/CocoaFob-t.build/Objects-normal/x86_64/CocoaFob-primary-emit-module.dia -emit-dependencies-path /host/spi-builder-workspace/.build/out/Intermediates.noindex/CocoaFob.build/Debug-linux-x86_64/CocoaFob-t.build/Objects-normal/x86_64/CocoaFob-primary-emit-module.d -parse-as-library -o /host/spi-builder-workspace/.build/out/Intermediates.noindex/CocoaFob.build/Debug-linux-x86_64/CocoaFob-t.build/Objects-normal/x86_64/Modules/CocoaFob.swiftmodule
error: Build failed
BUILD FAILURE 6.4 linux