The Swift Package Index logo.Swift Package Index

Build Information

Failed to build VatNumberKit, reference main (426f06), with Swift 6.4 for tvOS using Xcode 27.0 on 18 Sep 2026 23:50:32 UTC.

Build Command

env DEVELOPER_DIR=/Applications/Xcode-27.0.0-Release.Candidate.app xcrun xcodebuild -IDEClonedSourcePackagesDirPathOverride=$PWD/.dependencies -skipMacroValidation -skipPackagePluginValidation -derivedDataPath $PWD/.derivedData build -scheme VatNumberKit -destination generic/platform=tvOS

Build Log

========================================
RunAll
========================================
Builder version: 5.1.0
Interrupt handler set up.
========================================
Checkout
========================================
Clone URL: https://github.com/frederik-jacques/vatnumberkit.git
Reference: main
Initialized empty Git repository in /Users/admin/builder/spi-builder-workspace/.git/
From https://github.com/frederik-jacques/vatnumberkit
 * branch            main       -> FETCH_HEAD
 * [new branch]      main       -> origin/main
HEAD is now at 426f060 Create swift.yml
Cloned https://github.com/frederik-jacques/vatnumberkit.git
Revision (git rev-parse @):
426f060063dfd4075bb7de2a1f6e074458081f04
SUCCESS checkout https://github.com/frederik-jacques/vatnumberkit.git at main
========================================
Build
========================================
Selected platform:         tvOS
Swift version:             6.4
Building package at path:  $PWD
https://github.com/frederik-jacques/vatnumberkit.git
Command line invocation:
    /Applications/Xcode-27.0.0-Release.Candidate.app/Contents/Developer/usr/bin/xcodebuild -IDEClonedSourcePackagesDirPathOverride=/Users/admin/builder/spi-builder-workspace/.dependencies -resolvePackageDependencies
Resolve Package Graph
Resolve Package Graph
Resolved source packages:
  VatNumberKit: /Users/admin/builder/spi-builder-workspace
resolved source packages: VatNumberKit
2026-09-18 19:49:39.571 xcodebuild[529:3031] [MT] IDERunDestination: Supported platforms for the buildables in the current scheme is empty.
{
  "dependencies" : [
  ],
  "manifest_display_name" : "VatNumberKit",
  "name" : "VatNumberKit",
  "path" : "/Users/admin/builder/spi-builder-workspace",
  "platforms" : [
    {
      "name" : "ios",
      "version" : "14.0"
    },
    {
      "name" : "macos",
      "version" : "12.0"
    }
  ],
  "products" : [
    {
      "name" : "VatNumberKit",
      "targets" : [
        "VatNumberKit"
      ],
      "type" : {
        "library" : [
          "automatic"
        ]
      }
    }
  ],
  "swift_languages_versions" : [
    "5"
  ],
  "targets" : [
    {
      "c99name" : "VatNumberKitTests",
      "module_type" : "SwiftTarget",
      "name" : "VatNumberKitTests",
      "path" : "Tests/VatNumberKitTests",
      "sources" : [
        "Converters/IrishVatNumberConverterTests.swift",
        "Countries/Austria/AustriaVatNumberTests.swift",
        "Countries/Belgium/BelgiumVatNumberTests.swift",
        "Countries/Bulgaria/BulgariaVatNumberTests.swift",
        "Countries/Croatia/CroatiaVatNumberTests.swift",
        "Countries/Cyprus/CyprusVatNumberTests.swift",
        "Countries/Czech Replublic/CzechRepublicVatNumberTests.swift",
        "Countries/Denmark/DenmarkVatNumberTests.swift",
        "Countries/Estonia/EstoniaVatNumberTests.swift",
        "Countries/European Entity/EuropeanEntityVatNumberTests.swift",
        "Countries/Finland/FinlandVatNumberTests.swift",
        "Countries/France/FranceVatNumberTests.swift",
        "Countries/Germany/GermanyVatNumberTests.swift",
        "Countries/Great Britain/GreatBritainVatNumberTests.swift",
        "Countries/Greece/GreeceVatNumberTests.swift",
        "Countries/Hungary/HungaryVatNumberTests.swift",
        "Countries/Ireland/IrelandVatNumberTests.swift",
        "Countries/Italy/ItalyVatNumberTests.swift",
        "Countries/Latvia/LatviaVatNumberTests.swift",
        "Countries/Lithuania/LithuaniaVatNumberTests.swift",
        "Countries/Luxembourg/LuxembourgVatNumberTests.swift",
        "Countries/Malta/MaltaVatNumberTests.swift",
        "Countries/Netherlands/NetherlandsVatNumberTests.swift",
        "Countries/Northern Ireland/NorthernIrelandVatNumberTests.swift",
        "Countries/Poland/PolandVatNumberTests.swift",
        "Countries/Portugal/PortugalVatNumberTests.swift",
        "Countries/Romania/RomaniaVatNumberTests.swift",
        "Countries/Slovakia/SlovakiaVatNumberTests.swift",
        "Countries/Slovenia/SloveniaVatNumberTests.swift",
        "Countries/Spain/SpainVatNumberTests.swift",
        "Countries/Sweden/SwedenVatNumberTests.swift",
        "Extensions/String/StringAlphanumericTests.swift",
        "Extensions/String/StringDiacriticsTests.swift",
        "Models/VatNumberCountryTests.swift",
        "Models/VatNumberTests.swift",
        "Validators/Checksum/AustriaChecksumValidatorTests.swift",
        "Validators/Checksum/BelgiumChecksumValidatorTests.swift",
        "Validators/Checksum/BulgariaChecksumValidatorTests.swift",
        "Validators/Checksum/CroatiaChecksumValidatorTests.swift",
        "Validators/Checksum/CyprusChecksumValidatorTests.swift",
        "Validators/Checksum/CzechRepublicChecksumValidatorTests.swift",
        "Validators/Checksum/DenmarkChecksumValidatorTests.swift",
        "Validators/Checksum/EstoniaChecksumValidatorTests.swift",
        "Validators/Checksum/EuropeanEntityChecksumValidatorTests.swift",
        "Validators/Checksum/FinlandChecksumValidatorTests.swift",
        "Validators/Checksum/FranceChecksumValidatorTests.swift",
        "Validators/Checksum/GermanyChecksumValidatorTests.swift",
        "Validators/Checksum/GreatBritainChecksumValidatorTests.swift",
        "Validators/Checksum/GreeceChecksumValidatorTests.swift",
        "Validators/Checksum/HungaryChecksumValidatorTests.swift",
        "Validators/Checksum/IrelandChecksumValidatorTests.swift",
        "Validators/Checksum/ItalyChecksumValidatorTests.swift",
        "Validators/Checksum/LatviaChecksumValidatorTests.swift",
        "Validators/Checksum/LithuaniaChecksumValidatorTests.swift",
        "Validators/Checksum/LuxembourgChecksumValidatorTests.swift",
        "Validators/Checksum/MaltaChecksumValidatorTests.swift",
        "Validators/Checksum/NetherlandsChecksumValidatorTests.swift",
        "Validators/Checksum/NorthernIrelandChecksumValidatorTests.swift",
        "Validators/Checksum/PolandChecksumValidatorTests.swift",
        "Validators/Checksum/PortugalChecksumValidatorTests.swift",
        "Validators/Checksum/RomaniaChecksumValidatorTests.swift",
        "Validators/Checksum/SlovakiaChecksumValidatorTests.swift",
        "Validators/Checksum/SloveniaChecksumValidatorTests.swift",
        "Validators/Checksum/SpainChecksumValidatorTests.swift",
        "Validators/Checksum/SwedenChecksumValidatorTests.swift",
        "Validators/Online/Services/MockUrlProtocol.swift",
        "Validators/Online/Services/Mocks.swift",
        "Validators/Online/Services/ValidationServiceTests.swift",
        "VatNumberKitTests.swift"
      ],
      "target_dependencies" : [
        "VatNumberKit"
      ],
      "type" : "test"
    },
    {
      "c99name" : "VatNumberKit",
      "module_type" : "SwiftTarget",
      "name" : "VatNumberKit",
      "path" : "Sources/VatNumberKit",
      "product_memberships" : [
        "VatNumberKit"
      ],
      "sources" : [
        "Converters/IrishVatNumberConverter.swift",
        "Extensions/BinaryInteger/BinaryInteger+Clamp.swift",
        "Extensions/String/String+Alphanumeric.swift",
        "Extensions/String/String+RangeSubscript.swift",
        "Helpers/VatNumberKit_ChecksumHelper.swift",
        "Models/VatNumberKit_Country.swift",
        "Models/VatNumberKit_ValidationMode.swift",
        "Models/VatNumberKit_ValidationOutput.swift",
        "Models/VatNumberKit_ValidationServiceOutput.swift",
        "Models/VatNumberKit_VatNumber.swift",
        "Validators/Checksum/VatNumberKit_AustriaChecksumValidator.swift",
        "Validators/Checksum/VatNumberKit_BelgiumChecksumValidator.swift",
        "Validators/Checksum/VatNumberKit_BulgariaChecksumValidator.swift",
        "Validators/Checksum/VatNumberKit_ChecksumValidator.swift",
        "Validators/Checksum/VatNumberKit_CroatiaChecksumValidator.swift",
        "Validators/Checksum/VatNumberKit_CyprusChecksumValidator.swift",
        "Validators/Checksum/VatNumberKit_CzechRepublicChecksumValidator.swift",
        "Validators/Checksum/VatNumberKit_DenmarkChecksumValidator.swift",
        "Validators/Checksum/VatNumberKit_EstoniaChecksumValidator.swift",
        "Validators/Checksum/VatNumberKit_EuropeanEntityValidator.swift",
        "Validators/Checksum/VatNumberKit_FinlandChecksumValidator.swift",
        "Validators/Checksum/VatNumberKit_FranceChecksumValidator.swift",
        "Validators/Checksum/VatNumberKit_GermanyChecksumValidator.swift",
        "Validators/Checksum/VatNumberKit_GreatBritainChecksumValidator.swift",
        "Validators/Checksum/VatNumberKit_GreeceChecksumValidator.swift",
        "Validators/Checksum/VatNumberKit_HungaryChecksumValidator.swift",
        "Validators/Checksum/VatNumberKit_IrelandChecksumValidator.swift",
        "Validators/Checksum/VatNumberKit_ItalyChecksumValidator.swift",
        "Validators/Checksum/VatNumberKit_LatviaChecksumValidator.swift",
        "Validators/Checksum/VatNumberKit_LithuaniaChecksumValidator.swift",
        "Validators/Checksum/VatNumberKit_LuxembourgChecksumValidator.swift",
        "Validators/Checksum/VatNumberKit_MaltaChecksumValidator.swift",
        "Validators/Checksum/VatNumberKit_NetherlandsChecksumValidator.swift",
        "Validators/Checksum/VatNumberKit_NorthernIrelandChecksumValidator.swift",
        "Validators/Checksum/VatNumberKit_PolandChecksumValidator.swift",
        "Validators/Checksum/VatNumberKit_PortugalChecksumValidator.swift",
        "Validators/Checksum/VatNumberKit_RomaniaChecksumValidator.swift",
        "Validators/Checksum/VatNumberKit_SlovakiaChecksumValidator.swift",
        "Validators/Checksum/VatNumberKit_SloveniaChecksumValidator.swift",
        "Validators/Checksum/VatNumberKit_SpainChecksumValidator.swift",
        "Validators/Checksum/VatNumberKit_SwedenChecksumValidator.swift",
        "Validators/Online/Services/Response Models/VatNumberKit_EUVatServiceResponse.swift",
        "Validators/Online/Services/Response Models/VatNumberKit_UkVatServiceResponse.swift",
        "Validators/Online/Services/VatNumberKit_ValidationService.swift",
        "VatNumberKit.swift"
      ],
      "type" : "library"
    }
  ],
  "tools_version" : "5.7"
}
{
  "workspace" : {
    "name" : "VatNumberKit",
    "schemes" : [
      "VatNumberKit"
    ]
  }
}
2026-09-18 19:50:21.083 xcodebuild[648:4204] [MT] IDERunDestination: Supported platforms for the buildables in the current scheme is empty.
Running build ...
env DEVELOPER_DIR=/Applications/Xcode-27.0.0-Release.Candidate.app xcrun xcodebuild -IDEClonedSourcePackagesDirPathOverride=$PWD/.dependencies -skipMacroValidation -skipPackagePluginValidation -derivedDataPath $PWD/.derivedData build -scheme VatNumberKit -destination generic/platform=tvOS
Command line invocation:
    /Applications/Xcode-27.0.0-Release.Candidate.app/Contents/Developer/usr/bin/xcodebuild -IDEClonedSourcePackagesDirPathOverride=/Users/admin/builder/spi-builder-workspace/.dependencies -skipMacroValidation -skipPackagePluginValidation -derivedDataPath /Users/admin/builder/spi-builder-workspace/.derivedData build -scheme VatNumberKit -destination generic/platform=tvOS
Resolve Package Graph
Resolved source packages:
  VatNumberKit: /Users/admin/builder/spi-builder-workspace
ComputePackagePrebuildTargetDependencyGraph
Prepare packages
CreateBuildRequest
SendProjectDescription
CreateBuildOperation
ComputeTargetDependencyGraph
note: Building targets in dependency order
note: Target dependency graph (2 targets)
    Target 'VatNumberKit-product' in project 'VatNumberKit'
        ➜ Explicit dependency on target 'VatNumberKit' in project 'VatNumberKit'
    Target 'VatNumberKit' in project 'VatNumberKit' (no dependencies)
GatherProvisioningInputs
CreateBuildDescription
ExecuteExternalTool /Applications/Xcode-27.0.0-Release.Candidate.app/Contents/Developer/Toolchains/XcodeDefault.xctoolchain/usr/bin/clang -v -E -dM -isysroot /Applications/Xcode-27.0.0-Release.Candidate.app/Contents/Developer/Platforms/AppleTVOS.platform/Developer/SDKs/AppleTVOS27.0.sdk -x c -c /dev/null
ExecuteExternalTool /Applications/Xcode-27.0.0-Release.Candidate.app/Contents/Developer/Toolchains/XcodeDefault.xctoolchain/usr/bin/swiftc --version
ExecuteExternalTool /Applications/Xcode-27.0.0-Release.Candidate.app/Contents/Developer/Toolchains/XcodeDefault.xctoolchain/usr/bin/ld -version_details
Build description signature: e3e85196d9eda8a27857d120a654023c
Build description path: /Users/admin/builder/spi-builder-workspace/.derivedData/Build/Intermediates.noindex/XCBuildData/e3e85196d9eda8a27857d120a654023c.xcbuilddata
CreateBuildDirectory /Users/admin/builder/spi-builder-workspace/.derivedData/SDKExplicitPrecompiledModules
    cd /Users/admin/builder/spi-builder-workspace/.swiftpm/xcode
    builtin-create-build-directory /Users/admin/builder/spi-builder-workspace/.derivedData/SDKExplicitPrecompiledModules
CreateBuildDirectory /Users/admin/builder/spi-builder-workspace/.derivedData/ModuleCache.noindex
    cd /Users/admin/builder/spi-builder-workspace/.swiftpm/xcode
    builtin-create-build-directory /Users/admin/builder/spi-builder-workspace/.derivedData/ModuleCache.noindex
CreateBuildDirectory /Users/admin/builder/spi-builder-workspace/.derivedData/CompilationCache.noindex
    cd /Users/admin/builder/spi-builder-workspace/.swiftpm/xcode
    builtin-create-build-directory /Users/admin/builder/spi-builder-workspace/.derivedData/CompilationCache.noindex
ClangStatCache /Applications/Xcode-27.0.0-Release.Candidate.app/Contents/Developer/Toolchains/XcodeDefault.xctoolchain/usr/bin/clang-stat-cache /Applications/Xcode-27.0.0-Release.Candidate.app/Contents/Developer/Platforms/AppleTVOS.platform/Developer/SDKs/AppleTVOS27.0.sdk /Users/admin/builder/spi-builder-workspace/.derivedData/SDKStatCaches.noindex/appletvos27.0-24J360-e829b21a6f8c9b70876ba0858053c044b32bfd8d43560033f8d89884cdb90028.sdkstatcache
    cd /Users/admin/builder/spi-builder-workspace/.swiftpm/xcode
    /Applications/Xcode-27.0.0-Release.Candidate.app/Contents/Developer/Toolchains/XcodeDefault.xctoolchain/usr/bin/clang-stat-cache /Applications/Xcode-27.0.0-Release.Candidate.app/Contents/Developer/Platforms/AppleTVOS.platform/Developer/SDKs/AppleTVOS27.0.sdk -o /Users/admin/builder/spi-builder-workspace/.derivedData/SDKStatCaches.noindex/appletvos27.0-24J360-e829b21a6f8c9b70876ba0858053c044b32bfd8d43560033f8d89884cdb90028.sdkstatcache
CreateBuildDirectory /Users/admin/builder/spi-builder-workspace/.derivedData/Build/Products
    cd /Users/admin/builder/spi-builder-workspace/.swiftpm/xcode
    builtin-create-build-directory /Users/admin/builder/spi-builder-workspace/.derivedData/Build/Products
CreateBuildDirectory /Users/admin/builder/spi-builder-workspace/.derivedData/Build/Intermediates.noindex
    cd /Users/admin/builder/spi-builder-workspace/.swiftpm/xcode
    builtin-create-build-directory /Users/admin/builder/spi-builder-workspace/.derivedData/Build/Intermediates.noindex
CreateBuildDirectory /Users/admin/builder/spi-builder-workspace/.derivedData/Build/Intermediates.noindex/SwiftExplicitPrecompiledModules
    cd /Users/admin/builder/spi-builder-workspace/.swiftpm/xcode
    builtin-create-build-directory /Users/admin/builder/spi-builder-workspace/.derivedData/Build/Intermediates.noindex/SwiftExplicitPrecompiledModules
CreateBuildDirectory /Users/admin/builder/spi-builder-workspace/.derivedData/Build/Intermediates.noindex/PrecompiledHeaders
    cd /Users/admin/builder/spi-builder-workspace/.swiftpm/xcode
    builtin-create-build-directory /Users/admin/builder/spi-builder-workspace/.derivedData/Build/Intermediates.noindex/PrecompiledHeaders
CreateBuildDirectory /Users/admin/builder/spi-builder-workspace/.derivedData/Build/Intermediates.noindex/ExplicitPrecompiledModules
    cd /Users/admin/builder/spi-builder-workspace/.swiftpm/xcode
    builtin-create-build-directory /Users/admin/builder/spi-builder-workspace/.derivedData/Build/Intermediates.noindex/ExplicitPrecompiledModules
CreateBuildDirectory /Users/admin/builder/spi-builder-workspace/.derivedData/Build/Intermediates.noindex/EagerLinkingTBDs/Debug-appletvos
    cd /Users/admin/builder/spi-builder-workspace/.swiftpm/xcode
    builtin-create-build-directory /Users/admin/builder/spi-builder-workspace/.derivedData/Build/Intermediates.noindex/EagerLinkingTBDs/Debug-appletvos
CreateBuildDirectory /Users/admin/builder/spi-builder-workspace/.derivedData/Build/Products/Debug-appletvos
    cd /Users/admin/builder/spi-builder-workspace/.swiftpm/xcode
    builtin-create-build-directory /Users/admin/builder/spi-builder-workspace/.derivedData/Build/Products/Debug-appletvos
CreateBuildDirectory /Users/admin/builder/spi-builder-workspace/.derivedData/Build/Products/Debug-appletvos/PackageFrameworks
    cd /Users/admin/builder/spi-builder-workspace/.swiftpm/xcode
    builtin-create-build-directory /Users/admin/builder/spi-builder-workspace/.derivedData/Build/Products/Debug-appletvos/PackageFrameworks
WriteAuxiliaryFile /Users/admin/builder/spi-builder-workspace/.derivedData/Build/Intermediates.noindex/VatNumberKit.build/Debug-appletvos/VatNumberKit-t.build/VatNumberKit.DependencyStaticMetadataFileList (in target 'VatNumberKit' from project 'VatNumberKit')
    cd /Users/admin/builder/spi-builder-workspace
    write-file /Users/admin/builder/spi-builder-workspace/.derivedData/Build/Intermediates.noindex/VatNumberKit.build/Debug-appletvos/VatNumberKit-t.build/VatNumberKit.DependencyStaticMetadataFileList
WriteAuxiliaryFile /Users/admin/builder/spi-builder-workspace/.derivedData/Build/Intermediates.noindex/VatNumberKit.build/Debug-appletvos/VatNumberKit-t.build/VatNumberKit.modulemap (in target 'VatNumberKit' from project 'VatNumberKit')
    cd /Users/admin/builder/spi-builder-workspace
    write-file /Users/admin/builder/spi-builder-workspace/.derivedData/Build/Intermediates.noindex/VatNumberKit.build/Debug-appletvos/VatNumberKit-t.build/VatNumberKit.modulemap
WriteAuxiliaryFile /Users/admin/builder/spi-builder-workspace/.derivedData/Build/Intermediates.noindex/VatNumberKit.build/Debug-appletvos/VatNumberKit-t.build/VatNumberKit.DependencyMetadataFileList (in target 'VatNumberKit' from project 'VatNumberKit')
    cd /Users/admin/builder/spi-builder-workspace
    write-file /Users/admin/builder/spi-builder-workspace/.derivedData/Build/Intermediates.noindex/VatNumberKit.build/Debug-appletvos/VatNumberKit-t.build/VatNumberKit.DependencyMetadataFileList
WriteAuxiliaryFile /Users/admin/builder/spi-builder-workspace/.derivedData/Build/Intermediates.noindex/VatNumberKit.build/Debug-appletvos/VatNumberKit-t.build/Objects-normal/arm64/VatNumberKit.SwiftConstValuesFileList (in target 'VatNumberKit' from project 'VatNumberKit')
    cd /Users/admin/builder/spi-builder-workspace
    write-file /Users/admin/builder/spi-builder-workspace/.derivedData/Build/Intermediates.noindex/VatNumberKit.build/Debug-appletvos/VatNumberKit-t.build/Objects-normal/arm64/VatNumberKit.SwiftConstValuesFileList
WriteAuxiliaryFile /Users/admin/builder/spi-builder-workspace/.derivedData/Build/Intermediates.noindex/VatNumberKit.build/Debug-appletvos/VatNumberKit-t.build/Objects-normal/arm64/VatNumberKit_const_extract_protocols.json (in target 'VatNumberKit' from project 'VatNumberKit')
    cd /Users/admin/builder/spi-builder-workspace
    write-file /Users/admin/builder/spi-builder-workspace/.derivedData/Build/Intermediates.noindex/VatNumberKit.build/Debug-appletvos/VatNumberKit-t.build/Objects-normal/arm64/VatNumberKit_const_extract_protocols.json
WriteAuxiliaryFile /Users/admin/builder/spi-builder-workspace/.derivedData/Build/Intermediates.noindex/VatNumberKit.build/Debug-appletvos/VatNumberKit-t.build/Objects-normal/arm64/VatNumberKit-OutputFileMap.json (in target 'VatNumberKit' from project 'VatNumberKit')
    cd /Users/admin/builder/spi-builder-workspace
    write-file /Users/admin/builder/spi-builder-workspace/.derivedData/Build/Intermediates.noindex/VatNumberKit.build/Debug-appletvos/VatNumberKit-t.build/Objects-normal/arm64/VatNumberKit-OutputFileMap.json
WriteAuxiliaryFile /Users/admin/builder/spi-builder-workspace/.derivedData/Build/Intermediates.noindex/VatNumberKit.build/Debug-appletvos/VatNumberKit-t.build/Objects-normal/arm64/VatNumberKit.LinkFileList (in target 'VatNumberKit' from project 'VatNumberKit')
    cd /Users/admin/builder/spi-builder-workspace
    write-file /Users/admin/builder/spi-builder-workspace/.derivedData/Build/Intermediates.noindex/VatNumberKit.build/Debug-appletvos/VatNumberKit-t.build/Objects-normal/arm64/VatNumberKit.LinkFileList
WriteAuxiliaryFile /Users/admin/builder/spi-builder-workspace/.derivedData/Build/Intermediates.noindex/VatNumberKit.build/Debug-appletvos/VatNumberKit-t.build/Objects-normal/arm64/VatNumberKit.SwiftFileList (in target 'VatNumberKit' from project 'VatNumberKit')
    cd /Users/admin/builder/spi-builder-workspace
    write-file /Users/admin/builder/spi-builder-workspace/.derivedData/Build/Intermediates.noindex/VatNumberKit.build/Debug-appletvos/VatNumberKit-t.build/Objects-normal/arm64/VatNumberKit.SwiftFileList
Copy /Users/admin/builder/spi-builder-workspace/.derivedData/Build/Intermediates.noindex/GeneratedModuleMaps-appletvos/VatNumberKit.modulemap /Users/admin/builder/spi-builder-workspace/.derivedData/Build/Intermediates.noindex/VatNumberKit.build/Debug-appletvos/VatNumberKit-t.build/VatNumberKit.modulemap (in target 'VatNumberKit' from project 'VatNumberKit')
    cd /Users/admin/builder/spi-builder-workspace
    builtin-copy -exclude .DS_Store -exclude CVS -exclude .svn -exclude .git -exclude .hg -resolve-src-symlinks /Users/admin/builder/spi-builder-workspace/.derivedData/Build/Intermediates.noindex/VatNumberKit.build/Debug-appletvos/VatNumberKit-t.build/VatNumberKit.modulemap /Users/admin/builder/spi-builder-workspace/.derivedData/Build/Intermediates.noindex/GeneratedModuleMaps-appletvos
SwiftDriver VatNumberKit normal arm64 com.apple.xcode.tools.swift.compiler (in target 'VatNumberKit' from project 'VatNumberKit')
    cd /Users/admin/builder/spi-builder-workspace/.swiftpm/xcode
    builtin-SwiftDriver -- /Applications/Xcode-27.0.0-Release.Candidate.app/Contents/Developer/Toolchains/XcodeDefault.xctoolchain/usr/bin/swiftc -parse-as-library -module-name VatNumberKit -Onone @/Users/admin/builder/spi-builder-workspace/.derivedData/Build/Intermediates.noindex/VatNumberKit.build/Debug-appletvos/VatNumberKit-t.build/Objects-normal/arm64/VatNumberKit.SwiftFileList -DSWIFT_PACKAGE -DDEBUG -DSWIFT_MODULE_RESOURCE_BUNDLE_UNAVAILABLE -DXcode -plugin-path /Applications/Xcode-27.0.0-Release.Candidate.app/Contents/Developer/Toolchains/XcodeDefault.xctoolchain/usr/lib/swift/host/plugins/testing -enable-experimental-feature DebugDescriptionMacro -sdk /Applications/Xcode-27.0.0-Release.Candidate.app/Contents/Developer/Platforms/AppleTVOS.platform/Developer/SDKs/AppleTVOS27.0.sdk -target arm64-apple-tvos15.0 -g -module-cache-path /Users/admin/builder/spi-builder-workspace/.derivedData/ModuleCache.noindex -Xfrontend -serialize-debugging-options -profile-coverage-mapping -profile-generate -enable-testing -index-store-path /Users/admin/builder/spi-builder-workspace/.derivedData/Index.noindex/DataStore -Xcc -D_LIBCPP_HARDENING_MODE\=_LIBCPP_HARDENING_MODE_DEBUG -swift-version 5 -I /Users/admin/builder/spi-builder-workspace/.derivedData/Build/Products/Debug-appletvos -Isystem /Applications/Xcode-27.0.0-Release.Candidate.app/Contents/Developer/Platforms/AppleTVOS.platform/Developer/usr/lib -F /Users/admin/builder/spi-builder-workspace/.derivedData/Build/Products/Debug-appletvos -F /Applications/Xcode-27.0.0-Release.Candidate.app/Contents/Developer/Platforms/AppleTVOS.platform/Developer/Library/Frameworks -F /Applications/Xcode-27.0.0-Release.Candidate.app/Contents/Developer/Platforms/AppleTVOS.platform/Developer/SDKs/AppleTVOS27.0.sdk/Developer/Library/Frameworks -c -j10 -enable-batch-mode -incremental -Xcc -ivfsstatcache -Xcc /Users/admin/builder/spi-builder-workspace/.derivedData/SDKStatCaches.noindex/appletvos27.0-24J360-e829b21a6f8c9b70876ba0858053c044b32bfd8d43560033f8d89884cdb90028.sdkstatcache -output-file-map /Users/admin/builder/spi-builder-workspace/.derivedData/Build/Intermediates.noindex/VatNumberKit.build/Debug-appletvos/VatNumberKit-t.build/Objects-normal/arm64/VatNumberKit-OutputFileMap.json -save-temps -no-color-diagnostics -explicit-module-build -module-cache-path /Users/admin/builder/spi-builder-workspace/.derivedData/Build/Intermediates.noindex/SwiftExplicitPrecompiledModules -clang-scanner-module-cache-path /Users/admin/builder/spi-builder-workspace/.derivedData/ModuleCache.noindex -sdk-module-cache-path /Users/admin/builder/spi-builder-workspace/.derivedData/SDKExplicitPrecompiledModules -emit-dependencies -emit-module -emit-module-path /Users/admin/builder/spi-builder-workspace/.derivedData/Build/Intermediates.noindex/VatNumberKit.build/Debug-appletvos/VatNumberKit-t.build/Objects-normal/arm64/VatNumberKit.swiftmodule -serialize-diagnostics -dependency-scan-serialize-diagnostics-path /Users/admin/builder/spi-builder-workspace/.derivedData/Build/Intermediates.noindex/VatNumberKit.build/Debug-appletvos/VatNumberKit-t.build/Objects-normal/arm64/VatNumberKit-dependency-scan.dia -validate-clang-modules-once -clang-build-session-file /Users/admin/builder/spi-builder-workspace/.derivedData/ModuleCache.noindex/Session.modulevalidation -Xcc -fmodules-prune-interval\=86400 -Xcc -fmodules-prune-after\=345600 -emit-const-values -const-gather-protocols-list /Users/admin/builder/spi-builder-workspace/.derivedData/Build/Intermediates.noindex/VatNumberKit.build/Debug-appletvos/VatNumberKit-t.build/Objects-normal/arm64/VatNumberKit_const_extract_protocols.json -Xcc -I/Users/admin/builder/spi-builder-workspace/.derivedData/Build/Products/Debug-appletvos/include -Xcc -I/Users/admin/builder/spi-builder-workspace/.derivedData/Build/Intermediates.noindex/VatNumberKit.build/Debug-appletvos/VatNumberKit-t.build/DerivedSources-normal/arm64 -Xcc -I/Users/admin/builder/spi-builder-workspace/.derivedData/Build/Intermediates.noindex/VatNumberKit.build/Debug-appletvos/VatNumberKit-t.build/DerivedSources/arm64 -Xcc -I/Users/admin/builder/spi-builder-workspace/.derivedData/Build/Intermediates.noindex/VatNumberKit.build/Debug-appletvos/VatNumberKit-t.build/DerivedSources -Xcc -DSWIFT_PACKAGE -Xcc -DDEBUG\=1 -emit-objc-header -emit-objc-header-path /Users/admin/builder/spi-builder-workspace/.derivedData/Build/Intermediates.noindex/VatNumberKit.build/Debug-appletvos/VatNumberKit-t.build/Objects-normal/arm64/VatNumberKit-Swift.h -working-directory /Users/admin/builder/spi-builder-workspace/.swiftpm/xcode -experimental-emit-module-separately -disable-cmo
SwiftExplicitDependencyGeneratePcm arm64 /Users/admin/builder/spi-builder-workspace/.derivedData/SDKExplicitPrecompiledModules/_Builtin_float-8ZJAYZ85YBOAOP52Y9H6IUNP3.pcm
SwiftExplicitDependencyGeneratePcm arm64 /Users/admin/builder/spi-builder-workspace/.derivedData/SDKExplicitPrecompiledModules/_Builtin_stdbool-AHRDH5EKLY6D04C5E42F3VCQI.pcm
SwiftExplicitDependencyGeneratePcm arm64 /Users/admin/builder/spi-builder-workspace/.derivedData/SDKExplicitPrecompiledModules/_SwiftConcurrencyShims-BY5PD8KF1L5KF6F4Q69HE3TJ4.pcm
SwiftExplicitDependencyGeneratePcm arm64 /Users/admin/builder/spi-builder-workspace/.derivedData/SDKExplicitPrecompiledModules/ptrcheck-2AZ6B5IBYD3RRRTFWN2ONASY3.pcm
SwiftExplicitDependencyGeneratePcm arm64 /Users/admin/builder/spi-builder-workspace/.derivedData/SDKExplicitPrecompiledModules/_Builtin_stdarg-BO2OCAUYVAXDRVQWQ8ISKGNUQ.pcm
SwiftExplicitDependencyGeneratePcm arm64 /Users/admin/builder/spi-builder-workspace/.derivedData/SDKExplicitPrecompiledModules/_AvailabilityInternal-BV2EDDP0MI5QJDDPEEV4D9D3V.pcm
SwiftExplicitDependencyGeneratePcm arm64 /Users/admin/builder/spi-builder-workspace/.derivedData/SDKExplicitPrecompiledModules/SwiftShims-8N4EXJ4RUJTR8K9OO3CMOH1EP.pcm
SwiftExplicitDependencyGeneratePcm arm64 /Users/admin/builder/spi-builder-workspace/.derivedData/SDKExplicitPrecompiledModules/_Builtin_stddef-9ZJZ6FDEZNKTZU8YLPMFT9RAQ.pcm
SwiftExplicitDependencyGeneratePcm arm64 /Users/admin/builder/spi-builder-workspace/.derivedData/SDKExplicitPrecompiledModules/ptrauth-8X2KEPL7CTRPS40TUB9APHPK6.pcm
SwiftExplicitDependencyGeneratePcm arm64 /Users/admin/builder/spi-builder-workspace/.derivedData/SDKExplicitPrecompiledModules/_DarwinFoundation1-JOTYMOA1YZCIJ2NON6FQ848O.pcm
SwiftExplicitDependencyGeneratePcm arm64 /Users/admin/builder/spi-builder-workspace/.derivedData/SDKExplicitPrecompiledModules/_DarwinFoundation2-AOGAN1O02NKXRJN5V73AV3V3M.pcm
SwiftExplicitDependencyGeneratePcm arm64 /Users/admin/builder/spi-builder-workspace/.derivedData/SDKExplicitPrecompiledModules/_Builtin_limits-7JU2HP127LIT1X9E2V3D8WZ1.pcm
SwiftExplicitDependencyGeneratePcm arm64 /Users/admin/builder/spi-builder-workspace/.derivedData/SDKExplicitPrecompiledModules/string_h-6EVHP7A717OUS5DMC78F79HWO.pcm
SwiftExplicitDependencyGeneratePcm arm64 /Users/admin/builder/spi-builder-workspace/.derivedData/SDKExplicitPrecompiledModules/sys_types-8GCAV1YMG5UUGHUID3CA20TCH.pcm
SwiftExplicitDependencyGeneratePcm arm64 /Users/admin/builder/spi-builder-workspace/.derivedData/SDKExplicitPrecompiledModules/_Builtin_stdint-6NFTB6IBKS143IVPGT1EKB7HO.pcm
SwiftExplicitDependencyGeneratePcm arm64 /Users/admin/builder/spi-builder-workspace/.derivedData/SDKExplicitPrecompiledModules/_DarwinFoundation3-8SR3855WDFHQPR6G9GHOI2C07.pcm
SwiftExplicitDependencyGeneratePcm arm64 /Users/admin/builder/spi-builder-workspace/.derivedData/SDKExplicitPrecompiledModules/_Builtin_inttypes-6X1IQ3QK9KEVKXOK9Y79EW7J3.pcm
SwiftExplicitDependencyGeneratePcm arm64 /Users/admin/builder/spi-builder-workspace/.derivedData/SDKExplicitPrecompiledModules/Darwin-DBSQAVBBPC3D2OMU5ZI2RXMST.pcm
SwiftExplicitDependencyGeneratePcm arm64 /Users/admin/builder/spi-builder-workspace/.derivedData/SDKExplicitPrecompiledModules/ObjectiveC-5250FDCE56N8508OR6XUYDKZM.pcm
SwiftExplicitDependencyGeneratePcm arm64 /Users/admin/builder/spi-builder-workspace/.derivedData/SDKExplicitPrecompiledModules/os_object-E2DGZ0SX0TULQHULZRPO6OKNW.pcm
SwiftExplicitDependencyGeneratePcm arm64 /Users/admin/builder/spi-builder-workspace/.derivedData/SDKExplicitPrecompiledModules/os_workgroup-DBUFF7811DKMX7VPBOJPGGF1U.pcm
SwiftExplicitDependencyGeneratePcm arm64 /Users/admin/builder/spi-builder-workspace/.derivedData/SDKExplicitPrecompiledModules/Dispatch-1QL58A0V50C39KVAIC6C38SHL.pcm
SwiftExplicitDependencyGeneratePcm arm64 /Users/admin/builder/spi-builder-workspace/.derivedData/SDKExplicitPrecompiledModules/XPC-6O2DJFT3QUJ7QKTD3SNUB6PCR.pcm
SwiftExplicitDependencyGeneratePcm arm64 /Users/admin/builder/spi-builder-workspace/.derivedData/SDKExplicitPrecompiledModules/CoreFoundation-7TPJ7ENDC4L1A1ESHYI9TXS0D.pcm
SwiftExplicitDependencyGeneratePcm arm64 /Users/admin/builder/spi-builder-workspace/.derivedData/SDKExplicitPrecompiledModules/CFNetwork-2CUR2VK9S3S3WPFXPNXNUWYGN.pcm
SwiftExplicitDependencyGeneratePcm arm64 /Users/admin/builder/spi-builder-workspace/.derivedData/SDKExplicitPrecompiledModules/Security-8VMXEKVDA3MHUH9AOTP905DID.pcm
SwiftExplicitDependencyGeneratePcm arm64 /Users/admin/builder/spi-builder-workspace/.derivedData/SDKExplicitPrecompiledModules/Foundation-BSSIP64DIGUKMAYJOG1WPQ78X.pcm
SwiftEmitModule normal arm64 Emitting\ module\ for\ VatNumberKit (in target 'VatNumberKit' from project 'VatNumberKit')
SwiftCompile normal arm64 (in target 'VatNumberKit' from project 'VatNumberKit')
    cd /Users/admin/builder/spi-builder-workspace/.swiftpm/xcode

SwiftCompile normal arm64 Compiling\ VatNumberKit_CyprusChecksumValidator.swift,\ VatNumberKit_CzechRepublicChecksumValidator.swift,\ VatNumberKit_DenmarkChecksumValidator.swift,\ VatNumberKit_EstoniaChecksumValidator.swift,\ VatNumberKit_EuropeanEntityValidator.swift /Users/admin/builder/spi-builder-workspace/Sources/VatNumberKit/Validators/Checksum/VatNumberKit_CyprusChecksumValidator.swift /Users/admin/builder/spi-builder-workspace/Sources/VatNumberKit/Validators/Checksum/VatNumberKit_CzechRepublicChecksumValidator.swift /Users/admin/builder/spi-builder-workspace/Sources/VatNumberKit/Validators/Checksum/VatNumberKit_DenmarkChecksumValidator.swift /Users/admin/builder/spi-builder-workspace/Sources/VatNumberKit/Validators/Checksum/VatNumberKit_EstoniaChecksumValidator.swift /Users/admin/builder/spi-builder-workspace/Sources/VatNumberKit/Validators/Checksum/VatNumberKit_EuropeanEntityValidator.swift (in target 'VatNumberKit' from project 'VatNumberKit')
SwiftCompile normal arm64 /Users/admin/builder/spi-builder-workspace/Sources/VatNumberKit/Validators/Checksum/VatNumberKit_CyprusChecksumValidator.swift (in target 'VatNumberKit' from project 'VatNumberKit')
    cd /Users/admin/builder/spi-builder-workspace/.swiftpm/xcode
    builtin-SwiftPerFileCompile VatNumberKit_CyprusChecksumValidator.swift
SwiftCompile normal arm64 /Users/admin/builder/spi-builder-workspace/Sources/VatNumberKit/Validators/Checksum/VatNumberKit_CzechRepublicChecksumValidator.swift (in target 'VatNumberKit' from project 'VatNumberKit')
    cd /Users/admin/builder/spi-builder-workspace/.swiftpm/xcode
    builtin-SwiftPerFileCompile VatNumberKit_CzechRepublicChecksumValidator.swift
SwiftCompile normal arm64 /Users/admin/builder/spi-builder-workspace/Sources/VatNumberKit/Validators/Checksum/VatNumberKit_DenmarkChecksumValidator.swift (in target 'VatNumberKit' from project 'VatNumberKit')
    cd /Users/admin/builder/spi-builder-workspace/.swiftpm/xcode
    builtin-SwiftPerFileCompile VatNumberKit_DenmarkChecksumValidator.swift
SwiftCompile normal arm64 /Users/admin/builder/spi-builder-workspace/Sources/VatNumberKit/Validators/Checksum/VatNumberKit_EstoniaChecksumValidator.swift (in target 'VatNumberKit' from project 'VatNumberKit')
    cd /Users/admin/builder/spi-builder-workspace/.swiftpm/xcode
    builtin-SwiftPerFileCompile VatNumberKit_EstoniaChecksumValidator.swift
SwiftCompile normal arm64 /Users/admin/builder/spi-builder-workspace/Sources/VatNumberKit/Validators/Checksum/VatNumberKit_EuropeanEntityValidator.swift (in target 'VatNumberKit' from project 'VatNumberKit')
    cd /Users/admin/builder/spi-builder-workspace/.swiftpm/xcode
    builtin-SwiftPerFileCompile VatNumberKit_EuropeanEntityValidator.swift
SwiftCompile normal arm64 Compiling\ VatNumberKit_LithuaniaChecksumValidator.swift,\ VatNumberKit_LuxembourgChecksumValidator.swift,\ VatNumberKit_MaltaChecksumValidator.swift,\ VatNumberKit_NetherlandsChecksumValidator.swift /Users/admin/builder/spi-builder-workspace/Sources/VatNumberKit/Validators/Checksum/VatNumberKit_LithuaniaChecksumValidator.swift /Users/admin/builder/spi-builder-workspace/Sources/VatNumberKit/Validators/Checksum/VatNumberKit_LuxembourgChecksumValidator.swift /Users/admin/builder/spi-builder-workspace/Sources/VatNumberKit/Validators/Checksum/VatNumberKit_MaltaChecksumValidator.swift /Users/admin/builder/spi-builder-workspace/Sources/VatNumberKit/Validators/Checksum/VatNumberKit_NetherlandsChecksumValidator.swift (in target 'VatNumberKit' from project 'VatNumberKit')
SwiftCompile normal arm64 /Users/admin/builder/spi-builder-workspace/Sources/VatNumberKit/Validators/Checksum/VatNumberKit_LithuaniaChecksumValidator.swift (in target 'VatNumberKit' from project 'VatNumberKit')
    cd /Users/admin/builder/spi-builder-workspace/.swiftpm/xcode
    builtin-SwiftPerFileCompile VatNumberKit_LithuaniaChecksumValidator.swift
SwiftCompile normal arm64 /Users/admin/builder/spi-builder-workspace/Sources/VatNumberKit/Validators/Checksum/VatNumberKit_LuxembourgChecksumValidator.swift (in target 'VatNumberKit' from project 'VatNumberKit')
    cd /Users/admin/builder/spi-builder-workspace/.swiftpm/xcode
    builtin-SwiftPerFileCompile VatNumberKit_LuxembourgChecksumValidator.swift
SwiftCompile normal arm64 /Users/admin/builder/spi-builder-workspace/Sources/VatNumberKit/Validators/Checksum/VatNumberKit_MaltaChecksumValidator.swift (in target 'VatNumberKit' from project 'VatNumberKit')
    cd /Users/admin/builder/spi-builder-workspace/.swiftpm/xcode
    builtin-SwiftPerFileCompile VatNumberKit_MaltaChecksumValidator.swift
SwiftCompile normal arm64 /Users/admin/builder/spi-builder-workspace/Sources/VatNumberKit/Validators/Checksum/VatNumberKit_NetherlandsChecksumValidator.swift (in target 'VatNumberKit' from project 'VatNumberKit')
    cd /Users/admin/builder/spi-builder-workspace/.swiftpm/xcode
    builtin-SwiftPerFileCompile VatNumberKit_NetherlandsChecksumValidator.swift
SwiftCompile normal arm64 Compiling\ VatNumberKit_HungaryChecksumValidator.swift,\ VatNumberKit_IrelandChecksumValidator.swift,\ VatNumberKit_ItalyChecksumValidator.swift,\ VatNumberKit_LatviaChecksumValidator.swift /Users/admin/builder/spi-builder-workspace/Sources/VatNumberKit/Validators/Checksum/VatNumberKit_HungaryChecksumValidator.swift /Users/admin/builder/spi-builder-workspace/Sources/VatNumberKit/Validators/Checksum/VatNumberKit_IrelandChecksumValidator.swift /Users/admin/builder/spi-builder-workspace/Sources/VatNumberKit/Validators/Checksum/VatNumberKit_ItalyChecksumValidator.swift /Users/admin/builder/spi-builder-workspace/Sources/VatNumberKit/Validators/Checksum/VatNumberKit_LatviaChecksumValidator.swift (in target 'VatNumberKit' from project 'VatNumberKit')
SwiftCompile normal arm64 /Users/admin/builder/spi-builder-workspace/Sources/VatNumberKit/Validators/Checksum/VatNumberKit_HungaryChecksumValidator.swift (in target 'VatNumberKit' from project 'VatNumberKit')
    cd /Users/admin/builder/spi-builder-workspace/.swiftpm/xcode
    builtin-SwiftPerFileCompile VatNumberKit_HungaryChecksumValidator.swift
SwiftCompile normal arm64 /Users/admin/builder/spi-builder-workspace/Sources/VatNumberKit/Validators/Checksum/VatNumberKit_IrelandChecksumValidator.swift (in target 'VatNumberKit' from project 'VatNumberKit')
    cd /Users/admin/builder/spi-builder-workspace/.swiftpm/xcode
    builtin-SwiftPerFileCompile VatNumberKit_IrelandChecksumValidator.swift
SwiftCompile normal arm64 /Users/admin/builder/spi-builder-workspace/Sources/VatNumberKit/Validators/Checksum/VatNumberKit_ItalyChecksumValidator.swift (in target 'VatNumberKit' from project 'VatNumberKit')
    cd /Users/admin/builder/spi-builder-workspace/.swiftpm/xcode
    builtin-SwiftPerFileCompile VatNumberKit_ItalyChecksumValidator.swift
SwiftCompile normal arm64 /Users/admin/builder/spi-builder-workspace/Sources/VatNumberKit/Validators/Checksum/VatNumberKit_LatviaChecksumValidator.swift (in target 'VatNumberKit' from project 'VatNumberKit')
    cd /Users/admin/builder/spi-builder-workspace/.swiftpm/xcode
    builtin-SwiftPerFileCompile VatNumberKit_LatviaChecksumValidator.swift
SwiftCompile normal arm64 Compiling\ IrishVatNumberConverter.swift,\ BinaryInteger+Clamp.swift,\ String+Alphanumeric.swift,\ String+RangeSubscript.swift,\ VatNumberKit_ChecksumHelper.swift /Users/admin/builder/spi-builder-workspace/Sources/VatNumberKit/Converters/IrishVatNumberConverter.swift /Users/admin/builder/spi-builder-workspace/Sources/VatNumberKit/Extensions/BinaryInteger/BinaryInteger+Clamp.swift /Users/admin/builder/spi-builder-workspace/Sources/VatNumberKit/Extensions/String/String+Alphanumeric.swift /Users/admin/builder/spi-builder-workspace/Sources/VatNumberKit/Extensions/String/String+RangeSubscript.swift /Users/admin/builder/spi-builder-workspace/Sources/VatNumberKit/Helpers/VatNumberKit_ChecksumHelper.swift (in target 'VatNumberKit' from project 'VatNumberKit')
SwiftCompile normal arm64 /Users/admin/builder/spi-builder-workspace/Sources/VatNumberKit/Converters/IrishVatNumberConverter.swift (in target 'VatNumberKit' from project 'VatNumberKit')
    cd /Users/admin/builder/spi-builder-workspace/.swiftpm/xcode
    builtin-SwiftPerFileCompile IrishVatNumberConverter.swift
SwiftCompile normal arm64 /Users/admin/builder/spi-builder-workspace/Sources/VatNumberKit/Extensions/BinaryInteger/BinaryInteger+Clamp.swift (in target 'VatNumberKit' from project 'VatNumberKit')
    cd /Users/admin/builder/spi-builder-workspace/.swiftpm/xcode
    builtin-SwiftPerFileCompile BinaryInteger+Clamp.swift
SwiftCompile normal arm64 /Users/admin/builder/spi-builder-workspace/Sources/VatNumberKit/Extensions/String/String+Alphanumeric.swift (in target 'VatNumberKit' from project 'VatNumberKit')
    cd /Users/admin/builder/spi-builder-workspace/.swiftpm/xcode
    builtin-SwiftPerFileCompile String+Alphanumeric.swift
SwiftCompile normal arm64 /Users/admin/builder/spi-builder-workspace/Sources/VatNumberKit/Extensions/String/String+RangeSubscript.swift (in target 'VatNumberKit' from project 'VatNumberKit')
    cd /Users/admin/builder/spi-builder-workspace/.swiftpm/xcode
    builtin-SwiftPerFileCompile String+RangeSubscript.swift
SwiftCompile normal arm64 /Users/admin/builder/spi-builder-workspace/Sources/VatNumberKit/Helpers/VatNumberKit_ChecksumHelper.swift (in target 'VatNumberKit' from project 'VatNumberKit')
    cd /Users/admin/builder/spi-builder-workspace/.swiftpm/xcode
    builtin-SwiftPerFileCompile VatNumberKit_ChecksumHelper.swift
SwiftCompile normal arm64 Compiling\ VatNumberKit_NorthernIrelandChecksumValidator.swift,\ VatNumberKit_PolandChecksumValidator.swift,\ VatNumberKit_PortugalChecksumValidator.swift,\ VatNumberKit_RomaniaChecksumValidator.swift /Users/admin/builder/spi-builder-workspace/Sources/VatNumberKit/Validators/Checksum/VatNumberKit_NorthernIrelandChecksumValidator.swift /Users/admin/builder/spi-builder-workspace/Sources/VatNumberKit/Validators/Checksum/VatNumberKit_PolandChecksumValidator.swift /Users/admin/builder/spi-builder-workspace/Sources/VatNumberKit/Validators/Checksum/VatNumberKit_PortugalChecksumValidator.swift /Users/admin/builder/spi-builder-workspace/Sources/VatNumberKit/Validators/Checksum/VatNumberKit_RomaniaChecksumValidator.swift (in target 'VatNumberKit' from project 'VatNumberKit')
SwiftCompile normal arm64 /Users/admin/builder/spi-builder-workspace/Sources/VatNumberKit/Validators/Checksum/VatNumberKit_NorthernIrelandChecksumValidator.swift (in target 'VatNumberKit' from project 'VatNumberKit')
    cd /Users/admin/builder/spi-builder-workspace/.swiftpm/xcode
    builtin-SwiftPerFileCompile VatNumberKit_NorthernIrelandChecksumValidator.swift
SwiftCompile normal arm64 /Users/admin/builder/spi-builder-workspace/Sources/VatNumberKit/Validators/Checksum/VatNumberKit_PolandChecksumValidator.swift (in target 'VatNumberKit' from project 'VatNumberKit')
    cd /Users/admin/builder/spi-builder-workspace/.swiftpm/xcode
    builtin-SwiftPerFileCompile VatNumberKit_PolandChecksumValidator.swift
SwiftCompile normal arm64 /Users/admin/builder/spi-builder-workspace/Sources/VatNumberKit/Validators/Checksum/VatNumberKit_PortugalChecksumValidator.swift (in target 'VatNumberKit' from project 'VatNumberKit')
    cd /Users/admin/builder/spi-builder-workspace/.swiftpm/xcode
    builtin-SwiftPerFileCompile VatNumberKit_PortugalChecksumValidator.swift
SwiftCompile normal arm64 /Users/admin/builder/spi-builder-workspace/Sources/VatNumberKit/Validators/Checksum/VatNumberKit_RomaniaChecksumValidator.swift (in target 'VatNumberKit' from project 'VatNumberKit')
    cd /Users/admin/builder/spi-builder-workspace/.swiftpm/xcode
    builtin-SwiftPerFileCompile VatNumberKit_RomaniaChecksumValidator.swift
SwiftCompile normal arm64 Compiling\ VatNumberKit_AustriaChecksumValidator.swift,\ VatNumberKit_BelgiumChecksumValidator.swift,\ VatNumberKit_BulgariaChecksumValidator.swift,\ VatNumberKit_ChecksumValidator.swift,\ VatNumberKit_CroatiaChecksumValidator.swift /Users/admin/builder/spi-builder-workspace/Sources/VatNumberKit/Validators/Checksum/VatNumberKit_AustriaChecksumValidator.swift /Users/admin/builder/spi-builder-workspace/Sources/VatNumberKit/Validators/Checksum/VatNumberKit_BelgiumChecksumValidator.swift /Users/admin/builder/spi-builder-workspace/Sources/VatNumberKit/Validators/Checksum/VatNumberKit_BulgariaChecksumValidator.swift /Users/admin/builder/spi-builder-workspace/Sources/VatNumberKit/Validators/Checksum/VatNumberKit_ChecksumValidator.swift /Users/admin/builder/spi-builder-workspace/Sources/VatNumberKit/Validators/Checksum/VatNumberKit_CroatiaChecksumValidator.swift (in target 'VatNumberKit' from project 'VatNumberKit')
SwiftCompile normal arm64 /Users/admin/builder/spi-builder-workspace/Sources/VatNumberKit/Validators/Checksum/VatNumberKit_AustriaChecksumValidator.swift (in target 'VatNumberKit' from project 'VatNumberKit')
    cd /Users/admin/builder/spi-builder-workspace/.swiftpm/xcode
    builtin-SwiftPerFileCompile VatNumberKit_AustriaChecksumValidator.swift
SwiftCompile normal arm64 /Users/admin/builder/spi-builder-workspace/Sources/VatNumberKit/Validators/Checksum/VatNumberKit_BelgiumChecksumValidator.swift (in target 'VatNumberKit' from project 'VatNumberKit')
    cd /Users/admin/builder/spi-builder-workspace/.swiftpm/xcode
    builtin-SwiftPerFileCompile VatNumberKit_BelgiumChecksumValidator.swift
SwiftCompile normal arm64 /Users/admin/builder/spi-builder-workspace/Sources/VatNumberKit/Validators/Checksum/VatNumberKit_BulgariaChecksumValidator.swift (in target 'VatNumberKit' from project 'VatNumberKit')
    cd /Users/admin/builder/spi-builder-workspace/.swiftpm/xcode
    builtin-SwiftPerFileCompile VatNumberKit_BulgariaChecksumValidator.swift
SwiftCompile normal arm64 /Users/admin/builder/spi-builder-workspace/Sources/VatNumberKit/Validators/Checksum/VatNumberKit_ChecksumValidator.swift (in target 'VatNumberKit' from project 'VatNumberKit')
    cd /Users/admin/builder/spi-builder-workspace/.swiftpm/xcode
    builtin-SwiftPerFileCompile VatNumberKit_ChecksumValidator.swift
SwiftCompile normal arm64 /Users/admin/builder/spi-builder-workspace/Sources/VatNumberKit/Validators/Checksum/VatNumberKit_CroatiaChecksumValidator.swift (in target 'VatNumberKit' from project 'VatNumberKit')
    cd /Users/admin/builder/spi-builder-workspace/.swiftpm/xcode
    builtin-SwiftPerFileCompile VatNumberKit_CroatiaChecksumValidator.swift
SwiftCompile normal arm64 Compiling\ VatNumberKit_Country.swift,\ VatNumberKit_ValidationMode.swift,\ VatNumberKit_ValidationOutput.swift,\ VatNumberKit_ValidationServiceOutput.swift,\ VatNumberKit_VatNumber.swift /Users/admin/builder/spi-builder-workspace/Sources/VatNumberKit/Models/VatNumberKit_Country.swift /Users/admin/builder/spi-builder-workspace/Sources/VatNumberKit/Models/VatNumberKit_ValidationMode.swift /Users/admin/builder/spi-builder-workspace/Sources/VatNumberKit/Models/VatNumberKit_ValidationOutput.swift /Users/admin/builder/spi-builder-workspace/Sources/VatNumberKit/Models/VatNumberKit_ValidationServiceOutput.swift /Users/admin/builder/spi-builder-workspace/Sources/VatNumberKit/Models/VatNumberKit_VatNumber.swift (in target 'VatNumberKit' from project 'VatNumberKit')
SwiftCompile normal arm64 /Users/admin/builder/spi-builder-workspace/Sources/VatNumberKit/Models/VatNumberKit_Country.swift (in target 'VatNumberKit' from project 'VatNumberKit')
    cd /Users/admin/builder/spi-builder-workspace/.swiftpm/xcode
    builtin-SwiftPerFileCompile VatNumberKit_Country.swift
SwiftCompile normal arm64 /Users/admin/builder/spi-builder-workspace/Sources/VatNumberKit/Models/VatNumberKit_ValidationMode.swift (in target 'VatNumberKit' from project 'VatNumberKit')
    cd /Users/admin/builder/spi-builder-workspace/.swiftpm/xcode
    builtin-SwiftPerFileCompile VatNumberKit_ValidationMode.swift
SwiftCompile normal arm64 /Users/admin/builder/spi-builder-workspace/Sources/VatNumberKit/Models/VatNumberKit_ValidationOutput.swift (in target 'VatNumberKit' from project 'VatNumberKit')
    cd /Users/admin/builder/spi-builder-workspace/.swiftpm/xcode
    builtin-SwiftPerFileCompile VatNumberKit_ValidationOutput.swift
SwiftCompile normal arm64 /Users/admin/builder/spi-builder-workspace/Sources/VatNumberKit/Models/VatNumberKit_ValidationServiceOutput.swift (in target 'VatNumberKit' from project 'VatNumberKit')
    cd /Users/admin/builder/spi-builder-workspace/.swiftpm/xcode
    builtin-SwiftPerFileCompile VatNumberKit_ValidationServiceOutput.swift
SwiftCompile normal arm64 /Users/admin/builder/spi-builder-workspace/Sources/VatNumberKit/Models/VatNumberKit_VatNumber.swift (in target 'VatNumberKit' from project 'VatNumberKit')
    cd /Users/admin/builder/spi-builder-workspace/.swiftpm/xcode
    builtin-SwiftPerFileCompile VatNumberKit_VatNumber.swift
SwiftCompile normal arm64 Compiling\ VatNumberKit_EUVatServiceResponse.swift,\ VatNumberKit_UkVatServiceResponse.swift,\ VatNumberKit_ValidationService.swift,\ VatNumberKit.swift /Users/admin/builder/spi-builder-workspace/Sources/VatNumberKit/Validators/Online/Services/Response\ Models/VatNumberKit_EUVatServiceResponse.swift /Users/admin/builder/spi-builder-workspace/Sources/VatNumberKit/Validators/Online/Services/Response\ Models/VatNumberKit_UkVatServiceResponse.swift /Users/admin/builder/spi-builder-workspace/Sources/VatNumberKit/Validators/Online/Services/VatNumberKit_ValidationService.swift /Users/admin/builder/spi-builder-workspace/Sources/VatNumberKit/VatNumberKit.swift (in target 'VatNumberKit' from project 'VatNumberKit')
/Users/admin/builder/spi-builder-workspace/Sources/VatNumberKit/VatNumberKit.swift:108:37: error: 'Regex' is only available in tvOS 16.0 or newer
  8 | import Foundation
  9 |
 10 | public struct VatNumberKit {
    |               `- note: add '@available' attribute to enclosing struct
 11 |
 12 |     /// Parse a raw VAT number and check if the format is correct (offline, regex based).
    :
 99 |     }
100 |
101 |     private static func validateFormat(rawVatNumber: String?, vatNumber: VatNumber) -> ValidationOutput {
    |                         `- note: add '@available' attribute to enclosing static method
102 |         for regex in vatNumber.country.regexPatterns {
103 |
    :
106 |             if #available(macOS 13.0, *), #available(iOS 16.0, *) {
107 |                 do {
108 |                     let regex = try Regex(pattern)
    |                                     |- error: 'Regex' is only available in tvOS 16.0 or newer
    |                                     `- note: add 'if #available' version check
109 |
110 |                     if vatNumber.fullVatNumber.firstMatch(of: regex) != nil {
/Users/admin/builder/spi-builder-workspace/Sources/VatNumberKit/VatNumberKit.swift:108:37: error: 'init(_:)' is only available in tvOS 16.0 or newer
  8 | import Foundation
  9 |
 10 | public struct VatNumberKit {
    |               `- note: add '@available' attribute to enclosing struct
 11 |
 12 |     /// Parse a raw VAT number and check if the format is correct (offline, regex based).
    :
 99 |     }
100 |
101 |     private static func validateFormat(rawVatNumber: String?, vatNumber: VatNumber) -> ValidationOutput {
    |                         `- note: add '@available' attribute to enclosing static method
102 |         for regex in vatNumber.country.regexPatterns {
103 |
    :
106 |             if #available(macOS 13.0, *), #available(iOS 16.0, *) {
107 |                 do {
108 |                     let regex = try Regex(pattern)
    |                                     |- error: 'init(_:)' is only available in tvOS 16.0 or newer
    |                                     `- note: add 'if #available' version check
109 |
110 |                     if vatNumber.fullVatNumber.firstMatch(of: regex) != nil {
/Users/admin/builder/spi-builder-workspace/Sources/VatNumberKit/VatNumberKit.swift:110:48: error: 'firstMatch(of:)' is only available in tvOS 16.0 or newer
  8 | import Foundation
  9 |
 10 | public struct VatNumberKit {
    |               `- note: add '@available' attribute to enclosing struct
 11 |
 12 |     /// Parse a raw VAT number and check if the format is correct (offline, regex based).
    :
 99 |     }
100 |
101 |     private static func validateFormat(rawVatNumber: String?, vatNumber: VatNumber) -> ValidationOutput {
    |                         `- note: add '@available' attribute to enclosing static method
102 |         for regex in vatNumber.country.regexPatterns {
103 |
    :
108 |                     let regex = try Regex(pattern)
109 |
110 |                     if vatNumber.fullVatNumber.firstMatch(of: regex) != nil {
    |                                                |- error: 'firstMatch(of:)' is only available in tvOS 16.0 or newer
    |                                                `- note: add 'if #available' version check
111 |                         return ValidationOutput(rawVatNumber: rawVatNumber, vatNumber: vatNumber, isValid: true)
112 |                     }
Failed frontend command:
/Applications/Xcode-27.0.0-Release.Candidate.app/Contents/Developer/Toolchains/XcodeDefault.xctoolchain/usr/bin/swift-frontend -frontend -c /Users/admin/builder/spi-builder-workspace/Sources/VatNumberKit/Converters/IrishVatNumberConverter.swift /Users/admin/builder/spi-builder-workspace/Sources/VatNumberKit/Extensions/BinaryInteger/BinaryInteger+Clamp.swift /Users/admin/builder/spi-builder-workspace/Sources/VatNumberKit/Extensions/String/String+Alphanumeric.swift /Users/admin/builder/spi-builder-workspace/Sources/VatNumberKit/Extensions/String/String+RangeSubscript.swift /Users/admin/builder/spi-builder-workspace/Sources/VatNumberKit/Helpers/VatNumberKit_ChecksumHelper.swift /Users/admin/builder/spi-builder-workspace/Sources/VatNumberKit/Models/VatNumberKit_Country.swift /Users/admin/builder/spi-builder-workspace/Sources/VatNumberKit/Models/VatNumberKit_ValidationMode.swift /Users/admin/builder/spi-builder-workspace/Sources/VatNumberKit/Models/VatNumberKit_ValidationOutput.swift /Users/admin/builder/spi-builder-workspace/Sources/VatNumberKit/Models/VatNumberKit_ValidationServiceOutput.swift /Users/admin/builder/spi-builder-workspace/Sources/VatNumberKit/Models/VatNumberKit_VatNumber.swift /Users/admin/builder/spi-builder-workspace/Sources/VatNumberKit/Validators/Checksum/VatNumberKit_AustriaChecksumValidator.swift /Users/admin/builder/spi-builder-workspace/Sources/VatNumberKit/Validators/Checksum/VatNumberKit_BelgiumChecksumValidator.swift /Users/admin/builder/spi-builder-workspace/Sources/VatNumberKit/Validators/Checksum/VatNumberKit_BulgariaChecksumValidator.swift /Users/admin/builder/spi-builder-workspace/Sources/VatNumberKit/Validators/Checksum/VatNumberKit_ChecksumValidator.swift /Users/admin/builder/spi-builder-workspace/Sources/VatNumberKit/Validators/Checksum/VatNumberKit_CroatiaChecksumValidator.swift /Users/admin/builder/spi-builder-workspace/Sources/VatNumberKit/Validators/Checksum/VatNumberKit_CyprusChecksumValidator.swift /Users/admin/builder/spi-builder-workspace/Sources/VatNumberKit/Validators/Checksum/VatNumberKit_CzechRepublicChecksumValidator.swift /Users/admin/builder/spi-builder-workspace/Sources/VatNumberKit/Validators/Checksum/VatNumberKit_DenmarkChecksumValidator.swift /Users/admin/builder/spi-builder-workspace/Sources/VatNumberKit/Validators/Checksum/VatNumberKit_EstoniaChecksumValidator.swift /Users/admin/builder/spi-builder-workspace/Sources/VatNumberKit/Validators/Checksum/VatNumberKit_EuropeanEntityValidator.swift /Users/admin/builder/spi-builder-workspace/Sources/VatNumberKit/Validators/Checksum/VatNumberKit_FinlandChecksumValidator.swift /Users/admin/builder/spi-builder-workspace/Sources/VatNumberKit/Validators/Checksum/VatNumberKit_FranceChecksumValidator.swift /Users/admin/builder/spi-builder-workspace/Sources/VatNumberKit/Validators/Checksum/VatNumberKit_GermanyChecksumValidator.swift /Users/admin/builder/spi-builder-workspace/Sources/VatNumberKit/Validators/Checksum/VatNumberKit_GreatBritainChecksumValidator.swift /Users/admin/builder/spi-builder-workspace/Sources/VatNumberKit/Validators/Checksum/VatNumberKit_GreeceChecksumValidator.swift /Users/admin/builder/spi-builder-workspace/Sources/VatNumberKit/Validators/Checksum/VatNumberKit_HungaryChecksumValidator.swift /Users/admin/builder/spi-builder-workspace/Sources/VatNumberKit/Validators/Checksum/VatNumberKit_IrelandChecksumValidator.swift /Users/admin/builder/spi-builder-workspace/Sources/VatNumberKit/Validators/Checksum/VatNumberKit_ItalyChecksumValidator.swift /Users/admin/builder/spi-builder-workspace/Sources/VatNumberKit/Validators/Checksum/VatNumberKit_LatviaChecksumValidator.swift /Users/admin/builder/spi-builder-workspace/Sources/VatNumberKit/Validators/Checksum/VatNumberKit_LithuaniaChecksumValidator.swift /Users/admin/builder/spi-builder-workspace/Sources/VatNumberKit/Validators/Checksum/VatNumberKit_LuxembourgChecksumValidator.swift /Users/admin/builder/spi-builder-workspace/Sources/VatNumberKit/Validators/Checksum/VatNumberKit_MaltaChecksumValidator.swift /Users/admin/builder/spi-builder-workspace/Sources/VatNumberKit/Validators/Checksum/VatNumberKit_NetherlandsChecksumValidator.swift /Users/admin/builder/spi-builder-workspace/Sources/VatNumberKit/Validators/Checksum/VatNumberKit_NorthernIrelandChecksumValidator.swift /Users/admin/builder/spi-builder-workspace/Sources/VatNumberKit/Validators/Checksum/VatNumberKit_PolandChecksumValidator.swift /Users/admin/builder/spi-builder-workspace/Sources/VatNumberKit/Validators/Checksum/VatNumberKit_PortugalChecksumValidator.swift /Users/admin/builder/spi-builder-workspace/Sources/VatNumberKit/Validators/Checksum/VatNumberKit_RomaniaChecksumValidator.swift /Users/admin/builder/spi-builder-workspace/Sources/VatNumberKit/Validators/Checksum/VatNumberKit_SlovakiaChecksumValidator.swift /Users/admin/builder/spi-builder-workspace/Sources/VatNumberKit/Validators/Checksum/VatNumberKit_SloveniaChecksumValidator.swift /Users/admin/builder/spi-builder-workspace/Sources/VatNumberKit/Validators/Checksum/VatNumberKit_SpainChecksumValidator.swift /Users/admin/builder/spi-builder-workspace/Sources/VatNumberKit/Validators/Checksum/VatNumberKit_SwedenChecksumValidator.swift -primary-file /Users/admin/builder/spi-builder-workspace/Sources/VatNumberKit/Validators/Online/Services/Response\ Models/VatNumberKit_EUVatServiceResponse.swift -primary-file /Users/admin/builder/spi-builder-workspace/Sources/VatNumberKit/Validators/Online/Services/Response\ Models/VatNumberKit_UkVatServiceResponse.swift -primary-file /Users/admin/builder/spi-builder-workspace/Sources/VatNumberKit/Validators/Online/Services/VatNumberKit_ValidationService.swift -primary-file /Users/admin/builder/spi-builder-workspace/Sources/VatNumberKit/VatNumberKit.swift -supplementary-output-file-map /Users/admin/builder/spi-builder-workspace/.derivedData/Build/Intermediates.noindex/VatNumberKit.build/Debug-appletvos/VatNumberKit-t.build/Objects-normal/arm64/supplementaryOutputs-10 -target arm64-apple-tvos15.0 -disable-cross-import-overlay-search -load-resolved-plugin /Applications/Xcode-27.0.0-Release.Candidate.app/Contents/Developer/Platforms/AppleTVOS.platform/Developer/usr/lib/swift/host/plugins/libFoundationMacros.dylib\#/Applications/Xcode-27.0.0-Release.Candidate.app/Contents/Developer/Platforms/AppleTVOS.platform/Developer/usr/bin/swift-plugin-server\#FoundationMacros -load-resolved-plugin /Applications/Xcode-27.0.0-Release.Candidate.app/Contents/Developer/Platforms/AppleTVOS.platform/Developer/usr/lib/swift/host/plugins/libObservationMacros.dylib\#/Applications/Xcode-27.0.0-Release.Candidate.app/Contents/Developer/Platforms/AppleTVOS.platform/Developer/usr/bin/swift-plugin-server\#ObservationMacros -load-resolved-plugin /Applications/Xcode-27.0.0-Release.Candidate.app/Contents/Developer/Platforms/AppleTVOS.platform/Developer/usr/lib/swift/host/plugins/libSwiftMacros.dylib\#/Applications/Xcode-27.0.0-Release.Candidate.app/Contents/Developer/Platforms/AppleTVOS.platform/Developer/usr/bin/swift-plugin-server\#SwiftMacros -disable-implicit-swift-modules -Xcc -fno-implicit-modules -Xcc -fno-implicit-module-maps -explicit-swift-module-map-file /Users/admin/builder/spi-builder-workspace/.derivedData/Build/Intermediates.noindex/VatNumberKit.build/Debug-appletvos/VatNumberKit-t.build/Objects-normal/arm64/VatNumberKit-dependencies-1.json -Xllvm -aarch64-use-tbi -enable-objc-interop -stack-check -sdk /Applications/Xcode-27.0.0-Release.Candidate.app/Contents/Developer/Platforms/AppleTVOS.platform/Developer/SDKs/AppleTVOS27.0.sdk -I /Users/admin/builder/spi-builder-workspace/.derivedData/Build/Products/Debug-appletvos -Isystem /Applications/Xcode-27.0.0-Release.Candidate.app/Contents/Developer/Platforms/AppleTVOS.platform/Developer/usr/lib -F /Users/admin/builder/spi-builder-workspace/.derivedData/Build/Products/Debug-appletvos -F /Applications/Xcode-27.0.0-Release.Candidate.app/Contents/Developer/Platforms/AppleTVOS.platform/Developer/Library/Frameworks -F /Applications/Xcode-27.0.0-Release.Candidate.app/Contents/Developer/Platforms/AppleTVOS.platform/Developer/SDKs/AppleTVOS27.0.sdk/Developer/Library/Frameworks -module-cache-path /Users/admin/builder/spi-builder-workspace/.derivedData/Build/Intermediates.noindex/SwiftExplicitPrecompiledModules -no-color-diagnostics -Xcc -fno-color-diagnostics -enable-testing -g -debug-info-format\=dwarf -dwarf-version\=4 -profile-generate -profile-coverage-mapping -swift-version 5 -Onone -D SWIFT_PACKAGE -D DEBUG -D SWIFT_MODULE_RESOURCE_BUNDLE_UNAVAILABLE -D Xcode -serialize-debugging-options -enable-experimental-feature DebugDescriptionMacro -empty-abi-descriptor -validate-clang-modules-once -clang-build-session-file /Users/admin/builder/spi-builder-workspace/.derivedData/ModuleCache.noindex/Session.modulevalidation -Xcc -working-directory -Xcc /Users/admin/builder/spi-builder-workspace/.swiftpm/xcode -enable-anonymous-context-mangled-names -file-compilation-dir /Users/admin/builder/spi-builder-workspace/.swiftpm/xcode -Xcc -D_LIBCPP_HARDENING_MODE\=_LIBCPP_HARDENING_MODE_DEBUG -Xcc -ivfsstatcache -Xcc /Users/admin/builder/spi-builder-workspace/.derivedData/SDKStatCaches.noindex/appletvos27.0-24J360-e829b21a6f8c9b70876ba0858053c044b32bfd8d43560033f8d89884cdb90028.sdkstatcache -Xcc -fmodules-prune-interval\=86400 -Xcc -fmodules-prune-after\=345600 -Xcc -I/Users/admin/builder/spi-builder-workspace/.derivedData/Build/Products/Debug-appletvos/include -Xcc -I/Users/admin/builder/spi-builder-workspace/.derivedData/Build/Intermediates.noindex/VatNumberKit.build/Debug-appletvos/VatNumberKit-t.build/DerivedSources-normal/arm64 -Xcc -I/Users/admin/builder/spi-builder-workspace/.derivedData/Build/Intermediates.noindex/VatNumberKit.build/Debug-appletvos/VatNumberKit-t.build/DerivedSources/arm64 -Xcc -I/Users/admin/builder/spi-builder-workspace/.derivedData/Build/Intermediates.noindex/VatNumberKit.build/Debug-appletvos/VatNumberKit-t.build/DerivedSources -Xcc -DSWIFT_PACKAGE -Xcc -DDEBUG\=1 -no-auto-bridging-header-chaining -module-name VatNumberKit -const-gather-protocols-file /Users/admin/builder/spi-builder-workspace/.derivedData/Build/Intermediates.noindex/VatNumberKit.build/Debug-appletvos/VatNumberKit-t.build/Objects-normal/arm64/VatNumberKit_const_extract_protocols.json -disable-clang-spi -clang-target arm64-apple-tvos27.0 -target-sdk-version 27.0 -target-sdk-name appletvos27.0 -in-process-plugin-server-path /Applications/Xcode-27.0.0-Release.Candidate.app/Contents/Developer/Toolchains/XcodeDefault.xctoolchain/usr/lib/swift/host/libSwiftInProcPluginServer.dylib -parse-as-library -o /Users/admin/builder/spi-builder-workspace/.derivedData/Build/Intermediates.noindex/VatNumberKit.build/Debug-appletvos/VatNumberKit-t.build/Objects-normal/arm64/VatNumberKit_EUVatServiceResponse.o -o /Users/admin/builder/spi-builder-workspace/.derivedData/Build/Intermediates.noindex/VatNumberKit.build/Debug-appletvos/VatNumberKit-t.build/Objects-normal/arm64/VatNumberKit_UkVatServiceResponse.o -o /Users/admin/builder/spi-builder-workspace/.derivedData/Build/Intermediates.noindex/VatNumberKit.build/Debug-appletvos/VatNumberKit-t.build/Objects-normal/arm64/VatNumberKit_ValidationService.o -o /Users/admin/builder/spi-builder-workspace/.derivedData/Build/Intermediates.noindex/VatNumberKit.build/Debug-appletvos/VatNumberKit-t.build/Objects-normal/arm64/VatNumberKit.o -debug-module-path /Users/admin/builder/spi-builder-workspace/.derivedData/Build/Intermediates.noindex/VatNumberKit.build/Debug-appletvos/VatNumberKit-t.build/Objects-normal/arm64/VatNumberKit.swiftmodule -index-unit-output-path /VatNumberKit.build/Debug-appletvos/VatNumberKit-t.build/Objects-normal/arm64/VatNumberKit_EUVatServiceResponse.o -index-unit-output-path /VatNumberKit.build/Debug-appletvos/VatNumberKit-t.build/Objects-normal/arm64/VatNumberKit_UkVatServiceResponse.o -index-unit-output-path /VatNumberKit.build/Debug-appletvos/VatNumberKit-t.build/Objects-normal/arm64/VatNumberKit_ValidationService.o -index-unit-output-path /VatNumberKit.build/Debug-appletvos/VatNumberKit-t.build/Objects-normal/arm64/VatNumberKit.o -index-store-path /Users/admin/builder/spi-builder-workspace/.derivedData/Index.noindex/DataStore -index-system-modules
SwiftCompile normal arm64 /Users/admin/builder/spi-builder-workspace/Sources/VatNumberKit/Validators/Online/Services/Response\ Models/VatNumberKit_EUVatServiceResponse.swift (in target 'VatNumberKit' from project 'VatNumberKit')
    cd /Users/admin/builder/spi-builder-workspace/.swiftpm/xcode
    builtin-SwiftPerFileCompile VatNumberKit_EUVatServiceResponse.swift
SwiftCompile normal arm64 /Users/admin/builder/spi-builder-workspace/Sources/VatNumberKit/Validators/Online/Services/Response\ Models/VatNumberKit_UkVatServiceResponse.swift (in target 'VatNumberKit' from project 'VatNumberKit')
    cd /Users/admin/builder/spi-builder-workspace/.swiftpm/xcode
    builtin-SwiftPerFileCompile VatNumberKit_UkVatServiceResponse.swift
SwiftCompile normal arm64 /Users/admin/builder/spi-builder-workspace/Sources/VatNumberKit/Validators/Online/Services/VatNumberKit_ValidationService.swift (in target 'VatNumberKit' from project 'VatNumberKit')
    cd /Users/admin/builder/spi-builder-workspace/.swiftpm/xcode
    builtin-SwiftPerFileCompile VatNumberKit_ValidationService.swift
SwiftCompile normal arm64 /Users/admin/builder/spi-builder-workspace/Sources/VatNumberKit/VatNumberKit.swift (in target 'VatNumberKit' from project 'VatNumberKit')
    cd /Users/admin/builder/spi-builder-workspace/.swiftpm/xcode
    builtin-SwiftPerFileCompile VatNumberKit.swift
SwiftCompile normal arm64 Compiling\ VatNumberKit_SlovakiaChecksumValidator.swift,\ VatNumberKit_SloveniaChecksumValidator.swift,\ VatNumberKit_SpainChecksumValidator.swift,\ VatNumberKit_SwedenChecksumValidator.swift /Users/admin/builder/spi-builder-workspace/Sources/VatNumberKit/Validators/Checksum/VatNumberKit_SlovakiaChecksumValidator.swift /Users/admin/builder/spi-builder-workspace/Sources/VatNumberKit/Validators/Checksum/VatNumberKit_SloveniaChecksumValidator.swift /Users/admin/builder/spi-builder-workspace/Sources/VatNumberKit/Validators/Checksum/VatNumberKit_SpainChecksumValidator.swift /Users/admin/builder/spi-builder-workspace/Sources/VatNumberKit/Validators/Checksum/VatNumberKit_SwedenChecksumValidator.swift (in target 'VatNumberKit' from project 'VatNumberKit')
SwiftCompile normal arm64 /Users/admin/builder/spi-builder-workspace/Sources/VatNumberKit/Validators/Checksum/VatNumberKit_SlovakiaChecksumValidator.swift (in target 'VatNumberKit' from project 'VatNumberKit')
    cd /Users/admin/builder/spi-builder-workspace/.swiftpm/xcode
    builtin-SwiftPerFileCompile VatNumberKit_SlovakiaChecksumValidator.swift
SwiftCompile normal arm64 /Users/admin/builder/spi-builder-workspace/Sources/VatNumberKit/Validators/Checksum/VatNumberKit_SloveniaChecksumValidator.swift (in target 'VatNumberKit' from project 'VatNumberKit')
    cd /Users/admin/builder/spi-builder-workspace/.swiftpm/xcode
    builtin-SwiftPerFileCompile VatNumberKit_SloveniaChecksumValidator.swift
SwiftCompile normal arm64 /Users/admin/builder/spi-builder-workspace/Sources/VatNumberKit/Validators/Checksum/VatNumberKit_SpainChecksumValidator.swift (in target 'VatNumberKit' from project 'VatNumberKit')
    cd /Users/admin/builder/spi-builder-workspace/.swiftpm/xcode
    builtin-SwiftPerFileCompile VatNumberKit_SpainChecksumValidator.swift
SwiftCompile normal arm64 /Users/admin/builder/spi-builder-workspace/Sources/VatNumberKit/Validators/Checksum/VatNumberKit_SwedenChecksumValidator.swift (in target 'VatNumberKit' from project 'VatNumberKit')
    cd /Users/admin/builder/spi-builder-workspace/.swiftpm/xcode
    builtin-SwiftPerFileCompile VatNumberKit_SwedenChecksumValidator.swift
SwiftCompile normal arm64 Compiling\ VatNumberKit_FinlandChecksumValidator.swift,\ VatNumberKit_FranceChecksumValidator.swift,\ VatNumberKit_GermanyChecksumValidator.swift,\ VatNumberKit_GreatBritainChecksumValidator.swift,\ VatNumberKit_GreeceChecksumValidator.swift /Users/admin/builder/spi-builder-workspace/Sources/VatNumberKit/Validators/Checksum/VatNumberKit_FinlandChecksumValidator.swift /Users/admin/builder/spi-builder-workspace/Sources/VatNumberKit/Validators/Checksum/VatNumberKit_FranceChecksumValidator.swift /Users/admin/builder/spi-builder-workspace/Sources/VatNumberKit/Validators/Checksum/VatNumberKit_GermanyChecksumValidator.swift /Users/admin/builder/spi-builder-workspace/Sources/VatNumberKit/Validators/Checksum/VatNumberKit_GreatBritainChecksumValidator.swift /Users/admin/builder/spi-builder-workspace/Sources/VatNumberKit/Validators/Checksum/VatNumberKit_GreeceChecksumValidator.swift (in target 'VatNumberKit' from project 'VatNumberKit')
SwiftCompile normal arm64 /Users/admin/builder/spi-builder-workspace/Sources/VatNumberKit/Validators/Checksum/VatNumberKit_FinlandChecksumValidator.swift (in target 'VatNumberKit' from project 'VatNumberKit')
    cd /Users/admin/builder/spi-builder-workspace/.swiftpm/xcode
    builtin-SwiftPerFileCompile VatNumberKit_FinlandChecksumValidator.swift
SwiftCompile normal arm64 /Users/admin/builder/spi-builder-workspace/Sources/VatNumberKit/Validators/Checksum/VatNumberKit_FranceChecksumValidator.swift (in target 'VatNumberKit' from project 'VatNumberKit')
    cd /Users/admin/builder/spi-builder-workspace/.swiftpm/xcode
    builtin-SwiftPerFileCompile VatNumberKit_FranceChecksumValidator.swift
SwiftCompile normal arm64 /Users/admin/builder/spi-builder-workspace/Sources/VatNumberKit/Validators/Checksum/VatNumberKit_GermanyChecksumValidator.swift (in target 'VatNumberKit' from project 'VatNumberKit')
    cd /Users/admin/builder/spi-builder-workspace/.swiftpm/xcode
    builtin-SwiftPerFileCompile VatNumberKit_GermanyChecksumValidator.swift
SwiftCompile normal arm64 /Users/admin/builder/spi-builder-workspace/Sources/VatNumberKit/Validators/Checksum/VatNumberKit_GreatBritainChecksumValidator.swift (in target 'VatNumberKit' from project 'VatNumberKit')
    cd /Users/admin/builder/spi-builder-workspace/.swiftpm/xcode
    builtin-SwiftPerFileCompile VatNumberKit_GreatBritainChecksumValidator.swift
SwiftCompile normal arm64 /Users/admin/builder/spi-builder-workspace/Sources/VatNumberKit/Validators/Checksum/VatNumberKit_GreeceChecksumValidator.swift (in target 'VatNumberKit' from project 'VatNumberKit')
    cd /Users/admin/builder/spi-builder-workspace/.swiftpm/xcode
    builtin-SwiftPerFileCompile VatNumberKit_GreeceChecksumValidator.swift
SwiftDriverJobDiscovery normal arm64 Emitting module for VatNumberKit (in target 'VatNumberKit' from project 'VatNumberKit')
SwiftDriver\ Compilation\ Requirements VatNumberKit normal arm64 com.apple.xcode.tools.swift.compiler (in target 'VatNumberKit' from project 'VatNumberKit')
    cd /Users/admin/builder/spi-builder-workspace/.swiftpm/xcode
    builtin-Swift-Compilation-Requirements -- /Applications/Xcode-27.0.0-Release.Candidate.app/Contents/Developer/Toolchains/XcodeDefault.xctoolchain/usr/bin/swiftc -parse-as-library -module-name VatNumberKit -Onone @/Users/admin/builder/spi-builder-workspace/.derivedData/Build/Intermediates.noindex/VatNumberKit.build/Debug-appletvos/VatNumberKit-t.build/Objects-normal/arm64/VatNumberKit.SwiftFileList -DSWIFT_PACKAGE -DDEBUG -DSWIFT_MODULE_RESOURCE_BUNDLE_UNAVAILABLE -DXcode -plugin-path /Applications/Xcode-27.0.0-Release.Candidate.app/Contents/Developer/Toolchains/XcodeDefault.xctoolchain/usr/lib/swift/host/plugins/testing -enable-experimental-feature DebugDescriptionMacro -sdk /Applications/Xcode-27.0.0-Release.Candidate.app/Contents/Developer/Platforms/AppleTVOS.platform/Developer/SDKs/AppleTVOS27.0.sdk -target arm64-apple-tvos15.0 -g -module-cache-path /Users/admin/builder/spi-builder-workspace/.derivedData/ModuleCache.noindex -Xfrontend -serialize-debugging-options -profile-coverage-mapping -profile-generate -enable-testing -index-store-path /Users/admin/builder/spi-builder-workspace/.derivedData/Index.noindex/DataStore -Xcc -D_LIBCPP_HARDENING_MODE\=_LIBCPP_HARDENING_MODE_DEBUG -swift-version 5 -I /Users/admin/builder/spi-builder-workspace/.derivedData/Build/Products/Debug-appletvos -Isystem /Applications/Xcode-27.0.0-Release.Candidate.app/Contents/Developer/Platforms/AppleTVOS.platform/Developer/usr/lib -F /Users/admin/builder/spi-builder-workspace/.derivedData/Build/Products/Debug-appletvos -F /Applications/Xcode-27.0.0-Release.Candidate.app/Contents/Developer/Platforms/AppleTVOS.platform/Developer/Library/Frameworks -F /Applications/Xcode-27.0.0-Release.Candidate.app/Contents/Developer/Platforms/AppleTVOS.platform/Developer/SDKs/AppleTVOS27.0.sdk/Developer/Library/Frameworks -c -j10 -enable-batch-mode -incremental -Xcc -ivfsstatcache -Xcc /Users/admin/builder/spi-builder-workspace/.derivedData/SDKStatCaches.noindex/appletvos27.0-24J360-e829b21a6f8c9b70876ba0858053c044b32bfd8d43560033f8d89884cdb90028.sdkstatcache -output-file-map /Users/admin/builder/spi-builder-workspace/.derivedData/Build/Intermediates.noindex/VatNumberKit.build/Debug-appletvos/VatNumberKit-t.build/Objects-normal/arm64/VatNumberKit-OutputFileMap.json -save-temps -no-color-diagnostics -explicit-module-build -module-cache-path /Users/admin/builder/spi-builder-workspace/.derivedData/Build/Intermediates.noindex/SwiftExplicitPrecompiledModules -clang-scanner-module-cache-path /Users/admin/builder/spi-builder-workspace/.derivedData/ModuleCache.noindex -sdk-module-cache-path /Users/admin/builder/spi-builder-workspace/.derivedData/SDKExplicitPrecompiledModules -emit-dependencies -emit-module -emit-module-path /Users/admin/builder/spi-builder-workspace/.derivedData/Build/Intermediates.noindex/VatNumberKit.build/Debug-appletvos/VatNumberKit-t.build/Objects-normal/arm64/VatNumberKit.swiftmodule -serialize-diagnostics -dependency-scan-serialize-diagnostics-path /Users/admin/builder/spi-builder-workspace/.derivedData/Build/Intermediates.noindex/VatNumberKit.build/Debug-appletvos/VatNumberKit-t.build/Objects-normal/arm64/VatNumberKit-dependency-scan.dia -validate-clang-modules-once -clang-build-session-file /Users/admin/builder/spi-builder-workspace/.derivedData/ModuleCache.noindex/Session.modulevalidation -Xcc -fmodules-prune-interval\=86400 -Xcc -fmodules-prune-after\=345600 -emit-const-values -const-gather-protocols-list /Users/admin/builder/spi-builder-workspace/.derivedData/Build/Intermediates.noindex/VatNumberKit.build/Debug-appletvos/VatNumberKit-t.build/Objects-normal/arm64/VatNumberKit_const_extract_protocols.json -Xcc -I/Users/admin/builder/spi-builder-workspace/.derivedData/Build/Products/Debug-appletvos/include -Xcc -I/Users/admin/builder/spi-builder-workspace/.derivedData/Build/Intermediates.noindex/VatNumberKit.build/Debug-appletvos/VatNumberKit-t.build/DerivedSources-normal/arm64 -Xcc -I/Users/admin/builder/spi-builder-workspace/.derivedData/Build/Intermediates.noindex/VatNumberKit.build/Debug-appletvos/VatNumberKit-t.build/DerivedSources/arm64 -Xcc -I/Users/admin/builder/spi-builder-workspace/.derivedData/Build/Intermediates.noindex/VatNumberKit.build/Debug-appletvos/VatNumberKit-t.build/DerivedSources -Xcc -DSWIFT_PACKAGE -Xcc -DDEBUG\=1 -emit-objc-header -emit-objc-header-path /Users/admin/builder/spi-builder-workspace/.derivedData/Build/Intermediates.noindex/VatNumberKit.build/Debug-appletvos/VatNumberKit-t.build/Objects-normal/arm64/VatNumberKit-Swift.h -working-directory /Users/admin/builder/spi-builder-workspace/.swiftpm/xcode -experimental-emit-module-separately -disable-cmo
SwiftDriverJobDiscovery normal arm64 Compiling VatNumberKit_HungaryChecksumValidator.swift, VatNumberKit_IrelandChecksumValidator.swift, VatNumberKit_ItalyChecksumValidator.swift, VatNumberKit_LatviaChecksumValidator.swift (in target 'VatNumberKit' from project 'VatNumberKit')
SwiftDriverJobDiscovery normal arm64 Compiling VatNumberKit_SlovakiaChecksumValidator.swift, VatNumberKit_SloveniaChecksumValidator.swift, VatNumberKit_SpainChecksumValidator.swift, VatNumberKit_SwedenChecksumValidator.swift (in target 'VatNumberKit' from project 'VatNumberKit')
SwiftDriverJobDiscovery normal arm64 Compiling VatNumberKit_FinlandChecksumValidator.swift, VatNumberKit_FranceChecksumValidator.swift, VatNumberKit_GermanyChecksumValidator.swift, VatNumberKit_GreatBritainChecksumValidator.swift, VatNumberKit_GreeceChecksumValidator.swift (in target 'VatNumberKit' from project 'VatNumberKit')
SwiftDriverJobDiscovery normal arm64 Compiling VatNumberKit_LithuaniaChecksumValidator.swift, VatNumberKit_LuxembourgChecksumValidator.swift, VatNumberKit_MaltaChecksumValidator.swift, VatNumberKit_NetherlandsChecksumValidator.swift (in target 'VatNumberKit' from project 'VatNumberKit')
SwiftDriverJobDiscovery normal arm64 Compiling IrishVatNumberConverter.swift, BinaryInteger+Clamp.swift, String+Alphanumeric.swift, String+RangeSubscript.swift, VatNumberKit_ChecksumHelper.swift (in target 'VatNumberKit' from project 'VatNumberKit')
SwiftDriverJobDiscovery normal arm64 Compiling VatNumberKit_Country.swift, VatNumberKit_ValidationMode.swift, VatNumberKit_ValidationOutput.swift, VatNumberKit_ValidationServiceOutput.swift, VatNumberKit_VatNumber.swift (in target 'VatNumberKit' from project 'VatNumberKit')
SwiftDriverJobDiscovery normal arm64 Compiling VatNumberKit_AustriaChecksumValidator.swift, VatNumberKit_BelgiumChecksumValidator.swift, VatNumberKit_BulgariaChecksumValidator.swift, VatNumberKit_ChecksumValidator.swift, VatNumberKit_CroatiaChecksumValidator.swift (in target 'VatNumberKit' from project 'VatNumberKit')
SwiftDriverJobDiscovery normal arm64 Compiling VatNumberKit_NorthernIrelandChecksumValidator.swift, VatNumberKit_PolandChecksumValidator.swift, VatNumberKit_PortugalChecksumValidator.swift, VatNumberKit_RomaniaChecksumValidator.swift (in target 'VatNumberKit' from project 'VatNumberKit')
SwiftDriverJobDiscovery normal arm64 Compiling VatNumberKit_CyprusChecksumValidator.swift, VatNumberKit_CzechRepublicChecksumValidator.swift, VatNumberKit_DenmarkChecksumValidator.swift, VatNumberKit_EstoniaChecksumValidator.swift, VatNumberKit_EuropeanEntityValidator.swift (in target 'VatNumberKit' from project 'VatNumberKit')
PruneExplicitPrecompiledModules /Users/admin/builder/spi-builder-workspace/.derivedData/SDKExplicitPrecompiledModules
PruneExplicitPrecompiledModules /Users/admin/builder/spi-builder-workspace/.derivedData/Build/Intermediates.noindex/SwiftExplicitPrecompiledModules
PruneExplicitPrecompiledModules /Users/admin/builder/spi-builder-workspace/.derivedData/Build/Intermediates.noindex/ExplicitPrecompiledModules
2026-09-18 19:50:22.613 xcodebuild[649:4246] [MT] IDERunDestination: Supported platforms for the buildables in the current scheme is empty.
** BUILD FAILED **
The following build commands failed:
	SwiftCompile normal arm64 Compiling\ VatNumberKit_EUVatServiceResponse.swift,\ VatNumberKit_UkVatServiceResponse.swift,\ VatNumberKit_ValidationService.swift,\ VatNumberKit.swift /Users/admin/builder/spi-builder-workspace/Sources/VatNumberKit/Validators/Online/Services/Response\ Models/VatNumberKit_EUVatServiceResponse.swift /Users/admin/builder/spi-builder-workspace/Sources/VatNumberKit/Validators/Online/Services/Response\ Models/VatNumberKit_UkVatServiceResponse.swift /Users/admin/builder/spi-builder-workspace/Sources/VatNumberKit/Validators/Online/Services/VatNumberKit_ValidationService.swift /Users/admin/builder/spi-builder-workspace/Sources/VatNumberKit/VatNumberKit.swift (in target 'VatNumberKit' from project 'VatNumberKit')
	SwiftCompile normal arm64 /Users/admin/builder/spi-builder-workspace/Sources/VatNumberKit/VatNumberKit.swift (in target 'VatNumberKit' from project 'VatNumberKit')
	Building workspace VatNumberKit with scheme VatNumberKit
(3 failures)
Command line invocation:
    /Applications/Xcode-27.0.0-Release.Candidate.app/Contents/Developer/usr/bin/xcodebuild -IDEClonedSourcePackagesDirPathOverride=/Users/admin/builder/spi-builder-workspace/.dependencies -resolvePackageDependencies
Resolve Package Graph
Resolved source packages:
  VatNumberKit: /Users/admin/builder/spi-builder-workspace
resolved source packages: VatNumberKit
2026-09-18 19:50:29.232 xcodebuild[702:4539] [MT] IDERunDestination: Supported platforms for the buildables in the current scheme is empty.
{
  "dependencies" : [
  ],
  "manifest_display_name" : "VatNumberKit",
  "name" : "VatNumberKit",
  "path" : "/Users/admin/builder/spi-builder-workspace",
  "platforms" : [
    {
      "name" : "ios",
      "version" : "14.0"
    },
    {
      "name" : "macos",
      "version" : "12.0"
    }
  ],
  "products" : [
    {
      "name" : "VatNumberKit",
      "targets" : [
        "VatNumberKit"
      ],
      "type" : {
        "library" : [
          "automatic"
        ]
      }
    }
  ],
  "swift_languages_versions" : [
    "5"
  ],
  "targets" : [
    {
      "c99name" : "VatNumberKitTests",
      "module_type" : "SwiftTarget",
      "name" : "VatNumberKitTests",
      "path" : "Tests/VatNumberKitTests",
      "sources" : [
        "Converters/IrishVatNumberConverterTests.swift",
        "Countries/Austria/AustriaVatNumberTests.swift",
        "Countries/Belgium/BelgiumVatNumberTests.swift",
        "Countries/Bulgaria/BulgariaVatNumberTests.swift",
        "Countries/Croatia/CroatiaVatNumberTests.swift",
        "Countries/Cyprus/CyprusVatNumberTests.swift",
        "Countries/Czech Replublic/CzechRepublicVatNumberTests.swift",
        "Countries/Denmark/DenmarkVatNumberTests.swift",
        "Countries/Estonia/EstoniaVatNumberTests.swift",
        "Countries/European Entity/EuropeanEntityVatNumberTests.swift",
        "Countries/Finland/FinlandVatNumberTests.swift",
        "Countries/France/FranceVatNumberTests.swift",
        "Countries/Germany/GermanyVatNumberTests.swift",
        "Countries/Great Britain/GreatBritainVatNumberTests.swift",
        "Countries/Greece/GreeceVatNumberTests.swift",
        "Countries/Hungary/HungaryVatNumberTests.swift",
        "Countries/Ireland/IrelandVatNumberTests.swift",
        "Countries/Italy/ItalyVatNumberTests.swift",
        "Countries/Latvia/LatviaVatNumberTests.swift",
        "Countries/Lithuania/LithuaniaVatNumberTests.swift",
        "Countries/Luxembourg/LuxembourgVatNumberTests.swift",
        "Countries/Malta/MaltaVatNumberTests.swift",
        "Countries/Netherlands/NetherlandsVatNumberTests.swift",
        "Countries/Northern Ireland/NorthernIrelandVatNumberTests.swift",
        "Countries/Poland/PolandVatNumberTests.swift",
        "Countries/Portugal/PortugalVatNumberTests.swift",
        "Countries/Romania/RomaniaVatNumberTests.swift",
        "Countries/Slovakia/SlovakiaVatNumberTests.swift",
        "Countries/Slovenia/SloveniaVatNumberTests.swift",
        "Countries/Spain/SpainVatNumberTests.swift",
        "Countries/Sweden/SwedenVatNumberTests.swift",
        "Extensions/String/StringAlphanumericTests.swift",
        "Extensions/String/StringDiacriticsTests.swift",
        "Models/VatNumberCountryTests.swift",
        "Models/VatNumberTests.swift",
        "Validators/Checksum/AustriaChecksumValidatorTests.swift",
        "Validators/Checksum/BelgiumChecksumValidatorTests.swift",
        "Validators/Checksum/BulgariaChecksumValidatorTests.swift",
        "Validators/Checksum/CroatiaChecksumValidatorTests.swift",
        "Validators/Checksum/CyprusChecksumValidatorTests.swift",
        "Validators/Checksum/CzechRepublicChecksumValidatorTests.swift",
        "Validators/Checksum/DenmarkChecksumValidatorTests.swift",
        "Validators/Checksum/EstoniaChecksumValidatorTests.swift",
        "Validators/Checksum/EuropeanEntityChecksumValidatorTests.swift",
        "Validators/Checksum/FinlandChecksumValidatorTests.swift",
        "Validators/Checksum/FranceChecksumValidatorTests.swift",
        "Validators/Checksum/GermanyChecksumValidatorTests.swift",
        "Validators/Checksum/GreatBritainChecksumValidatorTests.swift",
        "Validators/Checksum/GreeceChecksumValidatorTests.swift",
        "Validators/Checksum/HungaryChecksumValidatorTests.swift",
        "Validators/Checksum/IrelandChecksumValidatorTests.swift",
        "Validators/Checksum/ItalyChecksumValidatorTests.swift",
        "Validators/Checksum/LatviaChecksumValidatorTests.swift",
        "Validators/Checksum/LithuaniaChecksumValidatorTests.swift",
        "Validators/Checksum/LuxembourgChecksumValidatorTests.swift",
        "Validators/Checksum/MaltaChecksumValidatorTests.swift",
        "Validators/Checksum/NetherlandsChecksumValidatorTests.swift",
        "Validators/Checksum/NorthernIrelandChecksumValidatorTests.swift",
        "Validators/Checksum/PolandChecksumValidatorTests.swift",
        "Validators/Checksum/PortugalChecksumValidatorTests.swift",
        "Validators/Checksum/RomaniaChecksumValidatorTests.swift",
        "Validators/Checksum/SlovakiaChecksumValidatorTests.swift",
        "Validators/Checksum/SloveniaChecksumValidatorTests.swift",
        "Validators/Checksum/SpainChecksumValidatorTests.swift",
        "Validators/Checksum/SwedenChecksumValidatorTests.swift",
        "Validators/Online/Services/MockUrlProtocol.swift",
        "Validators/Online/Services/Mocks.swift",
        "Validators/Online/Services/ValidationServiceTests.swift",
        "VatNumberKitTests.swift"
      ],
      "target_dependencies" : [
        "VatNumberKit"
      ],
      "type" : "test"
    },
    {
      "c99name" : "VatNumberKit",
      "module_type" : "SwiftTarget",
      "name" : "VatNumberKit",
      "path" : "Sources/VatNumberKit",
      "product_memberships" : [
        "VatNumberKit"
      ],
      "sources" : [
        "Converters/IrishVatNumberConverter.swift",
        "Extensions/BinaryInteger/BinaryInteger+Clamp.swift",
        "Extensions/String/String+Alphanumeric.swift",
        "Extensions/String/String+RangeSubscript.swift",
        "Helpers/VatNumberKit_ChecksumHelper.swift",
        "Models/VatNumberKit_Country.swift",
        "Models/VatNumberKit_ValidationMode.swift",
        "Models/VatNumberKit_ValidationOutput.swift",
        "Models/VatNumberKit_ValidationServiceOutput.swift",
        "Models/VatNumberKit_VatNumber.swift",
        "Validators/Checksum/VatNumberKit_AustriaChecksumValidator.swift",
        "Validators/Checksum/VatNumberKit_BelgiumChecksumValidator.swift",
        "Validators/Checksum/VatNumberKit_BulgariaChecksumValidator.swift",
        "Validators/Checksum/VatNumberKit_ChecksumValidator.swift",
        "Validators/Checksum/VatNumberKit_CroatiaChecksumValidator.swift",
        "Validators/Checksum/VatNumberKit_CyprusChecksumValidator.swift",
        "Validators/Checksum/VatNumberKit_CzechRepublicChecksumValidator.swift",
        "Validators/Checksum/VatNumberKit_DenmarkChecksumValidator.swift",
        "Validators/Checksum/VatNumberKit_EstoniaChecksumValidator.swift",
        "Validators/Checksum/VatNumberKit_EuropeanEntityValidator.swift",
        "Validators/Checksum/VatNumberKit_FinlandChecksumValidator.swift",
        "Validators/Checksum/VatNumberKit_FranceChecksumValidator.swift",
        "Validators/Checksum/VatNumberKit_GermanyChecksumValidator.swift",
        "Validators/Checksum/VatNumberKit_GreatBritainChecksumValidator.swift",
        "Validators/Checksum/VatNumberKit_GreeceChecksumValidator.swift",
        "Validators/Checksum/VatNumberKit_HungaryChecksumValidator.swift",
        "Validators/Checksum/VatNumberKit_IrelandChecksumValidator.swift",
        "Validators/Checksum/VatNumberKit_ItalyChecksumValidator.swift",
        "Validators/Checksum/VatNumberKit_LatviaChecksumValidator.swift",
        "Validators/Checksum/VatNumberKit_LithuaniaChecksumValidator.swift",
        "Validators/Checksum/VatNumberKit_LuxembourgChecksumValidator.swift",
        "Validators/Checksum/VatNumberKit_MaltaChecksumValidator.swift",
        "Validators/Checksum/VatNumberKit_NetherlandsChecksumValidator.swift",
        "Validators/Checksum/VatNumberKit_NorthernIrelandChecksumValidator.swift",
        "Validators/Checksum/VatNumberKit_PolandChecksumValidator.swift",
        "Validators/Checksum/VatNumberKit_PortugalChecksumValidator.swift",
        "Validators/Checksum/VatNumberKit_RomaniaChecksumValidator.swift",
        "Validators/Checksum/VatNumberKit_SlovakiaChecksumValidator.swift",
        "Validators/Checksum/VatNumberKit_SloveniaChecksumValidator.swift",
        "Validators/Checksum/VatNumberKit_SpainChecksumValidator.swift",
        "Validators/Checksum/VatNumberKit_SwedenChecksumValidator.swift",
        "Validators/Online/Services/Response Models/VatNumberKit_EUVatServiceResponse.swift",
        "Validators/Online/Services/Response Models/VatNumberKit_UkVatServiceResponse.swift",
        "Validators/Online/Services/VatNumberKit_ValidationService.swift",
        "VatNumberKit.swift"
      ],
      "type" : "library"
    }
  ],
  "tools_version" : "5.7"
}
{
  "workspace" : {
    "name" : "VatNumberKit",
    "schemes" : [
      "VatNumberKit"
    ]
  }
}
2026-09-18 19:50:30.437 xcodebuild[710:4604] [MT] IDERunDestination: Supported platforms for the buildables in the current scheme is empty.
Running build ...
env DEVELOPER_DIR=/Applications/Xcode-27.0.0-Release.Candidate.app xcrun xcodebuild -IDEClonedSourcePackagesDirPathOverride=$PWD/.dependencies -skipMacroValidation -skipPackagePluginValidation -derivedDataPath $PWD/.derivedData build -scheme VatNumberKit -destination generic/platform=tvOS
Command line invocation:
    /Applications/Xcode-27.0.0-Release.Candidate.app/Contents/Developer/usr/bin/xcodebuild -IDEClonedSourcePackagesDirPathOverride=/Users/admin/builder/spi-builder-workspace/.dependencies -skipMacroValidation -skipPackagePluginValidation -derivedDataPath /Users/admin/builder/spi-builder-workspace/.derivedData build -scheme VatNumberKit -destination generic/platform=tvOS
Resolve Package Graph
Resolved source packages:
  VatNumberKit: /Users/admin/builder/spi-builder-workspace
ComputePackagePrebuildTargetDependencyGraph
Prepare packages
CreateBuildRequest
SendProjectDescription
CreateBuildOperation
ComputeTargetDependencyGraph
note: Building targets in dependency order
note: Target dependency graph (2 targets)
    Target 'VatNumberKit-product' in project 'VatNumberKit'
        ➜ Explicit dependency on target 'VatNumberKit' in project 'VatNumberKit'
    Target 'VatNumberKit' in project 'VatNumberKit' (no dependencies)
GatherProvisioningInputs
CreateBuildDescription
ClangStatCache /Applications/Xcode-27.0.0-Release.Candidate.app/Contents/Developer/Toolchains/XcodeDefault.xctoolchain/usr/bin/clang-stat-cache /Applications/Xcode-27.0.0-Release.Candidate.app/Contents/Developer/Platforms/AppleTVOS.platform/Developer/SDKs/AppleTVOS27.0.sdk /Users/admin/builder/spi-builder-workspace/.derivedData/SDKStatCaches.noindex/appletvos27.0-24J360-e829b21a6f8c9b70876ba0858053c044b32bfd8d43560033f8d89884cdb90028.sdkstatcache
    cd /Users/admin/builder/spi-builder-workspace/.swiftpm/xcode
    /Applications/Xcode-27.0.0-Release.Candidate.app/Contents/Developer/Toolchains/XcodeDefault.xctoolchain/usr/bin/clang-stat-cache /Applications/Xcode-27.0.0-Release.Candidate.app/Contents/Developer/Platforms/AppleTVOS.platform/Developer/SDKs/AppleTVOS27.0.sdk -o /Users/admin/builder/spi-builder-workspace/.derivedData/SDKStatCaches.noindex/appletvos27.0-24J360-e829b21a6f8c9b70876ba0858053c044b32bfd8d43560033f8d89884cdb90028.sdkstatcache
SwiftMergeGeneratedHeaders /Users/admin/builder/spi-builder-workspace/.derivedData/Build/Intermediates.noindex/GeneratedModuleMaps-appletvos/VatNumberKit-Swift.h /Users/admin/builder/spi-builder-workspace/.derivedData/Build/Intermediates.noindex/VatNumberKit.build/Debug-appletvos/VatNumberKit-t.build/Objects-normal/arm64/VatNumberKit-Swift.h (in target 'VatNumberKit' from project 'VatNumberKit')
    cd /Users/admin/builder/spi-builder-workspace
    builtin-swiftHeaderTool -arch arm64 /Users/admin/builder/spi-builder-workspace/.derivedData/Build/Intermediates.noindex/VatNumberKit.build/Debug-appletvos/VatNumberKit-t.build/Objects-normal/arm64/VatNumberKit-Swift.h -o /Users/admin/builder/spi-builder-workspace/.derivedData/Build/Intermediates.noindex/GeneratedModuleMaps-appletvos/VatNumberKit-Swift.h
SwiftDriver VatNumberKit normal arm64 com.apple.xcode.tools.swift.compiler (in target 'VatNumberKit' from project 'VatNumberKit')
    cd /Users/admin/builder/spi-builder-workspace/.swiftpm/xcode
    builtin-SwiftDriver -- /Applications/Xcode-27.0.0-Release.Candidate.app/Contents/Developer/Toolchains/XcodeDefault.xctoolchain/usr/bin/swiftc -parse-as-library -module-name VatNumberKit -Onone @/Users/admin/builder/spi-builder-workspace/.derivedData/Build/Intermediates.noindex/VatNumberKit.build/Debug-appletvos/VatNumberKit-t.build/Objects-normal/arm64/VatNumberKit.SwiftFileList -DSWIFT_PACKAGE -DDEBUG -DSWIFT_MODULE_RESOURCE_BUNDLE_UNAVAILABLE -DXcode -plugin-path /Applications/Xcode-27.0.0-Release.Candidate.app/Contents/Developer/Toolchains/XcodeDefault.xctoolchain/usr/lib/swift/host/plugins/testing -enable-experimental-feature DebugDescriptionMacro -sdk /Applications/Xcode-27.0.0-Release.Candidate.app/Contents/Developer/Platforms/AppleTVOS.platform/Developer/SDKs/AppleTVOS27.0.sdk -target arm64-apple-tvos15.0 -g -module-cache-path /Users/admin/builder/spi-builder-workspace/.derivedData/ModuleCache.noindex -Xfrontend -serialize-debugging-options -profile-coverage-mapping -profile-generate -enable-testing -index-store-path /Users/admin/builder/spi-builder-workspace/.derivedData/Index.noindex/DataStore -Xcc -D_LIBCPP_HARDENING_MODE\=_LIBCPP_HARDENING_MODE_DEBUG -swift-version 5 -I /Users/admin/builder/spi-builder-workspace/.derivedData/Build/Products/Debug-appletvos -Isystem /Applications/Xcode-27.0.0-Release.Candidate.app/Contents/Developer/Platforms/AppleTVOS.platform/Developer/usr/lib -F /Users/admin/builder/spi-builder-workspace/.derivedData/Build/Products/Debug-appletvos -F /Applications/Xcode-27.0.0-Release.Candidate.app/Contents/Developer/Platforms/AppleTVOS.platform/Developer/Library/Frameworks -F /Applications/Xcode-27.0.0-Release.Candidate.app/Contents/Developer/Platforms/AppleTVOS.platform/Developer/SDKs/AppleTVOS27.0.sdk/Developer/Library/Frameworks -c -j10 -enable-batch-mode -incremental -Xcc -ivfsstatcache -Xcc /Users/admin/builder/spi-builder-workspace/.derivedData/SDKStatCaches.noindex/appletvos27.0-24J360-e829b21a6f8c9b70876ba0858053c044b32bfd8d43560033f8d89884cdb90028.sdkstatcache -output-file-map /Users/admin/builder/spi-builder-workspace/.derivedData/Build/Intermediates.noindex/VatNumberKit.build/Debug-appletvos/VatNumberKit-t.build/Objects-normal/arm64/VatNumberKit-OutputFileMap.json -save-temps -no-color-diagnostics -explicit-module-build -module-cache-path /Users/admin/builder/spi-builder-workspace/.derivedData/Build/Intermediates.noindex/SwiftExplicitPrecompiledModules -clang-scanner-module-cache-path /Users/admin/builder/spi-builder-workspace/.derivedData/ModuleCache.noindex -sdk-module-cache-path /Users/admin/builder/spi-builder-workspace/.derivedData/SDKExplicitPrecompiledModules -emit-dependencies -emit-module -emit-module-path /Users/admin/builder/spi-builder-workspace/.derivedData/Build/Intermediates.noindex/VatNumberKit.build/Debug-appletvos/VatNumberKit-t.build/Objects-normal/arm64/VatNumberKit.swiftmodule -serialize-diagnostics -dependency-scan-serialize-diagnostics-path /Users/admin/builder/spi-builder-workspace/.derivedData/Build/Intermediates.noindex/VatNumberKit.build/Debug-appletvos/VatNumberKit-t.build/Objects-normal/arm64/VatNumberKit-dependency-scan.dia -validate-clang-modules-once -clang-build-session-file /Users/admin/builder/spi-builder-workspace/.derivedData/ModuleCache.noindex/Session.modulevalidation -Xcc -fmodules-prune-interval\=86400 -Xcc -fmodules-prune-after\=345600 -emit-const-values -const-gather-protocols-list /Users/admin/builder/spi-builder-workspace/.derivedData/Build/Intermediates.noindex/VatNumberKit.build/Debug-appletvos/VatNumberKit-t.build/Objects-normal/arm64/VatNumberKit_const_extract_protocols.json -Xcc -I/Users/admin/builder/spi-builder-workspace/.derivedData/Build/Products/Debug-appletvos/include -Xcc -I/Users/admin/builder/spi-builder-workspace/.derivedData/Build/Intermediates.noindex/VatNumberKit.build/Debug-appletvos/VatNumberKit-t.build/DerivedSources-normal/arm64 -Xcc -I/Users/admin/builder/spi-builder-workspace/.derivedData/Build/Intermediates.noindex/VatNumberKit.build/Debug-appletvos/VatNumberKit-t.build/DerivedSources/arm64 -Xcc -I/Users/admin/builder/spi-builder-workspace/.derivedData/Build/Intermediates.noindex/VatNumberKit.build/Debug-appletvos/VatNumberKit-t.build/DerivedSources -Xcc -DSWIFT_PACKAGE -Xcc -DDEBUG\=1 -emit-objc-header -emit-objc-header-path /Users/admin/builder/spi-builder-workspace/.derivedData/Build/Intermediates.noindex/VatNumberKit.build/Debug-appletvos/VatNumberKit-t.build/Objects-normal/arm64/VatNumberKit-Swift.h -working-directory /Users/admin/builder/spi-builder-workspace/.swiftpm/xcode -experimental-emit-module-separately -disable-cmo
Copy /Users/admin/builder/spi-builder-workspace/.derivedData/Build/Products/Debug-appletvos/VatNumberKit.swiftmodule/arm64-apple-tvos.abi.json /Users/admin/builder/spi-builder-workspace/.derivedData/Build/Intermediates.noindex/VatNumberKit.build/Debug-appletvos/VatNumberKit-t.build/Objects-normal/arm64/VatNumberKit.abi.json (in target 'VatNumberKit' from project 'VatNumberKit')
    cd /Users/admin/builder/spi-builder-workspace
    builtin-copy -exclude .DS_Store -exclude CVS -exclude .svn -exclude .git -exclude .hg -resolve-src-symlinks -rename /Users/admin/builder/spi-builder-workspace/.derivedData/Build/Intermediates.noindex/VatNumberKit.build/Debug-appletvos/VatNumberKit-t.build/Objects-normal/arm64/VatNumberKit.abi.json /Users/admin/builder/spi-builder-workspace/.derivedData/Build/Products/Debug-appletvos/VatNumberKit.swiftmodule/arm64-apple-tvos.abi.json
Copy /Users/admin/builder/spi-builder-workspace/.derivedData/Build/Products/Debug-appletvos/VatNumberKit.swiftmodule/arm64-apple-tvos.swiftmodule /Users/admin/builder/spi-builder-workspace/.derivedData/Build/Intermediates.noindex/VatNumberKit.build/Debug-appletvos/VatNumberKit-t.build/Objects-normal/arm64/VatNumberKit.swiftmodule (in target 'VatNumberKit' from project 'VatNumberKit')
    cd /Users/admin/builder/spi-builder-workspace
    builtin-copy -exclude .DS_Store -exclude CVS -exclude .svn -exclude .git -exclude .hg -resolve-src-symlinks -rename /Users/admin/builder/spi-builder-workspace/.derivedData/Build/Intermediates.noindex/VatNumberKit.build/Debug-appletvos/VatNumberKit-t.build/Objects-normal/arm64/VatNumberKit.swiftmodule /Users/admin/builder/spi-builder-workspace/.derivedData/Build/Products/Debug-appletvos/VatNumberKit.swiftmodule/arm64-apple-tvos.swiftmodule
Copy /Users/admin/builder/spi-builder-workspace/.derivedData/Build/Products/Debug-appletvos/VatNumberKit.swiftmodule/arm64-apple-tvos.swiftdoc /Users/admin/builder/spi-builder-workspace/.derivedData/Build/Intermediates.noindex/VatNumberKit.build/Debug-appletvos/VatNumberKit-t.build/Objects-normal/arm64/VatNumberKit.swiftdoc (in target 'VatNumberKit' from project 'VatNumberKit')
    cd /Users/admin/builder/spi-builder-workspace
    builtin-copy -exclude .DS_Store -exclude CVS -exclude .svn -exclude .git -exclude .hg -resolve-src-symlinks -rename /Users/admin/builder/spi-builder-workspace/.derivedData/Build/Intermediates.noindex/VatNumberKit.build/Debug-appletvos/VatNumberKit-t.build/Objects-normal/arm64/VatNumberKit.swiftdoc /Users/admin/builder/spi-builder-workspace/.derivedData/Build/Products/Debug-appletvos/VatNumberKit.swiftmodule/arm64-apple-tvos.swiftdoc
Copy /Users/admin/builder/spi-builder-workspace/.derivedData/Build/Products/Debug-appletvos/VatNumberKit.swiftmodule/Project/arm64-apple-tvos.swiftsourceinfo /Users/admin/builder/spi-builder-workspace/.derivedData/Build/Intermediates.noindex/VatNumberKit.build/Debug-appletvos/VatNumberKit-t.build/Objects-normal/arm64/VatNumberKit.swiftsourceinfo (in target 'VatNumberKit' from project 'VatNumberKit')
    cd /Users/admin/builder/spi-builder-workspace
    builtin-copy -exclude .DS_Store -exclude CVS -exclude .svn -exclude .git -exclude .hg -resolve-src-symlinks -rename /Users/admin/builder/spi-builder-workspace/.derivedData/Build/Intermediates.noindex/VatNumberKit.build/Debug-appletvos/VatNumberKit-t.build/Objects-normal/arm64/VatNumberKit.swiftsourceinfo /Users/admin/builder/spi-builder-workspace/.derivedData/Build/Products/Debug-appletvos/VatNumberKit.swiftmodule/Project/arm64-apple-tvos.swiftsourceinfo
SwiftEmitModule normal arm64 Emitting\ module\ for\ VatNumberKit (in target 'VatNumberKit' from project 'VatNumberKit')
SwiftCompile normal arm64 (in target 'VatNumberKit' from project 'VatNumberKit')
    cd /Users/admin/builder/spi-builder-workspace/.swiftpm/xcode

SwiftCompile normal arm64 Compiling\ VatNumberKit_UkVatServiceResponse.swift /Users/admin/builder/spi-builder-workspace/Sources/VatNumberKit/Validators/Online/Services/Response\ Models/VatNumberKit_UkVatServiceResponse.swift (in target 'VatNumberKit' from project 'VatNumberKit')
SwiftCompile normal arm64 /Users/admin/builder/spi-builder-workspace/Sources/VatNumberKit/Validators/Online/Services/Response\ Models/VatNumberKit_UkVatServiceResponse.swift (in target 'VatNumberKit' from project 'VatNumberKit')
    cd /Users/admin/builder/spi-builder-workspace/.swiftpm/xcode
    builtin-SwiftPerFileCompile VatNumberKit_UkVatServiceResponse.swift
SwiftCompile normal arm64 Compiling\ VatNumberKit_EUVatServiceResponse.swift /Users/admin/builder/spi-builder-workspace/Sources/VatNumberKit/Validators/Online/Services/Response\ Models/VatNumberKit_EUVatServiceResponse.swift (in target 'VatNumberKit' from project 'VatNumberKit')
SwiftCompile normal arm64 /Users/admin/builder/spi-builder-workspace/Sources/VatNumberKit/Validators/Online/Services/Response\ Models/VatNumberKit_EUVatServiceResponse.swift (in target 'VatNumberKit' from project 'VatNumberKit')
    cd /Users/admin/builder/spi-builder-workspace/.swiftpm/xcode
    builtin-SwiftPerFileCompile VatNumberKit_EUVatServiceResponse.swift
SwiftCompile normal arm64 Compiling\ VatNumberKit_ValidationService.swift /Users/admin/builder/spi-builder-workspace/Sources/VatNumberKit/Validators/Online/Services/VatNumberKit_ValidationService.swift (in target 'VatNumberKit' from project 'VatNumberKit')
SwiftCompile normal arm64 /Users/admin/builder/spi-builder-workspace/Sources/VatNumberKit/Validators/Online/Services/VatNumberKit_ValidationService.swift (in target 'VatNumberKit' from project 'VatNumberKit')
    cd /Users/admin/builder/spi-builder-workspace/.swiftpm/xcode
    builtin-SwiftPerFileCompile VatNumberKit_ValidationService.swift
SwiftCompile normal arm64 Compiling\ VatNumberKit.swift /Users/admin/builder/spi-builder-workspace/Sources/VatNumberKit/VatNumberKit.swift (in target 'VatNumberKit' from project 'VatNumberKit')
/Users/admin/builder/spi-builder-workspace/Sources/VatNumberKit/VatNumberKit.swift:108:37: error: 'Regex' is only available in tvOS 16.0 or newer
  8 | import Foundation
  9 |
 10 | public struct VatNumberKit {
    |               `- note: add '@available' attribute to enclosing struct
 11 |
 12 |     /// Parse a raw VAT number and check if the format is correct (offline, regex based).
    :
 99 |     }
100 |
101 |     private static func validateFormat(rawVatNumber: String?, vatNumber: VatNumber) -> ValidationOutput {
    |                         `- note: add '@available' attribute to enclosing static method
102 |         for regex in vatNumber.country.regexPatterns {
103 |
    :
106 |             if #available(macOS 13.0, *), #available(iOS 16.0, *) {
107 |                 do {
108 |                     let regex = try Regex(pattern)
    |                                     |- error: 'Regex' is only available in tvOS 16.0 or newer
    |                                     `- note: add 'if #available' version check
109 |
110 |                     if vatNumber.fullVatNumber.firstMatch(of: regex) != nil {
/Users/admin/builder/spi-builder-workspace/Sources/VatNumberKit/VatNumberKit.swift:108:37: error: 'init(_:)' is only available in tvOS 16.0 or newer
  8 | import Foundation
  9 |
 10 | public struct VatNumberKit {
    |               `- note: add '@available' attribute to enclosing struct
 11 |
 12 |     /// Parse a raw VAT number and check if the format is correct (offline, regex based).
    :
 99 |     }
100 |
101 |     private static func validateFormat(rawVatNumber: String?, vatNumber: VatNumber) -> ValidationOutput {
    |                         `- note: add '@available' attribute to enclosing static method
102 |         for regex in vatNumber.country.regexPatterns {
103 |
    :
106 |             if #available(macOS 13.0, *), #available(iOS 16.0, *) {
107 |                 do {
108 |                     let regex = try Regex(pattern)
    |                                     |- error: 'init(_:)' is only available in tvOS 16.0 or newer
    |                                     `- note: add 'if #available' version check
109 |
110 |                     if vatNumber.fullVatNumber.firstMatch(of: regex) != nil {
/Users/admin/builder/spi-builder-workspace/Sources/VatNumberKit/VatNumberKit.swift:110:48: error: 'firstMatch(of:)' is only available in tvOS 16.0 or newer
  8 | import Foundation
  9 |
 10 | public struct VatNumberKit {
    |               `- note: add '@available' attribute to enclosing struct
 11 |
 12 |     /// Parse a raw VAT number and check if the format is correct (offline, regex based).
    :
 99 |     }
100 |
101 |     private static func validateFormat(rawVatNumber: String?, vatNumber: VatNumber) -> ValidationOutput {
    |                         `- note: add '@available' attribute to enclosing static method
102 |         for regex in vatNumber.country.regexPatterns {
103 |
    :
108 |                     let regex = try Regex(pattern)
109 |
110 |                     if vatNumber.fullVatNumber.firstMatch(of: regex) != nil {
    |                                                |- error: 'firstMatch(of:)' is only available in tvOS 16.0 or newer
    |                                                `- note: add 'if #available' version check
111 |                         return ValidationOutput(rawVatNumber: rawVatNumber, vatNumber: vatNumber, isValid: true)
112 |                     }
Failed frontend command:
/Applications/Xcode-27.0.0-Release.Candidate.app/Contents/Developer/Toolchains/XcodeDefault.xctoolchain/usr/bin/swift-frontend -frontend -c /Users/admin/builder/spi-builder-workspace/Sources/VatNumberKit/Converters/IrishVatNumberConverter.swift /Users/admin/builder/spi-builder-workspace/Sources/VatNumberKit/Extensions/BinaryInteger/BinaryInteger+Clamp.swift /Users/admin/builder/spi-builder-workspace/Sources/VatNumberKit/Extensions/String/String+Alphanumeric.swift /Users/admin/builder/spi-builder-workspace/Sources/VatNumberKit/Extensions/String/String+RangeSubscript.swift /Users/admin/builder/spi-builder-workspace/Sources/VatNumberKit/Helpers/VatNumberKit_ChecksumHelper.swift /Users/admin/builder/spi-builder-workspace/Sources/VatNumberKit/Models/VatNumberKit_Country.swift /Users/admin/builder/spi-builder-workspace/Sources/VatNumberKit/Models/VatNumberKit_ValidationMode.swift /Users/admin/builder/spi-builder-workspace/Sources/VatNumberKit/Models/VatNumberKit_ValidationOutput.swift /Users/admin/builder/spi-builder-workspace/Sources/VatNumberKit/Models/VatNumberKit_ValidationServiceOutput.swift /Users/admin/builder/spi-builder-workspace/Sources/VatNumberKit/Models/VatNumberKit_VatNumber.swift /Users/admin/builder/spi-builder-workspace/Sources/VatNumberKit/Validators/Checksum/VatNumberKit_AustriaChecksumValidator.swift /Users/admin/builder/spi-builder-workspace/Sources/VatNumberKit/Validators/Checksum/VatNumberKit_BelgiumChecksumValidator.swift /Users/admin/builder/spi-builder-workspace/Sources/VatNumberKit/Validators/Checksum/VatNumberKit_BulgariaChecksumValidator.swift /Users/admin/builder/spi-builder-workspace/Sources/VatNumberKit/Validators/Checksum/VatNumberKit_ChecksumValidator.swift /Users/admin/builder/spi-builder-workspace/Sources/VatNumberKit/Validators/Checksum/VatNumberKit_CroatiaChecksumValidator.swift /Users/admin/builder/spi-builder-workspace/Sources/VatNumberKit/Validators/Checksum/VatNumberKit_CyprusChecksumValidator.swift /Users/admin/builder/spi-builder-workspace/Sources/VatNumberKit/Validators/Checksum/VatNumberKit_CzechRepublicChecksumValidator.swift /Users/admin/builder/spi-builder-workspace/Sources/VatNumberKit/Validators/Checksum/VatNumberKit_DenmarkChecksumValidator.swift /Users/admin/builder/spi-builder-workspace/Sources/VatNumberKit/Validators/Checksum/VatNumberKit_EstoniaChecksumValidator.swift /Users/admin/builder/spi-builder-workspace/Sources/VatNumberKit/Validators/Checksum/VatNumberKit_EuropeanEntityValidator.swift /Users/admin/builder/spi-builder-workspace/Sources/VatNumberKit/Validators/Checksum/VatNumberKit_FinlandChecksumValidator.swift /Users/admin/builder/spi-builder-workspace/Sources/VatNumberKit/Validators/Checksum/VatNumberKit_FranceChecksumValidator.swift /Users/admin/builder/spi-builder-workspace/Sources/VatNumberKit/Validators/Checksum/VatNumberKit_GermanyChecksumValidator.swift /Users/admin/builder/spi-builder-workspace/Sources/VatNumberKit/Validators/Checksum/VatNumberKit_GreatBritainChecksumValidator.swift /Users/admin/builder/spi-builder-workspace/Sources/VatNumberKit/Validators/Checksum/VatNumberKit_GreeceChecksumValidator.swift /Users/admin/builder/spi-builder-workspace/Sources/VatNumberKit/Validators/Checksum/VatNumberKit_HungaryChecksumValidator.swift /Users/admin/builder/spi-builder-workspace/Sources/VatNumberKit/Validators/Checksum/VatNumberKit_IrelandChecksumValidator.swift /Users/admin/builder/spi-builder-workspace/Sources/VatNumberKit/Validators/Checksum/VatNumberKit_ItalyChecksumValidator.swift /Users/admin/builder/spi-builder-workspace/Sources/VatNumberKit/Validators/Checksum/VatNumberKit_LatviaChecksumValidator.swift /Users/admin/builder/spi-builder-workspace/Sources/VatNumberKit/Validators/Checksum/VatNumberKit_LithuaniaChecksumValidator.swift /Users/admin/builder/spi-builder-workspace/Sources/VatNumberKit/Validators/Checksum/VatNumberKit_LuxembourgChecksumValidator.swift /Users/admin/builder/spi-builder-workspace/Sources/VatNumberKit/Validators/Checksum/VatNumberKit_MaltaChecksumValidator.swift /Users/admin/builder/spi-builder-workspace/Sources/VatNumberKit/Validators/Checksum/VatNumberKit_NetherlandsChecksumValidator.swift /Users/admin/builder/spi-builder-workspace/Sources/VatNumberKit/Validators/Checksum/VatNumberKit_NorthernIrelandChecksumValidator.swift /Users/admin/builder/spi-builder-workspace/Sources/VatNumberKit/Validators/Checksum/VatNumberKit_PolandChecksumValidator.swift /Users/admin/builder/spi-builder-workspace/Sources/VatNumberKit/Validators/Checksum/VatNumberKit_PortugalChecksumValidator.swift /Users/admin/builder/spi-builder-workspace/Sources/VatNumberKit/Validators/Checksum/VatNumberKit_RomaniaChecksumValidator.swift /Users/admin/builder/spi-builder-workspace/Sources/VatNumberKit/Validators/Checksum/VatNumberKit_SlovakiaChecksumValidator.swift /Users/admin/builder/spi-builder-workspace/Sources/VatNumberKit/Validators/Checksum/VatNumberKit_SloveniaChecksumValidator.swift /Users/admin/builder/spi-builder-workspace/Sources/VatNumberKit/Validators/Checksum/VatNumberKit_SpainChecksumValidator.swift /Users/admin/builder/spi-builder-workspace/Sources/VatNumberKit/Validators/Checksum/VatNumberKit_SwedenChecksumValidator.swift /Users/admin/builder/spi-builder-workspace/Sources/VatNumberKit/Validators/Online/Services/Response\ Models/VatNumberKit_EUVatServiceResponse.swift /Users/admin/builder/spi-builder-workspace/Sources/VatNumberKit/Validators/Online/Services/Response\ Models/VatNumberKit_UkVatServiceResponse.swift /Users/admin/builder/spi-builder-workspace/Sources/VatNumberKit/Validators/Online/Services/VatNumberKit_ValidationService.swift -primary-file /Users/admin/builder/spi-builder-workspace/Sources/VatNumberKit/VatNumberKit.swift -emit-dependencies-path /Users/admin/builder/spi-builder-workspace/.derivedData/Build/Intermediates.noindex/VatNumberKit.build/Debug-appletvos/VatNumberKit-t.build/Objects-normal/arm64/VatNumberKit.d -emit-const-values-path /Users/admin/builder/spi-builder-workspace/.derivedData/Build/Intermediates.noindex/VatNumberKit.build/Debug-appletvos/VatNumberKit-t.build/Objects-normal/arm64/VatNumberKit.swiftconstvalues -emit-reference-dependencies-path /Users/admin/builder/spi-builder-workspace/.derivedData/Build/Intermediates.noindex/VatNumberKit.build/Debug-appletvos/VatNumberKit-t.build/Objects-normal/arm64/VatNumberKit.swiftdeps -serialize-diagnostics-path /Users/admin/builder/spi-builder-workspace/.derivedData/Build/Intermediates.noindex/VatNumberKit.build/Debug-appletvos/VatNumberKit-t.build/Objects-normal/arm64/VatNumberKit.dia -target arm64-apple-tvos15.0 -disable-cross-import-overlay-search -load-resolved-plugin /Applications/Xcode-27.0.0-Release.Candidate.app/Contents/Developer/Platforms/AppleTVOS.platform/Developer/usr/lib/swift/host/plugins/libFoundationMacros.dylib\#/Applications/Xcode-27.0.0-Release.Candidate.app/Contents/Developer/Platforms/AppleTVOS.platform/Developer/usr/bin/swift-plugin-server\#FoundationMacros -load-resolved-plugin /Applications/Xcode-27.0.0-Release.Candidate.app/Contents/Developer/Platforms/AppleTVOS.platform/Developer/usr/lib/swift/host/plugins/libObservationMacros.dylib\#/Applications/Xcode-27.0.0-Release.Candidate.app/Contents/Developer/Platforms/AppleTVOS.platform/Developer/usr/bin/swift-plugin-server\#ObservationMacros -load-resolved-plugin /Applications/Xcode-27.0.0-Release.Candidate.app/Contents/Developer/Platforms/AppleTVOS.platform/Developer/usr/lib/swift/host/plugins/libSwiftMacros.dylib\#/Applications/Xcode-27.0.0-Release.Candidate.app/Contents/Developer/Platforms/AppleTVOS.platform/Developer/usr/bin/swift-plugin-server\#SwiftMacros -disable-implicit-swift-modules -Xcc -fno-implicit-modules -Xcc -fno-implicit-module-maps -explicit-swift-module-map-file /Users/admin/builder/spi-builder-workspace/.derivedData/Build/Intermediates.noindex/VatNumberKit.build/Debug-appletvos/VatNumberKit-t.build/Objects-normal/arm64/VatNumberKit-dependencies-1.json -Xllvm -aarch64-use-tbi -enable-objc-interop -stack-check -sdk /Applications/Xcode-27.0.0-Release.Candidate.app/Contents/Developer/Platforms/AppleTVOS.platform/Developer/SDKs/AppleTVOS27.0.sdk -I /Users/admin/builder/spi-builder-workspace/.derivedData/Build/Products/Debug-appletvos -Isystem /Applications/Xcode-27.0.0-Release.Candidate.app/Contents/Developer/Platforms/AppleTVOS.platform/Developer/usr/lib -F /Users/admin/builder/spi-builder-workspace/.derivedData/Build/Products/Debug-appletvos -F /Applications/Xcode-27.0.0-Release.Candidate.app/Contents/Developer/Platforms/AppleTVOS.platform/Developer/Library/Frameworks -F /Applications/Xcode-27.0.0-Release.Candidate.app/Contents/Developer/Platforms/AppleTVOS.platform/Developer/SDKs/AppleTVOS27.0.sdk/Developer/Library/Frameworks -module-cache-path /Users/admin/builder/spi-builder-workspace/.derivedData/Build/Intermediates.noindex/SwiftExplicitPrecompiledModules -no-color-diagnostics -Xcc -fno-color-diagnostics -enable-testing -g -debug-info-format\=dwarf -dwarf-version\=4 -profile-generate -profile-coverage-mapping -swift-version 5 -Onone -D SWIFT_PACKAGE -D DEBUG -D SWIFT_MODULE_RESOURCE_BUNDLE_UNAVAILABLE -D Xcode -serialize-debugging-options -enable-experimental-feature DebugDescriptionMacro -empty-abi-descriptor -validate-clang-modules-once -clang-build-session-file /Users/admin/builder/spi-builder-workspace/.derivedData/ModuleCache.noindex/Session.modulevalidation -Xcc -working-directory -Xcc /Users/admin/builder/spi-builder-workspace/.swiftpm/xcode -enable-anonymous-context-mangled-names -file-compilation-dir /Users/admin/builder/spi-builder-workspace/.swiftpm/xcode -Xcc -D_LIBCPP_HARDENING_MODE\=_LIBCPP_HARDENING_MODE_DEBUG -Xcc -ivfsstatcache -Xcc /Users/admin/builder/spi-builder-workspace/.derivedData/SDKStatCaches.noindex/appletvos27.0-24J360-e829b21a6f8c9b70876ba0858053c044b32bfd8d43560033f8d89884cdb90028.sdkstatcache -Xcc -fmodules-prune-interval\=86400 -Xcc -fmodules-prune-after\=345600 -Xcc -I/Users/admin/builder/spi-builder-workspace/.derivedData/Build/Products/Debug-appletvos/include -Xcc -I/Users/admin/builder/spi-builder-workspace/.derivedData/Build/Intermediates.noindex/VatNumberKit.build/Debug-appletvos/VatNumberKit-t.build/DerivedSources-normal/arm64 -Xcc -I/Users/admin/builder/spi-builder-workspace/.derivedData/Build/Intermediates.noindex/VatNumberKit.build/Debug-appletvos/VatNumberKit-t.build/DerivedSources/arm64 -Xcc -I/Users/admin/builder/spi-builder-workspace/.derivedData/Build/Intermediates.noindex/VatNumberKit.build/Debug-appletvos/VatNumberKit-t.build/DerivedSources -Xcc -DSWIFT_PACKAGE -Xcc -DDEBUG\=1 -no-auto-bridging-header-chaining -module-name VatNumberKit -const-gather-protocols-file /Users/admin/builder/spi-builder-workspace/.derivedData/Build/Intermediates.noindex/VatNumberKit.build/Debug-appletvos/VatNumberKit-t.build/Objects-normal/arm64/VatNumberKit_const_extract_protocols.json -disable-clang-spi -clang-target arm64-apple-tvos27.0 -target-sdk-version 27.0 -target-sdk-name appletvos27.0 -in-process-plugin-server-path /Applications/Xcode-27.0.0-Release.Candidate.app/Contents/Developer/Toolchains/XcodeDefault.xctoolchain/usr/lib/swift/host/libSwiftInProcPluginServer.dylib -parse-as-library -o /Users/admin/builder/spi-builder-workspace/.derivedData/Build/Intermediates.noindex/VatNumberKit.build/Debug-appletvos/VatNumberKit-t.build/Objects-normal/arm64/VatNumberKit.o -debug-module-path /Users/admin/builder/spi-builder-workspace/.derivedData/Build/Intermediates.noindex/VatNumberKit.build/Debug-appletvos/VatNumberKit-t.build/Objects-normal/arm64/VatNumberKit.swiftmodule -index-unit-output-path /VatNumberKit.build/Debug-appletvos/VatNumberKit-t.build/Objects-normal/arm64/VatNumberKit.o -index-store-path /Users/admin/builder/spi-builder-workspace/.derivedData/Index.noindex/DataStore -index-system-modules
SwiftCompile normal arm64 /Users/admin/builder/spi-builder-workspace/Sources/VatNumberKit/VatNumberKit.swift (in target 'VatNumberKit' from project 'VatNumberKit')
    cd /Users/admin/builder/spi-builder-workspace/.swiftpm/xcode
    builtin-SwiftPerFileCompile VatNumberKit.swift
PruneExplicitPrecompiledModules /Users/admin/builder/spi-builder-workspace/.derivedData/Build/Intermediates.noindex/SwiftExplicitPrecompiledModules
PruneExplicitPrecompiledModules /Users/admin/builder/spi-builder-workspace/.derivedData/SDKExplicitPrecompiledModules
PruneExplicitPrecompiledModules /Users/admin/builder/spi-builder-workspace/.derivedData/Build/Intermediates.noindex/ExplicitPrecompiledModules
2026-09-18 19:50:31.408 xcodebuild[711:4628] [MT] IDERunDestination: Supported platforms for the buildables in the current scheme is empty.
** BUILD FAILED **
The following build commands failed:
	SwiftCompile normal arm64 Compiling\ VatNumberKit.swift /Users/admin/builder/spi-builder-workspace/Sources/VatNumberKit/VatNumberKit.swift (in target 'VatNumberKit' from project 'VatNumberKit')
	SwiftCompile normal arm64 /Users/admin/builder/spi-builder-workspace/Sources/VatNumberKit/VatNumberKit.swift (in target 'VatNumberKit' from project 'VatNumberKit')
	Building workspace VatNumberKit with scheme VatNumberKit
(3 failures)
BUILD FAILURE 6.4 tvOS