Build Information
Failed to build SwiftToasts, reference v0.9.9 (bae02a), with Swift 6.1 for macOS (SPM) on 31 Jul 2026 03:48:08 UTC.
Build Command
env DEVELOPER_DIR=/Applications/Xcode-16.3.0.app xcrun swift build --arch arm64Build Log
========================================
RunAll
========================================
Builder version: undefined version: run 'make version' to update
Interrupt handler set up.
========================================
Checkout
========================================
Clone URL: https://github.com/athankefalas/swift-toasts.git
Reference: v0.9.9
Initialized empty Git repository in /Users/admin/builder/spi-builder-workspace/.git/
From https://github.com/athankefalas/swift-toasts
* tag v0.9.9 -> FETCH_HEAD
HEAD is now at bae02aa Version 0.9.9
Cloned https://github.com/athankefalas/swift-toasts.git
Revision (git rev-parse @):
bae02aa6e5686a819eb1fcbc149f5b10cfbce9cc
SUCCESS checkout https://github.com/athankefalas/swift-toasts.git at v0.9.9
========================================
Build
========================================
Selected platform: macosSpm
Swift version: 6.1
Building package at path: $PWD
https://github.com/athankefalas/swift-toasts.git
https://github.com/athankefalas/swift-toasts.git
{
"dependencies" : [
],
"manifest_display_name" : "SwiftToasts",
"name" : "SwiftToasts",
"path" : "/Users/admin/builder/spi-builder-workspace",
"platforms" : [
{
"name" : "ios",
"version" : "13.0"
},
{
"name" : "macos",
"version" : "10.15"
},
{
"name" : "tvos",
"version" : "13.0"
},
{
"name" : "watchos",
"version" : "7.0"
},
{
"name" : "visionos",
"version" : "1.0"
}
],
"products" : [
{
"name" : "SwiftToasts",
"targets" : [
"SwiftToasts"
],
"type" : {
"library" : [
"automatic"
]
}
}
],
"targets" : [
{
"c99name" : "SwiftToastsTests",
"module_type" : "SwiftTarget",
"name" : "SwiftToastsTests",
"path" : "Tests/SwiftToastsTests",
"sources" : [
"SwiftToastsTests.swift"
],
"target_dependencies" : [
"SwiftToasts"
],
"type" : "test"
},
{
"c99name" : "SwiftToasts",
"module_type" : "SwiftTarget",
"name" : "SwiftToasts",
"path" : "Sources/SwiftToasts",
"product_memberships" : [
"SwiftToasts"
],
"sources" : [
"Animation/Animatable.swift",
"Animation/CAAnimatable.swift",
"Animation/Properties/AnimatablePropertiesBuilder.swift",
"Animation/Properties/AnimatableProperty.swift",
"Animation/Properties/AnyAnimationProperty.swift",
"Animation/Properties/Array+AnyAnimationPropertyMerging.swift",
"Animation/Properties/OpacityProperty.swift",
"Animation/Properties/TransformProperty+CATransform3D.swift",
"Animation/Properties/TransformProperty.swift",
"Compatibility/AccessibilityFocusModifier.swift",
"Compatibility/Cocoa+Fallbacks.swift",
"Compatibility/Combine+Fallbacks.swift",
"Compatibility/FallbackAccessibilityNotification.swift",
"Compatibility/FallbackBackgroundEffectView.swift",
"Compatibility/FallbackScaledMetricReaderModifier.swift",
"Compatibility/PropertyWrappers/FallbackStateObject.swift",
"Compatibility/PropertyWrappers/PresentationBoundState.swift",
"Compatibility/RuntimeWarning.swift",
"Compatibility/SwiftUI+Fallbacks.swift",
"Compatibility/UIKit+Fallbacks.swift",
"Configuration/SwiftToastsConfiguration.swift",
"Constraints/PlatformLayoutConstraints.swift",
"Controllers/GlobalToastCancellationTokenStorage.swift",
"Controllers/PresenterPhaseObserver.swift",
"Controllers/ScenePhaseObserver.swift",
"Controllers/ToastPresentationCanceller.swift",
"Controllers/ToastPresentationContextSelector.swift",
"Controllers/ToastPresenting.swift",
"Controllers/ToastScheduler.swift",
"Models/PlatformIdiom.swift",
"Models/PresentationContext.swift",
"Models/ToastAccessibilityOptions.swift",
"Models/ToastAlignment.swift",
"Models/ToastCancellation.swift",
"Models/ToastDismissAction.swift",
"Models/ToastDuration.swift",
"Models/ToastOrnament.swift",
"Models/ToastPresentation.swift",
"Models/ToastPresentationInvalidationOptions.swift",
"Models/ToastPresentationSpace.swift",
"Models/ToastRole.swift",
"Models/ToastTransition.swift",
"NSObjectHelpers/NSAssociatedProperty.swift",
"PlatformCocoa/NSToast.swift",
"PlatformCocoa/NSToastHostingController.swift",
"PlatformCocoa/NSTransientFloatingWindow.swift",
"PlatformCocoa/NSView+Animatable.swift",
"PlatformCocoa/NSWindow+ToastPresenting.swift",
"PlatformCocoa/NSWindowToastPresenterReaderModifier.swift",
"PlatformUIKit/UIToast.swift",
"PlatformUIKit/UIToastHostingController.swift",
"PlatformUIKit/UIView+Animatable.swift",
"PlatformUIKit/UIWindow+ToastPresenting.swift",
"PlatformUIKit/UIWindowToastPresenterReaderModifier.swift",
"PlatformUIKit/VisionOS/UIToastHostingOrnament.swift",
"PlatformUIKit/VisionOS/UIWindow+ToastOrnament.swift",
"SwiftToasts.swift",
"SwiftUI/CancellablesBox.swift",
"SwiftUI/Environment/EnvironmentReaderModifier.swift",
"SwiftUI/Environment/PlatformIdiomEnvironmentKey.swift",
"SwiftUI/Environment/ToastAccessibilityOptionsEnvironmentKey.swift",
"SwiftUI/Environment/ToastBackgroundInteractionEnabledEnvironmentKey.swift",
"SwiftUI/Environment/ToastCancellationEnvironmentKey.swift",
"SwiftUI/Environment/ToastDismissEnvironmentKey.swift",
"SwiftUI/Environment/ToastEnvironmentValues.swift",
"SwiftUI/Environment/ToastInteractiveDismissEnabledEnvironmentKey.swift",
"SwiftUI/Environment/ToastOrnamentPresentationEnvironmentKey.swift",
"SwiftUI/Environment/ToastPresentationInvalidationOptionsEnvironmentKey.swift",
"SwiftUI/Environment/ToastPresentedAlignmentEnvironmentKey.swift",
"SwiftUI/Environment/ToastPresentedRoleEnvironmentKey.swift",
"SwiftUI/Environment/ToastPresenterEnvironmentKey.swift",
"SwiftUI/Environment/ToastPresentingLayoutGeometryKey.swift",
"SwiftUI/Environment/ToastTransitionEnvironmentKey.swift",
"SwiftUI/Modifiers/AssignToastPresenterModifier.swift",
"SwiftUI/Modifiers/ToastBuilder.swift",
"SwiftUI/Modifiers/ToastIdentifiableTaskModifier.swift",
"SwiftUI/Modifiers/ToastModifier.swift",
"SwiftUI/Modifiers/ToastPresentingLayoutModifier.swift",
"SwiftUI/Modifiers/ToastReceivePublisherModifier.swift",
"SwiftUI/Modifiers/ToastTargetSceneModifier.swift",
"SwiftUI/Modifiers/ToastTaskModifier.swift",
"SwiftUI/Modifiers/ToastTriggerModifier.swift",
"SwiftUI/ScheduleToastAction.swift",
"SwiftUI/Toast/Style/AnyToastStyle.swift",
"SwiftUI/Toast/Style/Common/AutomaticToastStyle/AutomaticToastStyle.swift",
"SwiftUI/Toast/Style/Common/GlassToastStyle/GlassToastBackground.swift",
"SwiftUI/Toast/Style/Common/GlassToastStyle/GlassToastStyle.swift",
"SwiftUI/Toast/Style/Common/MaterialToastStyle/MaterialToastBackground.swift",
"SwiftUI/Toast/Style/Common/MaterialToastStyle/MaterialToastStyle.swift",
"SwiftUI/Toast/Style/Common/OpaqueToastStyle/OpaqueToastBackground.swift",
"SwiftUI/Toast/Style/Common/OpaqueToastStyle/OpaqueToastStyle.swift",
"SwiftUI/Toast/Style/Common/Shared/StyleUtils.swift",
"SwiftUI/Toast/Style/Common/Shared/StyledViewBody.swift",
"SwiftUI/Toast/Style/Common/Shared/ToastButtonStyle.swift",
"SwiftUI/Toast/Style/Common/Shared/ToastContentAccessibilityIdentifierModifier.swift",
"SwiftUI/Toast/Style/Common/Shared/ToastLabelStyle.swift",
"SwiftUI/Toast/Style/Common/Shared/ToastLabeledContentStyle.swift",
"SwiftUI/Toast/Style/ToastConfiguration.swift",
"SwiftUI/Toast/Style/ToastStyle.swift",
"SwiftUI/Toast/Style/ToastStyleEnvironmentKey.swift",
"SwiftUI/Toast/Toast.swift",
"SwiftUI/ToastContent/Style/AnyToastContentStyle.swift",
"SwiftUI/ToastContent/Style/StandardToastContentStyle.swift",
"SwiftUI/ToastContent/Style/ToastContentStyle.swift",
"SwiftUI/ToastContent/Style/ToastContentStyleEnvironmentKey.swift",
"SwiftUI/ToastContent/ToastContentConfiguration.swift",
"SwiftUI/ToastContent/ToastContentView.swift",
"SwiftUI/ToastPresenterProxy.swift",
"SwiftUI/Transition/AnyTransition+ToastTransition.swift",
"SwiftUI/Utils/LabelContent.swift",
"SwiftUI/Views/HostedToastContent.swift",
"SwiftUI/Views/ToastButton.swift",
"SwiftUI/Views/ToastPresenterReader.swift",
"_Examples/SoundSettingsExample.swift",
"_Examples/ToastPresentationLayoutExample.swift",
"_Examples/UserInfoFormExample.swift",
"_Previews/PresentedPreview.swift",
"_Previews/PreviewContent.swift",
"_Previews/SomeObservableOject.swift"
],
"type" : "library"
}
],
"tools_version" : "6.0"
}
Running build ...
env DEVELOPER_DIR=/Applications/Xcode-16.3.0.app xcrun swift build --arch arm64 -Xswiftc -Xfrontend -Xswiftc -stats-output-dir -Xswiftc -Xfrontend -Xswiftc .stats
Building for debugging...
[0/2] Write sources
[1/2] Write swift-version-2F0A5646E1D333AE.txt
[3/111] Compiling SwiftToasts AutomaticToastStyle.swift
/Users/admin/builder/spi-builder-workspace/Sources/SwiftToasts/SwiftUI/Toast/Style/Common/GlassToastStyle/GlassToastBackground.swift:29:24: error: cannot find type 'Glass' in scope
27 |
28 | #if !os(visionOS)
29 | private var glass: Glass {
| `- error: cannot find type 'Glass' in scope
30 | var glass = Glass.regular
31 |
/Users/admin/builder/spi-builder-workspace/Sources/SwiftToasts/SwiftUI/Toast/Style/Common/GlassToastStyle/GlassToastBackground.swift:30:21: error: cannot find 'Glass' in scope
28 | #if !os(visionOS)
29 | private var glass: Glass {
30 | var glass = Glass.regular
| `- error: cannot find 'Glass' in scope
31 |
32 | if useTintedGlass {
/Users/admin/builder/spi-builder-workspace/Sources/SwiftToasts/SwiftUI/Toast/Style/Common/GlassToastStyle/GlassToastBackground.swift:51:14: error: value of type 'some View' has no member 'glassEffect'
49 | )
50 | #else
51 | .glassEffect(glass, in: shape)
| `- error: value of type 'some View' has no member 'glassEffect'
52 | #endif
53 | .contentShape(shape)
[4/111] Compiling SwiftToasts GlassToastBackground.swift
/Users/admin/builder/spi-builder-workspace/Sources/SwiftToasts/SwiftUI/Toast/Style/Common/GlassToastStyle/GlassToastBackground.swift:29:24: error: cannot find type 'Glass' in scope
27 |
28 | #if !os(visionOS)
29 | private var glass: Glass {
| `- error: cannot find type 'Glass' in scope
30 | var glass = Glass.regular
31 |
/Users/admin/builder/spi-builder-workspace/Sources/SwiftToasts/SwiftUI/Toast/Style/Common/GlassToastStyle/GlassToastBackground.swift:30:21: error: cannot find 'Glass' in scope
28 | #if !os(visionOS)
29 | private var glass: Glass {
30 | var glass = Glass.regular
| `- error: cannot find 'Glass' in scope
31 |
32 | if useTintedGlass {
/Users/admin/builder/spi-builder-workspace/Sources/SwiftToasts/SwiftUI/Toast/Style/Common/GlassToastStyle/GlassToastBackground.swift:51:14: error: value of type 'some View' has no member 'glassEffect'
49 | )
50 | #else
51 | .glassEffect(glass, in: shape)
| `- error: value of type 'some View' has no member 'glassEffect'
52 | #endif
53 | .contentShape(shape)
[5/111] Compiling SwiftToasts GlassToastStyle.swift
/Users/admin/builder/spi-builder-workspace/Sources/SwiftToasts/SwiftUI/Toast/Style/Common/GlassToastStyle/GlassToastBackground.swift:29:24: error: cannot find type 'Glass' in scope
27 |
28 | #if !os(visionOS)
29 | private var glass: Glass {
| `- error: cannot find type 'Glass' in scope
30 | var glass = Glass.regular
31 |
/Users/admin/builder/spi-builder-workspace/Sources/SwiftToasts/SwiftUI/Toast/Style/Common/GlassToastStyle/GlassToastBackground.swift:30:21: error: cannot find 'Glass' in scope
28 | #if !os(visionOS)
29 | private var glass: Glass {
30 | var glass = Glass.regular
| `- error: cannot find 'Glass' in scope
31 |
32 | if useTintedGlass {
/Users/admin/builder/spi-builder-workspace/Sources/SwiftToasts/SwiftUI/Toast/Style/Common/GlassToastStyle/GlassToastBackground.swift:51:14: error: value of type 'some View' has no member 'glassEffect'
49 | )
50 | #else
51 | .glassEffect(glass, in: shape)
| `- error: value of type 'some View' has no member 'glassEffect'
52 | #endif
53 | .contentShape(shape)
[6/111] Compiling SwiftToasts MaterialToastBackground.swift
/Users/admin/builder/spi-builder-workspace/Sources/SwiftToasts/SwiftUI/Toast/Style/Common/GlassToastStyle/GlassToastBackground.swift:29:24: error: cannot find type 'Glass' in scope
27 |
28 | #if !os(visionOS)
29 | private var glass: Glass {
| `- error: cannot find type 'Glass' in scope
30 | var glass = Glass.regular
31 |
/Users/admin/builder/spi-builder-workspace/Sources/SwiftToasts/SwiftUI/Toast/Style/Common/GlassToastStyle/GlassToastBackground.swift:30:21: error: cannot find 'Glass' in scope
28 | #if !os(visionOS)
29 | private var glass: Glass {
30 | var glass = Glass.regular
| `- error: cannot find 'Glass' in scope
31 |
32 | if useTintedGlass {
/Users/admin/builder/spi-builder-workspace/Sources/SwiftToasts/SwiftUI/Toast/Style/Common/GlassToastStyle/GlassToastBackground.swift:51:14: error: value of type 'some View' has no member 'glassEffect'
49 | )
50 | #else
51 | .glassEffect(glass, in: shape)
| `- error: value of type 'some View' has no member 'glassEffect'
52 | #endif
53 | .contentShape(shape)
[7/111] Compiling SwiftToasts MaterialToastStyle.swift
/Users/admin/builder/spi-builder-workspace/Sources/SwiftToasts/SwiftUI/Toast/Style/Common/GlassToastStyle/GlassToastBackground.swift:29:24: error: cannot find type 'Glass' in scope
27 |
28 | #if !os(visionOS)
29 | private var glass: Glass {
| `- error: cannot find type 'Glass' in scope
30 | var glass = Glass.regular
31 |
/Users/admin/builder/spi-builder-workspace/Sources/SwiftToasts/SwiftUI/Toast/Style/Common/GlassToastStyle/GlassToastBackground.swift:30:21: error: cannot find 'Glass' in scope
28 | #if !os(visionOS)
29 | private var glass: Glass {
30 | var glass = Glass.regular
| `- error: cannot find 'Glass' in scope
31 |
32 | if useTintedGlass {
/Users/admin/builder/spi-builder-workspace/Sources/SwiftToasts/SwiftUI/Toast/Style/Common/GlassToastStyle/GlassToastBackground.swift:51:14: error: value of type 'some View' has no member 'glassEffect'
49 | )
50 | #else
51 | .glassEffect(glass, in: shape)
| `- error: value of type 'some View' has no member 'glassEffect'
52 | #endif
53 | .contentShape(shape)
[8/111] Compiling SwiftToasts OpaqueToastBackground.swift
/Users/admin/builder/spi-builder-workspace/Sources/SwiftToasts/SwiftUI/Toast/Style/Common/GlassToastStyle/GlassToastBackground.swift:29:24: error: cannot find type 'Glass' in scope
27 |
28 | #if !os(visionOS)
29 | private var glass: Glass {
| `- error: cannot find type 'Glass' in scope
30 | var glass = Glass.regular
31 |
/Users/admin/builder/spi-builder-workspace/Sources/SwiftToasts/SwiftUI/Toast/Style/Common/GlassToastStyle/GlassToastBackground.swift:30:21: error: cannot find 'Glass' in scope
28 | #if !os(visionOS)
29 | private var glass: Glass {
30 | var glass = Glass.regular
| `- error: cannot find 'Glass' in scope
31 |
32 | if useTintedGlass {
/Users/admin/builder/spi-builder-workspace/Sources/SwiftToasts/SwiftUI/Toast/Style/Common/GlassToastStyle/GlassToastBackground.swift:51:14: error: value of type 'some View' has no member 'glassEffect'
49 | )
50 | #else
51 | .glassEffect(glass, in: shape)
| `- error: value of type 'some View' has no member 'glassEffect'
52 | #endif
53 | .contentShape(shape)
[9/111] Compiling SwiftToasts OpaqueToastStyle.swift
/Users/admin/builder/spi-builder-workspace/Sources/SwiftToasts/SwiftUI/Toast/Style/Common/GlassToastStyle/GlassToastBackground.swift:29:24: error: cannot find type 'Glass' in scope
27 |
28 | #if !os(visionOS)
29 | private var glass: Glass {
| `- error: cannot find type 'Glass' in scope
30 | var glass = Glass.regular
31 |
/Users/admin/builder/spi-builder-workspace/Sources/SwiftToasts/SwiftUI/Toast/Style/Common/GlassToastStyle/GlassToastBackground.swift:30:21: error: cannot find 'Glass' in scope
28 | #if !os(visionOS)
29 | private var glass: Glass {
30 | var glass = Glass.regular
| `- error: cannot find 'Glass' in scope
31 |
32 | if useTintedGlass {
/Users/admin/builder/spi-builder-workspace/Sources/SwiftToasts/SwiftUI/Toast/Style/Common/GlassToastStyle/GlassToastBackground.swift:51:14: error: value of type 'some View' has no member 'glassEffect'
49 | )
50 | #else
51 | .glassEffect(glass, in: shape)
| `- error: value of type 'some View' has no member 'glassEffect'
52 | #endif
53 | .contentShape(shape)
[10/111] Compiling SwiftToasts StyleUtils.swift
/Users/admin/builder/spi-builder-workspace/Sources/SwiftToasts/SwiftUI/Toast/Style/Common/GlassToastStyle/GlassToastBackground.swift:29:24: error: cannot find type 'Glass' in scope
27 |
28 | #if !os(visionOS)
29 | private var glass: Glass {
| `- error: cannot find type 'Glass' in scope
30 | var glass = Glass.regular
31 |
/Users/admin/builder/spi-builder-workspace/Sources/SwiftToasts/SwiftUI/Toast/Style/Common/GlassToastStyle/GlassToastBackground.swift:30:21: error: cannot find 'Glass' in scope
28 | #if !os(visionOS)
29 | private var glass: Glass {
30 | var glass = Glass.regular
| `- error: cannot find 'Glass' in scope
31 |
32 | if useTintedGlass {
/Users/admin/builder/spi-builder-workspace/Sources/SwiftToasts/SwiftUI/Toast/Style/Common/GlassToastStyle/GlassToastBackground.swift:51:14: error: value of type 'some View' has no member 'glassEffect'
49 | )
50 | #else
51 | .glassEffect(glass, in: shape)
| `- error: value of type 'some View' has no member 'glassEffect'
52 | #endif
53 | .contentShape(shape)
[11/111] Compiling SwiftToasts StyledViewBody.swift
/Users/admin/builder/spi-builder-workspace/Sources/SwiftToasts/SwiftUI/Toast/Style/Common/GlassToastStyle/GlassToastBackground.swift:29:24: error: cannot find type 'Glass' in scope
27 |
28 | #if !os(visionOS)
29 | private var glass: Glass {
| `- error: cannot find type 'Glass' in scope
30 | var glass = Glass.regular
31 |
/Users/admin/builder/spi-builder-workspace/Sources/SwiftToasts/SwiftUI/Toast/Style/Common/GlassToastStyle/GlassToastBackground.swift:30:21: error: cannot find 'Glass' in scope
28 | #if !os(visionOS)
29 | private var glass: Glass {
30 | var glass = Glass.regular
| `- error: cannot find 'Glass' in scope
31 |
32 | if useTintedGlass {
/Users/admin/builder/spi-builder-workspace/Sources/SwiftToasts/SwiftUI/Toast/Style/Common/GlassToastStyle/GlassToastBackground.swift:51:14: error: value of type 'some View' has no member 'glassEffect'
49 | )
50 | #else
51 | .glassEffect(glass, in: shape)
| `- error: value of type 'some View' has no member 'glassEffect'
52 | #endif
53 | .contentShape(shape)
[12/111] Compiling SwiftToasts ToastButtonStyle.swift
/Users/admin/builder/spi-builder-workspace/Sources/SwiftToasts/SwiftUI/Toast/Style/Common/GlassToastStyle/GlassToastBackground.swift:29:24: error: cannot find type 'Glass' in scope
27 |
28 | #if !os(visionOS)
29 | private var glass: Glass {
| `- error: cannot find type 'Glass' in scope
30 | var glass = Glass.regular
31 |
/Users/admin/builder/spi-builder-workspace/Sources/SwiftToasts/SwiftUI/Toast/Style/Common/GlassToastStyle/GlassToastBackground.swift:30:21: error: cannot find 'Glass' in scope
28 | #if !os(visionOS)
29 | private var glass: Glass {
30 | var glass = Glass.regular
| `- error: cannot find 'Glass' in scope
31 |
32 | if useTintedGlass {
/Users/admin/builder/spi-builder-workspace/Sources/SwiftToasts/SwiftUI/Toast/Style/Common/GlassToastStyle/GlassToastBackground.swift:51:14: error: value of type 'some View' has no member 'glassEffect'
49 | )
50 | #else
51 | .glassEffect(glass, in: shape)
| `- error: value of type 'some View' has no member 'glassEffect'
52 | #endif
53 | .contentShape(shape)
[13/111] Compiling SwiftToasts ToastContentAccessibilityIdentifierModifier.swift
/Users/admin/builder/spi-builder-workspace/Sources/SwiftToasts/SwiftUI/Toast/Style/Common/GlassToastStyle/GlassToastBackground.swift:29:24: error: cannot find type 'Glass' in scope
27 |
28 | #if !os(visionOS)
29 | private var glass: Glass {
| `- error: cannot find type 'Glass' in scope
30 | var glass = Glass.regular
31 |
/Users/admin/builder/spi-builder-workspace/Sources/SwiftToasts/SwiftUI/Toast/Style/Common/GlassToastStyle/GlassToastBackground.swift:30:21: error: cannot find 'Glass' in scope
28 | #if !os(visionOS)
29 | private var glass: Glass {
30 | var glass = Glass.regular
| `- error: cannot find 'Glass' in scope
31 |
32 | if useTintedGlass {
/Users/admin/builder/spi-builder-workspace/Sources/SwiftToasts/SwiftUI/Toast/Style/Common/GlassToastStyle/GlassToastBackground.swift:51:14: error: value of type 'some View' has no member 'glassEffect'
49 | )
50 | #else
51 | .glassEffect(glass, in: shape)
| `- error: value of type 'some View' has no member 'glassEffect'
52 | #endif
53 | .contentShape(shape)
[14/111] Compiling SwiftToasts ToastLabelStyle.swift
/Users/admin/builder/spi-builder-workspace/Sources/SwiftToasts/SwiftUI/Toast/Style/Common/GlassToastStyle/GlassToastBackground.swift:29:24: error: cannot find type 'Glass' in scope
27 |
28 | #if !os(visionOS)
29 | private var glass: Glass {
| `- error: cannot find type 'Glass' in scope
30 | var glass = Glass.regular
31 |
/Users/admin/builder/spi-builder-workspace/Sources/SwiftToasts/SwiftUI/Toast/Style/Common/GlassToastStyle/GlassToastBackground.swift:30:21: error: cannot find 'Glass' in scope
28 | #if !os(visionOS)
29 | private var glass: Glass {
30 | var glass = Glass.regular
| `- error: cannot find 'Glass' in scope
31 |
32 | if useTintedGlass {
/Users/admin/builder/spi-builder-workspace/Sources/SwiftToasts/SwiftUI/Toast/Style/Common/GlassToastStyle/GlassToastBackground.swift:51:14: error: value of type 'some View' has no member 'glassEffect'
49 | )
50 | #else
51 | .glassEffect(glass, in: shape)
| `- error: value of type 'some View' has no member 'glassEffect'
52 | #endif
53 | .contentShape(shape)
[15/111] Compiling SwiftToasts ToastLabeledContentStyle.swift
[16/111] Compiling SwiftToasts ToastConfiguration.swift
[17/111] Compiling SwiftToasts ToastStyle.swift
[18/111] Compiling SwiftToasts ToastStyleEnvironmentKey.swift
[19/111] Compiling SwiftToasts Toast.swift
[20/111] Compiling SwiftToasts AnyToastContentStyle.swift
[21/111] Compiling SwiftToasts StandardToastContentStyle.swift
[22/111] Compiling SwiftToasts ToastContentStyle.swift
[23/111] Compiling SwiftToasts ToastContentStyleEnvironmentKey.swift
[24/111] Compiling SwiftToasts ToastContentConfiguration.swift
[25/111] Compiling SwiftToasts ToastContentView.swift
[26/111] Compiling SwiftToasts ToastPresenterProxy.swift
[27/111] Compiling SwiftToasts ToastTransitionEnvironmentKey.swift
[28/111] Compiling SwiftToasts AssignToastPresenterModifier.swift
[29/111] Compiling SwiftToasts ToastBuilder.swift
[30/111] Compiling SwiftToasts ToastIdentifiableTaskModifier.swift
[31/111] Compiling SwiftToasts ToastModifier.swift
[32/111] Compiling SwiftToasts ToastPresentingLayoutModifier.swift
[33/111] Compiling SwiftToasts ToastReceivePublisherModifier.swift
[34/111] Compiling SwiftToasts ToastTargetSceneModifier.swift
[35/111] Compiling SwiftToasts ToastTaskModifier.swift
[36/111] Compiling SwiftToasts ToastTriggerModifier.swift
[37/111] Compiling SwiftToasts ScheduleToastAction.swift
[38/111] Compiling SwiftToasts AnyToastStyle.swift
[39/111] Compiling SwiftToasts ScenePhaseObserver.swift
/Users/admin/builder/spi-builder-workspace/Sources/SwiftToasts/Models/PresentationContext.swift:290:15: warning: 'dock' was deprecated in macOS 10.13
288 | case .screenSaver:
289 | attributes.insert(.discardable)
290 | case .dock:
| `- warning: 'dock' was deprecated in macOS 10.13
291 | attributes.insert(.discardable)
292 | default:
[40/111] Compiling SwiftToasts ToastPresentationCanceller.swift
/Users/admin/builder/spi-builder-workspace/Sources/SwiftToasts/Models/PresentationContext.swift:290:15: warning: 'dock' was deprecated in macOS 10.13
288 | case .screenSaver:
289 | attributes.insert(.discardable)
290 | case .dock:
| `- warning: 'dock' was deprecated in macOS 10.13
291 | attributes.insert(.discardable)
292 | default:
[41/111] Compiling SwiftToasts ToastPresentationContextSelector.swift
/Users/admin/builder/spi-builder-workspace/Sources/SwiftToasts/Models/PresentationContext.swift:290:15: warning: 'dock' was deprecated in macOS 10.13
288 | case .screenSaver:
289 | attributes.insert(.discardable)
290 | case .dock:
| `- warning: 'dock' was deprecated in macOS 10.13
291 | attributes.insert(.discardable)
292 | default:
[42/111] Compiling SwiftToasts ToastPresenting.swift
/Users/admin/builder/spi-builder-workspace/Sources/SwiftToasts/Models/PresentationContext.swift:290:15: warning: 'dock' was deprecated in macOS 10.13
288 | case .screenSaver:
289 | attributes.insert(.discardable)
290 | case .dock:
| `- warning: 'dock' was deprecated in macOS 10.13
291 | attributes.insert(.discardable)
292 | default:
[43/111] Compiling SwiftToasts ToastScheduler.swift
/Users/admin/builder/spi-builder-workspace/Sources/SwiftToasts/Models/PresentationContext.swift:290:15: warning: 'dock' was deprecated in macOS 10.13
288 | case .screenSaver:
289 | attributes.insert(.discardable)
290 | case .dock:
| `- warning: 'dock' was deprecated in macOS 10.13
291 | attributes.insert(.discardable)
292 | default:
[44/111] Compiling SwiftToasts PlatformIdiom.swift
/Users/admin/builder/spi-builder-workspace/Sources/SwiftToasts/Models/PresentationContext.swift:290:15: warning: 'dock' was deprecated in macOS 10.13
288 | case .screenSaver:
289 | attributes.insert(.discardable)
290 | case .dock:
| `- warning: 'dock' was deprecated in macOS 10.13
291 | attributes.insert(.discardable)
292 | default:
[45/111] Compiling SwiftToasts PresentationContext.swift
/Users/admin/builder/spi-builder-workspace/Sources/SwiftToasts/Models/PresentationContext.swift:290:15: warning: 'dock' was deprecated in macOS 10.13
288 | case .screenSaver:
289 | attributes.insert(.discardable)
290 | case .dock:
| `- warning: 'dock' was deprecated in macOS 10.13
291 | attributes.insert(.discardable)
292 | default:
[46/111] Compiling SwiftToasts ToastAccessibilityOptions.swift
/Users/admin/builder/spi-builder-workspace/Sources/SwiftToasts/Models/PresentationContext.swift:290:15: warning: 'dock' was deprecated in macOS 10.13
288 | case .screenSaver:
289 | attributes.insert(.discardable)
290 | case .dock:
| `- warning: 'dock' was deprecated in macOS 10.13
291 | attributes.insert(.discardable)
292 | default:
[47/111] Compiling SwiftToasts ToastAlignment.swift
/Users/admin/builder/spi-builder-workspace/Sources/SwiftToasts/Models/PresentationContext.swift:290:15: warning: 'dock' was deprecated in macOS 10.13
288 | case .screenSaver:
289 | attributes.insert(.discardable)
290 | case .dock:
| `- warning: 'dock' was deprecated in macOS 10.13
291 | attributes.insert(.discardable)
292 | default:
[48/111] Compiling SwiftToasts ToastCancellation.swift
/Users/admin/builder/spi-builder-workspace/Sources/SwiftToasts/Models/PresentationContext.swift:290:15: warning: 'dock' was deprecated in macOS 10.13
288 | case .screenSaver:
289 | attributes.insert(.discardable)
290 | case .dock:
| `- warning: 'dock' was deprecated in macOS 10.13
291 | attributes.insert(.discardable)
292 | default:
[49/111] Compiling SwiftToasts ToastDismissAction.swift
/Users/admin/builder/spi-builder-workspace/Sources/SwiftToasts/Models/PresentationContext.swift:290:15: warning: 'dock' was deprecated in macOS 10.13
288 | case .screenSaver:
289 | attributes.insert(.discardable)
290 | case .dock:
| `- warning: 'dock' was deprecated in macOS 10.13
291 | attributes.insert(.discardable)
292 | default:
[50/111] Compiling SwiftToasts ToastDuration.swift
/Users/admin/builder/spi-builder-workspace/Sources/SwiftToasts/Models/PresentationContext.swift:290:15: warning: 'dock' was deprecated in macOS 10.13
288 | case .screenSaver:
289 | attributes.insert(.discardable)
290 | case .dock:
| `- warning: 'dock' was deprecated in macOS 10.13
291 | attributes.insert(.discardable)
292 | default:
[51/111] Compiling SwiftToasts ToastAccessibilityOptionsEnvironmentKey.swift
[52/111] Compiling SwiftToasts ToastBackgroundInteractionEnabledEnvironmentKey.swift
[53/111] Compiling SwiftToasts ToastCancellationEnvironmentKey.swift
[54/111] Compiling SwiftToasts ToastDismissEnvironmentKey.swift
[55/111] Compiling SwiftToasts ToastEnvironmentValues.swift
[56/111] Compiling SwiftToasts ToastInteractiveDismissEnabledEnvironmentKey.swift
[57/111] Compiling SwiftToasts ToastOrnamentPresentationEnvironmentKey.swift
[58/111] Compiling SwiftToasts ToastPresentationInvalidationOptionsEnvironmentKey.swift
[59/111] Compiling SwiftToasts ToastPresentedAlignmentEnvironmentKey.swift
[60/111] Compiling SwiftToasts ToastPresentedRoleEnvironmentKey.swift
[61/111] Compiling SwiftToasts ToastPresenterEnvironmentKey.swift
[62/111] Compiling SwiftToasts ToastPresentingLayoutGeometryKey.swift
[63/122] Compiling SwiftToasts NSWindowToastPresenterReaderModifier.swift
[64/122] Compiling SwiftToasts UIToast.swift
[65/122] Compiling SwiftToasts UIToastHostingController.swift
[66/122] Compiling SwiftToasts UIView+Animatable.swift
[67/122] Compiling SwiftToasts UIWindow+ToastPresenting.swift
[68/122] Compiling SwiftToasts UIWindowToastPresenterReaderModifier.swift
[69/122] Compiling SwiftToasts UIToastHostingOrnament.swift
[70/122] Compiling SwiftToasts UIWindow+ToastOrnament.swift
[71/122] Compiling SwiftToasts SwiftToasts.swift
[72/122] Compiling SwiftToasts CancellablesBox.swift
[73/122] Compiling SwiftToasts EnvironmentReaderModifier.swift
[74/122] Compiling SwiftToasts PlatformIdiomEnvironmentKey.swift
error: emit-module command failed with exit code 1 (use -v to see invocation)
[75/122] Compiling SwiftToasts FallbackAccessibilityNotification.swift
[76/122] Compiling SwiftToasts FallbackBackgroundEffectView.swift
[77/122] Compiling SwiftToasts FallbackScaledMetricReaderModifier.swift
[78/122] Compiling SwiftToasts FallbackStateObject.swift
[79/122] Compiling SwiftToasts PresentationBoundState.swift
[80/122] Compiling SwiftToasts RuntimeWarning.swift
[81/122] Compiling SwiftToasts SwiftUI+Fallbacks.swift
[82/122] Compiling SwiftToasts UIKit+Fallbacks.swift
[83/122] Compiling SwiftToasts SwiftToastsConfiguration.swift
[84/122] Compiling SwiftToasts PlatformLayoutConstraints.swift
[85/122] Compiling SwiftToasts GlobalToastCancellationTokenStorage.swift
[86/122] Compiling SwiftToasts PresenterPhaseObserver.swift
[87/122] Compiling SwiftToasts ToastOrnament.swift
[88/122] Compiling SwiftToasts ToastPresentation.swift
[89/122] Compiling SwiftToasts ToastPresentationInvalidationOptions.swift
[90/122] Compiling SwiftToasts ToastPresentationSpace.swift
[91/122] Compiling SwiftToasts ToastRole.swift
[92/122] Compiling SwiftToasts ToastTransition.swift
[93/122] Compiling SwiftToasts NSAssociatedProperty.swift
[94/122] Compiling SwiftToasts NSToast.swift
[95/122] Compiling SwiftToasts NSToastHostingController.swift
[96/122] Compiling SwiftToasts NSTransientFloatingWindow.swift
[97/122] Compiling SwiftToasts NSView+Animatable.swift
[98/122] Compiling SwiftToasts NSWindow+ToastPresenting.swift
[99/122] Emitting module SwiftToasts
/Users/admin/builder/spi-builder-workspace/Sources/SwiftToasts/SwiftUI/Toast/Style/Common/GlassToastStyle/GlassToastBackground.swift:29:24: error: cannot find type 'Glass' in scope
27 |
28 | #if !os(visionOS)
29 | private var glass: Glass {
| `- error: cannot find type 'Glass' in scope
30 | var glass = Glass.regular
31 |
[100/122] Compiling SwiftToasts Animatable.swift
[101/122] Compiling SwiftToasts CAAnimatable.swift
[102/122] Compiling SwiftToasts AnimatablePropertiesBuilder.swift
[103/122] Compiling SwiftToasts AnimatableProperty.swift
[104/122] Compiling SwiftToasts AnyAnimationProperty.swift
[105/122] Compiling SwiftToasts Array+AnyAnimationPropertyMerging.swift
[106/122] Compiling SwiftToasts OpacityProperty.swift
[107/122] Compiling SwiftToasts TransformProperty+CATransform3D.swift
[108/122] Compiling SwiftToasts TransformProperty.swift
[109/122] Compiling SwiftToasts AccessibilityFocusModifier.swift
[110/122] Compiling SwiftToasts Cocoa+Fallbacks.swift
[111/122] Compiling SwiftToasts Combine+Fallbacks.swift
[112/122] Compiling SwiftToasts AnyTransition+ToastTransition.swift
[113/122] Compiling SwiftToasts LabelContent.swift
[114/122] Compiling SwiftToasts HostedToastContent.swift
[115/122] Compiling SwiftToasts ToastButton.swift
[116/122] Compiling SwiftToasts ToastPresenterReader.swift
[117/122] Compiling SwiftToasts SoundSettingsExample.swift
[118/122] Compiling SwiftToasts ToastPresentationLayoutExample.swift
[119/122] Compiling SwiftToasts UserInfoFormExample.swift
[120/122] Compiling SwiftToasts PresentedPreview.swift
[121/122] Compiling SwiftToasts PreviewContent.swift
[122/122] Compiling SwiftToasts SomeObservableOject.swift
Running build ...
env DEVELOPER_DIR=/Applications/Xcode-16.3.0.app xcrun swift build --arch arm64
[0/1] Planning build
Building for debugging...
[0/1] Write swift-version-2F0A5646E1D333AE.txt
[2/110] Compiling SwiftToasts NSWindowToastPresenterReaderModifier.swift
[3/110] Compiling SwiftToasts UIToast.swift
[4/110] Compiling SwiftToasts UIToastHostingController.swift
[5/110] Compiling SwiftToasts UIView+Animatable.swift
[6/110] Compiling SwiftToasts UIWindow+ToastPresenting.swift
[7/110] Compiling SwiftToasts UIWindowToastPresenterReaderModifier.swift
[8/110] Compiling SwiftToasts UIToastHostingOrnament.swift
[9/110] Compiling SwiftToasts UIWindow+ToastOrnament.swift
[10/110] Compiling SwiftToasts SwiftToasts.swift
[11/110] Compiling SwiftToasts CancellablesBox.swift
[12/110] Compiling SwiftToasts EnvironmentReaderModifier.swift
[13/110] Compiling SwiftToasts PlatformIdiomEnvironmentKey.swift
[14/110] Compiling SwiftToasts ToastAccessibilityOptionsEnvironmentKey.swift
[15/110] Compiling SwiftToasts ToastBackgroundInteractionEnabledEnvironmentKey.swift
[16/110] Compiling SwiftToasts ToastCancellationEnvironmentKey.swift
[17/110] Compiling SwiftToasts ToastDismissEnvironmentKey.swift
[18/110] Compiling SwiftToasts ToastEnvironmentValues.swift
[19/110] Compiling SwiftToasts ToastInteractiveDismissEnabledEnvironmentKey.swift
[20/110] Compiling SwiftToasts ToastOrnamentPresentationEnvironmentKey.swift
[21/110] Compiling SwiftToasts ToastPresentationInvalidationOptionsEnvironmentKey.swift
[22/110] Compiling SwiftToasts ToastPresentedAlignmentEnvironmentKey.swift
[23/110] Compiling SwiftToasts ToastPresentedRoleEnvironmentKey.swift
[24/110] Compiling SwiftToasts ToastPresenterEnvironmentKey.swift
[25/110] Compiling SwiftToasts ToastPresentingLayoutGeometryKey.swift
[26/121] Compiling SwiftToasts AutomaticToastStyle.swift
/Users/admin/builder/spi-builder-workspace/Sources/SwiftToasts/SwiftUI/Toast/Style/Common/GlassToastStyle/GlassToastBackground.swift:29:24: error: cannot find type 'Glass' in scope
27 |
28 | #if !os(visionOS)
29 | private var glass: Glass {
| `- error: cannot find type 'Glass' in scope
30 | var glass = Glass.regular
31 |
/Users/admin/builder/spi-builder-workspace/Sources/SwiftToasts/SwiftUI/Toast/Style/Common/GlassToastStyle/GlassToastBackground.swift:30:21: error: cannot find 'Glass' in scope
28 | #if !os(visionOS)
29 | private var glass: Glass {
30 | var glass = Glass.regular
| `- error: cannot find 'Glass' in scope
31 |
32 | if useTintedGlass {
/Users/admin/builder/spi-builder-workspace/Sources/SwiftToasts/SwiftUI/Toast/Style/Common/GlassToastStyle/GlassToastBackground.swift:51:14: error: value of type 'some View' has no member 'glassEffect'
49 | )
50 | #else
51 | .glassEffect(glass, in: shape)
| `- error: value of type 'some View' has no member 'glassEffect'
52 | #endif
53 | .contentShape(shape)
[27/121] Compiling SwiftToasts GlassToastBackground.swift
/Users/admin/builder/spi-builder-workspace/Sources/SwiftToasts/SwiftUI/Toast/Style/Common/GlassToastStyle/GlassToastBackground.swift:29:24: error: cannot find type 'Glass' in scope
27 |
28 | #if !os(visionOS)
29 | private var glass: Glass {
| `- error: cannot find type 'Glass' in scope
30 | var glass = Glass.regular
31 |
/Users/admin/builder/spi-builder-workspace/Sources/SwiftToasts/SwiftUI/Toast/Style/Common/GlassToastStyle/GlassToastBackground.swift:30:21: error: cannot find 'Glass' in scope
28 | #if !os(visionOS)
29 | private var glass: Glass {
30 | var glass = Glass.regular
| `- error: cannot find 'Glass' in scope
31 |
32 | if useTintedGlass {
/Users/admin/builder/spi-builder-workspace/Sources/SwiftToasts/SwiftUI/Toast/Style/Common/GlassToastStyle/GlassToastBackground.swift:51:14: error: value of type 'some View' has no member 'glassEffect'
49 | )
50 | #else
51 | .glassEffect(glass, in: shape)
| `- error: value of type 'some View' has no member 'glassEffect'
52 | #endif
53 | .contentShape(shape)
[28/121] Compiling SwiftToasts GlassToastStyle.swift
/Users/admin/builder/spi-builder-workspace/Sources/SwiftToasts/SwiftUI/Toast/Style/Common/GlassToastStyle/GlassToastBackground.swift:29:24: error: cannot find type 'Glass' in scope
27 |
28 | #if !os(visionOS)
29 | private var glass: Glass {
| `- error: cannot find type 'Glass' in scope
30 | var glass = Glass.regular
31 |
/Users/admin/builder/spi-builder-workspace/Sources/SwiftToasts/SwiftUI/Toast/Style/Common/GlassToastStyle/GlassToastBackground.swift:30:21: error: cannot find 'Glass' in scope
28 | #if !os(visionOS)
29 | private var glass: Glass {
30 | var glass = Glass.regular
| `- error: cannot find 'Glass' in scope
31 |
32 | if useTintedGlass {
/Users/admin/builder/spi-builder-workspace/Sources/SwiftToasts/SwiftUI/Toast/Style/Common/GlassToastStyle/GlassToastBackground.swift:51:14: error: value of type 'some View' has no member 'glassEffect'
49 | )
50 | #else
51 | .glassEffect(glass, in: shape)
| `- error: value of type 'some View' has no member 'glassEffect'
52 | #endif
53 | .contentShape(shape)
[29/121] Compiling SwiftToasts MaterialToastBackground.swift
/Users/admin/builder/spi-builder-workspace/Sources/SwiftToasts/SwiftUI/Toast/Style/Common/GlassToastStyle/GlassToastBackground.swift:29:24: error: cannot find type 'Glass' in scope
27 |
28 | #if !os(visionOS)
29 | private var glass: Glass {
| `- error: cannot find type 'Glass' in scope
30 | var glass = Glass.regular
31 |
/Users/admin/builder/spi-builder-workspace/Sources/SwiftToasts/SwiftUI/Toast/Style/Common/GlassToastStyle/GlassToastBackground.swift:30:21: error: cannot find 'Glass' in scope
28 | #if !os(visionOS)
29 | private var glass: Glass {
30 | var glass = Glass.regular
| `- error: cannot find 'Glass' in scope
31 |
32 | if useTintedGlass {
/Users/admin/builder/spi-builder-workspace/Sources/SwiftToasts/SwiftUI/Toast/Style/Common/GlassToastStyle/GlassToastBackground.swift:51:14: error: value of type 'some View' has no member 'glassEffect'
49 | )
50 | #else
51 | .glassEffect(glass, in: shape)
| `- error: value of type 'some View' has no member 'glassEffect'
52 | #endif
53 | .contentShape(shape)
[30/121] Compiling SwiftToasts MaterialToastStyle.swift
/Users/admin/builder/spi-builder-workspace/Sources/SwiftToasts/SwiftUI/Toast/Style/Common/GlassToastStyle/GlassToastBackground.swift:29:24: error: cannot find type 'Glass' in scope
27 |
28 | #if !os(visionOS)
29 | private var glass: Glass {
| `- error: cannot find type 'Glass' in scope
30 | var glass = Glass.regular
31 |
/Users/admin/builder/spi-builder-workspace/Sources/SwiftToasts/SwiftUI/Toast/Style/Common/GlassToastStyle/GlassToastBackground.swift:30:21: error: cannot find 'Glass' in scope
28 | #if !os(visionOS)
29 | private var glass: Glass {
30 | var glass = Glass.regular
| `- error: cannot find 'Glass' in scope
31 |
32 | if useTintedGlass {
/Users/admin/builder/spi-builder-workspace/Sources/SwiftToasts/SwiftUI/Toast/Style/Common/GlassToastStyle/GlassToastBackground.swift:51:14: error: value of type 'some View' has no member 'glassEffect'
49 | )
50 | #else
51 | .glassEffect(glass, in: shape)
| `- error: value of type 'some View' has no member 'glassEffect'
52 | #endif
53 | .contentShape(shape)
[31/121] Compiling SwiftToasts OpaqueToastBackground.swift
/Users/admin/builder/spi-builder-workspace/Sources/SwiftToasts/SwiftUI/Toast/Style/Common/GlassToastStyle/GlassToastBackground.swift:29:24: error: cannot find type 'Glass' in scope
27 |
28 | #if !os(visionOS)
29 | private var glass: Glass {
| `- error: cannot find type 'Glass' in scope
30 | var glass = Glass.regular
31 |
/Users/admin/builder/spi-builder-workspace/Sources/SwiftToasts/SwiftUI/Toast/Style/Common/GlassToastStyle/GlassToastBackground.swift:30:21: error: cannot find 'Glass' in scope
28 | #if !os(visionOS)
29 | private var glass: Glass {
30 | var glass = Glass.regular
| `- error: cannot find 'Glass' in scope
31 |
32 | if useTintedGlass {
/Users/admin/builder/spi-builder-workspace/Sources/SwiftToasts/SwiftUI/Toast/Style/Common/GlassToastStyle/GlassToastBackground.swift:51:14: error: value of type 'some View' has no member 'glassEffect'
49 | )
50 | #else
51 | .glassEffect(glass, in: shape)
| `- error: value of type 'some View' has no member 'glassEffect'
52 | #endif
53 | .contentShape(shape)
[32/121] Compiling SwiftToasts OpaqueToastStyle.swift
/Users/admin/builder/spi-builder-workspace/Sources/SwiftToasts/SwiftUI/Toast/Style/Common/GlassToastStyle/GlassToastBackground.swift:29:24: error: cannot find type 'Glass' in scope
27 |
28 | #if !os(visionOS)
29 | private var glass: Glass {
| `- error: cannot find type 'Glass' in scope
30 | var glass = Glass.regular
31 |
/Users/admin/builder/spi-builder-workspace/Sources/SwiftToasts/SwiftUI/Toast/Style/Common/GlassToastStyle/GlassToastBackground.swift:30:21: error: cannot find 'Glass' in scope
28 | #if !os(visionOS)
29 | private var glass: Glass {
30 | var glass = Glass.regular
| `- error: cannot find 'Glass' in scope
31 |
32 | if useTintedGlass {
/Users/admin/builder/spi-builder-workspace/Sources/SwiftToasts/SwiftUI/Toast/Style/Common/GlassToastStyle/GlassToastBackground.swift:51:14: error: value of type 'some View' has no member 'glassEffect'
49 | )
50 | #else
51 | .glassEffect(glass, in: shape)
| `- error: value of type 'some View' has no member 'glassEffect'
52 | #endif
53 | .contentShape(shape)
[33/121] Compiling SwiftToasts StyleUtils.swift
/Users/admin/builder/spi-builder-workspace/Sources/SwiftToasts/SwiftUI/Toast/Style/Common/GlassToastStyle/GlassToastBackground.swift:29:24: error: cannot find type 'Glass' in scope
27 |
28 | #if !os(visionOS)
29 | private var glass: Glass {
| `- error: cannot find type 'Glass' in scope
30 | var glass = Glass.regular
31 |
/Users/admin/builder/spi-builder-workspace/Sources/SwiftToasts/SwiftUI/Toast/Style/Common/GlassToastStyle/GlassToastBackground.swift:30:21: error: cannot find 'Glass' in scope
28 | #if !os(visionOS)
29 | private var glass: Glass {
30 | var glass = Glass.regular
| `- error: cannot find 'Glass' in scope
31 |
32 | if useTintedGlass {
/Users/admin/builder/spi-builder-workspace/Sources/SwiftToasts/SwiftUI/Toast/Style/Common/GlassToastStyle/GlassToastBackground.swift:51:14: error: value of type 'some View' has no member 'glassEffect'
49 | )
50 | #else
51 | .glassEffect(glass, in: shape)
| `- error: value of type 'some View' has no member 'glassEffect'
52 | #endif
53 | .contentShape(shape)
[34/121] Compiling SwiftToasts StyledViewBody.swift
/Users/admin/builder/spi-builder-workspace/Sources/SwiftToasts/SwiftUI/Toast/Style/Common/GlassToastStyle/GlassToastBackground.swift:29:24: error: cannot find type 'Glass' in scope
27 |
28 | #if !os(visionOS)
29 | private var glass: Glass {
| `- error: cannot find type 'Glass' in scope
30 | var glass = Glass.regular
31 |
/Users/admin/builder/spi-builder-workspace/Sources/SwiftToasts/SwiftUI/Toast/Style/Common/GlassToastStyle/GlassToastBackground.swift:30:21: error: cannot find 'Glass' in scope
28 | #if !os(visionOS)
29 | private var glass: Glass {
30 | var glass = Glass.regular
| `- error: cannot find 'Glass' in scope
31 |
32 | if useTintedGlass {
/Users/admin/builder/spi-builder-workspace/Sources/SwiftToasts/SwiftUI/Toast/Style/Common/GlassToastStyle/GlassToastBackground.swift:51:14: error: value of type 'some View' has no member 'glassEffect'
49 | )
50 | #else
51 | .glassEffect(glass, in: shape)
| `- error: value of type 'some View' has no member 'glassEffect'
52 | #endif
53 | .contentShape(shape)
[35/121] Compiling SwiftToasts ToastButtonStyle.swift
/Users/admin/builder/spi-builder-workspace/Sources/SwiftToasts/SwiftUI/Toast/Style/Common/GlassToastStyle/GlassToastBackground.swift:29:24: error: cannot find type 'Glass' in scope
27 |
28 | #if !os(visionOS)
29 | private var glass: Glass {
| `- error: cannot find type 'Glass' in scope
30 | var glass = Glass.regular
31 |
/Users/admin/builder/spi-builder-workspace/Sources/SwiftToasts/SwiftUI/Toast/Style/Common/GlassToastStyle/GlassToastBackground.swift:30:21: error: cannot find 'Glass' in scope
28 | #if !os(visionOS)
29 | private var glass: Glass {
30 | var glass = Glass.regular
| `- error: cannot find 'Glass' in scope
31 |
32 | if useTintedGlass {
/Users/admin/builder/spi-builder-workspace/Sources/SwiftToasts/SwiftUI/Toast/Style/Common/GlassToastStyle/GlassToastBackground.swift:51:14: error: value of type 'some View' has no member 'glassEffect'
49 | )
50 | #else
51 | .glassEffect(glass, in: shape)
| `- error: value of type 'some View' has no member 'glassEffect'
52 | #endif
53 | .contentShape(shape)
[36/121] Compiling SwiftToasts ToastContentAccessibilityIdentifierModifier.swift
/Users/admin/builder/spi-builder-workspace/Sources/SwiftToasts/SwiftUI/Toast/Style/Common/GlassToastStyle/GlassToastBackground.swift:29:24: error: cannot find type 'Glass' in scope
27 |
28 | #if !os(visionOS)
29 | private var glass: Glass {
| `- error: cannot find type 'Glass' in scope
30 | var glass = Glass.regular
31 |
/Users/admin/builder/spi-builder-workspace/Sources/SwiftToasts/SwiftUI/Toast/Style/Common/GlassToastStyle/GlassToastBackground.swift:30:21: error: cannot find 'Glass' in scope
28 | #if !os(visionOS)
29 | private var glass: Glass {
30 | var glass = Glass.regular
| `- error: cannot find 'Glass' in scope
31 |
32 | if useTintedGlass {
/Users/admin/builder/spi-builder-workspace/Sources/SwiftToasts/SwiftUI/Toast/Style/Common/GlassToastStyle/GlassToastBackground.swift:51:14: error: value of type 'some View' has no member 'glassEffect'
49 | )
50 | #else
51 | .glassEffect(glass, in: shape)
| `- error: value of type 'some View' has no member 'glassEffect'
52 | #endif
53 | .contentShape(shape)
[37/121] Compiling SwiftToasts ToastLabelStyle.swift
/Users/admin/builder/spi-builder-workspace/Sources/SwiftToasts/SwiftUI/Toast/Style/Common/GlassToastStyle/GlassToastBackground.swift:29:24: error: cannot find type 'Glass' in scope
27 |
28 | #if !os(visionOS)
29 | private var glass: Glass {
| `- error: cannot find type 'Glass' in scope
30 | var glass = Glass.regular
31 |
/Users/admin/builder/spi-builder-workspace/Sources/SwiftToasts/SwiftUI/Toast/Style/Common/GlassToastStyle/GlassToastBackground.swift:30:21: error: cannot find 'Glass' in scope
28 | #if !os(visionOS)
29 | private var glass: Glass {
30 | var glass = Glass.regular
| `- error: cannot find 'Glass' in scope
31 |
32 | if useTintedGlass {
/Users/admin/builder/spi-builder-workspace/Sources/SwiftToasts/SwiftUI/Toast/Style/Common/GlassToastStyle/GlassToastBackground.swift:51:14: error: value of type 'some View' has no member 'glassEffect'
49 | )
50 | #else
51 | .glassEffect(glass, in: shape)
| `- error: value of type 'some View' has no member 'glassEffect'
52 | #endif
53 | .contentShape(shape)
[38/121] Compiling SwiftToasts Animatable.swift
[39/121] Compiling SwiftToasts CAAnimatable.swift
[40/121] Compiling SwiftToasts AnimatablePropertiesBuilder.swift
[41/121] Compiling SwiftToasts AnimatableProperty.swift
[42/121] Compiling SwiftToasts AnyAnimationProperty.swift
[43/121] Compiling SwiftToasts Array+AnyAnimationPropertyMerging.swift
[44/121] Compiling SwiftToasts OpacityProperty.swift
[45/121] Compiling SwiftToasts TransformProperty+CATransform3D.swift
[46/121] Compiling SwiftToasts TransformProperty.swift
[47/121] Compiling SwiftToasts AccessibilityFocusModifier.swift
[48/121] Compiling SwiftToasts Cocoa+Fallbacks.swift
[49/121] Compiling SwiftToasts Combine+Fallbacks.swift
[50/121] Compiling SwiftToasts ToastLabeledContentStyle.swift
[51/121] Compiling SwiftToasts ToastConfiguration.swift
[52/121] Compiling SwiftToasts ToastStyle.swift
[53/121] Compiling SwiftToasts ToastStyleEnvironmentKey.swift
[54/121] Compiling SwiftToasts Toast.swift
[55/121] Compiling SwiftToasts AnyToastContentStyle.swift
[56/121] Compiling SwiftToasts StandardToastContentStyle.swift
[57/121] Compiling SwiftToasts ToastContentStyle.swift
[58/121] Compiling SwiftToasts ToastContentStyleEnvironmentKey.swift
[59/121] Compiling SwiftToasts ToastContentConfiguration.swift
[60/121] Compiling SwiftToasts ToastContentView.swift
[61/121] Compiling SwiftToasts ToastPresenterProxy.swift
[62/121] Compiling SwiftToasts ScenePhaseObserver.swift
/Users/admin/builder/spi-builder-workspace/Sources/SwiftToasts/Models/PresentationContext.swift:290:15: warning: 'dock' was deprecated in macOS 10.13
288 | case .screenSaver:
289 | attributes.insert(.discardable)
290 | case .dock:
| `- warning: 'dock' was deprecated in macOS 10.13
291 | attributes.insert(.discardable)
292 | default:
[63/121] Compiling SwiftToasts ToastPresentationCanceller.swift
/Users/admin/builder/spi-builder-workspace/Sources/SwiftToasts/Models/PresentationContext.swift:290:15: warning: 'dock' was deprecated in macOS 10.13
288 | case .screenSaver:
289 | attributes.insert(.discardable)
290 | case .dock:
| `- warning: 'dock' was deprecated in macOS 10.13
291 | attributes.insert(.discardable)
292 | default:
[64/121] Compiling SwiftToasts ToastPresentationContextSelector.swift
/Users/admin/builder/spi-builder-workspace/Sources/SwiftToasts/Models/PresentationContext.swift:290:15: warning: 'dock' was deprecated in macOS 10.13
288 | case .screenSaver:
289 | attributes.insert(.discardable)
290 | case .dock:
| `- warning: 'dock' was deprecated in macOS 10.13
291 | attributes.insert(.discardable)
292 | default:
[65/121] Compiling SwiftToasts ToastPresenting.swift
/Users/admin/builder/spi-builder-workspace/Sources/SwiftToasts/Models/PresentationContext.swift:290:15: warning: 'dock' was deprecated in macOS 10.13
288 | case .screenSaver:
289 | attributes.insert(.discardable)
290 | case .dock:
| `- warning: 'dock' was deprecated in macOS 10.13
291 | attributes.insert(.discardable)
292 | default:
[66/121] Compiling SwiftToasts ToastScheduler.swift
/Users/admin/builder/spi-builder-workspace/Sources/SwiftToasts/Models/PresentationContext.swift:290:15: warning: 'dock' was deprecated in macOS 10.13
288 | case .screenSaver:
289 | attributes.insert(.discardable)
290 | case .dock:
| `- warning: 'dock' was deprecated in macOS 10.13
291 | attributes.insert(.discardable)
292 | default:
[67/121] Compiling SwiftToasts PlatformIdiom.swift
/Users/admin/builder/spi-builder-workspace/Sources/SwiftToasts/Models/PresentationContext.swift:290:15: warning: 'dock' was deprecated in macOS 10.13
288 | case .screenSaver:
289 | attributes.insert(.discardable)
290 | case .dock:
| `- warning: 'dock' was deprecated in macOS 10.13
291 | attributes.insert(.discardable)
292 | default:
[68/121] Compiling SwiftToasts PresentationContext.swift
/Users/admin/builder/spi-builder-workspace/Sources/SwiftToasts/Models/PresentationContext.swift:290:15: warning: 'dock' was deprecated in macOS 10.13
288 | case .screenSaver:
289 | attributes.insert(.discardable)
290 | case .dock:
| `- warning: 'dock' was deprecated in macOS 10.13
291 | attributes.insert(.discardable)
292 | default:
[69/121] Compiling SwiftToasts ToastAccessibilityOptions.swift
/Users/admin/builder/spi-builder-workspace/Sources/SwiftToasts/Models/PresentationContext.swift:290:15: warning: 'dock' was deprecated in macOS 10.13
288 | case .screenSaver:
289 | attributes.insert(.discardable)
290 | case .dock:
| `- warning: 'dock' was deprecated in macOS 10.13
291 | attributes.insert(.discardable)
292 | default:
[70/121] Compiling SwiftToasts ToastAlignment.swift
/Users/admin/builder/spi-builder-workspace/Sources/SwiftToasts/Models/PresentationContext.swift:290:15: warning: 'dock' was deprecated in macOS 10.13
288 | case .screenSaver:
289 | attributes.insert(.discardable)
290 | case .dock:
| `- warning: 'dock' was deprecated in macOS 10.13
291 | attributes.insert(.discardable)
292 | default:
[71/121] Compiling SwiftToasts ToastCancellation.swift
/Users/admin/builder/spi-builder-workspace/Sources/SwiftToasts/Models/PresentationContext.swift:290:15: warning: 'dock' was deprecated in macOS 10.13
288 | case .screenSaver:
289 | attributes.insert(.discardable)
290 | case .dock:
| `- warning: 'dock' was deprecated in macOS 10.13
291 | attributes.insert(.discardable)
292 | default:
[72/121] Compiling SwiftToasts ToastDismissAction.swift
/Users/admin/builder/spi-builder-workspace/Sources/SwiftToasts/Models/PresentationContext.swift:290:15: warning: 'dock' was deprecated in macOS 10.13
288 | case .screenSaver:
289 | attributes.insert(.discardable)
290 | case .dock:
| `- warning: 'dock' was deprecated in macOS 10.13
291 | attributes.insert(.discardable)
292 | default:
[73/121] Compiling SwiftToasts ToastDuration.swift
/Users/admin/builder/spi-builder-workspace/Sources/SwiftToasts/Models/PresentationContext.swift:290:15: warning: 'dock' was deprecated in macOS 10.13
288 | case .screenSaver:
289 | attributes.insert(.discardable)
290 | case .dock:
| `- warning: 'dock' was deprecated in macOS 10.13
291 | attributes.insert(.discardable)
292 | default:
[74/121] Compiling SwiftToasts ToastTransitionEnvironmentKey.swift
[75/121] Compiling SwiftToasts AssignToastPresenterModifier.swift
[76/121] Compiling SwiftToasts ToastBuilder.swift
[77/121] Compiling SwiftToasts ToastIdentifiableTaskModifier.swift
[78/121] Compiling SwiftToasts ToastModifier.swift
[79/121] Compiling SwiftToasts ToastPresentingLayoutModifier.swift
[80/121] Compiling SwiftToasts ToastReceivePublisherModifier.swift
[81/121] Compiling SwiftToasts ToastTargetSceneModifier.swift
[82/121] Compiling SwiftToasts ToastTaskModifier.swift
[83/121] Compiling SwiftToasts ToastTriggerModifier.swift
[84/121] Compiling SwiftToasts ScheduleToastAction.swift
[85/121] Compiling SwiftToasts AnyToastStyle.swift
[86/121] Compiling SwiftToasts FallbackAccessibilityNotification.swift
[87/121] Compiling SwiftToasts FallbackBackgroundEffectView.swift
[88/121] Compiling SwiftToasts FallbackScaledMetricReaderModifier.swift
[89/121] Compiling SwiftToasts FallbackStateObject.swift
[90/121] Compiling SwiftToasts PresentationBoundState.swift
[91/121] Compiling SwiftToasts RuntimeWarning.swift
[92/121] Compiling SwiftToasts SwiftUI+Fallbacks.swift
[93/121] Compiling SwiftToasts UIKit+Fallbacks.swift
[94/121] Compiling SwiftToasts SwiftToastsConfiguration.swift
[95/121] Compiling SwiftToasts PlatformLayoutConstraints.swift
[96/121] Compiling SwiftToasts GlobalToastCancellationTokenStorage.swift
[97/121] Compiling SwiftToasts PresenterPhaseObserver.swift
[98/121] Compiling SwiftToasts AnyTransition+ToastTransition.swift
[99/121] Compiling SwiftToasts LabelContent.swift
[100/121] Compiling SwiftToasts HostedToastContent.swift
[101/121] Compiling SwiftToasts ToastButton.swift
[102/121] Compiling SwiftToasts ToastPresenterReader.swift
[103/121] Compiling SwiftToasts SoundSettingsExample.swift
[104/121] Compiling SwiftToasts ToastPresentationLayoutExample.swift
[105/121] Compiling SwiftToasts UserInfoFormExample.swift
[106/121] Compiling SwiftToasts PresentedPreview.swift
[107/121] Compiling SwiftToasts PreviewContent.swift
[108/121] Compiling SwiftToasts SomeObservableOject.swift
error: emit-module command failed with exit code 1 (use -v to see invocation)
[109/121] Compiling SwiftToasts ToastOrnament.swift
[110/121] Compiling SwiftToasts ToastPresentation.swift
[111/121] Compiling SwiftToasts ToastPresentationInvalidationOptions.swift
[112/121] Compiling SwiftToasts ToastPresentationSpace.swift
[113/121] Compiling SwiftToasts ToastRole.swift
[114/121] Compiling SwiftToasts ToastTransition.swift
[115/121] Compiling SwiftToasts NSAssociatedProperty.swift
[116/121] Compiling SwiftToasts NSToast.swift
[117/121] Compiling SwiftToasts NSToastHostingController.swift
[118/121] Compiling SwiftToasts NSTransientFloatingWindow.swift
[119/121] Compiling SwiftToasts NSView+Animatable.swift
[120/121] Compiling SwiftToasts NSWindow+ToastPresenting.swift
[121/121] Emitting module SwiftToasts
/Users/admin/builder/spi-builder-workspace/Sources/SwiftToasts/SwiftUI/Toast/Style/Common/GlassToastStyle/GlassToastBackground.swift:29:24: error: cannot find type 'Glass' in scope
27 |
28 | #if !os(visionOS)
29 | private var glass: Glass {
| `- error: cannot find type 'Glass' in scope
30 | var glass = Glass.regular
31 |
BUILD FAILURE 6.1 macosSpm