Build Information
Failed to build Capable, reference 2.0.1 (f9b3ea), with Swift 6.4 for visionOS using Xcode 27.0 on 18 Sep 2026 05:40:14 UTC.
Build Command
env DEVELOPER_DIR=/Applications/Xcode-27.0.0-Release.Candidate.app xcrun xcodebuild -IDEClonedSourcePackagesDirPathOverride=$PWD/.dependencies -skipMacroValidation -skipPackagePluginValidation -derivedDataPath $PWD/.derivedData build -scheme Capable -destination generic/platform=xrOSBuild Log
========================================
RunAll
========================================
Builder version: 5.1.0
Interrupt handler set up.
========================================
Checkout
========================================
Clone URL: https://github.com/chrs1885/Capable.git
Reference: 2.0.1
Initialized empty Git repository in /Users/admin/builder/spi-builder-workspace/.git/
From https://github.com/chrs1885/Capable
* tag 2.0.1 -> FETCH_HEAD
HEAD is now at f9b3eaf Merge branch 'release/2.0.1'
Cloned https://github.com/chrs1885/Capable.git
Revision (git rev-parse @):
f9b3eaf878aa3d70b9a256c08951a0d4a6cf0d37
SUCCESS checkout https://github.com/chrs1885/Capable.git at 2.0.1
========================================
Build
========================================
Selected platform: visionOS
Swift version: 6.4
Building package at path: $PWD
https://github.com/chrs1885/Capable.git
Command line invocation:
/Applications/Xcode-27.0.0-Release.Candidate.app/Contents/Developer/usr/bin/xcodebuild -IDEClonedSourcePackagesDirPathOverride=/Users/admin/builder/spi-builder-workspace/.dependencies -resolvePackageDependencies
Resolve Package Graph
Fetching from https://github.com/Quick/Quick.git
Fetching from https://github.com/Quick/Nimble.git
Fetching from https://github.com/mattgallagher/CwlPreconditionTesting.git
Fetching from https://github.com/mattgallagher/CwlCatchException.git
Creating working copy of package ‘Nimble’
Checking out 9.2.1 of package ‘Nimble’
Creating working copy of package ‘CwlCatchException’
Checking out 2.2.1 of package ‘CwlCatchException’
Creating working copy of package ‘CwlPreconditionTesting’
Checking out 2.2.2 of package ‘CwlPreconditionTesting’
Creating working copy of package ‘Quick’
Checking out 4.0.0 of package ‘Quick’
Resolve Package Graph
Resolved source packages:
Nimble: https://github.com/Quick/Nimble.git @ 9.2.1
CwlPreconditionTesting: https://github.com/mattgallagher/CwlPreconditionTesting.git @ 2.2.2
CwlCatchException: https://github.com/mattgallagher/CwlCatchException.git @ 2.2.1
Capable: /Users/admin/builder/spi-builder-workspace
Quick: https://github.com/Quick/Quick.git @ 4.0.0
resolved source packages: Nimble, CwlPreconditionTesting, CwlCatchException, Capable, Quick
2026-09-18 01:39:00.469 xcodebuild[529:3029] [MT] IDERunDestination: Supported platforms for the buildables in the current scheme is empty.
2026-09-18 01:39:00.633 xcodebuild[529:3029] [MT] IDERunDestination: Supported platforms for the buildables in the current scheme is empty.
2026-09-18 01:39:02.341 xcodebuild[529:3029] [MT] IDERunDestination: Supported platforms for the buildables in the current scheme is empty.
{
"dependencies" : [
{
"identity" : "quick",
"requirement" : {
"range" : [
{
"lower_bound" : "4.0.0",
"upper_bound" : "5.0.0"
}
]
},
"type" : "sourceControl",
"url" : "https://github.com/Quick/Quick.git"
},
{
"identity" : "nimble",
"requirement" : {
"range" : [
{
"lower_bound" : "9.2.1",
"upper_bound" : "10.0.0"
}
]
},
"type" : "sourceControl",
"url" : "https://github.com/Quick/Nimble.git"
}
],
"manifest_display_name" : "Capable",
"name" : "Capable",
"path" : "/Users/admin/builder/spi-builder-workspace",
"platforms" : [
{
"name" : "macos",
"version" : "10.13"
},
{
"name" : "ios",
"version" : "12.0"
},
{
"name" : "tvos",
"version" : "12.0"
},
{
"name" : "watchos",
"version" : "4.0"
}
],
"products" : [
{
"name" : "Capable",
"targets" : [
"Capable"
],
"type" : {
"library" : [
"automatic"
]
}
}
],
"targets" : [
{
"c99name" : "CapableTests",
"module_type" : "SwiftTarget",
"name" : "CapableTests",
"path" : "Tests/CapableTests",
"product_dependencies" : [
"Quick",
"Nimble"
],
"sources" : [
"CapablePerfTests.swift",
"CapableTests.swift",
"FeatureProviderTests.swift",
"FeatureStatusProviderTests.swift",
"LoggerTests.swift",
"Mocks/FeatureMock.swift",
"Mocks/FeatureProviderMock.swift",
"Mocks/FeatureStatusProviderMock.swift",
"Mocks/NotificationCenterMock.swift"
],
"target_dependencies" : [
"Capable"
],
"type" : "test"
},
{
"c99name" : "Capable",
"module_type" : "SwiftTarget",
"name" : "Capable",
"path" : "Sources/Capable",
"product_memberships" : [
"Capable"
],
"sources" : [
"Capable.swift",
"Extensions/Bool+statusString.swift",
"Extensions/CGFloat+contentSizeString.swift",
"Extensions/HearingDeviceEar+stringValue.swift",
"Extensions/Notification+Name.swift",
"Extensions/String+isDefaultContentSize.swift",
"Extensions/UIContentSizeCategory+values.swift",
"Logger/Logger.swift",
"Logger/OSLogType+greaterEqual.swift",
"Models/CapableFeature.swift",
"Models/FeatureStatus.swift",
"Models/NotificationCenterProtocol.swift",
"Plugins/AssistiveTouch.swift",
"Plugins/BoldText.swift",
"Plugins/ButtonShapes.swift",
"Plugins/ClosedCaptioning.swift",
"Plugins/DarkerSystemColors.swift",
"Plugins/DifferentiateWithoutColor.swift",
"Plugins/FullKeyboardAccess.swift",
"Plugins/Grayscale.swift",
"Plugins/GuidedAccess.swift",
"Plugins/HearingDevicePairedEar.swift",
"Plugins/IncreaseContrast.swift",
"Plugins/InvertColors.swift",
"Plugins/LargerText.swift",
"Plugins/MonoAudio.swift",
"Plugins/OnOffSwitchLabels.swift",
"Plugins/PrefersCrossFadeTransitions.swift",
"Plugins/Protocols/FeatureProtocol.swift",
"Plugins/Protocols/ObservableFeatureProtocol.swift",
"Plugins/ReduceMotion.swift",
"Plugins/ReduceTransparency.swift",
"Plugins/ShakeToUndo.swift",
"Plugins/SpeakScreen.swift",
"Plugins/SpeakSelection.swift",
"Plugins/SwitchControl.swift",
"Plugins/VideoAutoplay.swift",
"Plugins/VoiceOver.swift",
"Statuses/AccessibilityFeatureProvider.swift",
"Statuses/FeatureStatusProvider.swift"
],
"type" : "library"
}
],
"tools_version" : "5.3"
}
{
"workspace" : {
"name" : "Capable",
"schemes" : [
"Capable"
]
}
}
2026-09-18 01:40:00.512 xcodebuild[841:4876] [MT] IDERunDestination: Supported platforms for the buildables in the current scheme is empty.
2026-09-18 01:40:00.771 xcodebuild[841:4876] [MT] IDERunDestination: Supported platforms for the buildables in the current scheme is empty.
Running build ...
env DEVELOPER_DIR=/Applications/Xcode-27.0.0-Release.Candidate.app xcrun xcodebuild -IDEClonedSourcePackagesDirPathOverride=$PWD/.dependencies -skipMacroValidation -skipPackagePluginValidation -derivedDataPath $PWD/.derivedData build -scheme Capable -destination generic/platform=xrOS
Command line invocation:
/Applications/Xcode-27.0.0-Release.Candidate.app/Contents/Developer/usr/bin/xcodebuild -IDEClonedSourcePackagesDirPathOverride=/Users/admin/builder/spi-builder-workspace/.dependencies -skipMacroValidation -skipPackagePluginValidation -derivedDataPath /Users/admin/builder/spi-builder-workspace/.derivedData build -scheme Capable -destination generic/platform=xrOS
Resolve Package Graph
Resolve Package Graph
Resolved source packages:
CwlPreconditionTesting: https://github.com/mattgallagher/CwlPreconditionTesting.git @ 2.2.2
Capable: /Users/admin/builder/spi-builder-workspace
Quick: https://github.com/Quick/Quick.git @ 4.0.0
Nimble: https://github.com/Quick/Nimble.git @ 9.2.1
CwlCatchException: https://github.com/mattgallagher/CwlCatchException.git @ 2.2.1
ComputePackagePrebuildTargetDependencyGraph
Prepare packages
CreateBuildRequest
SendProjectDescription
CreateBuildOperation
ComputeTargetDependencyGraph
note: Building targets in dependency order
note: Target dependency graph (8 targets)
Target 'CapableTests-product' in project 'Capable'
➜ Explicit dependency on target 'Capable' in project 'Capable'
➜ Explicit dependency on target 'Quick-product' in project 'Quick'
➜ Explicit dependency on target 'Nimble-product' in project 'Nimble'
Target 'Nimble-product' in project 'Nimble'
➜ Explicit dependency on target 'Nimble' in project 'Nimble'
Target 'Nimble' in project 'Nimble' (no dependencies)
Target 'Quick-product' in project 'Quick'
➜ Explicit dependency on target 'Quick' in project 'Quick'
➜ Explicit dependency on target 'QuickObjCRuntime' in project 'Quick'
Target 'Quick' in project 'Quick'
➜ Explicit dependency on target 'QuickObjCRuntime' in project 'Quick'
Target 'QuickObjCRuntime' in project 'Quick' (no dependencies)
Target 'Capable-product' in project 'Capable'
➜ Explicit dependency on target 'Capable' in project 'Capable'
Target 'Capable' in project 'Capable' (no dependencies)
GatherProvisioningInputs
CreateBuildDescription
ExecuteExternalTool /Applications/Xcode-27.0.0-Release.Candidate.app/Contents/Developer/Toolchains/XcodeDefault.xctoolchain/usr/bin/clang -v -E -dM -arch arm64 -isysroot /Applications/Xcode-27.0.0-Release.Candidate.app/Contents/Developer/Platforms/XROS.platform/Developer/SDKs/XROS27.0.sdk -x objective-c -c /dev/null
ExecuteExternalTool /Applications/Xcode-27.0.0-Release.Candidate.app/Contents/Developer/Toolchains/XcodeDefault.xctoolchain/usr/bin/swiftc --version
ExecuteExternalTool /Applications/Xcode-27.0.0-Release.Candidate.app/Contents/Developer/Toolchains/XcodeDefault.xctoolchain/usr/bin/clang -v -E -dM -isysroot /Applications/Xcode-27.0.0-Release.Candidate.app/Contents/Developer/Platforms/XROS.platform/Developer/SDKs/XROS27.0.sdk -x c -c /dev/null
ExecuteExternalTool /Applications/Xcode-27.0.0-Release.Candidate.app/Contents/Developer/Toolchains/XcodeDefault.xctoolchain/usr/bin/clang -v -E -dM -arch arm64 -isysroot /Applications/Xcode-27.0.0-Release.Candidate.app/Contents/Developer/Platforms/XROS.platform/Developer/SDKs/XROS27.0.sdk -x c -c /dev/null
ExecuteExternalTool /Applications/Xcode-27.0.0-Release.Candidate.app/Contents/Developer/Toolchains/XcodeDefault.xctoolchain/usr/bin/ld -version_details
Build description signature: 1d5fe1d6ffa5a1621dccb645f4ae8ad2
Build description path: /Users/admin/builder/spi-builder-workspace/.derivedData/Build/Intermediates.noindex/XCBuildData/1d5fe1d6ffa5a1621dccb645f4ae8ad2.xcbuilddata
CreateBuildDirectory /Users/admin/builder/spi-builder-workspace/.derivedData/SDKExplicitPrecompiledModules
cd /Users/admin/builder/spi-builder-workspace/.swiftpm/xcode
builtin-create-build-directory /Users/admin/builder/spi-builder-workspace/.derivedData/SDKExplicitPrecompiledModules
CreateBuildDirectory /Users/admin/builder/spi-builder-workspace/.derivedData/CompilationCache.noindex
cd /Users/admin/builder/spi-builder-workspace/.swiftpm/xcode
builtin-create-build-directory /Users/admin/builder/spi-builder-workspace/.derivedData/CompilationCache.noindex
CreateBuildDirectory /Users/admin/builder/spi-builder-workspace/.derivedData/ModuleCache.noindex
cd /Users/admin/builder/spi-builder-workspace/.swiftpm/xcode
builtin-create-build-directory /Users/admin/builder/spi-builder-workspace/.derivedData/ModuleCache.noindex
ClangStatCache /Applications/Xcode-27.0.0-Release.Candidate.app/Contents/Developer/Toolchains/XcodeDefault.xctoolchain/usr/bin/clang-stat-cache /Applications/Xcode-27.0.0-Release.Candidate.app/Contents/Developer/Platforms/XROS.platform/Developer/SDKs/XROS27.0.sdk /Users/admin/builder/spi-builder-workspace/.derivedData/SDKStatCaches.noindex/xros27.0-24M361-e829b21a6f8c9b70876ba0858053c044735bd543db762f57723cac368afd1ce4.sdkstatcache
cd /Users/admin/builder/spi-builder-workspace/.swiftpm/xcode
/Applications/Xcode-27.0.0-Release.Candidate.app/Contents/Developer/Toolchains/XcodeDefault.xctoolchain/usr/bin/clang-stat-cache /Applications/Xcode-27.0.0-Release.Candidate.app/Contents/Developer/Platforms/XROS.platform/Developer/SDKs/XROS27.0.sdk -o /Users/admin/builder/spi-builder-workspace/.derivedData/SDKStatCaches.noindex/xros27.0-24M361-e829b21a6f8c9b70876ba0858053c044735bd543db762f57723cac368afd1ce4.sdkstatcache
CreateBuildDirectory /Users/admin/builder/spi-builder-workspace/.derivedData/Build/Intermediates.noindex
cd /Users/admin/builder/spi-builder-workspace/.swiftpm/xcode
builtin-create-build-directory /Users/admin/builder/spi-builder-workspace/.derivedData/Build/Intermediates.noindex
CreateBuildDirectory /Users/admin/builder/spi-builder-workspace/.derivedData/Build/Products
cd /Users/admin/builder/spi-builder-workspace/.swiftpm/xcode
builtin-create-build-directory /Users/admin/builder/spi-builder-workspace/.derivedData/Build/Products
CreateBuildDirectory /Users/admin/builder/spi-builder-workspace/.derivedData/Build/Intermediates.noindex/SwiftExplicitPrecompiledModules
cd /Users/admin/builder/spi-builder-workspace/.swiftpm/xcode
builtin-create-build-directory /Users/admin/builder/spi-builder-workspace/.derivedData/Build/Intermediates.noindex/SwiftExplicitPrecompiledModules
CreateBuildDirectory /Users/admin/builder/spi-builder-workspace/.derivedData/Build/Intermediates.noindex/ExplicitPrecompiledModules
cd /Users/admin/builder/spi-builder-workspace/.swiftpm/xcode
builtin-create-build-directory /Users/admin/builder/spi-builder-workspace/.derivedData/Build/Intermediates.noindex/ExplicitPrecompiledModules
CreateBuildDirectory /Users/admin/builder/spi-builder-workspace/.derivedData/Build/Intermediates.noindex/PrecompiledHeaders
cd /Users/admin/builder/spi-builder-workspace/.swiftpm/xcode
builtin-create-build-directory /Users/admin/builder/spi-builder-workspace/.derivedData/Build/Intermediates.noindex/PrecompiledHeaders
CreateBuildDirectory /Users/admin/builder/spi-builder-workspace/.derivedData/Build/Products/Debug-xros
cd /Users/admin/builder/spi-builder-workspace/.swiftpm/xcode
builtin-create-build-directory /Users/admin/builder/spi-builder-workspace/.derivedData/Build/Products/Debug-xros
CreateBuildDirectory /Users/admin/builder/spi-builder-workspace/.derivedData/Build/Intermediates.noindex/EagerLinkingTBDs/Debug-xros
cd /Users/admin/builder/spi-builder-workspace/.swiftpm/xcode
builtin-create-build-directory /Users/admin/builder/spi-builder-workspace/.derivedData/Build/Intermediates.noindex/EagerLinkingTBDs/Debug-xros
CreateBuildDirectory /Users/admin/builder/spi-builder-workspace/.derivedData/Build/Products/Debug-xros/PackageFrameworks
cd /Users/admin/builder/spi-builder-workspace/.swiftpm/xcode
builtin-create-build-directory /Users/admin/builder/spi-builder-workspace/.derivedData/Build/Products/Debug-xros/PackageFrameworks
WriteAuxiliaryFile /Users/admin/builder/spi-builder-workspace/.derivedData/Build/Intermediates.noindex/Quick.build/Debug-xros/QuickObjCRuntime-t.build/QuickObjCRuntime.modulemap (in target 'QuickObjCRuntime' from project 'Quick')
cd /Users/admin/builder/spi-builder-workspace/.dependencies/checkouts/Quick
write-file /Users/admin/builder/spi-builder-workspace/.derivedData/Build/Intermediates.noindex/Quick.build/Debug-xros/QuickObjCRuntime-t.build/QuickObjCRuntime.modulemap
WriteAuxiliaryFile /Users/admin/builder/spi-builder-workspace/.derivedData/Build/Intermediates.noindex/Quick.build/Debug-xros/QuickObjCRuntime-t.build/QuickObjCRuntime.DependencyStaticMetadataFileList (in target 'QuickObjCRuntime' from project 'Quick')
cd /Users/admin/builder/spi-builder-workspace/.dependencies/checkouts/Quick
write-file /Users/admin/builder/spi-builder-workspace/.derivedData/Build/Intermediates.noindex/Quick.build/Debug-xros/QuickObjCRuntime-t.build/QuickObjCRuntime.DependencyStaticMetadataFileList
WriteAuxiliaryFile /Users/admin/builder/spi-builder-workspace/.derivedData/Build/Intermediates.noindex/Quick.build/Debug-xros/Quick-t.build/Quick.modulemap (in target 'Quick' from project 'Quick')
cd /Users/admin/builder/spi-builder-workspace/.dependencies/checkouts/Quick
write-file /Users/admin/builder/spi-builder-workspace/.derivedData/Build/Intermediates.noindex/Quick.build/Debug-xros/Quick-t.build/Quick.modulemap
WriteAuxiliaryFile /Users/admin/builder/spi-builder-workspace/.derivedData/Build/Intermediates.noindex/Quick.build/Debug-xros/Quick-t.build/Quick.DependencyStaticMetadataFileList (in target 'Quick' from project 'Quick')
cd /Users/admin/builder/spi-builder-workspace/.dependencies/checkouts/Quick
write-file /Users/admin/builder/spi-builder-workspace/.derivedData/Build/Intermediates.noindex/Quick.build/Debug-xros/Quick-t.build/Quick.DependencyStaticMetadataFileList
WriteAuxiliaryFile /Users/admin/builder/spi-builder-workspace/.derivedData/Build/Intermediates.noindex/Quick.build/Debug-xros/QuickObjCRuntime-t.build/QuickObjCRuntime.DependencyMetadataFileList (in target 'QuickObjCRuntime' from project 'Quick')
cd /Users/admin/builder/spi-builder-workspace/.dependencies/checkouts/Quick
write-file /Users/admin/builder/spi-builder-workspace/.derivedData/Build/Intermediates.noindex/Quick.build/Debug-xros/QuickObjCRuntime-t.build/QuickObjCRuntime.DependencyMetadataFileList
WriteAuxiliaryFile /Users/admin/builder/spi-builder-workspace/.derivedData/Build/Intermediates.noindex/Quick.build/Debug-xros/Quick-t.build/Quick.DependencyMetadataFileList (in target 'Quick' from project 'Quick')
cd /Users/admin/builder/spi-builder-workspace/.dependencies/checkouts/Quick
write-file /Users/admin/builder/spi-builder-workspace/.derivedData/Build/Intermediates.noindex/Quick.build/Debug-xros/Quick-t.build/Quick.DependencyMetadataFileList
WriteAuxiliaryFile /Users/admin/builder/spi-builder-workspace/.derivedData/Build/Intermediates.noindex/Quick.build/Debug-xros/QuickObjCRuntime-t.build/Objects-normal/arm64/QuickObjCRuntime.LinkFileList (in target 'QuickObjCRuntime' from project 'Quick')
cd /Users/admin/builder/spi-builder-workspace/.dependencies/checkouts/Quick
write-file /Users/admin/builder/spi-builder-workspace/.derivedData/Build/Intermediates.noindex/Quick.build/Debug-xros/QuickObjCRuntime-t.build/Objects-normal/arm64/QuickObjCRuntime.LinkFileList
WriteAuxiliaryFile /Users/admin/builder/spi-builder-workspace/.derivedData/Build/Intermediates.noindex/Quick.build/Debug-xros/QuickObjCRuntime-t.build/Objects-normal/arm64/e6072d4f65d7061329687fe24e3d63a7-common-args.resp (in target 'QuickObjCRuntime' from project 'Quick')
cd /Users/admin/builder/spi-builder-workspace/.dependencies/checkouts/Quick
write-file /Users/admin/builder/spi-builder-workspace/.derivedData/Build/Intermediates.noindex/Quick.build/Debug-xros/QuickObjCRuntime-t.build/Objects-normal/arm64/e6072d4f65d7061329687fe24e3d63a7-common-args.resp
-fobjc-arc -fmodules -gmodules '-fmodules-cache-path=/Users/admin/builder/spi-builder-workspace/.derivedData/ModuleCache.noindex' '-fmodule-name=QuickObjCRuntime' -fpascal-strings -O0 -DSWIFT_PACKAGE '-DDEBUG=1' '-DOBJC_OLD_DISPATCH_PROTOTYPES=1' -g -I/Users/admin/builder/spi-builder-workspace/.derivedData/Build/Products/Debug-xros/include -I/Users/admin/builder/spi-builder-workspace/.dependencies/checkouts/Quick/Sources/QuickObjCRuntime/include -I/Users/admin/builder/spi-builder-workspace/.derivedData/Build/Intermediates.noindex/Quick.build/Debug-xros/QuickObjCRuntime-t.build/DerivedSources-normal/arm64 -I/Users/admin/builder/spi-builder-workspace/.derivedData/Build/Intermediates.noindex/Quick.build/Debug-xros/QuickObjCRuntime-t.build/DerivedSources/arm64 -I/Users/admin/builder/spi-builder-workspace/.derivedData/Build/Intermediates.noindex/Quick.build/Debug-xros/QuickObjCRuntime-t.build/DerivedSources -F/Users/admin/builder/spi-builder-workspace/.derivedData/Build/Products/Debug-xros -iframework /Applications/Xcode-27.0.0-Release.Candidate.app/Contents/Developer/Platforms/XROS.platform/Developer/Library/Frameworks -iframework /Applications/Xcode-27.0.0-Release.Candidate.app/Contents/Developer/Platforms/XROS.platform/Developer/SDKs/XROS27.0.sdk/Developer/Library/Frameworks -DXcode
WriteAuxiliaryFile /Users/admin/builder/spi-builder-workspace/.derivedData/Build/Intermediates.noindex/Quick.build/Debug-xros/Quick-t.build/Objects-normal/arm64/Quick_const_extract_protocols.json (in target 'Quick' from project 'Quick')
cd /Users/admin/builder/spi-builder-workspace/.dependencies/checkouts/Quick
write-file /Users/admin/builder/spi-builder-workspace/.derivedData/Build/Intermediates.noindex/Quick.build/Debug-xros/Quick-t.build/Objects-normal/arm64/Quick_const_extract_protocols.json
WriteAuxiliaryFile /Users/admin/builder/spi-builder-workspace/.derivedData/Build/Intermediates.noindex/Quick.build/Debug-xros/Quick-t.build/Objects-normal/arm64/Quick.SwiftFileList (in target 'Quick' from project 'Quick')
cd /Users/admin/builder/spi-builder-workspace/.dependencies/checkouts/Quick
write-file /Users/admin/builder/spi-builder-workspace/.derivedData/Build/Intermediates.noindex/Quick.build/Debug-xros/Quick-t.build/Objects-normal/arm64/Quick.SwiftFileList
WriteAuxiliaryFile /Users/admin/builder/spi-builder-workspace/.derivedData/Build/Intermediates.noindex/Quick.build/Debug-xros/Quick-t.build/Objects-normal/arm64/Quick.SwiftConstValuesFileList (in target 'Quick' from project 'Quick')
cd /Users/admin/builder/spi-builder-workspace/.dependencies/checkouts/Quick
write-file /Users/admin/builder/spi-builder-workspace/.derivedData/Build/Intermediates.noindex/Quick.build/Debug-xros/Quick-t.build/Objects-normal/arm64/Quick.SwiftConstValuesFileList
WriteAuxiliaryFile /Users/admin/builder/spi-builder-workspace/.derivedData/Build/Intermediates.noindex/Quick.build/Debug-xros/Quick-t.build/Objects-normal/arm64/Quick-OutputFileMap.json (in target 'Quick' from project 'Quick')
cd /Users/admin/builder/spi-builder-workspace/.dependencies/checkouts/Quick
write-file /Users/admin/builder/spi-builder-workspace/.derivedData/Build/Intermediates.noindex/Quick.build/Debug-xros/Quick-t.build/Objects-normal/arm64/Quick-OutputFileMap.json
WriteAuxiliaryFile /Users/admin/builder/spi-builder-workspace/.derivedData/Build/Intermediates.noindex/Quick.build/Debug-xros/Quick-t.build/Objects-normal/arm64/Quick.LinkFileList (in target 'Quick' from project 'Quick')
cd /Users/admin/builder/spi-builder-workspace/.dependencies/checkouts/Quick
write-file /Users/admin/builder/spi-builder-workspace/.derivedData/Build/Intermediates.noindex/Quick.build/Debug-xros/Quick-t.build/Objects-normal/arm64/Quick.LinkFileList
WriteAuxiliaryFile /Users/admin/builder/spi-builder-workspace/.derivedData/Build/Intermediates.noindex/Nimble.build/Debug-xros/Nimble-t.build/Objects-normal/arm64/Nimble.SwiftFileList (in target 'Nimble' from project 'Nimble')
cd /Users/admin/builder/spi-builder-workspace/.dependencies/checkouts/Nimble
write-file /Users/admin/builder/spi-builder-workspace/.derivedData/Build/Intermediates.noindex/Nimble.build/Debug-xros/Nimble-t.build/Objects-normal/arm64/Nimble.SwiftFileList
WriteAuxiliaryFile /Users/admin/builder/spi-builder-workspace/.derivedData/Build/Intermediates.noindex/Nimble.build/Debug-xros/Nimble-t.build/Objects-normal/arm64/Nimble_const_extract_protocols.json (in target 'Nimble' from project 'Nimble')
cd /Users/admin/builder/spi-builder-workspace/.dependencies/checkouts/Nimble
write-file /Users/admin/builder/spi-builder-workspace/.derivedData/Build/Intermediates.noindex/Nimble.build/Debug-xros/Nimble-t.build/Objects-normal/arm64/Nimble_const_extract_protocols.json
Copy /Users/admin/builder/spi-builder-workspace/.derivedData/Build/Intermediates.noindex/GeneratedModuleMaps-xros/QuickObjCRuntime.modulemap /Users/admin/builder/spi-builder-workspace/.derivedData/Build/Intermediates.noindex/Quick.build/Debug-xros/QuickObjCRuntime-t.build/QuickObjCRuntime.modulemap (in target 'QuickObjCRuntime' from project 'Quick')
cd /Users/admin/builder/spi-builder-workspace/.dependencies/checkouts/Quick
builtin-copy -exclude .DS_Store -exclude CVS -exclude .svn -exclude .git -exclude .hg -resolve-src-symlinks /Users/admin/builder/spi-builder-workspace/.derivedData/Build/Intermediates.noindex/Quick.build/Debug-xros/QuickObjCRuntime-t.build/QuickObjCRuntime.modulemap /Users/admin/builder/spi-builder-workspace/.derivedData/Build/Intermediates.noindex/GeneratedModuleMaps-xros
Copy /Users/admin/builder/spi-builder-workspace/.derivedData/Build/Intermediates.noindex/GeneratedModuleMaps-xros/Quick.modulemap /Users/admin/builder/spi-builder-workspace/.derivedData/Build/Intermediates.noindex/Quick.build/Debug-xros/Quick-t.build/Quick.modulemap (in target 'Quick' from project 'Quick')
cd /Users/admin/builder/spi-builder-workspace/.dependencies/checkouts/Quick
builtin-copy -exclude .DS_Store -exclude CVS -exclude .svn -exclude .git -exclude .hg -resolve-src-symlinks /Users/admin/builder/spi-builder-workspace/.derivedData/Build/Intermediates.noindex/Quick.build/Debug-xros/Quick-t.build/Quick.modulemap /Users/admin/builder/spi-builder-workspace/.derivedData/Build/Intermediates.noindex/GeneratedModuleMaps-xros
WriteAuxiliaryFile /Users/admin/builder/spi-builder-workspace/.derivedData/Build/Intermediates.noindex/Nimble.build/Debug-xros/Nimble-t.build/Objects-normal/arm64/Nimble.SwiftConstValuesFileList (in target 'Nimble' from project 'Nimble')
cd /Users/admin/builder/spi-builder-workspace/.dependencies/checkouts/Nimble
write-file /Users/admin/builder/spi-builder-workspace/.derivedData/Build/Intermediates.noindex/Nimble.build/Debug-xros/Nimble-t.build/Objects-normal/arm64/Nimble.SwiftConstValuesFileList
WriteAuxiliaryFile /Users/admin/builder/spi-builder-workspace/.derivedData/Build/Intermediates.noindex/Nimble.build/Debug-xros/Nimble-t.build/Objects-normal/arm64/Nimble.LinkFileList (in target 'Nimble' from project 'Nimble')
cd /Users/admin/builder/spi-builder-workspace/.dependencies/checkouts/Nimble
write-file /Users/admin/builder/spi-builder-workspace/.derivedData/Build/Intermediates.noindex/Nimble.build/Debug-xros/Nimble-t.build/Objects-normal/arm64/Nimble.LinkFileList
WriteAuxiliaryFile /Users/admin/builder/spi-builder-workspace/.derivedData/Build/Intermediates.noindex/Nimble.build/Debug-xros/Nimble-t.build/Objects-normal/arm64/Nimble-OutputFileMap.json (in target 'Nimble' from project 'Nimble')
cd /Users/admin/builder/spi-builder-workspace/.dependencies/checkouts/Nimble
write-file /Users/admin/builder/spi-builder-workspace/.derivedData/Build/Intermediates.noindex/Nimble.build/Debug-xros/Nimble-t.build/Objects-normal/arm64/Nimble-OutputFileMap.json
WriteAuxiliaryFile /Users/admin/builder/spi-builder-workspace/.derivedData/Build/Intermediates.noindex/Nimble.build/Debug-xros/Nimble-t.build/Nimble.modulemap (in target 'Nimble' from project 'Nimble')
cd /Users/admin/builder/spi-builder-workspace/.dependencies/checkouts/Nimble
write-file /Users/admin/builder/spi-builder-workspace/.derivedData/Build/Intermediates.noindex/Nimble.build/Debug-xros/Nimble-t.build/Nimble.modulemap
WriteAuxiliaryFile /Users/admin/builder/spi-builder-workspace/.derivedData/Build/Intermediates.noindex/Nimble.build/Debug-xros/Nimble-t.build/Nimble.DependencyStaticMetadataFileList (in target 'Nimble' from project 'Nimble')
cd /Users/admin/builder/spi-builder-workspace/.dependencies/checkouts/Nimble
write-file /Users/admin/builder/spi-builder-workspace/.derivedData/Build/Intermediates.noindex/Nimble.build/Debug-xros/Nimble-t.build/Nimble.DependencyStaticMetadataFileList
WriteAuxiliaryFile /Users/admin/builder/spi-builder-workspace/.derivedData/Build/Intermediates.noindex/Nimble.build/Debug-xros/Nimble-t.build/Nimble.DependencyMetadataFileList (in target 'Nimble' from project 'Nimble')
cd /Users/admin/builder/spi-builder-workspace/.dependencies/checkouts/Nimble
write-file /Users/admin/builder/spi-builder-workspace/.derivedData/Build/Intermediates.noindex/Nimble.build/Debug-xros/Nimble-t.build/Nimble.DependencyMetadataFileList
WriteAuxiliaryFile /Users/admin/builder/spi-builder-workspace/.derivedData/Build/Intermediates.noindex/Capable.build/Debug-xros/CapableTests-p.build/empty-CapableTests.plist (in target 'CapableTests-product' from project 'Capable')
cd /Users/admin/builder/spi-builder-workspace
write-file /Users/admin/builder/spi-builder-workspace/.derivedData/Build/Intermediates.noindex/Capable.build/Debug-xros/CapableTests-p.build/empty-CapableTests.plist
WriteAuxiliaryFile /Users/admin/builder/spi-builder-workspace/.derivedData/Build/Intermediates.noindex/Capable.build/Debug-xros/CapableTests-p.build/Objects-normal/arm64/CapableTests_const_extract_protocols.json (in target 'CapableTests-product' from project 'Capable')
cd /Users/admin/builder/spi-builder-workspace
write-file /Users/admin/builder/spi-builder-workspace/.derivedData/Build/Intermediates.noindex/Capable.build/Debug-xros/CapableTests-p.build/Objects-normal/arm64/CapableTests_const_extract_protocols.json
WriteAuxiliaryFile /Users/admin/builder/spi-builder-workspace/.derivedData/Build/Intermediates.noindex/Capable.build/Debug-xros/CapableTests-p.build/Objects-normal/arm64/CapableTests.SwiftFileList (in target 'CapableTests-product' from project 'Capable')
cd /Users/admin/builder/spi-builder-workspace
write-file /Users/admin/builder/spi-builder-workspace/.derivedData/Build/Intermediates.noindex/Capable.build/Debug-xros/CapableTests-p.build/Objects-normal/arm64/CapableTests.SwiftFileList
WriteAuxiliaryFile /Users/admin/builder/spi-builder-workspace/.derivedData/Build/Intermediates.noindex/Capable.build/Debug-xros/CapableTests-p.build/Objects-normal/arm64/CapableTests.SwiftConstValuesFileList (in target 'CapableTests-product' from project 'Capable')
cd /Users/admin/builder/spi-builder-workspace
write-file /Users/admin/builder/spi-builder-workspace/.derivedData/Build/Intermediates.noindex/Capable.build/Debug-xros/CapableTests-p.build/Objects-normal/arm64/CapableTests.SwiftConstValuesFileList
WriteAuxiliaryFile /Users/admin/builder/spi-builder-workspace/.derivedData/Build/Intermediates.noindex/Capable.build/Debug-xros/CapableTests-p.build/Objects-normal/arm64/CapableTests.LinkFileList (in target 'CapableTests-product' from project 'Capable')
cd /Users/admin/builder/spi-builder-workspace
write-file /Users/admin/builder/spi-builder-workspace/.derivedData/Build/Intermediates.noindex/Capable.build/Debug-xros/CapableTests-p.build/Objects-normal/arm64/CapableTests.LinkFileList
WriteAuxiliaryFile /Users/admin/builder/spi-builder-workspace/.derivedData/Build/Intermediates.noindex/Capable.build/Debug-xros/CapableTests-p.build/Objects-normal/arm64/CapableTests-OutputFileMap.json (in target 'CapableTests-product' from project 'Capable')
cd /Users/admin/builder/spi-builder-workspace
write-file /Users/admin/builder/spi-builder-workspace/.derivedData/Build/Intermediates.noindex/Capable.build/Debug-xros/CapableTests-p.build/Objects-normal/arm64/CapableTests-OutputFileMap.json
Copy /Users/admin/builder/spi-builder-workspace/.derivedData/Build/Intermediates.noindex/GeneratedModuleMaps-xros/Nimble.modulemap /Users/admin/builder/spi-builder-workspace/.derivedData/Build/Intermediates.noindex/Nimble.build/Debug-xros/Nimble-t.build/Nimble.modulemap (in target 'Nimble' from project 'Nimble')
cd /Users/admin/builder/spi-builder-workspace/.dependencies/checkouts/Nimble
builtin-copy -exclude .DS_Store -exclude CVS -exclude .svn -exclude .git -exclude .hg -resolve-src-symlinks /Users/admin/builder/spi-builder-workspace/.derivedData/Build/Intermediates.noindex/Nimble.build/Debug-xros/Nimble-t.build/Nimble.modulemap /Users/admin/builder/spi-builder-workspace/.derivedData/Build/Intermediates.noindex/GeneratedModuleMaps-xros
WriteAuxiliaryFile /Users/admin/builder/spi-builder-workspace/.derivedData/Build/Intermediates.noindex/Capable.build/Debug-xros/CapableTests-p.build/CapableTests.DependencyStaticMetadataFileList (in target 'CapableTests-product' from project 'Capable')
cd /Users/admin/builder/spi-builder-workspace
write-file /Users/admin/builder/spi-builder-workspace/.derivedData/Build/Intermediates.noindex/Capable.build/Debug-xros/CapableTests-p.build/CapableTests.DependencyStaticMetadataFileList
WriteAuxiliaryFile /Users/admin/builder/spi-builder-workspace/.derivedData/Build/Intermediates.noindex/Capable.build/Debug-xros/CapableTests-p.build/CapableTests.DependencyMetadataFileList (in target 'CapableTests-product' from project 'Capable')
cd /Users/admin/builder/spi-builder-workspace
write-file /Users/admin/builder/spi-builder-workspace/.derivedData/Build/Intermediates.noindex/Capable.build/Debug-xros/CapableTests-p.build/CapableTests.DependencyMetadataFileList
WriteAuxiliaryFile /Users/admin/builder/spi-builder-workspace/.derivedData/Build/Intermediates.noindex/Capable.build/Debug-xros/Capable-t.build/Objects-normal/arm64/Capable_const_extract_protocols.json (in target 'Capable' from project 'Capable')
cd /Users/admin/builder/spi-builder-workspace
write-file /Users/admin/builder/spi-builder-workspace/.derivedData/Build/Intermediates.noindex/Capable.build/Debug-xros/Capable-t.build/Objects-normal/arm64/Capable_const_extract_protocols.json
WriteAuxiliaryFile /Users/admin/builder/spi-builder-workspace/.derivedData/Build/Intermediates.noindex/Capable.build/Debug-xros/Capable-t.build/Objects-normal/arm64/Capable.SwiftFileList (in target 'Capable' from project 'Capable')
cd /Users/admin/builder/spi-builder-workspace
write-file /Users/admin/builder/spi-builder-workspace/.derivedData/Build/Intermediates.noindex/Capable.build/Debug-xros/Capable-t.build/Objects-normal/arm64/Capable.SwiftFileList
WriteAuxiliaryFile /Users/admin/builder/spi-builder-workspace/.derivedData/Build/Intermediates.noindex/Capable.build/Debug-xros/Capable-t.build/Objects-normal/arm64/Capable.SwiftConstValuesFileList (in target 'Capable' from project 'Capable')
cd /Users/admin/builder/spi-builder-workspace
write-file /Users/admin/builder/spi-builder-workspace/.derivedData/Build/Intermediates.noindex/Capable.build/Debug-xros/Capable-t.build/Objects-normal/arm64/Capable.SwiftConstValuesFileList
WriteAuxiliaryFile /Users/admin/builder/spi-builder-workspace/.derivedData/Build/Intermediates.noindex/Capable.build/Debug-xros/Capable-t.build/Objects-normal/arm64/Capable.LinkFileList (in target 'Capable' from project 'Capable')
cd /Users/admin/builder/spi-builder-workspace
write-file /Users/admin/builder/spi-builder-workspace/.derivedData/Build/Intermediates.noindex/Capable.build/Debug-xros/Capable-t.build/Objects-normal/arm64/Capable.LinkFileList
WriteAuxiliaryFile /Users/admin/builder/spi-builder-workspace/.derivedData/Build/Intermediates.noindex/Capable.build/Debug-xros/Capable-t.build/Objects-normal/arm64/Capable-OutputFileMap.json (in target 'Capable' from project 'Capable')
cd /Users/admin/builder/spi-builder-workspace
write-file /Users/admin/builder/spi-builder-workspace/.derivedData/Build/Intermediates.noindex/Capable.build/Debug-xros/Capable-t.build/Objects-normal/arm64/Capable-OutputFileMap.json
WriteAuxiliaryFile /Users/admin/builder/spi-builder-workspace/.derivedData/Build/Intermediates.noindex/Capable.build/Debug-xros/Capable-t.build/Capable.modulemap (in target 'Capable' from project 'Capable')
cd /Users/admin/builder/spi-builder-workspace
write-file /Users/admin/builder/spi-builder-workspace/.derivedData/Build/Intermediates.noindex/Capable.build/Debug-xros/Capable-t.build/Capable.modulemap
WriteAuxiliaryFile /Users/admin/builder/spi-builder-workspace/.derivedData/Build/Intermediates.noindex/Capable.build/Debug-xros/Capable-t.build/Capable.DependencyStaticMetadataFileList (in target 'Capable' from project 'Capable')
cd /Users/admin/builder/spi-builder-workspace
write-file /Users/admin/builder/spi-builder-workspace/.derivedData/Build/Intermediates.noindex/Capable.build/Debug-xros/Capable-t.build/Capable.DependencyStaticMetadataFileList
WriteAuxiliaryFile /Users/admin/builder/spi-builder-workspace/.derivedData/Build/Intermediates.noindex/Capable.build/Debug-xros/Capable-t.build/Capable.DependencyMetadataFileList (in target 'Capable' from project 'Capable')
cd /Users/admin/builder/spi-builder-workspace
write-file /Users/admin/builder/spi-builder-workspace/.derivedData/Build/Intermediates.noindex/Capable.build/Debug-xros/Capable-t.build/Capable.DependencyMetadataFileList
MkDir /Users/admin/builder/spi-builder-workspace/.derivedData/Build/Products/Debug-xros/CapableTests.xctest (in target 'CapableTests-product' from project 'Capable')
cd /Users/admin/builder/spi-builder-workspace
/bin/mkdir -p /Users/admin/builder/spi-builder-workspace/.derivedData/Build/Products/Debug-xros/CapableTests.xctest
Copy /Users/admin/builder/spi-builder-workspace/.derivedData/Build/Intermediates.noindex/GeneratedModuleMaps-xros/Capable.modulemap /Users/admin/builder/spi-builder-workspace/.derivedData/Build/Intermediates.noindex/Capable.build/Debug-xros/Capable-t.build/Capable.modulemap (in target 'Capable' from project 'Capable')
cd /Users/admin/builder/spi-builder-workspace
builtin-copy -exclude .DS_Store -exclude CVS -exclude .svn -exclude .git -exclude .hg -resolve-src-symlinks /Users/admin/builder/spi-builder-workspace/.derivedData/Build/Intermediates.noindex/Capable.build/Debug-xros/Capable-t.build/Capable.modulemap /Users/admin/builder/spi-builder-workspace/.derivedData/Build/Intermediates.noindex/GeneratedModuleMaps-xros
ScanDependencies /Users/admin/builder/spi-builder-workspace/.derivedData/Build/Intermediates.noindex/Quick.build/Debug-xros/QuickObjCRuntime-t.build/Objects-normal/arm64/QuickSpecBase.o /Users/admin/builder/spi-builder-workspace/.dependencies/checkouts/Quick/Sources/QuickObjCRuntime/QuickSpecBase.m normal arm64 objective-c com.apple.compilers.llvm.clang.1_0.compiler (in target 'QuickObjCRuntime' from project 'Quick')
cd /Users/admin/builder/spi-builder-workspace/.swiftpm/xcode
Using response file: /Users/admin/builder/spi-builder-workspace/.derivedData/Build/Intermediates.noindex/Quick.build/Debug-xros/QuickObjCRuntime-t.build/Objects-normal/arm64/e6072d4f65d7061329687fe24e3d63a7-common-args.resp
builtin-ScanDependencies -o /Users/admin/builder/spi-builder-workspace/.derivedData/Build/Intermediates.noindex/Quick.build/Debug-xros/QuickObjCRuntime-t.build/Objects-normal/arm64/QuickSpecBase.o.scan -- /Applications/Xcode-27.0.0-Release.Candidate.app/Contents/Developer/Toolchains/XcodeDefault.xctoolchain/usr/bin/clang -x objective-c -ivfsstatcache /Users/admin/builder/spi-builder-workspace/.derivedData/SDKStatCaches.noindex/xros27.0-24M361-e829b21a6f8c9b70876ba0858053c044735bd543db762f57723cac368afd1ce4.sdkstatcache -target arm64-apple-xros1.0 -fmessage-length\=0 -fdiagnostics-show-note-include-stack -fmacro-backtrace-limit\=0 -fno-color-diagnostics -fmodules-prune-interval\=86400 -fmodules-prune-after\=345600 -fbuild-session-file\=/Users/admin/builder/spi-builder-workspace/.derivedData/ModuleCache.noindex/Session.modulevalidation -fmodules-validate-once-per-build-session -Wnon-modular-include-in-framework-module -Werror\=non-modular-include-in-framework-module -Wno-trigraphs -Wno-missing-field-initializers -Wno-missing-prototypes -Wno-return-type -Wno-implicit-atomic-properties -Wno-objc-interface-ivars -Wno-arc-repeated-use-of-weak -Wno-missing-braces -Wparentheses -Wswitch -Wno-unused-function -Wno-unused-label -Wno-unused-parameter -Wno-unused-variable -Wunused-value -Wno-empty-body -Wno-uninitialized -Wno-unknown-pragmas -w -Wno-shadow -Wno-four-char-constants -Wno-conversion -Wno-constant-conversion -Wno-int-conversion -Wno-bool-conversion -Wno-enum-conversion -Wno-float-conversion -Wno-non-literal-null-conversion -Wno-objc-literal-conversion -Wshorten-64-to-32 -Wpointer-sign -Wno-newline-eof -Wno-selector -Wno-strict-selector-match -Wno-undeclared-selector -Wno-deprecated-implementations -Wno-implicit-fallthrough -isysroot /Applications/Xcode-27.0.0-Release.Candidate.app/Contents/Developer/Platforms/XROS.platform/Developer/SDKs/XROS27.0.sdk -fstrict-aliasing -Wprotocol -Wdeprecated-declarations -Wno-sign-conversion -Wno-infinite-recursion -Wno-comma -Wno-block-capture-autoreleasing -Wno-strict-prototypes -Wno-semicolon-before-method-body -index-store-path /Users/admin/builder/spi-builder-workspace/.derivedData/Index.noindex/DataStore @/Users/admin/builder/spi-builder-workspace/.derivedData/Build/Intermediates.noindex/Quick.build/Debug-xros/QuickObjCRuntime-t.build/Objects-normal/arm64/e6072d4f65d7061329687fe24e3d63a7-common-args.resp -MMD -MT dependencies -MF /Users/admin/builder/spi-builder-workspace/.derivedData/Build/Intermediates.noindex/Quick.build/Debug-xros/QuickObjCRuntime-t.build/Objects-normal/arm64/QuickSpecBase.d --serialize-diagnostics /Users/admin/builder/spi-builder-workspace/.derivedData/Build/Intermediates.noindex/Quick.build/Debug-xros/QuickObjCRuntime-t.build/Objects-normal/arm64/QuickSpecBase.dia -c /Users/admin/builder/spi-builder-workspace/.dependencies/checkouts/Quick/Sources/QuickObjCRuntime/QuickSpecBase.m -o /Users/admin/builder/spi-builder-workspace/.derivedData/Build/Intermediates.noindex/Quick.build/Debug-xros/QuickObjCRuntime-t.build/Objects-normal/arm64/QuickSpecBase.o -index-unit-output-path /Quick.build/Debug-xros/QuickObjCRuntime-t.build/Objects-normal/arm64/QuickSpecBase.o
SwiftDriver Nimble normal arm64 com.apple.xcode.tools.swift.compiler (in target 'Nimble' from project 'Nimble')
cd /Users/admin/builder/spi-builder-workspace/.swiftpm/xcode
builtin-SwiftDriver -- /Applications/Xcode-27.0.0-Release.Candidate.app/Contents/Developer/Toolchains/XcodeDefault.xctoolchain/usr/bin/swiftc -parse-as-library -module-name Nimble -Onone @/Users/admin/builder/spi-builder-workspace/.derivedData/Build/Intermediates.noindex/Nimble.build/Debug-xros/Nimble-t.build/Objects-normal/arm64/Nimble.SwiftFileList -DSWIFT_PACKAGE -DDEBUG -DSWIFT_MODULE_RESOURCE_BUNDLE_UNAVAILABLE -DXcode -plugin-path /Applications/Xcode-27.0.0-Release.Candidate.app/Contents/Developer/Toolchains/XcodeDefault.xctoolchain/usr/lib/swift/host/plugins/testing -enable-experimental-feature DebugDescriptionMacro -sdk /Applications/Xcode-27.0.0-Release.Candidate.app/Contents/Developer/Platforms/XROS.platform/Developer/SDKs/XROS27.0.sdk -target arm64-apple-xros1.0 -g -module-cache-path /Users/admin/builder/spi-builder-workspace/.derivedData/ModuleCache.noindex -Xfrontend -serialize-debugging-options -enable-testing -suppress-warnings -index-store-path /Users/admin/builder/spi-builder-workspace/.derivedData/Index.noindex/DataStore -Xcc -D_LIBCPP_HARDENING_MODE\=_LIBCPP_HARDENING_MODE_DEBUG -swift-version 5 -I /Users/admin/builder/spi-builder-workspace/.derivedData/Build/Products/Debug-xros -Isystem /Applications/Xcode-27.0.0-Release.Candidate.app/Contents/Developer/Platforms/XROS.platform/Developer/usr/lib -F /Users/admin/builder/spi-builder-workspace/.derivedData/Build/Products/Debug-xros -F /Applications/Xcode-27.0.0-Release.Candidate.app/Contents/Developer/Platforms/XROS.platform/Developer/Library/Frameworks -F /Applications/Xcode-27.0.0-Release.Candidate.app/Contents/Developer/Platforms/XROS.platform/Developer/SDKs/XROS27.0.sdk/Developer/Library/Frameworks -c -j10 -enable-batch-mode -incremental -Xcc -ivfsstatcache -Xcc /Users/admin/builder/spi-builder-workspace/.derivedData/SDKStatCaches.noindex/xros27.0-24M361-e829b21a6f8c9b70876ba0858053c044735bd543db762f57723cac368afd1ce4.sdkstatcache -output-file-map /Users/admin/builder/spi-builder-workspace/.derivedData/Build/Intermediates.noindex/Nimble.build/Debug-xros/Nimble-t.build/Objects-normal/arm64/Nimble-OutputFileMap.json -save-temps -no-color-diagnostics -explicit-module-build -module-cache-path /Users/admin/builder/spi-builder-workspace/.derivedData/Build/Intermediates.noindex/SwiftExplicitPrecompiledModules -clang-scanner-module-cache-path /Users/admin/builder/spi-builder-workspace/.derivedData/ModuleCache.noindex -sdk-module-cache-path /Users/admin/builder/spi-builder-workspace/.derivedData/SDKExplicitPrecompiledModules -emit-dependencies -emit-module -emit-module-path /Users/admin/builder/spi-builder-workspace/.derivedData/Build/Intermediates.noindex/Nimble.build/Debug-xros/Nimble-t.build/Objects-normal/arm64/Nimble.swiftmodule -serialize-diagnostics -dependency-scan-serialize-diagnostics-path /Users/admin/builder/spi-builder-workspace/.derivedData/Build/Intermediates.noindex/Nimble.build/Debug-xros/Nimble-t.build/Objects-normal/arm64/Nimble-dependency-scan.dia -validate-clang-modules-once -clang-build-session-file /Users/admin/builder/spi-builder-workspace/.derivedData/ModuleCache.noindex/Session.modulevalidation -Xcc -fmodules-prune-interval\=86400 -Xcc -fmodules-prune-after\=345600 -emit-const-values -const-gather-protocols-list /Users/admin/builder/spi-builder-workspace/.derivedData/Build/Intermediates.noindex/Nimble.build/Debug-xros/Nimble-t.build/Objects-normal/arm64/Nimble_const_extract_protocols.json -Xcc -I/Users/admin/builder/spi-builder-workspace/.derivedData/Build/Products/Debug-xros/include -Xcc -I/Users/admin/builder/spi-builder-workspace/.derivedData/Build/Intermediates.noindex/Nimble.build/Debug-xros/Nimble-t.build/DerivedSources-normal/arm64 -Xcc -I/Users/admin/builder/spi-builder-workspace/.derivedData/Build/Intermediates.noindex/Nimble.build/Debug-xros/Nimble-t.build/DerivedSources/arm64 -Xcc -I/Users/admin/builder/spi-builder-workspace/.derivedData/Build/Intermediates.noindex/Nimble.build/Debug-xros/Nimble-t.build/DerivedSources -Xcc -DSWIFT_PACKAGE -Xcc -DDEBUG\=1 -emit-objc-header -emit-objc-header-path /Users/admin/builder/spi-builder-workspace/.derivedData/Build/Intermediates.noindex/Nimble.build/Debug-xros/Nimble-t.build/Objects-normal/arm64/Nimble-Swift.h -working-directory /Users/admin/builder/spi-builder-workspace/.swiftpm/xcode -experimental-emit-module-separately -disable-cmo
SwiftDriver Quick normal arm64 com.apple.xcode.tools.swift.compiler (in target 'Quick' from project 'Quick')
cd /Users/admin/builder/spi-builder-workspace/.swiftpm/xcode
builtin-SwiftDriver -- /Applications/Xcode-27.0.0-Release.Candidate.app/Contents/Developer/Toolchains/XcodeDefault.xctoolchain/usr/bin/swiftc -parse-as-library -module-name Quick -Onone @/Users/admin/builder/spi-builder-workspace/.derivedData/Build/Intermediates.noindex/Quick.build/Debug-xros/Quick-t.build/Objects-normal/arm64/Quick.SwiftFileList -DSWIFT_PACKAGE -DDEBUG -DSWIFT_MODULE_RESOURCE_BUNDLE_UNAVAILABLE -Xcc -fmodule-map-file\=/Users/admin/builder/spi-builder-workspace/.derivedData/Build/Intermediates.noindex/GeneratedModuleMaps-xros/QuickObjCRuntime.modulemap -DXcode -plugin-path /Applications/Xcode-27.0.0-Release.Candidate.app/Contents/Developer/Toolchains/XcodeDefault.xctoolchain/usr/lib/swift/host/plugins/testing -enable-experimental-feature DebugDescriptionMacro -sdk /Applications/Xcode-27.0.0-Release.Candidate.app/Contents/Developer/Platforms/XROS.platform/Developer/SDKs/XROS27.0.sdk -target arm64-apple-xros1.0 -g -module-cache-path /Users/admin/builder/spi-builder-workspace/.derivedData/ModuleCache.noindex -Xfrontend -serialize-debugging-options -enable-testing -suppress-warnings -index-store-path /Users/admin/builder/spi-builder-workspace/.derivedData/Index.noindex/DataStore -Xcc -D_LIBCPP_HARDENING_MODE\=_LIBCPP_HARDENING_MODE_DEBUG -swift-version 5 -I /Users/admin/builder/spi-builder-workspace/.derivedData/Build/Products/Debug-xros -Isystem /Applications/Xcode-27.0.0-Release.Candidate.app/Contents/Developer/Platforms/XROS.platform/Developer/usr/lib -F /Users/admin/builder/spi-builder-workspace/.derivedData/Build/Products/Debug-xros/PackageFrameworks -F /Users/admin/builder/spi-builder-workspace/.derivedData/Build/Products/Debug-xros -F /Applications/Xcode-27.0.0-Release.Candidate.app/Contents/Developer/Platforms/XROS.platform/Developer/Library/Frameworks -F /Applications/Xcode-27.0.0-Release.Candidate.app/Contents/Developer/Platforms/XROS.platform/Developer/SDKs/XROS27.0.sdk/Developer/Library/Frameworks -c -j10 -enable-batch-mode -incremental -Xcc -ivfsstatcache -Xcc /Users/admin/builder/spi-builder-workspace/.derivedData/SDKStatCaches.noindex/xros27.0-24M361-e829b21a6f8c9b70876ba0858053c044735bd543db762f57723cac368afd1ce4.sdkstatcache -output-file-map /Users/admin/builder/spi-builder-workspace/.derivedData/Build/Intermediates.noindex/Quick.build/Debug-xros/Quick-t.build/Objects-normal/arm64/Quick-OutputFileMap.json -save-temps -no-color-diagnostics -explicit-module-build -module-cache-path /Users/admin/builder/spi-builder-workspace/.derivedData/Build/Intermediates.noindex/SwiftExplicitPrecompiledModules -clang-scanner-module-cache-path /Users/admin/builder/spi-builder-workspace/.derivedData/ModuleCache.noindex -sdk-module-cache-path /Users/admin/builder/spi-builder-workspace/.derivedData/SDKExplicitPrecompiledModules -emit-dependencies -emit-module -emit-module-path /Users/admin/builder/spi-builder-workspace/.derivedData/Build/Intermediates.noindex/Quick.build/Debug-xros/Quick-t.build/Objects-normal/arm64/Quick.swiftmodule -serialize-diagnostics -dependency-scan-serialize-diagnostics-path /Users/admin/builder/spi-builder-workspace/.derivedData/Build/Intermediates.noindex/Quick.build/Debug-xros/Quick-t.build/Objects-normal/arm64/Quick-dependency-scan.dia -validate-clang-modules-once -clang-build-session-file /Users/admin/builder/spi-builder-workspace/.derivedData/ModuleCache.noindex/Session.modulevalidation -Xcc -fmodules-prune-interval\=86400 -Xcc -fmodules-prune-after\=345600 -emit-const-values -const-gather-protocols-list /Users/admin/builder/spi-builder-workspace/.derivedData/Build/Intermediates.noindex/Quick.build/Debug-xros/Quick-t.build/Objects-normal/arm64/Quick_const_extract_protocols.json -Xcc -I/Users/admin/builder/spi-builder-workspace/.dependencies/checkouts/Quick/Sources/QuickObjCRuntime/include -Xcc -I/Users/admin/builder/spi-builder-workspace/.derivedData/Build/Products/Debug-xros/include -Xcc -I/Users/admin/builder/spi-builder-workspace/.derivedData/Build/Intermediates.noindex/Quick.build/Debug-xros/Quick-t.build/DerivedSources-normal/arm64 -Xcc -I/Users/admin/builder/spi-builder-workspace/.derivedData/Build/Intermediates.noindex/Quick.build/Debug-xros/Quick-t.build/DerivedSources/arm64 -Xcc -I/Users/admin/builder/spi-builder-workspace/.derivedData/Build/Intermediates.noindex/Quick.build/Debug-xros/Quick-t.build/DerivedSources -Xcc -DSWIFT_PACKAGE -Xcc -DDEBUG\=1 -emit-objc-header -emit-objc-header-path /Users/admin/builder/spi-builder-workspace/.derivedData/Build/Intermediates.noindex/Quick.build/Debug-xros/Quick-t.build/Objects-normal/arm64/Quick-Swift.h -working-directory /Users/admin/builder/spi-builder-workspace/.swiftpm/xcode -experimental-emit-module-separately -disable-cmo
SwiftDriver Capable normal arm64 com.apple.xcode.tools.swift.compiler (in target 'Capable' from project 'Capable')
cd /Users/admin/builder/spi-builder-workspace/.swiftpm/xcode
builtin-SwiftDriver -- /Applications/Xcode-27.0.0-Release.Candidate.app/Contents/Developer/Toolchains/XcodeDefault.xctoolchain/usr/bin/swiftc -parse-as-library -module-name Capable -Onone @/Users/admin/builder/spi-builder-workspace/.derivedData/Build/Intermediates.noindex/Capable.build/Debug-xros/Capable-t.build/Objects-normal/arm64/Capable.SwiftFileList -DSWIFT_PACKAGE -DDEBUG -DSWIFT_MODULE_RESOURCE_BUNDLE_UNAVAILABLE -DXcode -plugin-path /Applications/Xcode-27.0.0-Release.Candidate.app/Contents/Developer/Toolchains/XcodeDefault.xctoolchain/usr/lib/swift/host/plugins/testing -enable-experimental-feature DebugDescriptionMacro -sdk /Applications/Xcode-27.0.0-Release.Candidate.app/Contents/Developer/Platforms/XROS.platform/Developer/SDKs/XROS27.0.sdk -target arm64-apple-xros1.0 -g -module-cache-path /Users/admin/builder/spi-builder-workspace/.derivedData/ModuleCache.noindex -Xfrontend -serialize-debugging-options -enable-testing -index-store-path /Users/admin/builder/spi-builder-workspace/.derivedData/Index.noindex/DataStore -Xcc -D_LIBCPP_HARDENING_MODE\=_LIBCPP_HARDENING_MODE_DEBUG -swift-version 5 -I /Users/admin/builder/spi-builder-workspace/.derivedData/Build/Products/Debug-xros -Isystem /Applications/Xcode-27.0.0-Release.Candidate.app/Contents/Developer/Platforms/XROS.platform/Developer/usr/lib -F /Users/admin/builder/spi-builder-workspace/.derivedData/Build/Products/Debug-xros -F /Applications/Xcode-27.0.0-Release.Candidate.app/Contents/Developer/Platforms/XROS.platform/Developer/Library/Frameworks -F /Applications/Xcode-27.0.0-Release.Candidate.app/Contents/Developer/Platforms/XROS.platform/Developer/SDKs/XROS27.0.sdk/Developer/Library/Frameworks -c -j10 -enable-batch-mode -incremental -Xcc -ivfsstatcache -Xcc /Users/admin/builder/spi-builder-workspace/.derivedData/SDKStatCaches.noindex/xros27.0-24M361-e829b21a6f8c9b70876ba0858053c044735bd543db762f57723cac368afd1ce4.sdkstatcache -output-file-map /Users/admin/builder/spi-builder-workspace/.derivedData/Build/Intermediates.noindex/Capable.build/Debug-xros/Capable-t.build/Objects-normal/arm64/Capable-OutputFileMap.json -save-temps -no-color-diagnostics -explicit-module-build -module-cache-path /Users/admin/builder/spi-builder-workspace/.derivedData/Build/Intermediates.noindex/SwiftExplicitPrecompiledModules -clang-scanner-module-cache-path /Users/admin/builder/spi-builder-workspace/.derivedData/ModuleCache.noindex -sdk-module-cache-path /Users/admin/builder/spi-builder-workspace/.derivedData/SDKExplicitPrecompiledModules -emit-dependencies -emit-module -emit-module-path /Users/admin/builder/spi-builder-workspace/.derivedData/Build/Intermediates.noindex/Capable.build/Debug-xros/Capable-t.build/Objects-normal/arm64/Capable.swiftmodule -serialize-diagnostics -dependency-scan-serialize-diagnostics-path /Users/admin/builder/spi-builder-workspace/.derivedData/Build/Intermediates.noindex/Capable.build/Debug-xros/Capable-t.build/Objects-normal/arm64/Capable-dependency-scan.dia -validate-clang-modules-once -clang-build-session-file /Users/admin/builder/spi-builder-workspace/.derivedData/ModuleCache.noindex/Session.modulevalidation -Xcc -fmodules-prune-interval\=86400 -Xcc -fmodules-prune-after\=345600 -emit-const-values -const-gather-protocols-list /Users/admin/builder/spi-builder-workspace/.derivedData/Build/Intermediates.noindex/Capable.build/Debug-xros/Capable-t.build/Objects-normal/arm64/Capable_const_extract_protocols.json -Xcc -I/Users/admin/builder/spi-builder-workspace/.derivedData/Build/Products/Debug-xros/include -Xcc -I/Users/admin/builder/spi-builder-workspace/.derivedData/Build/Intermediates.noindex/Capable.build/Debug-xros/Capable-t.build/DerivedSources-normal/arm64 -Xcc -I/Users/admin/builder/spi-builder-workspace/.derivedData/Build/Intermediates.noindex/Capable.build/Debug-xros/Capable-t.build/DerivedSources/arm64 -Xcc -I/Users/admin/builder/spi-builder-workspace/.derivedData/Build/Intermediates.noindex/Capable.build/Debug-xros/Capable-t.build/DerivedSources -Xcc -DSWIFT_PACKAGE -Xcc -DDEBUG\=1 -emit-objc-header -emit-objc-header-path /Users/admin/builder/spi-builder-workspace/.derivedData/Build/Intermediates.noindex/Capable.build/Debug-xros/Capable-t.build/Objects-normal/arm64/Capable-Swift.h -working-directory /Users/admin/builder/spi-builder-workspace/.swiftpm/xcode -experimental-emit-module-separately -disable-cmo
PrecompileModule /Users/admin/builder/spi-builder-workspace/.derivedData/Build/Intermediates.noindex/ExplicitPrecompiledModules/_Builtin_stddef-16OXY04ZWOTCTEY28QI974GIM.scan
cd /
builtin-precompileModule /Users/admin/builder/spi-builder-workspace/.derivedData/Build/Intermediates.noindex/ExplicitPrecompiledModules/_Builtin_stddef-16OXY04ZWOTCTEY28QI974GIM.scan
PrecompileModule /Users/admin/builder/spi-builder-workspace/.derivedData/Build/Intermediates.noindex/ExplicitPrecompiledModules/_Builtin_float-1YP32HVB1VV0S6RJTOA2SR5DP.scan
cd /
builtin-precompileModule /Users/admin/builder/spi-builder-workspace/.derivedData/Build/Intermediates.noindex/ExplicitPrecompiledModules/_Builtin_float-1YP32HVB1VV0S6RJTOA2SR5DP.scan
PrecompileModule /Users/admin/builder/spi-builder-workspace/.derivedData/Build/Intermediates.noindex/ExplicitPrecompiledModules/ptrcheck-DFKXYT7XCAY1K9WR3MY9Y6LRX.scan
cd /
builtin-precompileModule /Users/admin/builder/spi-builder-workspace/.derivedData/Build/Intermediates.noindex/ExplicitPrecompiledModules/ptrcheck-DFKXYT7XCAY1K9WR3MY9Y6LRX.scan
PrecompileModule /Users/admin/builder/spi-builder-workspace/.derivedData/Build/Intermediates.noindex/ExplicitPrecompiledModules/_AvailabilityInternal-ALS3KJ0BUVS6RPE2EBM11TIOD.scan
cd /
builtin-precompileModule /Users/admin/builder/spi-builder-workspace/.derivedData/Build/Intermediates.noindex/ExplicitPrecompiledModules/_AvailabilityInternal-ALS3KJ0BUVS6RPE2EBM11TIOD.scan
PrecompileModule /Users/admin/builder/spi-builder-workspace/.derivedData/Build/Intermediates.noindex/ExplicitPrecompiledModules/ptrauth-BV3ILRRBY325KLEAMSSPX37W5.scan
cd /
builtin-precompileModule /Users/admin/builder/spi-builder-workspace/.derivedData/Build/Intermediates.noindex/ExplicitPrecompiledModules/ptrauth-BV3ILRRBY325KLEAMSSPX37W5.scan
PrecompileModule /Users/admin/builder/spi-builder-workspace/.derivedData/Build/Intermediates.noindex/ExplicitPrecompiledModules/_Builtin_stdbool-84WJ4VKI5FCU8ZBQIB7999PD9.scan
cd /
builtin-precompileModule /Users/admin/builder/spi-builder-workspace/.derivedData/Build/Intermediates.noindex/ExplicitPrecompiledModules/_Builtin_stdbool-84WJ4VKI5FCU8ZBQIB7999PD9.scan
PrecompileModule /Users/admin/builder/spi-builder-workspace/.derivedData/Build/Intermediates.noindex/ExplicitPrecompiledModules/_Builtin_stdarg-32SUU13TO2WAS0M8CXXM3RSK3.scan
cd /
builtin-precompileModule /Users/admin/builder/spi-builder-workspace/.derivedData/Build/Intermediates.noindex/ExplicitPrecompiledModules/_Builtin_stdarg-32SUU13TO2WAS0M8CXXM3RSK3.scan
PrecompileModule /Users/admin/builder/spi-builder-workspace/.derivedData/Build/Intermediates.noindex/ExplicitPrecompiledModules/_DarwinFoundation1-EK1H1VHZCEYGPXLKRXO4EIZWA.scan
cd /
builtin-precompileModule /Users/admin/builder/spi-builder-workspace/.derivedData/Build/Intermediates.noindex/ExplicitPrecompiledModules/_DarwinFoundation1-EK1H1VHZCEYGPXLKRXO4EIZWA.scan
PrecompileModule /Users/admin/builder/spi-builder-workspace/.derivedData/Build/Intermediates.noindex/ExplicitPrecompiledModules/_DarwinFoundation2-4IZ0DX7LZPEXRENFP0ZYDZ69P.scan
cd /
builtin-precompileModule /Users/admin/builder/spi-builder-workspace/.derivedData/Build/Intermediates.noindex/ExplicitPrecompiledModules/_DarwinFoundation2-4IZ0DX7LZPEXRENFP0ZYDZ69P.scan
PrecompileModule /Users/admin/builder/spi-builder-workspace/.derivedData/Build/Intermediates.noindex/ExplicitPrecompiledModules/_Builtin_limits-3TS4XT7UIGP9CPJQKFNGRJX4F.scan
cd /
builtin-precompileModule /Users/admin/builder/spi-builder-workspace/.derivedData/Build/Intermediates.noindex/ExplicitPrecompiledModules/_Builtin_limits-3TS4XT7UIGP9CPJQKFNGRJX4F.scan
PrecompileModule /Users/admin/builder/spi-builder-workspace/.derivedData/Build/Intermediates.noindex/ExplicitPrecompiledModules/_Builtin_stdint-9HK7GGN67PLX2NEGSPPPFRK1H.scan
cd /
builtin-precompileModule /Users/admin/builder/spi-builder-workspace/.derivedData/Build/Intermediates.noindex/ExplicitPrecompiledModules/_Builtin_stdint-9HK7GGN67PLX2NEGSPPPFRK1H.scan
PrecompileModule /Users/admin/builder/spi-builder-workspace/.derivedData/Build/Intermediates.noindex/ExplicitPrecompiledModules/_DarwinFoundation3-DSNXO0NDRYA54A0CFKNRM8PJ7.scan
cd /
builtin-precompileModule /Users/admin/builder/spi-builder-workspace/.derivedData/Build/Intermediates.noindex/ExplicitPrecompiledModules/_DarwinFoundation3-DSNXO0NDRYA54A0CFKNRM8PJ7.scan
PrecompileModule /Users/admin/builder/spi-builder-workspace/.derivedData/Build/Intermediates.noindex/ExplicitPrecompiledModules/_Builtin_inttypes-BZ9I6M7MKPT6UZCGE3N10LWYO.scan
cd /
builtin-precompileModule /Users/admin/builder/spi-builder-workspace/.derivedData/Build/Intermediates.noindex/ExplicitPrecompiledModules/_Builtin_inttypes-BZ9I6M7MKPT6UZCGE3N10LWYO.scan
PrecompileModule /Users/admin/builder/spi-builder-workspace/.derivedData/Build/Intermediates.noindex/ExplicitPrecompiledModules/Darwin-CVT6OSBZ7G6UHAUS0E1563NJJ.scan
cd /
builtin-precompileModule /Users/admin/builder/spi-builder-workspace/.derivedData/Build/Intermediates.noindex/ExplicitPrecompiledModules/Darwin-CVT6OSBZ7G6UHAUS0E1563NJJ.scan
PrecompileModule /Users/admin/builder/spi-builder-workspace/.derivedData/Build/Intermediates.noindex/ExplicitPrecompiledModules/ObjectiveC-12F1L55F4HLMTZOTHU0HSMJCJ.scan
cd /
builtin-precompileModule /Users/admin/builder/spi-builder-workspace/.derivedData/Build/Intermediates.noindex/ExplicitPrecompiledModules/ObjectiveC-12F1L55F4HLMTZOTHU0HSMJCJ.scan
PrecompileModule /Users/admin/builder/spi-builder-workspace/.derivedData/Build/Intermediates.noindex/ExplicitPrecompiledModules/os_object-35PXKUIB6XHOBKG2WS0RT9PNH.scan
cd /
builtin-precompileModule /Users/admin/builder/spi-builder-workspace/.derivedData/Build/Intermediates.noindex/ExplicitPrecompiledModules/os_object-35PXKUIB6XHOBKG2WS0RT9PNH.scan
PrecompileModule /Users/admin/builder/spi-builder-workspace/.derivedData/Build/Intermediates.noindex/ExplicitPrecompiledModules/os_workgroup-1BWLLZW2IIZ1ZHGQH3DH2024U.scan
cd /
builtin-precompileModule /Users/admin/builder/spi-builder-workspace/.derivedData/Build/Intermediates.noindex/ExplicitPrecompiledModules/os_workgroup-1BWLLZW2IIZ1ZHGQH3DH2024U.scan
PrecompileModule /Users/admin/builder/spi-builder-workspace/.derivedData/Build/Intermediates.noindex/ExplicitPrecompiledModules/Dispatch-AEVLOQ35OJTD0MN7XNHUCF1UJ.scan
cd /
builtin-precompileModule /Users/admin/builder/spi-builder-workspace/.derivedData/Build/Intermediates.noindex/ExplicitPrecompiledModules/Dispatch-AEVLOQ35OJTD0MN7XNHUCF1UJ.scan
PrecompileModule /Users/admin/builder/spi-builder-workspace/.derivedData/Build/Intermediates.noindex/ExplicitPrecompiledModules/CoreFoundation-9H91PF3AF07T8WQXPFGET5NY4.scan
cd /
builtin-precompileModule /Users/admin/builder/spi-builder-workspace/.derivedData/Build/Intermediates.noindex/ExplicitPrecompiledModules/CoreFoundation-9H91PF3AF07T8WQXPFGET5NY4.scan
PrecompileModule /Users/admin/builder/spi-builder-workspace/.derivedData/Build/Intermediates.noindex/ExplicitPrecompiledModules/XPC-62WD2QTT5LDEOET7MRKBG6CK1.scan
cd /
builtin-precompileModule /Users/admin/builder/spi-builder-workspace/.derivedData/Build/Intermediates.noindex/ExplicitPrecompiledModules/XPC-62WD2QTT5LDEOET7MRKBG6CK1.scan
PrecompileModule /Users/admin/builder/spi-builder-workspace/.derivedData/Build/Intermediates.noindex/ExplicitPrecompiledModules/CFNetwork-3YH4I5KECJHEJ82OTSRNHY9W4.scan
cd /
builtin-precompileModule /Users/admin/builder/spi-builder-workspace/.derivedData/Build/Intermediates.noindex/ExplicitPrecompiledModules/CFNetwork-3YH4I5KECJHEJ82OTSRNHY9W4.scan
PrecompileModule /Users/admin/builder/spi-builder-workspace/.derivedData/Build/Intermediates.noindex/ExplicitPrecompiledModules/CoreGraphics-57DJYYMLML6RGO4COS7YTBS3L.scan
cd /
builtin-precompileModule /Users/admin/builder/spi-builder-workspace/.derivedData/Build/Intermediates.noindex/ExplicitPrecompiledModules/CoreGraphics-57DJYYMLML6RGO4COS7YTBS3L.scan
PrecompileModule /Users/admin/builder/spi-builder-workspace/.derivedData/Build/Intermediates.noindex/ExplicitPrecompiledModules/Security-2O7XA8SNYXGF5CTW209SCKZRZ.scan
cd /
builtin-precompileModule /Users/admin/builder/spi-builder-workspace/.derivedData/Build/Intermediates.noindex/ExplicitPrecompiledModules/Security-2O7XA8SNYXGF5CTW209SCKZRZ.scan
PrecompileModule /Users/admin/builder/spi-builder-workspace/.derivedData/Build/Intermediates.noindex/ExplicitPrecompiledModules/Foundation-CLEWEJFY69I49U8GA1ST52YVB.scan
cd /
builtin-precompileModule /Users/admin/builder/spi-builder-workspace/.derivedData/Build/Intermediates.noindex/ExplicitPrecompiledModules/Foundation-CLEWEJFY69I49U8GA1ST52YVB.scan
PrecompileModule /Users/admin/builder/spi-builder-workspace/.derivedData/Build/Intermediates.noindex/ExplicitPrecompiledModules/ImageIO-7UAPA44DSWRLBIXFPIIL8SQ15.scan
cd /
builtin-precompileModule /Users/admin/builder/spi-builder-workspace/.derivedData/Build/Intermediates.noindex/ExplicitPrecompiledModules/ImageIO-7UAPA44DSWRLBIXFPIIL8SQ15.scan
PrecompileModule /Users/admin/builder/spi-builder-workspace/.derivedData/Build/Intermediates.noindex/ExplicitPrecompiledModules/CoreText-7S4LQRHZCYH9C30PXQLHOHW55.scan
cd /
builtin-precompileModule /Users/admin/builder/spi-builder-workspace/.derivedData/Build/Intermediates.noindex/ExplicitPrecompiledModules/CoreText-7S4LQRHZCYH9C30PXQLHOHW55.scan
SwiftExplicitDependencyGeneratePcm arm64 /Users/admin/builder/spi-builder-workspace/.derivedData/SDKExplicitPrecompiledModules/_Builtin_stdarg-CDA349K2K4US766844K8E0PVA.pcm
SwiftExplicitDependencyGeneratePcm arm64 /Users/admin/builder/spi-builder-workspace/.derivedData/SDKExplicitPrecompiledModules/_Builtin_stddef-5NQ9Z1GV07GBSRQGAQCGXGVRI.pcm
SwiftExplicitDependencyGeneratePcm arm64 /Users/admin/builder/spi-builder-workspace/.derivedData/SDKExplicitPrecompiledModules/_Builtin_stdbool-5BU2ADS7JXQMYENKQHW9X8XOU.pcm
SwiftExplicitDependencyGeneratePcm arm64 /Users/admin/builder/spi-builder-workspace/.derivedData/SDKExplicitPrecompiledModules/ptrauth-1WBA714DZSVUL5JQDJ08CLKZ.pcm
SwiftExplicitDependencyGeneratePcm arm64 /Users/admin/builder/spi-builder-workspace/.derivedData/SDKExplicitPrecompiledModules/ptrcheck-BXA97MNLI4BB0HF5I8MJE403D.pcm
SwiftExplicitDependencyGeneratePcm arm64 /Users/admin/builder/spi-builder-workspace/.derivedData/SDKExplicitPrecompiledModules/_SwiftConcurrencyShims-C8XHKSHX96D5YYALNM4W70Z0O.pcm
SwiftExplicitDependencyGeneratePcm arm64 /Users/admin/builder/spi-builder-workspace/.derivedData/SDKExplicitPrecompiledModules/SwiftShims-CI4H5RO9IYFFWQ2COB512Q2S9.pcm
SwiftExplicitDependencyGeneratePcm arm64 /Users/admin/builder/spi-builder-workspace/.derivedData/SDKExplicitPrecompiledModules/_Builtin_float-6WKHNW5S40U2QGHXXGETUDIRA.pcm
SwiftExplicitDependencyGeneratePcm arm64 /Users/admin/builder/spi-builder-workspace/.derivedData/SDKExplicitPrecompiledModules/_AvailabilityInternal-1Q8IQP6M38UWSGZ95UCEY2M44.pcm
PrecompileModule /Users/admin/builder/spi-builder-workspace/.derivedData/Build/Intermediates.noindex/ExplicitPrecompiledModules/IOSurface-BZAFT07FXZGUPVSNHWIGD65W2.scan
cd /
builtin-precompileModule /Users/admin/builder/spi-builder-workspace/.derivedData/Build/Intermediates.noindex/ExplicitPrecompiledModules/IOSurface-BZAFT07FXZGUPVSNHWIGD65W2.scan
PrecompileModule /Users/admin/builder/spi-builder-workspace/.derivedData/Build/Intermediates.noindex/ExplicitPrecompiledModules/UserNotifications-DT2WIXB6JLDANRP3E119RA72P.scan
cd /
builtin-precompileModule /Users/admin/builder/spi-builder-workspace/.derivedData/Build/Intermediates.noindex/ExplicitPrecompiledModules/UserNotifications-DT2WIXB6JLDANRP3E119RA72P.scan
PrecompileModule /Users/admin/builder/spi-builder-workspace/.derivedData/Build/Intermediates.noindex/ExplicitPrecompiledModules/Symbols-28KXTU3ZS443S473VWSDVUM55.scan
cd /
builtin-precompileModule /Users/admin/builder/spi-builder-workspace/.derivedData/Build/Intermediates.noindex/ExplicitPrecompiledModules/Symbols-28KXTU3ZS443S473VWSDVUM55.scan
PrecompileModule /Users/admin/builder/spi-builder-workspace/.derivedData/Build/Intermediates.noindex/ExplicitPrecompiledModules/FileProvider-5UUHL1S9EVVIQERLHMZCM0TG8.scan
cd /
builtin-precompileModule /Users/admin/builder/spi-builder-workspace/.derivedData/Build/Intermediates.noindex/ExplicitPrecompiledModules/FileProvider-5UUHL1S9EVVIQERLHMZCM0TG8.scan
PrecompileModule /Users/admin/builder/spi-builder-workspace/.derivedData/Build/Intermediates.noindex/ExplicitPrecompiledModules/UIUtilities-5LBWQEN9R9HTPW3LO2XG41JOA.scan
cd /
builtin-precompileModule /Users/admin/builder/spi-builder-workspace/.derivedData/Build/Intermediates.noindex/ExplicitPrecompiledModules/UIUtilities-5LBWQEN9R9HTPW3LO2XG41JOA.scan
PrecompileModule /Users/admin/builder/spi-builder-workspace/.derivedData/Build/Intermediates.noindex/ExplicitPrecompiledModules/_LocationEssentials-190FMTDDKOD2FT273O2QB7A1M.scan
cd /
builtin-precompileModule /Users/admin/builder/spi-builder-workspace/.derivedData/Build/Intermediates.noindex/ExplicitPrecompiledModules/_LocationEssentials-190FMTDDKOD2FT273O2QB7A1M.scan
PrecompileModule /Users/admin/builder/spi-builder-workspace/.derivedData/Build/Intermediates.noindex/ExplicitPrecompiledModules/CoreLocation-AITQCCJJWLWO3KW9HNNFI87B7.scan
cd /
builtin-precompileModule /Users/admin/builder/spi-builder-workspace/.derivedData/Build/Intermediates.noindex/ExplicitPrecompiledModules/CoreLocation-AITQCCJJWLWO3KW9HNNFI87B7.scan
PrecompileModule /Users/admin/builder/spi-builder-workspace/.derivedData/Build/Intermediates.noindex/ExplicitPrecompiledModules/Metal-BKC4VSKOUZ2DI90QKKYW78FIK.scan
cd /
builtin-precompileModule /Users/admin/builder/spi-builder-workspace/.derivedData/Build/Intermediates.noindex/ExplicitPrecompiledModules/Metal-BKC4VSKOUZ2DI90QKKYW78FIK.scan
PrecompileModule /Users/admin/builder/spi-builder-workspace/.derivedData/Build/Intermediates.noindex/ExplicitPrecompiledModules/OpenGLES-E1Y11QTWKZISR05BVSEPN4T6X.scan
cd /
builtin-precompileModule /Users/admin/builder/spi-builder-workspace/.derivedData/Build/Intermediates.noindex/ExplicitPrecompiledModules/OpenGLES-E1Y11QTWKZISR05BVSEPN4T6X.scan
SwiftExplicitDependencyGeneratePcm arm64 /Users/admin/builder/spi-builder-workspace/.derivedData/SDKExplicitPrecompiledModules/_DarwinFoundation1-5RGRVV2TZ6WC4WZW5IXF8NQ04.pcm
PrecompileModule /Users/admin/builder/spi-builder-workspace/.derivedData/Build/Intermediates.noindex/ExplicitPrecompiledModules/CoreMotion-6EWUCH36GC7LP0FEXTXV1Q48L.scan
cd /
builtin-precompileModule /Users/admin/builder/spi-builder-workspace/.derivedData/Build/Intermediates.noindex/ExplicitPrecompiledModules/CoreMotion-6EWUCH36GC7LP0FEXTXV1Q48L.scan
SwiftExplicitDependencyGeneratePcm arm64 /Users/admin/builder/spi-builder-workspace/.derivedData/SDKExplicitPrecompiledModules/_DarwinFoundation2-ENTECK156YEWITZRRBTOCE4KR.pcm
SwiftExplicitDependencyGeneratePcm arm64 /Users/admin/builder/spi-builder-workspace/.derivedData/SDKExplicitPrecompiledModules/_Builtin_limits-425JDMN5HPM3D0UEI8LEHP6NM.pcm
PrecompileModule /Users/admin/builder/spi-builder-workspace/.derivedData/Build/Intermediates.noindex/ExplicitPrecompiledModules/CoreVideo-3U72B0XTLYDV63ROARF0XFQ1J.scan
cd /
builtin-precompileModule /Users/admin/builder/spi-builder-workspace/.derivedData/Build/Intermediates.noindex/ExplicitPrecompiledModules/CoreVideo-3U72B0XTLYDV63ROARF0XFQ1J.scan
SwiftExplicitDependencyGeneratePcm arm64 /Users/admin/builder/spi-builder-workspace/.derivedData/SDKExplicitPrecompiledModules/sys_types-AYM0BHR77VKMWZCO2T0XGV2HF.pcm
SwiftExplicitDependencyGeneratePcm arm64 /Users/admin/builder/spi-builder-workspace/.derivedData/SDKExplicitPrecompiledModules/_Builtin_stdint-8OR6T47OOYJA90ZBO3N1USDE.pcm
SwiftExplicitDependencyGeneratePcm arm64 /Users/admin/builder/spi-builder-workspace/.derivedData/SDKExplicitPrecompiledModules/string_h-2GT67HHHHK5CF1V1S31LH0PU2.pcm
PrecompileModule /Users/admin/builder/spi-builder-workspace/.derivedData/Build/Intermediates.noindex/ExplicitPrecompiledModules/CoreImage-47F4MDZQR8BDUEPJSCSMJBGAM.scan
cd /
builtin-precompileModule /Users/admin/builder/spi-builder-workspace/.derivedData/Build/Intermediates.noindex/ExplicitPrecompiledModules/CoreImage-47F4MDZQR8BDUEPJSCSMJBGAM.scan
PrecompileModule /Users/admin/builder/spi-builder-workspace/.derivedData/Build/Intermediates.noindex/ExplicitPrecompiledModules/QuartzCore-BNKIKWVYHS571YQ5L4JKZM89.scan
cd /
builtin-precompileModule /Users/admin/builder/spi-builder-workspace/.derivedData/Build/Intermediates.noindex/ExplicitPrecompiledModules/QuartzCore-BNKIKWVYHS571YQ5L4JKZM89.scan
SwiftExplicitDependencyGeneratePcm arm64 /Users/admin/builder/spi-builder-workspace/.derivedData/SDKExplicitPrecompiledModules/_Builtin_stdatomic-1VUZPM79PNCAHXVBERD53WRSF.pcm
SwiftExplicitDependencyGeneratePcm arm64 /Users/admin/builder/spi-builder-workspace/.derivedData/SDKExplicitPrecompiledModules/_DarwinFoundation3-9ZHN6JKBS40BBA81RQMV8H0IC.pcm
SwiftExplicitDependencyGeneratePcm arm64 /Users/admin/builder/spi-builder-workspace/.derivedData/SDKExplicitPrecompiledModules/_Builtin_intrinsics-BC5IJI3YI34RQ61ZNVDRDZ6RN.pcm
SwiftExplicitDependencyGeneratePcm arm64 /Users/admin/builder/spi-builder-workspace/.derivedData/SDKExplicitPrecompiledModules/DeveloperToolsSupport-46GOQP8J1QTHLYQSJW81T8UZ3.pcm
SwiftExplicitDependencyGeneratePcm arm64 /Users/admin/builder/spi-builder-workspace/.derivedData/SDKExplicitPrecompiledModules/_Builtin_tgmath-BPYSMHWI520EQRL2HW519ZY7Z.pcm
PrecompileModule /Users/admin/builder/spi-builder-workspace/.derivedData/Build/Intermediates.noindex/ExplicitPrecompiledModules/UIKit-BQASPB6ZG23HBRXU5SL14B1ON.scan
cd /
builtin-precompileModule /Users/admin/builder/spi-builder-workspace/.derivedData/Build/Intermediates.noindex/ExplicitPrecompiledModules/UIKit-BQASPB6ZG23HBRXU5SL14B1ON.scan
SwiftExplicitDependencyGeneratePcm arm64 /Users/admin/builder/spi-builder-workspace/.derivedData/SDKExplicitPrecompiledModules/_Builtin_inttypes-11B64KJD36B3YOHBR1BBXBJY8.pcm
SwiftExplicitDependencyGeneratePcm arm64 /Users/admin/builder/spi-builder-workspace/.derivedData/SDKExplicitPrecompiledModules/Darwin-60P5LVNQO3ESRRM5DCJ05PFNK.pcm
SwiftExplicitDependencyGeneratePcm arm64 /Users/admin/builder/spi-builder-workspace/.derivedData/SDKExplicitPrecompiledModules/simd-9XXAB17Y6E4BBPQADD61NZ23.pcm
SwiftExplicitDependencyGeneratePcm arm64 /Users/admin/builder/spi-builder-workspace/.derivedData/SDKExplicitPrecompiledModules/ObjectiveC-26TIBFYCEJZVP216ZZAU1X8KN.pcm
SwiftExplicitDependencyGeneratePcm arm64 /Users/admin/builder/spi-builder-workspace/.derivedData/SDKExplicitPrecompiledModules/MachO-3XTHY7HWV6RF3KXKYQVHUBUXK.pcm
SwiftExplicitDependencyGeneratePcm arm64 /Users/admin/builder/spi-builder-workspace/.derivedData/SDKExplicitPrecompiledModules/os_object-692CJ8BG6RE5H04487EJJOVXW.pcm
SwiftExplicitDependencyGeneratePcm arm64 /Users/admin/builder/spi-builder-workspace/.derivedData/SDKExplicitPrecompiledModules/os_workgroup-4U1VXMWIZD80E7PRUQF2G7P9X.pcm
SwiftExplicitDependencyGeneratePcm arm64 /Users/admin/builder/spi-builder-workspace/.derivedData/SDKExplicitPrecompiledModules/Dispatch-CLT3466HKC22GCKAWSCNG0H7T.pcm
PrecompileModule /Users/admin/builder/spi-builder-workspace/.derivedData/Build/Intermediates.noindex/ExplicitPrecompiledModules/XCUIAutomation-AW46WVUYPOECCWPIFZLZYR9M2.scan
cd /
builtin-precompileModule /Users/admin/builder/spi-builder-workspace/.derivedData/Build/Intermediates.noindex/ExplicitPrecompiledModules/XCUIAutomation-AW46WVUYPOECCWPIFZLZYR9M2.scan
PrecompileModule /Users/admin/builder/spi-builder-workspace/.derivedData/Build/Intermediates.noindex/ExplicitPrecompiledModules/XCTest-6J7F01VFCB0SYD3RG5DEODZ5C.scan
cd /
builtin-precompileModule /Users/admin/builder/spi-builder-workspace/.derivedData/Build/Intermediates.noindex/ExplicitPrecompiledModules/XCTest-6J7F01VFCB0SYD3RG5DEODZ5C.scan
SwiftExplicitDependencyGeneratePcm arm64 /Users/admin/builder/spi-builder-workspace/.derivedData/SDKExplicitPrecompiledModules/CoreFoundation-AVLTZVCXBU2TO75JCN4AGU8XJ.pcm
SwiftExplicitDependencyGeneratePcm arm64 /Users/admin/builder/spi-builder-workspace/.derivedData/SDKExplicitPrecompiledModules/XPC-EP5EU7FNGP4VOA3EDM18P1KHO.pcm
SwiftExplicitDependencyGeneratePcm arm64 /Users/admin/builder/spi-builder-workspace/.derivedData/SDKExplicitPrecompiledModules/Spatial-5E0I2846LO3ZE24CSVR2O57TI.pcm
CompileC /Users/admin/builder/spi-builder-workspace/.derivedData/Build/Intermediates.noindex/Quick.build/Debug-xros/QuickObjCRuntime-t.build/Objects-normal/arm64/QuickSpecBase.o /Users/admin/builder/spi-builder-workspace/.dependencies/checkouts/Quick/Sources/QuickObjCRuntime/QuickSpecBase.m normal arm64 objective-c com.apple.compilers.llvm.clang.1_0.compiler (in target 'QuickObjCRuntime' from project 'Quick')
cd /Users/admin/builder/spi-builder-workspace/.swiftpm/xcode
Using response file: /Users/admin/builder/spi-builder-workspace/.derivedData/Build/Intermediates.noindex/Quick.build/Debug-xros/QuickObjCRuntime-t.build/Objects-normal/arm64/e6072d4f65d7061329687fe24e3d63a7-common-args.resp
/Applications/Xcode-27.0.0-Release.Candidate.app/Contents/Developer/Toolchains/XcodeDefault.xctoolchain/usr/bin/clang -x objective-c -ivfsstatcache /Users/admin/builder/spi-builder-workspace/.derivedData/SDKStatCaches.noindex/xros27.0-24M361-e829b21a6f8c9b70876ba0858053c044735bd543db762f57723cac368afd1ce4.sdkstatcache -target arm64-apple-xros1.0 -fmessage-length\=0 -fdiagnostics-show-note-include-stack -fmacro-backtrace-limit\=0 -fno-color-diagnostics -fmodules-prune-interval\=86400 -fmodules-prune-after\=345600 -fbuild-session-file\=/Users/admin/builder/spi-builder-workspace/.derivedData/ModuleCache.noindex/Session.modulevalidation -fmodules-validate-once-per-build-session -Wnon-modular-include-in-framework-module -Werror\=non-modular-include-in-framework-module -Wno-trigraphs -Wno-missing-field-initializers -Wno-missing-prototypes -Wno-return-type -Wno-implicit-atomic-properties -Wno-objc-interface-ivars -Wno-arc-repeated-use-of-weak -Wno-missing-braces -Wparentheses -Wswitch -Wno-unused-function -Wno-unused-label -Wno-unused-parameter -Wno-unused-variable -Wunused-value -Wno-empty-body -Wno-uninitialized -Wno-unknown-pragmas -w -Wno-shadow -Wno-four-char-constants -Wno-conversion -Wno-constant-conversion -Wno-int-conversion -Wno-bool-conversion -Wno-enum-conversion -Wno-float-conversion -Wno-non-literal-null-conversion -Wno-objc-literal-conversion -Wshorten-64-to-32 -Wpointer-sign -Wno-newline-eof -Wno-selector -Wno-strict-selector-match -Wno-undeclared-selector -Wno-deprecated-implementations -Wno-implicit-fallthrough -isysroot /Applications/Xcode-27.0.0-Release.Candidate.app/Contents/Developer/Platforms/XROS.platform/Developer/SDKs/XROS27.0.sdk -fstrict-aliasing -Wprotocol -Wdeprecated-declarations -Wno-sign-conversion -Wno-infinite-recursion -Wno-comma -Wno-block-capture-autoreleasing -Wno-strict-prototypes -Wno-semicolon-before-method-body -index-store-path /Users/admin/builder/spi-builder-workspace/.derivedData/Index.noindex/DataStore @/Users/admin/builder/spi-builder-workspace/.derivedData/Build/Intermediates.noindex/Quick.build/Debug-xros/QuickObjCRuntime-t.build/Objects-normal/arm64/e6072d4f65d7061329687fe24e3d63a7-common-args.resp -MMD -MT dependencies -MF /Users/admin/builder/spi-builder-workspace/.derivedData/Build/Intermediates.noindex/Quick.build/Debug-xros/QuickObjCRuntime-t.build/Objects-normal/arm64/QuickSpecBase.d --serialize-diagnostics /Users/admin/builder/spi-builder-workspace/.derivedData/Build/Intermediates.noindex/Quick.build/Debug-xros/QuickObjCRuntime-t.build/Objects-normal/arm64/QuickSpecBase.dia -c /Users/admin/builder/spi-builder-workspace/.dependencies/checkouts/Quick/Sources/QuickObjCRuntime/QuickSpecBase.m -o /Users/admin/builder/spi-builder-workspace/.derivedData/Build/Intermediates.noindex/Quick.build/Debug-xros/QuickObjCRuntime-t.build/Objects-normal/arm64/QuickSpecBase.o -index-unit-output-path /Quick.build/Debug-xros/QuickObjCRuntime-t.build/Objects-normal/arm64/QuickSpecBase.o
SwiftExplicitDependencyGeneratePcm arm64 /Users/admin/builder/spi-builder-workspace/.derivedData/SDKExplicitPrecompiledModules/os-1004XEJ3IXOOAU0KL58SM3D0K.pcm
SwiftExplicitDependencyGeneratePcm arm64 /Users/admin/builder/spi-builder-workspace/.derivedData/SDKExplicitPrecompiledModules/CoreGraphics-BFUJ177R223UT2ZI327ZTZY91.pcm
SwiftExplicitDependencyGeneratePcm arm64 /Users/admin/builder/spi-builder-workspace/.derivedData/SDKExplicitPrecompiledModules/CFNetwork-5MI70N1VLDQSWTX4COWLMSIRO.pcm
SwiftExplicitDependencyGeneratePcm arm64 /Users/admin/builder/spi-builder-workspace/.derivedData/SDKExplicitPrecompiledModules/Security-8TH2M8WJIQMET4SADWX0N8372.pcm
Ld /Users/admin/builder/spi-builder-workspace/.derivedData/Build/Products/Debug-xros/QuickObjCRuntime.o normal (in target 'QuickObjCRuntime' from project 'Quick')
cd /Users/admin/builder/spi-builder-workspace/.dependencies/checkouts/Quick
/Applications/Xcode-27.0.0-Release.Candidate.app/Contents/Developer/Toolchains/XcodeDefault.xctoolchain/usr/bin/clang -Xlinker -reproducible -target arm64-apple-xros1.0 -r -isysroot /Applications/Xcode-27.0.0-Release.Candidate.app/Contents/Developer/Platforms/XROS.platform/Developer/SDKs/XROS27.0.sdk -O0 -w -Xlinker -no_warn_duplicate_libraries -F/Users/admin/builder/spi-builder-workspace/.derivedData/Build/Intermediates.noindex/EagerLinkingTBDs/Debug-xros -F/Users/admin/builder/spi-builder-workspace/.derivedData/Build/Products/Debug-xros -iframework /Applications/Xcode-27.0.0-Release.Candidate.app/Contents/Developer/Platforms/XROS.platform/Developer/Library/Frameworks -iframework /Applications/Xcode-27.0.0-Release.Candidate.app/Contents/Developer/Platforms/XROS.platform/Developer/SDKs/XROS27.0.sdk/Developer/Library/Frameworks -filelist /Users/admin/builder/spi-builder-workspace/.derivedData/Build/Intermediates.noindex/Quick.build/Debug-xros/QuickObjCRuntime-t.build/Objects-normal/arm64/QuickObjCRuntime.LinkFileList -nostdlib -Xlinker -object_path_lto -Xlinker /Users/admin/builder/spi-builder-workspace/.derivedData/Build/Intermediates.noindex/Quick.build/Debug-xros/QuickObjCRuntime-t.build/Objects-normal/arm64/QuickObjCRuntime_lto.o -Xlinker -no_deduplicate -Xlinker -dependency_info -Xlinker /Users/admin/builder/spi-builder-workspace/.derivedData/Build/Intermediates.noindex/Quick.build/Debug-xros/QuickObjCRuntime-t.build/Objects-normal/arm64/QuickObjCRuntime_dependency_info.dat -fobjc-arc -fobjc-link-runtime -o /Users/admin/builder/spi-builder-workspace/.derivedData/Build/Products/Debug-xros/QuickObjCRuntime.o
SwiftExplicitDependencyGeneratePcm arm64 /Users/admin/builder/spi-builder-workspace/.derivedData/SDKExplicitPrecompiledModules/Foundation-8GON1KVEKRN3NOQI8RETBRWJP.pcm
SwiftExplicitDependencyGeneratePcm arm64 /Users/admin/builder/spi-builder-workspace/.derivedData/SDKExplicitPrecompiledModules/ImageIO-5CC6COR9KJYI1UBL7CSHLU2OG.pcm
SwiftExplicitDependencyGeneratePcm arm64 /Users/admin/builder/spi-builder-workspace/.derivedData/SDKExplicitPrecompiledModules/CoreText-6F9TY5TEPCCZ1K2KYM4GMEGHD.pcm
SwiftExplicitDependencyGeneratePcm arm64 /Users/admin/builder/spi-builder-workspace/.derivedData/SDKExplicitPrecompiledModules/UIUtilities-AOVGLUWEAN6CG2UZFNESGSP6C.pcm
SwiftExplicitDependencyGeneratePcm arm64 /Users/admin/builder/spi-builder-workspace/.derivedData/SDKExplicitPrecompiledModules/Accessibility-1DR4J4YDVDGAYQTZ0FKZ1PU09.pcm
SwiftExplicitDependencyGeneratePcm arm64 /Users/admin/builder/spi-builder-workspace/.derivedData/SDKExplicitPrecompiledModules/DataDetection-BANTQ3WXXGKZJYC0LLB3MD9K0.pcm
SwiftEmitModule normal arm64 Emitting\ module\ for\ Capable (in target 'Capable' from project 'Capable')
/Users/admin/builder/spi-builder-workspace/Sources/Capable/Plugins/ReduceMotion.swift:19:59: error: cannot find 'NotificationCenter' in scope
17 | #endif
18 |
19 | init(notificationCenter: NotificationCenterProtocol = NotificationCenter.default) {
| `- error: cannot find 'NotificationCenter' in scope
20 | self.notificationCenter = notificationCenter
21 | registerObservation()
/Users/admin/builder/spi-builder-workspace/Sources/Capable/Plugins/ReduceMotion.swift:78:6: error: @objc attribute used without importing module 'Foundation'
76 | }
77 |
78 | @objc func valueChanged() {
| `- error: @objc attribute used without importing module 'Foundation'
79 | #if os(OSX)
80 |
/Users/admin/builder/spi-builder-workspace/Sources/Capable/Plugins/VoiceOver.swift:19:59: error: cannot find 'NotificationCenter' in scope
17 | #endif
18 |
19 | init(notificationCenter: NotificationCenterProtocol = NotificationCenter.default) {
| `- error: cannot find 'NotificationCenter' in scope
20 | self.notificationCenter = notificationCenter
21 | registerObservation()
/Users/admin/builder/spi-builder-workspace/Sources/Capable/Plugins/VoiceOver.swift:74:6: error: @objc attribute used without importing module 'Foundation'
72 | }
73 |
74 | @objc func valueChanged() {
| `- error: @objc attribute used without importing module 'Foundation'
75 | postNotification(featureName: Self.name, statusString: status)
76 | }
Failed frontend command:
SwiftCompile normal arm64 (in target 'Capable' from project 'Capable')
cd /Users/admin/builder/spi-builder-workspace/.swiftpm/xcode
/Applications/Xcode-27.0.0-Release.Candidate.app/Contents/Developer/Toolchains/XcodeDefault.xctoolchain/usr/bin/swift-frontend -frontend -emit-module -experimental-skip-non-inlinable-function-bodies-without-types /Users/admin/builder/spi-builder-workspace/Sources/Capable/Capable.swift /Users/admin/builder/spi-builder-workspace/Sources/Capable/Extensions/Bool+statusString.swift /Users/admin/builder/spi-builder-workspace/Sources/Capable/Extensions/CGFloat+contentSizeString.swift /Users/admin/builder/spi-builder-workspace/Sources/Capable/Extensions/HearingDeviceEar+stringValue.swift /Users/admin/builder/spi-builder-workspace/Sources/Capable/Extensions/Notification+Name.swift /Users/admin/builder/spi-builder-workspace/Sources/Capable/Extensions/String+isDefaultContentSize.swift /Users/admin/builder/spi-builder-workspace/Sources/Capable/Extensions/UIContentSizeCategory+values.swift /Users/admin/builder/spi-builder-workspace/Sources/Capable/Logger/Logger.swift /Users/admin/builder/spi-builder-workspace/Sources/Capable/Logger/OSLogType+greaterEqual.swift /Users/admin/builder/spi-builder-workspace/Sources/Capable/Models/CapableFeature.swift /Users/admin/builder/spi-builder-workspace/Sources/Capable/Models/FeatureStatus.swift /Users/admin/builder/spi-builder-workspace/Sources/Capable/Models/NotificationCenterProtocol.swift /Users/admin/builder/spi-builder-workspace/Sources/Capable/Plugins/AssistiveTouch.swift /Users/admin/builder/spi-builder-workspace/Sources/Capable/Plugins/BoldText.swift /Users/admin/builder/spi-builder-workspace/Sources/Capable/Plugins/ButtonShapes.swift /Users/admin/builder/spi-builder-workspace/Sources/Capable/Plugins/ClosedCaptioning.swift /Users/admin/builder/spi-builder-workspace/Sources/Capable/Plugins/DarkerSystemColors.swift /Users/admin/builder/spi-builder-workspace/Sources/Capable/Plugins/DifferentiateWithoutColor.swift /Users/admin/builder/spi-builder-workspace/Sources/Capable/Plugins/FullKeyboardAccess.swift /Users/admin/builder/spi-builder-workspace/Sources/Capable/Plugins/Grayscale.swift /Users/admin/builder/spi-builder-workspace/Sources/Capable/Plugins/GuidedAccess.swift /Users/admin/builder/spi-builder-workspace/Sources/Capable/Plugins/HearingDevicePairedEar.swift /Users/admin/builder/spi-builder-workspace/Sources/Capable/Plugins/IncreaseContrast.swift /Users/admin/builder/spi-builder-workspace/Sources/Capable/Plugins/InvertColors.swift /Users/admin/builder/spi-builder-workspace/Sources/Capable/Plugins/LargerText.swift /Users/admin/builder/spi-builder-workspace/Sources/Capable/Plugins/MonoAudio.swift /Users/admin/builder/spi-builder-workspace/Sources/Capable/Plugins/OnOffSwitchLabels.swift /Users/admin/builder/spi-builder-workspace/Sources/Capable/Plugins/PrefersCrossFadeTransitions.swift /Users/admin/builder/spi-builder-workspace/Sources/Capable/Plugins/Protocols/FeatureProtocol.swift /Users/admin/builder/spi-builder-workspace/Sources/Capable/Plugins/Protocols/ObservableFeatureProtocol.swift /Users/admin/builder/spi-builder-workspace/Sources/Capable/Plugins/ReduceMotion.swift /Users/admin/builder/spi-builder-workspace/Sources/Capable/Plugins/ReduceTransparency.swift /Users/admin/builder/spi-builder-workspace/Sources/Capable/Plugins/ShakeToUndo.swift /Users/admin/builder/spi-builder-workspace/Sources/Capable/Plugins/SpeakScreen.swift /Users/admin/builder/spi-builder-workspace/Sources/Capable/Plugins/SpeakSelection.swift /Users/admin/builder/spi-builder-workspace/Sources/Capable/Plugins/SwitchControl.swift /Users/admin/builder/spi-builder-workspace/Sources/Capable/Plugins/VideoAutoplay.swift /Users/admin/builder/spi-builder-workspace/Sources/Capable/Plugins/VoiceOver.swift /Users/admin/builder/spi-builder-workspace/Sources/Capable/Statuses/AccessibilityFeatureProvider.swift /Users/admin/builder/spi-builder-workspace/Sources/Capable/Statuses/FeatureStatusProvider.swift -target arm64-apple-xros1.0 -disable-cross-import-overlay-search -load-resolved-plugin /Applications/Xcode-27.0.0-Release.Candidate.app/Contents/Developer/Platforms/XROS.platform/Developer/usr/lib/swift/host/plugins/libFoundationMacros.dylib\#/Applications/Xcode-27.0.0-Release.Candidate.app/Contents/Developer/Platforms/XROS.platform/Developer/usr/bin/swift-plugin-server\#FoundationMacros -load-resolved-plugin /Applications/Xcode-27.0.0-Release.Candidate.app/Contents/Developer/Platforms/XROS.platform/Developer/usr/lib/swift/host/plugins/libObservationMacros.dylib\#/Applications/Xcode-27.0.0-Release.Candidate.app/Contents/Developer/Platforms/XROS.platform/Developer/usr/bin/swift-plugin-server\#ObservationMacros -load-resolved-plugin /Applications/Xcode-27.0.0-Release.Candidate.app/Contents/Developer/Platforms/XROS.platform/Developer/usr/lib/swift/host/plugins/libSwiftMacros.dylib\#/Applications/Xcode-27.0.0-Release.Candidate.app/Contents/Developer/Platforms/XROS.platform/Developer/usr/bin/swift-plugin-server\#SwiftMacros -disable-implicit-swift-modules -Xcc -fno-implicit-modules -Xcc -fno-implicit-module-maps -explicit-swift-module-map-file /Users/admin/builder/spi-builder-workspace/.derivedData/Build/Intermediates.noindex/Capable.build/Debug-xros/Capable-t.build/Objects-normal/arm64/Capable-dependencies-1.json -Xllvm -aarch64-use-tbi -enable-objc-interop -stack-check -sdk /Applications/Xcode-27.0.0-Release.Candidate.app/Contents/Developer/Platforms/XROS.platform/Developer/SDKs/XROS27.0.sdk -I /Users/admin/builder/spi-builder-workspace/.derivedData/Build/Products/Debug-xros -Isystem /Applications/Xcode-27.0.0-Release.Candidate.app/Contents/Developer/Platforms/XROS.platform/Developer/usr/lib -F /Users/admin/builder/spi-builder-workspace/.derivedData/Build/Products/Debug-xros -F /Applications/Xcode-27.0.0-Release.Candidate.app/Contents/Developer/Platforms/XROS.platform/Developer/Library/Frameworks -F /Applications/Xcode-27.0.0-Release.Candidate.app/Contents/Developer/Platforms/XROS.platform/Developer/SDKs/XROS27.0.sdk/Developer/Library/Frameworks -module-cache-path /Users/admin/builder/spi-builder-workspace/.derivedData/Build/Intermediates.noindex/SwiftExplicitPrecompiledModules -no-color-diagnostics -Xcc -fno-color-diagnostics -enable-testing -g -debug-info-format\=dwarf -dwarf-version\=4 -swift-version 5 -Onone -D SWIFT_PACKAGE -D DEBUG -D SWIFT_MODULE_RESOURCE_BUNDLE_UNAVAILABLE -D Xcode -serialize-debugging-options -enable-experimental-feature DebugDescriptionMacro -empty-abi-descriptor -validate-clang-modules-once -clang-build-session-file /Users/admin/builder/spi-builder-workspace/.derivedData/ModuleCache.noindex/Session.modulevalidation -Xcc -working-directory -Xcc /Users/admin/builder/spi-builder-workspace/.swiftpm/xcode -enable-anonymous-context-mangled-names -file-compilation-dir /Users/admin/builder/spi-builder-workspace/.swiftpm/xcode -Xcc -D_LIBCPP_HARDENING_MODE\=_LIBCPP_HARDENING_MODE_DEBUG -Xcc -ivfsstatcache -Xcc /Users/admin/builder/spi-builder-workspace/.derivedData/SDKStatCaches.noindex/xros27.0-24M361-e829b21a6f8c9b70876ba0858053c044735bd543db762f57723cac368afd1ce4.sdkstatcache -Xcc -fmodules-prune-interval\=86400 -Xcc -fmodules-prune-after\=345600 -Xcc -I/Users/admin/builder/spi-builder-workspace/.derivedData/Build/Products/Debug-xros/include -Xcc -I/Users/admin/builder/spi-builder-workspace/.derivedData/Build/Intermediates.noindex/Capable.build/Debug-xros/Capable-t.build/DerivedSources-normal/arm64 -Xcc -I/Users/admin/builder/spi-builder-workspace/.derivedData/Build/Intermediates.noindex/Capable.build/Debug-xros/Capable-t.build/DerivedSources/arm64 -Xcc -I/Users/admin/builder/spi-builder-workspace/.derivedData/Build/Intermediates.noindex/Capable.build/Debug-xros/Capable-t.build/DerivedSources -Xcc -DSWIFT_PACKAGE -Xcc -DDEBUG\=1 -no-auto-bridging-header-chaining -module-name Capable -const-gather-protocols-file /Users/admin/builder/spi-builder-workspace/.derivedData/Build/Intermediates.noindex/Capable.build/Debug-xros/Capable-t.build/Objects-normal/arm64/Capable_const_extract_protocols.json -disable-clang-spi -clang-target arm64-apple-xros27.0 -target-sdk-version 27.0 -target-sdk-name xros27.0 -in-process-plugin-server-path /Applications/Xcode-27.0.0-Release.Candidate.app/Contents/Developer/Toolchains/XcodeDefault.xctoolchain/usr/lib/swift/host/libSwiftInProcPluginServer.dylib -emit-module-doc-path /Users/admin/builder/spi-builder-workspace/.derivedData/Build/Intermediates.noindex/Capable.build/Debug-xros/Capable-t.build/Objects-normal/arm64/Capable.swiftdoc -emit-module-source-info-path /Users/admin/builder/spi-builder-workspace/.derivedData/Build/Intermediates.noindex/Capable.build/Debug-xros/Capable-t.build/Objects-normal/arm64/Capable.swiftsourceinfo -emit-objc-header-path /Users/admin/builder/spi-builder-workspace/.derivedData/Build/Intermediates.noindex/Capable.build/Debug-xros/Capable-t.build/Objects-normal/arm64/Capable-Swift.h -serialize-diagnostics-path /Users/admin/builder/spi-builder-workspace/.derivedData/Build/Intermediates.noindex/Capable.build/Debug-xros/Capable-t.build/Objects-normal/arm64/Capable-primary-emit-module.dia -emit-dependencies-path /Users/admin/builder/spi-builder-workspace/.derivedData/Build/Intermediates.noindex/Capable.build/Debug-xros/Capable-t.build/Objects-normal/arm64/Capable-primary-emit-module.d -parse-as-library -o /Users/admin/builder/spi-builder-workspace/.derivedData/Build/Intermediates.noindex/Capable.build/Debug-xros/Capable-t.build/Objects-normal/arm64/Capable.swiftmodule -emit-abi-descriptor-path /Users/admin/builder/spi-builder-workspace/.derivedData/Build/Intermediates.noindex/Capable.build/Debug-xros/Capable-t.build/Objects-normal/arm64/Capable.abi.json
SwiftExplicitDependencyGeneratePcm arm64 /Users/admin/builder/spi-builder-workspace/.derivedData/SDKExplicitPrecompiledModules/Symbols-8G2XC01RPQ5HYIZE6JNUT864I.pcm
SwiftExplicitDependencyGeneratePcm arm64 /Users/admin/builder/spi-builder-workspace/.derivedData/SDKExplicitPrecompiledModules/UniformTypeIdentifiers-E5KMWDZEKS4QW9RO1KBRDEXV6.pcm
SwiftExplicitDependencyGeneratePcm arm64 /Users/admin/builder/spi-builder-workspace/.derivedData/SDKExplicitPrecompiledModules/UserNotifications-8IIV1V1FPNAPA4LY1Y23LOM2N.pcm
SwiftExplicitDependencyGeneratePcm arm64 /Users/admin/builder/spi-builder-workspace/.derivedData/SDKExplicitPrecompiledModules/IOSurface-5FE9U89GVFF9A7X7AGO2R8ENI.pcm
SwiftExplicitDependencyGeneratePcm arm64 /Users/admin/builder/spi-builder-workspace/.derivedData/SDKExplicitPrecompiledModules/FileProvider-C9I28SI56F2SEVH1BCWTKGODO.pcm
SwiftExplicitDependencyGeneratePcm arm64 /Users/admin/builder/spi-builder-workspace/.derivedData/SDKExplicitPrecompiledModules/OSLog-BNGT87TS0GMBFF7TY70HHB69.pcm
SwiftExplicitDependencyGeneratePcm arm64 /Users/admin/builder/spi-builder-workspace/.derivedData/SDKExplicitPrecompiledModules/_LocationEssentials-8GQGFVARUE99D8VJX3TINY0VP.pcm
SwiftExplicitDependencyGeneratePcm arm64 /Users/admin/builder/spi-builder-workspace/.derivedData/SDKExplicitPrecompiledModules/CoreTransferable-8TBYAKHCX6UC8QQSS7BD8GQK5.pcm
SwiftCompile normal arm64 Compiling\ Capable.swift,\ Bool+statusString.swift,\ CGFloat+contentSizeString.swift,\ HearingDeviceEar+stringValue.swift /Users/admin/builder/spi-builder-workspace/Sources/Capable/Capable.swift /Users/admin/builder/spi-builder-workspace/Sources/Capable/Extensions/Bool+statusString.swift /Users/admin/builder/spi-builder-workspace/Sources/Capable/Extensions/CGFloat+contentSizeString.swift /Users/admin/builder/spi-builder-workspace/Sources/Capable/Extensions/HearingDeviceEar+stringValue.swift (in target 'Capable' from project 'Capable')
SwiftCompile normal arm64 /Users/admin/builder/spi-builder-workspace/Sources/Capable/Capable.swift (in target 'Capable' from project 'Capable')
cd /Users/admin/builder/spi-builder-workspace/.swiftpm/xcode
builtin-SwiftPerFileCompile Capable.swift
SwiftCompile normal arm64 /Users/admin/builder/spi-builder-workspace/Sources/Capable/Extensions/Bool+statusString.swift (in target 'Capable' from project 'Capable')
cd /Users/admin/builder/spi-builder-workspace/.swiftpm/xcode
builtin-SwiftPerFileCompile Bool+statusString.swift
SwiftCompile normal arm64 /Users/admin/builder/spi-builder-workspace/Sources/Capable/Extensions/CGFloat+contentSizeString.swift (in target 'Capable' from project 'Capable')
cd /Users/admin/builder/spi-builder-workspace/.swiftpm/xcode
builtin-SwiftPerFileCompile CGFloat+contentSizeString.swift
SwiftCompile normal arm64 /Users/admin/builder/spi-builder-workspace/Sources/Capable/Extensions/HearingDeviceEar+stringValue.swift (in target 'Capable' from project 'Capable')
cd /Users/admin/builder/spi-builder-workspace/.swiftpm/xcode
builtin-SwiftPerFileCompile HearingDeviceEar+stringValue.swift
SwiftCompile normal arm64 Compiling\ FeatureProtocol.swift,\ ObservableFeatureProtocol.swift,\ ReduceMotion.swift,\ ReduceTransparency.swift /Users/admin/builder/spi-builder-workspace/Sources/Capable/Plugins/Protocols/FeatureProtocol.swift /Users/admin/builder/spi-builder-workspace/Sources/Capable/Plugins/Protocols/ObservableFeatureProtocol.swift /Users/admin/builder/spi-builder-workspace/Sources/Capable/Plugins/ReduceMotion.swift /Users/admin/builder/spi-builder-workspace/Sources/Capable/Plugins/ReduceTransparency.swift (in target 'Capable' from project 'Capable')
SwiftCompile normal arm64 /Users/admin/builder/spi-builder-workspace/Sources/Capable/Plugins/Protocols/FeatureProtocol.swift (in target 'Capable' from project 'Capable')
cd /Users/admin/builder/spi-builder-workspace/.swiftpm/xcode
builtin-SwiftPerFileCompile FeatureProtocol.swift
SwiftCompile normal arm64 /Users/admin/builder/spi-builder-workspace/Sources/Capable/Plugins/Protocols/ObservableFeatureProtocol.swift (in target 'Capable' from project 'Capable')
cd /Users/admin/builder/spi-builder-workspace/.swiftpm/xcode
builtin-SwiftPerFileCompile ObservableFeatureProtocol.swift
SwiftCompile normal arm64 /Users/admin/builder/spi-builder-workspace/Sources/Capable/Plugins/ReduceMotion.swift (in target 'Capable' from project 'Capable')
cd /Users/admin/builder/spi-builder-workspace/.swiftpm/xcode
builtin-SwiftPerFileCompile ReduceMotion.swift
SwiftCompile normal arm64 /Users/admin/builder/spi-builder-workspace/Sources/Capable/Plugins/ReduceTransparency.swift (in target 'Capable' from project 'Capable')
cd /Users/admin/builder/spi-builder-workspace/.swiftpm/xcode
builtin-SwiftPerFileCompile ReduceTransparency.swift
/Users/admin/builder/spi-builder-workspace/Sources/Capable/Plugins/ReduceMotion.swift:19:59: error: cannot find 'NotificationCenter' in scope
17 | #endif
18 |
19 | init(notificationCenter: NotificationCenterProtocol = NotificationCenter.default) {
| `- error: cannot find 'NotificationCenter' in scope
20 | self.notificationCenter = notificationCenter
21 | registerObservation()
SwiftCompile normal arm64 Compiling\ VideoAutoplay.swift,\ VoiceOver.swift,\ AccessibilityFeatureProvider.swift,\ FeatureStatusProvider.swift /Users/admin/builder/spi-builder-workspace/Sources/Capable/Plugins/VideoAutoplay.swift /Users/admin/builder/spi-builder-workspace/Sources/Capable/Plugins/VoiceOver.swift /Users/admin/builder/spi-builder-workspace/Sources/Capable/Statuses/AccessibilityFeatureProvider.swift /Users/admin/builder/spi-builder-workspace/Sources/Capable/Statuses/FeatureStatusProvider.swift (in target 'Capable' from project 'Capable')
/Users/admin/builder/spi-builder-workspace/Sources/Capable/Plugins/VoiceOver.swift:19:59: error: cannot find 'NotificationCenter' in scope
17 | #endif
18 |
19 | init(notificationCenter: NotificationCenterProtocol = NotificationCenter.default) {
| `- error: cannot find 'NotificationCenter' in scope
20 | self.notificationCenter = notificationCenter
21 | registerObservation()
SwiftCompile normal arm64 /Users/admin/builder/spi-builder-workspace/Sources/Capable/Plugins/VideoAutoplay.swift (in target 'Capable' from project 'Capable')
cd /Users/admin/builder/spi-builder-workspace/.swiftpm/xcode
builtin-SwiftPerFileCompile VideoAutoplay.swift
SwiftCompile normal arm64 /Users/admin/builder/spi-builder-workspace/Sources/Capable/Plugins/VoiceOver.swift (in target 'Capable' from project 'Capable')
cd /Users/admin/builder/spi-builder-workspace/.swiftpm/xcode
builtin-SwiftPerFileCompile VoiceOver.swift
SwiftCompile normal arm64 /Users/admin/builder/spi-builder-workspace/Sources/Capable/Statuses/AccessibilityFeatureProvider.swift (in target 'Capable' from project 'Capable')
cd /Users/admin/builder/spi-builder-workspace/.swiftpm/xcode
builtin-SwiftPerFileCompile AccessibilityFeatureProvider.swift
SwiftCompile normal arm64 /Users/admin/builder/spi-builder-workspace/Sources/Capable/Statuses/FeatureStatusProvider.swift (in target 'Capable' from project 'Capable')
cd /Users/admin/builder/spi-builder-workspace/.swiftpm/xcode
builtin-SwiftPerFileCompile FeatureStatusProvider.swift
SwiftCompile normal arm64 Compiling\ LargerText.swift,\ MonoAudio.swift,\ OnOffSwitchLabels.swift,\ PrefersCrossFadeTransitions.swift /Users/admin/builder/spi-builder-workspace/Sources/Capable/Plugins/LargerText.swift /Users/admin/builder/spi-builder-workspace/Sources/Capable/Plugins/MonoAudio.swift /Users/admin/builder/spi-builder-workspace/Sources/Capable/Plugins/OnOffSwitchLabels.swift /Users/admin/builder/spi-builder-workspace/Sources/Capable/Plugins/PrefersCrossFadeTransitions.swift (in target 'Capable' from project 'Capable')
SwiftCompile normal arm64 /Users/admin/builder/spi-builder-workspace/Sources/Capable/Plugins/LargerText.swift (in target 'Capable' from project 'Capable')
cd /Users/admin/builder/spi-builder-workspace/.swiftpm/xcode
builtin-SwiftPerFileCompile LargerText.swift
SwiftCompile normal arm64 /Users/admin/builder/spi-builder-workspace/Sources/Capable/Plugins/MonoAudio.swift (in target 'Capable' from project 'Capable')
cd /Users/admin/builder/spi-builder-workspace/.swiftpm/xcode
builtin-SwiftPerFileCompile MonoAudio.swift
SwiftCompile normal arm64 /Users/admin/builder/spi-builder-workspace/Sources/Capable/Plugins/OnOffSwitchLabels.swift (in target 'Capable' from project 'Capable')
cd /Users/admin/builder/spi-builder-workspace/.swiftpm/xcode
builtin-SwiftPerFileCompile OnOffSwitchLabels.swift
SwiftCompile normal arm64 /Users/admin/builder/spi-builder-workspace/Sources/Capable/Plugins/PrefersCrossFadeTransitions.swift (in target 'Capable' from project 'Capable')
cd /Users/admin/builder/spi-builder-workspace/.swiftpm/xcode
builtin-SwiftPerFileCompile PrefersCrossFadeTransitions.swift
SwiftExplicitDependencyGeneratePcm arm64 /Users/admin/builder/spi-builder-workspace/.derivedData/SDKExplicitPrecompiledModules/Metal-EKNUM9P3PRIBHZK1ZBD6BA2T7.pcm
SwiftExplicitDependencyGeneratePcm arm64 /Users/admin/builder/spi-builder-workspace/.derivedData/SDKExplicitPrecompiledModules/OpenGLES-56BKSYXNVAP91BYZRWAKQZKGI.pcm
SwiftCompile normal arm64 Compiling\ GuidedAccess.swift,\ HearingDevicePairedEar.swift,\ IncreaseContrast.swift,\ InvertColors.swift /Users/admin/builder/spi-builder-workspace/Sources/Capable/Plugins/GuidedAccess.swift /Users/admin/builder/spi-builder-workspace/Sources/Capable/Plugins/HearingDevicePairedEar.swift /Users/admin/builder/spi-builder-workspace/Sources/Capable/Plugins/IncreaseContrast.swift /Users/admin/builder/spi-builder-workspace/Sources/Capable/Plugins/InvertColors.swift (in target 'Capable' from project 'Capable')
SwiftCompile normal arm64 /Users/admin/builder/spi-builder-workspace/Sources/Capable/Plugins/GuidedAccess.swift (in target 'Capable' from project 'Capable')
cd /Users/admin/builder/spi-builder-workspace/.swiftpm/xcode
builtin-SwiftPerFileCompile GuidedAccess.swift
SwiftCompile normal arm64 /Users/admin/builder/spi-builder-workspace/Sources/Capable/Plugins/HearingDevicePairedEar.swift (in target 'Capable' from project 'Capable')
cd /Users/admin/builder/spi-builder-workspace/.swiftpm/xcode
builtin-SwiftPerFileCompile HearingDevicePairedEar.swift
SwiftCompile normal arm64 /Users/admin/builder/spi-builder-workspace/Sources/Capable/Plugins/IncreaseContrast.swift (in target 'Capable' from project 'Capable')
cd /Users/admin/builder/spi-builder-workspace/.swiftpm/xcode
builtin-SwiftPerFileCompile IncreaseContrast.swift
SwiftCompile normal arm64 /Users/admin/builder/spi-builder-workspace/Sources/Capable/Plugins/InvertColors.swift (in target 'Capable' from project 'Capable')
cd /Users/admin/builder/spi-builder-workspace/.swiftpm/xcode
builtin-SwiftPerFileCompile InvertColors.swift
SwiftCompile normal arm64 Compiling\ AssistiveTouch.swift,\ BoldText.swift,\ ButtonShapes.swift,\ ClosedCaptioning.swift /Users/admin/builder/spi-builder-workspace/Sources/Capable/Plugins/AssistiveTouch.swift /Users/admin/builder/spi-builder-workspace/Sources/Capable/Plugins/BoldText.swift /Users/admin/builder/spi-builder-workspace/Sources/Capable/Plugins/ButtonShapes.swift /Users/admin/builder/spi-builder-workspace/Sources/Capable/Plugins/ClosedCaptioning.swift (in target 'Capable' from project 'Capable')
SwiftCompile normal arm64 /Users/admin/builder/spi-builder-workspace/Sources/Capable/Plugins/AssistiveTouch.swift (in target 'Capable' from project 'Capable')
cd /Users/admin/builder/spi-builder-workspace/.swiftpm/xcode
builtin-SwiftPerFileCompile AssistiveTouch.swift
SwiftCompile normal arm64 /Users/admin/builder/spi-builder-workspace/Sources/Capable/Plugins/BoldText.swift (in target 'Capable' from project 'Capable')
cd /Users/admin/builder/spi-builder-workspace/.swiftpm/xcode
builtin-SwiftPerFileCompile BoldText.swift
SwiftCompile normal arm64 /Users/admin/builder/spi-builder-workspace/Sources/Capable/Plugins/ButtonShapes.swift (in target 'Capable' from project 'Capable')
cd /Users/admin/builder/spi-builder-workspace/.swiftpm/xcode
builtin-SwiftPerFileCompile ButtonShapes.swift
SwiftCompile normal arm64 /Users/admin/builder/spi-builder-workspace/Sources/Capable/Plugins/ClosedCaptioning.swift (in target 'Capable' from project 'Capable')
cd /Users/admin/builder/spi-builder-workspace/.swiftpm/xcode
builtin-SwiftPerFileCompile ClosedCaptioning.swift
SwiftCompile normal arm64 Compiling\ OSLogType+greaterEqual.swift,\ CapableFeature.swift,\ FeatureStatus.swift,\ NotificationCenterProtocol.swift /Users/admin/builder/spi-builder-workspace/Sources/Capable/Logger/OSLogType+greaterEqual.swift /Users/admin/builder/spi-builder-workspace/Sources/Capable/Models/CapableFeature.swift /Users/admin/builder/spi-builder-workspace/Sources/Capable/Models/FeatureStatus.swift /Users/admin/builder/spi-builder-workspace/Sources/Capable/Models/NotificationCenterProtocol.swift (in target 'Capable' from project 'Capable')
SwiftCompile normal arm64 /Users/admin/builder/spi-builder-workspace/Sources/Capable/Logger/OSLogType+greaterEqual.swift (in target 'Capable' from project 'Capable')
cd /Users/admin/builder/spi-builder-workspace/.swiftpm/xcode
builtin-SwiftPerFileCompile OSLogType+greaterEqual.swift
SwiftCompile normal arm64 /Users/admin/builder/spi-builder-workspace/Sources/Capable/Models/CapableFeature.swift (in target 'Capable' from project 'Capable')
cd /Users/admin/builder/spi-builder-workspace/.swiftpm/xcode
builtin-SwiftPerFileCompile CapableFeature.swift
SwiftCompile normal arm64 /Users/admin/builder/spi-builder-workspace/Sources/Capable/Models/FeatureStatus.swift (in target 'Capable' from project 'Capable')
cd /Users/admin/builder/spi-builder-workspace/.swiftpm/xcode
builtin-SwiftPerFileCompile FeatureStatus.swift
SwiftCompile normal arm64 /Users/admin/builder/spi-builder-workspace/Sources/Capable/Models/NotificationCenterProtocol.swift (in target 'Capable' from project 'Capable')
cd /Users/admin/builder/spi-builder-workspace/.swiftpm/xcode
builtin-SwiftPerFileCompile NotificationCenterProtocol.swift
SwiftExplicitDependencyGeneratePcm arm64 /Users/admin/builder/spi-builder-workspace/.derivedData/SDKExplicitPrecompiledModules/CoreLocation-1SN37095DAPVJ068LLP9TBDQX.pcm
PruneExplicitPrecompiledModules /Users/admin/builder/spi-builder-workspace/.derivedData/Build/Intermediates.noindex/SwiftExplicitPrecompiledModules
PruneExplicitPrecompiledModules /Users/admin/builder/spi-builder-workspace/.derivedData/Build/Intermediates.noindex/ExplicitPrecompiledModules
PruneExplicitPrecompiledModules /Users/admin/builder/spi-builder-workspace/.derivedData/SDKExplicitPrecompiledModules
2026-09-18 01:40:01.717 xcodebuild[842:4923] [MT] IDERunDestination: Supported platforms for the buildables in the current scheme is empty.
2026-09-18 01:40:01.829 xcodebuild[842:4923] [MT] IDERunDestination: Supported platforms for the buildables in the current scheme is empty.
** BUILD FAILED **
The following build commands failed:
SwiftCompile normal arm64 (in target 'Capable' from project 'Capable')
SwiftEmitModule normal arm64 Emitting\ module\ for\ Capable (in target 'Capable' from project 'Capable')
Building workspace Capable with scheme Capable
(3 failures)
Command line invocation:
/Applications/Xcode-27.0.0-Release.Candidate.app/Contents/Developer/usr/bin/xcodebuild -IDEClonedSourcePackagesDirPathOverride=/Users/admin/builder/spi-builder-workspace/.dependencies -resolvePackageDependencies
Resolve Package Graph
Resolved source packages:
Quick: https://github.com/Quick/Quick.git @ 4.0.0
CwlCatchException: https://github.com/mattgallagher/CwlCatchException.git @ 2.2.1
Nimble: https://github.com/Quick/Nimble.git @ 9.2.1
Capable: /Users/admin/builder/spi-builder-workspace
CwlPreconditionTesting: https://github.com/mattgallagher/CwlPreconditionTesting.git @ 2.2.2
resolved source packages: Quick, CwlCatchException, Nimble, Capable, CwlPreconditionTesting
2026-09-18 01:40:11.065 xcodebuild[1025:5742] [MT] IDERunDestination: Supported platforms for the buildables in the current scheme is empty.
2026-09-18 01:40:11.169 xcodebuild[1025:5742] [MT] IDERunDestination: Supported platforms for the buildables in the current scheme is empty.
{
"dependencies" : [
{
"identity" : "quick",
"requirement" : {
"range" : [
{
"lower_bound" : "4.0.0",
"upper_bound" : "5.0.0"
}
]
},
"type" : "sourceControl",
"url" : "https://github.com/Quick/Quick.git"
},
{
"identity" : "nimble",
"requirement" : {
"range" : [
{
"lower_bound" : "9.2.1",
"upper_bound" : "10.0.0"
}
]
},
"type" : "sourceControl",
"url" : "https://github.com/Quick/Nimble.git"
}
],
"manifest_display_name" : "Capable",
"name" : "Capable",
"path" : "/Users/admin/builder/spi-builder-workspace",
"platforms" : [
{
"name" : "macos",
"version" : "10.13"
},
{
"name" : "ios",
"version" : "12.0"
},
{
"name" : "tvos",
"version" : "12.0"
},
{
"name" : "watchos",
"version" : "4.0"
}
],
"products" : [
{
"name" : "Capable",
"targets" : [
"Capable"
],
"type" : {
"library" : [
"automatic"
]
}
}
],
"targets" : [
{
"c99name" : "CapableTests",
"module_type" : "SwiftTarget",
"name" : "CapableTests",
"path" : "Tests/CapableTests",
"product_dependencies" : [
"Quick",
"Nimble"
],
"sources" : [
"CapablePerfTests.swift",
"CapableTests.swift",
"FeatureProviderTests.swift",
"FeatureStatusProviderTests.swift",
"LoggerTests.swift",
"Mocks/FeatureMock.swift",
"Mocks/FeatureProviderMock.swift",
"Mocks/FeatureStatusProviderMock.swift",
"Mocks/NotificationCenterMock.swift"
],
"target_dependencies" : [
"Capable"
],
"type" : "test"
},
{
"c99name" : "Capable",
"module_type" : "SwiftTarget",
"name" : "Capable",
"path" : "Sources/Capable",
"product_memberships" : [
"Capable"
],
"sources" : [
"Capable.swift",
"Extensions/Bool+statusString.swift",
"Extensions/CGFloat+contentSizeString.swift",
"Extensions/HearingDeviceEar+stringValue.swift",
"Extensions/Notification+Name.swift",
"Extensions/String+isDefaultContentSize.swift",
"Extensions/UIContentSizeCategory+values.swift",
"Logger/Logger.swift",
"Logger/OSLogType+greaterEqual.swift",
"Models/CapableFeature.swift",
"Models/FeatureStatus.swift",
"Models/NotificationCenterProtocol.swift",
"Plugins/AssistiveTouch.swift",
"Plugins/BoldText.swift",
"Plugins/ButtonShapes.swift",
"Plugins/ClosedCaptioning.swift",
"Plugins/DarkerSystemColors.swift",
"Plugins/DifferentiateWithoutColor.swift",
"Plugins/FullKeyboardAccess.swift",
"Plugins/Grayscale.swift",
"Plugins/GuidedAccess.swift",
"Plugins/HearingDevicePairedEar.swift",
"Plugins/IncreaseContrast.swift",
"Plugins/InvertColors.swift",
"Plugins/LargerText.swift",
"Plugins/MonoAudio.swift",
"Plugins/OnOffSwitchLabels.swift",
"Plugins/PrefersCrossFadeTransitions.swift",
"Plugins/Protocols/FeatureProtocol.swift",
"Plugins/Protocols/ObservableFeatureProtocol.swift",
"Plugins/ReduceMotion.swift",
"Plugins/ReduceTransparency.swift",
"Plugins/ShakeToUndo.swift",
"Plugins/SpeakScreen.swift",
"Plugins/SpeakSelection.swift",
"Plugins/SwitchControl.swift",
"Plugins/VideoAutoplay.swift",
"Plugins/VoiceOver.swift",
"Statuses/AccessibilityFeatureProvider.swift",
"Statuses/FeatureStatusProvider.swift"
],
"type" : "library"
}
],
"tools_version" : "5.3"
}
{
"workspace" : {
"name" : "Capable",
"schemes" : [
"Capable"
]
}
}
2026-09-18 01:40:12.344 xcodebuild[1033:5807] [MT] IDERunDestination: Supported platforms for the buildables in the current scheme is empty.
2026-09-18 01:40:12.448 xcodebuild[1033:5807] [MT] IDERunDestination: Supported platforms for the buildables in the current scheme is empty.
Running build ...
env DEVELOPER_DIR=/Applications/Xcode-27.0.0-Release.Candidate.app xcrun xcodebuild -IDEClonedSourcePackagesDirPathOverride=$PWD/.dependencies -skipMacroValidation -skipPackagePluginValidation -derivedDataPath $PWD/.derivedData build -scheme Capable -destination generic/platform=xrOS
Command line invocation:
/Applications/Xcode-27.0.0-Release.Candidate.app/Contents/Developer/usr/bin/xcodebuild -IDEClonedSourcePackagesDirPathOverride=/Users/admin/builder/spi-builder-workspace/.dependencies -skipMacroValidation -skipPackagePluginValidation -derivedDataPath /Users/admin/builder/spi-builder-workspace/.derivedData build -scheme Capable -destination generic/platform=xrOS
Resolve Package Graph
Resolved source packages:
Capable: /Users/admin/builder/spi-builder-workspace
Quick: https://github.com/Quick/Quick.git @ 4.0.0
CwlCatchException: https://github.com/mattgallagher/CwlCatchException.git @ 2.2.1
CwlPreconditionTesting: https://github.com/mattgallagher/CwlPreconditionTesting.git @ 2.2.2
Nimble: https://github.com/Quick/Nimble.git @ 9.2.1
ComputePackagePrebuildTargetDependencyGraph
Prepare packages
CreateBuildRequest
SendProjectDescription
CreateBuildOperation
ComputeTargetDependencyGraph
note: Building targets in dependency order
note: Target dependency graph (8 targets)
Target 'CapableTests-product' in project 'Capable'
➜ Explicit dependency on target 'Capable' in project 'Capable'
➜ Explicit dependency on target 'Quick-product' in project 'Quick'
➜ Explicit dependency on target 'Nimble-product' in project 'Nimble'
Target 'Nimble-product' in project 'Nimble'
➜ Explicit dependency on target 'Nimble' in project 'Nimble'
Target 'Nimble' in project 'Nimble' (no dependencies)
Target 'Quick-product' in project 'Quick'
➜ Explicit dependency on target 'Quick' in project 'Quick'
➜ Explicit dependency on target 'QuickObjCRuntime' in project 'Quick'
Target 'Quick' in project 'Quick'
➜ Explicit dependency on target 'QuickObjCRuntime' in project 'Quick'
Target 'QuickObjCRuntime' in project 'Quick' (no dependencies)
Target 'Capable-product' in project 'Capable'
➜ Explicit dependency on target 'Capable' in project 'Capable'
Target 'Capable' in project 'Capable' (no dependencies)
GatherProvisioningInputs
CreateBuildDescription
ClangStatCache /Applications/Xcode-27.0.0-Release.Candidate.app/Contents/Developer/Toolchains/XcodeDefault.xctoolchain/usr/bin/clang-stat-cache /Applications/Xcode-27.0.0-Release.Candidate.app/Contents/Developer/Platforms/XROS.platform/Developer/SDKs/XROS27.0.sdk /Users/admin/builder/spi-builder-workspace/.derivedData/SDKStatCaches.noindex/xros27.0-24M361-e829b21a6f8c9b70876ba0858053c044735bd543db762f57723cac368afd1ce4.sdkstatcache
cd /Users/admin/builder/spi-builder-workspace/.swiftpm/xcode
/Applications/Xcode-27.0.0-Release.Candidate.app/Contents/Developer/Toolchains/XcodeDefault.xctoolchain/usr/bin/clang-stat-cache /Applications/Xcode-27.0.0-Release.Candidate.app/Contents/Developer/Platforms/XROS.platform/Developer/SDKs/XROS27.0.sdk -o /Users/admin/builder/spi-builder-workspace/.derivedData/SDKStatCaches.noindex/xros27.0-24M361-e829b21a6f8c9b70876ba0858053c044735bd543db762f57723cac368afd1ce4.sdkstatcache
SwiftDriver Quick normal arm64 com.apple.xcode.tools.swift.compiler (in target 'Quick' from project 'Quick')
cd /Users/admin/builder/spi-builder-workspace/.swiftpm/xcode
builtin-SwiftDriver -- /Applications/Xcode-27.0.0-Release.Candidate.app/Contents/Developer/Toolchains/XcodeDefault.xctoolchain/usr/bin/swiftc -parse-as-library -module-name Quick -Onone @/Users/admin/builder/spi-builder-workspace/.derivedData/Build/Intermediates.noindex/Quick.build/Debug-xros/Quick-t.build/Objects-normal/arm64/Quick.SwiftFileList -DSWIFT_PACKAGE -DDEBUG -DSWIFT_MODULE_RESOURCE_BUNDLE_UNAVAILABLE -Xcc -fmodule-map-file\=/Users/admin/builder/spi-builder-workspace/.derivedData/Build/Intermediates.noindex/GeneratedModuleMaps-xros/QuickObjCRuntime.modulemap -DXcode -plugin-path /Applications/Xcode-27.0.0-Release.Candidate.app/Contents/Developer/Toolchains/XcodeDefault.xctoolchain/usr/lib/swift/host/plugins/testing -enable-experimental-feature DebugDescriptionMacro -sdk /Applications/Xcode-27.0.0-Release.Candidate.app/Contents/Developer/Platforms/XROS.platform/Developer/SDKs/XROS27.0.sdk -target arm64-apple-xros1.0 -g -module-cache-path /Users/admin/builder/spi-builder-workspace/.derivedData/ModuleCache.noindex -Xfrontend -serialize-debugging-options -enable-testing -suppress-warnings -index-store-path /Users/admin/builder/spi-builder-workspace/.derivedData/Index.noindex/DataStore -Xcc -D_LIBCPP_HARDENING_MODE\=_LIBCPP_HARDENING_MODE_DEBUG -swift-version 5 -I /Users/admin/builder/spi-builder-workspace/.derivedData/Build/Products/Debug-xros -Isystem /Applications/Xcode-27.0.0-Release.Candidate.app/Contents/Developer/Platforms/XROS.platform/Developer/usr/lib -F /Users/admin/builder/spi-builder-workspace/.derivedData/Build/Products/Debug-xros/PackageFrameworks -F /Users/admin/builder/spi-builder-workspace/.derivedData/Build/Products/Debug-xros -F /Applications/Xcode-27.0.0-Release.Candidate.app/Contents/Developer/Platforms/XROS.platform/Developer/Library/Frameworks -F /Applications/Xcode-27.0.0-Release.Candidate.app/Contents/Developer/Platforms/XROS.platform/Developer/SDKs/XROS27.0.sdk/Developer/Library/Frameworks -c -j10 -enable-batch-mode -incremental -Xcc -ivfsstatcache -Xcc /Users/admin/builder/spi-builder-workspace/.derivedData/SDKStatCaches.noindex/xros27.0-24M361-e829b21a6f8c9b70876ba0858053c044735bd543db762f57723cac368afd1ce4.sdkstatcache -output-file-map /Users/admin/builder/spi-builder-workspace/.derivedData/Build/Intermediates.noindex/Quick.build/Debug-xros/Quick-t.build/Objects-normal/arm64/Quick-OutputFileMap.json -save-temps -no-color-diagnostics -explicit-module-build -module-cache-path /Users/admin/builder/spi-builder-workspace/.derivedData/Build/Intermediates.noindex/SwiftExplicitPrecompiledModules -clang-scanner-module-cache-path /Users/admin/builder/spi-builder-workspace/.derivedData/ModuleCache.noindex -sdk-module-cache-path /Users/admin/builder/spi-builder-workspace/.derivedData/SDKExplicitPrecompiledModules -emit-dependencies -emit-module -emit-module-path /Users/admin/builder/spi-builder-workspace/.derivedData/Build/Intermediates.noindex/Quick.build/Debug-xros/Quick-t.build/Objects-normal/arm64/Quick.swiftmodule -serialize-diagnostics -dependency-scan-serialize-diagnostics-path /Users/admin/builder/spi-builder-workspace/.derivedData/Build/Intermediates.noindex/Quick.build/Debug-xros/Quick-t.build/Objects-normal/arm64/Quick-dependency-scan.dia -validate-clang-modules-once -clang-build-session-file /Users/admin/builder/spi-builder-workspace/.derivedData/ModuleCache.noindex/Session.modulevalidation -Xcc -fmodules-prune-interval\=86400 -Xcc -fmodules-prune-after\=345600 -emit-const-values -const-gather-protocols-list /Users/admin/builder/spi-builder-workspace/.derivedData/Build/Intermediates.noindex/Quick.build/Debug-xros/Quick-t.build/Objects-normal/arm64/Quick_const_extract_protocols.json -Xcc -I/Users/admin/builder/spi-builder-workspace/.dependencies/checkouts/Quick/Sources/QuickObjCRuntime/include -Xcc -I/Users/admin/builder/spi-builder-workspace/.derivedData/Build/Products/Debug-xros/include -Xcc -I/Users/admin/builder/spi-builder-workspace/.derivedData/Build/Intermediates.noindex/Quick.build/Debug-xros/Quick-t.build/DerivedSources-normal/arm64 -Xcc -I/Users/admin/builder/spi-builder-workspace/.derivedData/Build/Intermediates.noindex/Quick.build/Debug-xros/Quick-t.build/DerivedSources/arm64 -Xcc -I/Users/admin/builder/spi-builder-workspace/.derivedData/Build/Intermediates.noindex/Quick.build/Debug-xros/Quick-t.build/DerivedSources -Xcc -DSWIFT_PACKAGE -Xcc -DDEBUG\=1 -emit-objc-header -emit-objc-header-path /Users/admin/builder/spi-builder-workspace/.derivedData/Build/Intermediates.noindex/Quick.build/Debug-xros/Quick-t.build/Objects-normal/arm64/Quick-Swift.h -working-directory /Users/admin/builder/spi-builder-workspace/.swiftpm/xcode -experimental-emit-module-separately -disable-cmo
SwiftDriver Nimble normal arm64 com.apple.xcode.tools.swift.compiler (in target 'Nimble' from project 'Nimble')
cd /Users/admin/builder/spi-builder-workspace/.swiftpm/xcode
builtin-SwiftDriver -- /Applications/Xcode-27.0.0-Release.Candidate.app/Contents/Developer/Toolchains/XcodeDefault.xctoolchain/usr/bin/swiftc -parse-as-library -module-name Nimble -Onone @/Users/admin/builder/spi-builder-workspace/.derivedData/Build/Intermediates.noindex/Nimble.build/Debug-xros/Nimble-t.build/Objects-normal/arm64/Nimble.SwiftFileList -DSWIFT_PACKAGE -DDEBUG -DSWIFT_MODULE_RESOURCE_BUNDLE_UNAVAILABLE -DXcode -plugin-path /Applications/Xcode-27.0.0-Release.Candidate.app/Contents/Developer/Toolchains/XcodeDefault.xctoolchain/usr/lib/swift/host/plugins/testing -enable-experimental-feature DebugDescriptionMacro -sdk /Applications/Xcode-27.0.0-Release.Candidate.app/Contents/Developer/Platforms/XROS.platform/Developer/SDKs/XROS27.0.sdk -target arm64-apple-xros1.0 -g -module-cache-path /Users/admin/builder/spi-builder-workspace/.derivedData/ModuleCache.noindex -Xfrontend -serialize-debugging-options -enable-testing -suppress-warnings -index-store-path /Users/admin/builder/spi-builder-workspace/.derivedData/Index.noindex/DataStore -Xcc -D_LIBCPP_HARDENING_MODE\=_LIBCPP_HARDENING_MODE_DEBUG -swift-version 5 -I /Users/admin/builder/spi-builder-workspace/.derivedData/Build/Products/Debug-xros -Isystem /Applications/Xcode-27.0.0-Release.Candidate.app/Contents/Developer/Platforms/XROS.platform/Developer/usr/lib -F /Users/admin/builder/spi-builder-workspace/.derivedData/Build/Products/Debug-xros -F /Applications/Xcode-27.0.0-Release.Candidate.app/Contents/Developer/Platforms/XROS.platform/Developer/Library/Frameworks -F /Applications/Xcode-27.0.0-Release.Candidate.app/Contents/Developer/Platforms/XROS.platform/Developer/SDKs/XROS27.0.sdk/Developer/Library/Frameworks -c -j10 -enable-batch-mode -incremental -Xcc -ivfsstatcache -Xcc /Users/admin/builder/spi-builder-workspace/.derivedData/SDKStatCaches.noindex/xros27.0-24M361-e829b21a6f8c9b70876ba0858053c044735bd543db762f57723cac368afd1ce4.sdkstatcache -output-file-map /Users/admin/builder/spi-builder-workspace/.derivedData/Build/Intermediates.noindex/Nimble.build/Debug-xros/Nimble-t.build/Objects-normal/arm64/Nimble-OutputFileMap.json -save-temps -no-color-diagnostics -explicit-module-build -module-cache-path /Users/admin/builder/spi-builder-workspace/.derivedData/Build/Intermediates.noindex/SwiftExplicitPrecompiledModules -clang-scanner-module-cache-path /Users/admin/builder/spi-builder-workspace/.derivedData/ModuleCache.noindex -sdk-module-cache-path /Users/admin/builder/spi-builder-workspace/.derivedData/SDKExplicitPrecompiledModules -emit-dependencies -emit-module -emit-module-path /Users/admin/builder/spi-builder-workspace/.derivedData/Build/Intermediates.noindex/Nimble.build/Debug-xros/Nimble-t.build/Objects-normal/arm64/Nimble.swiftmodule -serialize-diagnostics -dependency-scan-serialize-diagnostics-path /Users/admin/builder/spi-builder-workspace/.derivedData/Build/Intermediates.noindex/Nimble.build/Debug-xros/Nimble-t.build/Objects-normal/arm64/Nimble-dependency-scan.dia -validate-clang-modules-once -clang-build-session-file /Users/admin/builder/spi-builder-workspace/.derivedData/ModuleCache.noindex/Session.modulevalidation -Xcc -fmodules-prune-interval\=86400 -Xcc -fmodules-prune-after\=345600 -emit-const-values -const-gather-protocols-list /Users/admin/builder/spi-builder-workspace/.derivedData/Build/Intermediates.noindex/Nimble.build/Debug-xros/Nimble-t.build/Objects-normal/arm64/Nimble_const_extract_protocols.json -Xcc -I/Users/admin/builder/spi-builder-workspace/.derivedData/Build/Products/Debug-xros/include -Xcc -I/Users/admin/builder/spi-builder-workspace/.derivedData/Build/Intermediates.noindex/Nimble.build/Debug-xros/Nimble-t.build/DerivedSources-normal/arm64 -Xcc -I/Users/admin/builder/spi-builder-workspace/.derivedData/Build/Intermediates.noindex/Nimble.build/Debug-xros/Nimble-t.build/DerivedSources/arm64 -Xcc -I/Users/admin/builder/spi-builder-workspace/.derivedData/Build/Intermediates.noindex/Nimble.build/Debug-xros/Nimble-t.build/DerivedSources -Xcc -DSWIFT_PACKAGE -Xcc -DDEBUG\=1 -emit-objc-header -emit-objc-header-path /Users/admin/builder/spi-builder-workspace/.derivedData/Build/Intermediates.noindex/Nimble.build/Debug-xros/Nimble-t.build/Objects-normal/arm64/Nimble-Swift.h -working-directory /Users/admin/builder/spi-builder-workspace/.swiftpm/xcode -experimental-emit-module-separately -disable-cmo
SwiftDriver Capable normal arm64 com.apple.xcode.tools.swift.compiler (in target 'Capable' from project 'Capable')
cd /Users/admin/builder/spi-builder-workspace/.swiftpm/xcode
builtin-SwiftDriver -- /Applications/Xcode-27.0.0-Release.Candidate.app/Contents/Developer/Toolchains/XcodeDefault.xctoolchain/usr/bin/swiftc -parse-as-library -module-name Capable -Onone @/Users/admin/builder/spi-builder-workspace/.derivedData/Build/Intermediates.noindex/Capable.build/Debug-xros/Capable-t.build/Objects-normal/arm64/Capable.SwiftFileList -DSWIFT_PACKAGE -DDEBUG -DSWIFT_MODULE_RESOURCE_BUNDLE_UNAVAILABLE -DXcode -plugin-path /Applications/Xcode-27.0.0-Release.Candidate.app/Contents/Developer/Toolchains/XcodeDefault.xctoolchain/usr/lib/swift/host/plugins/testing -enable-experimental-feature DebugDescriptionMacro -sdk /Applications/Xcode-27.0.0-Release.Candidate.app/Contents/Developer/Platforms/XROS.platform/Developer/SDKs/XROS27.0.sdk -target arm64-apple-xros1.0 -g -module-cache-path /Users/admin/builder/spi-builder-workspace/.derivedData/ModuleCache.noindex -Xfrontend -serialize-debugging-options -enable-testing -index-store-path /Users/admin/builder/spi-builder-workspace/.derivedData/Index.noindex/DataStore -Xcc -D_LIBCPP_HARDENING_MODE\=_LIBCPP_HARDENING_MODE_DEBUG -swift-version 5 -I /Users/admin/builder/spi-builder-workspace/.derivedData/Build/Products/Debug-xros -Isystem /Applications/Xcode-27.0.0-Release.Candidate.app/Contents/Developer/Platforms/XROS.platform/Developer/usr/lib -F /Users/admin/builder/spi-builder-workspace/.derivedData/Build/Products/Debug-xros -F /Applications/Xcode-27.0.0-Release.Candidate.app/Contents/Developer/Platforms/XROS.platform/Developer/Library/Frameworks -F /Applications/Xcode-27.0.0-Release.Candidate.app/Contents/Developer/Platforms/XROS.platform/Developer/SDKs/XROS27.0.sdk/Developer/Library/Frameworks -c -j10 -enable-batch-mode -incremental -Xcc -ivfsstatcache -Xcc /Users/admin/builder/spi-builder-workspace/.derivedData/SDKStatCaches.noindex/xros27.0-24M361-e829b21a6f8c9b70876ba0858053c044735bd543db762f57723cac368afd1ce4.sdkstatcache -output-file-map /Users/admin/builder/spi-builder-workspace/.derivedData/Build/Intermediates.noindex/Capable.build/Debug-xros/Capable-t.build/Objects-normal/arm64/Capable-OutputFileMap.json -save-temps -no-color-diagnostics -explicit-module-build -module-cache-path /Users/admin/builder/spi-builder-workspace/.derivedData/Build/Intermediates.noindex/SwiftExplicitPrecompiledModules -clang-scanner-module-cache-path /Users/admin/builder/spi-builder-workspace/.derivedData/ModuleCache.noindex -sdk-module-cache-path /Users/admin/builder/spi-builder-workspace/.derivedData/SDKExplicitPrecompiledModules -emit-dependencies -emit-module -emit-module-path /Users/admin/builder/spi-builder-workspace/.derivedData/Build/Intermediates.noindex/Capable.build/Debug-xros/Capable-t.build/Objects-normal/arm64/Capable.swiftmodule -serialize-diagnostics -dependency-scan-serialize-diagnostics-path /Users/admin/builder/spi-builder-workspace/.derivedData/Build/Intermediates.noindex/Capable.build/Debug-xros/Capable-t.build/Objects-normal/arm64/Capable-dependency-scan.dia -validate-clang-modules-once -clang-build-session-file /Users/admin/builder/spi-builder-workspace/.derivedData/ModuleCache.noindex/Session.modulevalidation -Xcc -fmodules-prune-interval\=86400 -Xcc -fmodules-prune-after\=345600 -emit-const-values -const-gather-protocols-list /Users/admin/builder/spi-builder-workspace/.derivedData/Build/Intermediates.noindex/Capable.build/Debug-xros/Capable-t.build/Objects-normal/arm64/Capable_const_extract_protocols.json -Xcc -I/Users/admin/builder/spi-builder-workspace/.derivedData/Build/Products/Debug-xros/include -Xcc -I/Users/admin/builder/spi-builder-workspace/.derivedData/Build/Intermediates.noindex/Capable.build/Debug-xros/Capable-t.build/DerivedSources-normal/arm64 -Xcc -I/Users/admin/builder/spi-builder-workspace/.derivedData/Build/Intermediates.noindex/Capable.build/Debug-xros/Capable-t.build/DerivedSources/arm64 -Xcc -I/Users/admin/builder/spi-builder-workspace/.derivedData/Build/Intermediates.noindex/Capable.build/Debug-xros/Capable-t.build/DerivedSources -Xcc -DSWIFT_PACKAGE -Xcc -DDEBUG\=1 -emit-objc-header -emit-objc-header-path /Users/admin/builder/spi-builder-workspace/.derivedData/Build/Intermediates.noindex/Capable.build/Debug-xros/Capable-t.build/Objects-normal/arm64/Capable-Swift.h -working-directory /Users/admin/builder/spi-builder-workspace/.swiftpm/xcode -experimental-emit-module-separately -disable-cmo
SwiftCompile normal arm64 Compiling\ Capable.swift,\ Bool+statusString.swift,\ CGFloat+contentSizeString.swift,\ HearingDeviceEar+stringValue.swift /Users/admin/builder/spi-builder-workspace/Sources/Capable/Capable.swift /Users/admin/builder/spi-builder-workspace/Sources/Capable/Extensions/Bool+statusString.swift /Users/admin/builder/spi-builder-workspace/Sources/Capable/Extensions/CGFloat+contentSizeString.swift /Users/admin/builder/spi-builder-workspace/Sources/Capable/Extensions/HearingDeviceEar+stringValue.swift (in target 'Capable' from project 'Capable')
SwiftCompile normal arm64 /Users/admin/builder/spi-builder-workspace/Sources/Capable/Capable.swift (in target 'Capable' from project 'Capable')
cd /Users/admin/builder/spi-builder-workspace/.swiftpm/xcode
builtin-SwiftPerFileCompile Capable.swift
SwiftCompile normal arm64 /Users/admin/builder/spi-builder-workspace/Sources/Capable/Extensions/Bool+statusString.swift (in target 'Capable' from project 'Capable')
cd /Users/admin/builder/spi-builder-workspace/.swiftpm/xcode
builtin-SwiftPerFileCompile Bool+statusString.swift
SwiftCompile normal arm64 /Users/admin/builder/spi-builder-workspace/Sources/Capable/Extensions/CGFloat+contentSizeString.swift (in target 'Capable' from project 'Capable')
cd /Users/admin/builder/spi-builder-workspace/.swiftpm/xcode
builtin-SwiftPerFileCompile CGFloat+contentSizeString.swift
SwiftCompile normal arm64 /Users/admin/builder/spi-builder-workspace/Sources/Capable/Extensions/HearingDeviceEar+stringValue.swift (in target 'Capable' from project 'Capable')
cd /Users/admin/builder/spi-builder-workspace/.swiftpm/xcode
builtin-SwiftPerFileCompile HearingDeviceEar+stringValue.swift
SwiftEmitModule normal arm64 Emitting\ module\ for\ Capable (in target 'Capable' from project 'Capable')
/Users/admin/builder/spi-builder-workspace/Sources/Capable/Plugins/ReduceMotion.swift:19:59: error: cannot find 'NotificationCenter' in scope
17 | #endif
18 |
19 | init(notificationCenter: NotificationCenterProtocol = NotificationCenter.default) {
| `- error: cannot find 'NotificationCenter' in scope
20 | self.notificationCenter = notificationCenter
21 | registerObservation()
/Users/admin/builder/spi-builder-workspace/Sources/Capable/Plugins/ReduceMotion.swift:78:6: error: @objc attribute used without importing module 'Foundation'
76 | }
77 |
78 | @objc func valueChanged() {
| `- error: @objc attribute used without importing module 'Foundation'
79 | #if os(OSX)
80 |
/Users/admin/builder/spi-builder-workspace/Sources/Capable/Plugins/VoiceOver.swift:19:59: error: cannot find 'NotificationCenter' in scope
17 | #endif
18 |
19 | init(notificationCenter: NotificationCenterProtocol = NotificationCenter.default) {
| `- error: cannot find 'NotificationCenter' in scope
20 | self.notificationCenter = notificationCenter
21 | registerObservation()
/Users/admin/builder/spi-builder-workspace/Sources/Capable/Plugins/VoiceOver.swift:74:6: error: @objc attribute used without importing module 'Foundation'
72 | }
73 |
74 | @objc func valueChanged() {
| `- error: @objc attribute used without importing module 'Foundation'
75 | postNotification(featureName: Self.name, statusString: status)
76 | }
Failed frontend command:
/Applications/Xcode-27.0.0-Release.Candidate.app/Contents/Developer/Toolchains/XcodeDefault.xctoolchain/usr/bin/swift-frontend -frontend -emit-module -experimental-skip-non-inlinable-function-bodies-without-types /Users/admin/builder/spi-builder-workspace/Sources/Capable/Capable.swift /Users/admin/builder/spi-builder-workspace/Sources/Capable/Extensions/Bool+statusString.swift /Users/admin/builder/spi-builder-workspace/Sources/Capable/Extensions/CGFloat+contentSizeString.swift /Users/admin/builder/spi-builder-workspace/Sources/Capable/Extensions/HearingDeviceEar+stringValue.swift /Users/admin/builder/spi-builder-workspace/Sources/Capable/Extensions/Notification+Name.swift /Users/admin/builder/spi-builder-workspace/Sources/Capable/Extensions/String+isDefaultContentSize.swift /Users/admin/builder/spi-builder-workspace/Sources/Capable/Extensions/UIContentSizeCategory+values.swift /Users/admin/builder/spi-builder-workspace/Sources/Capable/Logger/Logger.swift /Users/admin/builder/spi-builder-workspace/Sources/Capable/Logger/OSLogType+greaterEqual.swift /Users/admin/builder/spi-builder-workspace/Sources/Capable/Models/CapableFeature.swift /Users/admin/builder/spi-builder-workspace/Sources/Capable/Models/FeatureStatus.swift /Users/admin/builder/spi-builder-workspace/Sources/Capable/Models/NotificationCenterProtocol.swift /Users/admin/builder/spi-builder-workspace/Sources/Capable/Plugins/AssistiveTouch.swift /Users/admin/builder/spi-builder-workspace/Sources/Capable/Plugins/BoldText.swift /Users/admin/builder/spi-builder-workspace/Sources/Capable/Plugins/ButtonShapes.swift /Users/admin/builder/spi-builder-workspace/Sources/Capable/Plugins/ClosedCaptioning.swift /Users/admin/builder/spi-builder-workspace/Sources/Capable/Plugins/DarkerSystemColors.swift /Users/admin/builder/spi-builder-workspace/Sources/Capable/Plugins/DifferentiateWithoutColor.swift /Users/admin/builder/spi-builder-workspace/Sources/Capable/Plugins/FullKeyboardAccess.swift /Users/admin/builder/spi-builder-workspace/Sources/Capable/Plugins/Grayscale.swift /Users/admin/builder/spi-builder-workspace/Sources/Capable/Plugins/GuidedAccess.swift /Users/admin/builder/spi-builder-workspace/Sources/Capable/Plugins/HearingDevicePairedEar.swift /Users/admin/builder/spi-builder-workspace/Sources/Capable/Plugins/IncreaseContrast.swift /Users/admin/builder/spi-builder-workspace/Sources/Capable/Plugins/InvertColors.swift /Users/admin/builder/spi-builder-workspace/Sources/Capable/Plugins/LargerText.swift /Users/admin/builder/spi-builder-workspace/Sources/Capable/Plugins/MonoAudio.swift /Users/admin/builder/spi-builder-workspace/Sources/Capable/Plugins/OnOffSwitchLabels.swift /Users/admin/builder/spi-builder-workspace/Sources/Capable/Plugins/PrefersCrossFadeTransitions.swift /Users/admin/builder/spi-builder-workspace/Sources/Capable/Plugins/Protocols/FeatureProtocol.swift /Users/admin/builder/spi-builder-workspace/Sources/Capable/Plugins/Protocols/ObservableFeatureProtocol.swift /Users/admin/builder/spi-builder-workspace/Sources/Capable/Plugins/ReduceMotion.swift /Users/admin/builder/spi-builder-workspace/Sources/Capable/Plugins/ReduceTransparency.swift /Users/admin/builder/spi-builder-workspace/Sources/Capable/Plugins/ShakeToUndo.swift /Users/admin/builder/spi-builder-workspace/Sources/Capable/Plugins/SpeakScreen.swift /Users/admin/builder/spi-builder-workspace/Sources/Capable/Plugins/SpeakSelection.swift /Users/admin/builder/spi-builder-workspace/Sources/Capable/Plugins/SwitchControl.swift /Users/admin/builder/spi-builder-workspace/Sources/Capable/Plugins/VideoAutoplay.swift /Users/admin/builder/spi-builder-workspace/Sources/Capable/Plugins/VoiceOver.swift /Users/admin/builder/spi-builder-workspace/Sources/Capable/Statuses/AccessibilityFeatureProvider.swift /Users/admin/builder/spi-builder-workspace/Sources/Capable/Statuses/FeatureStatusProvider.swift -target arm64-apple-xros1.0 -disable-cross-import-overlay-search -load-resolved-plugin /Applications/Xcode-27.0.0-Release.Candidate.app/Contents/Developer/Platforms/XROS.platform/Developer/usr/lib/swift/host/plugins/libFoundationMacros.dylib\#/Applications/Xcode-27.0.0-Release.Candidate.app/Contents/Developer/Platforms/XROS.platform/Developer/usr/bin/swift-plugin-server\#FoundationMacros -load-resolved-plugin /Applications/Xcode-27.0.0-Release.Candidate.app/Contents/Developer/Platforms/XROS.platform/Developer/usr/lib/swift/host/plugins/libObservationMacros.dylib\#/Applications/Xcode-27.0.0-Release.Candidate.app/Contents/Developer/Platforms/XROS.platform/Developer/usr/bin/swift-plugin-server\#ObservationMacros -load-resolved-plugin /Applications/Xcode-27.0.0-Release.Candidate.app/Contents/Developer/Platforms/XROS.platform/Developer/usr/lib/swift/host/plugins/libSwiftMacros.dylib\#/Applications/Xcode-27.0.0-Release.Candidate.app/Contents/Developer/Platforms/XROS.platform/Developer/usr/bin/swift-plugin-server\#SwiftMacros -disable-implicit-swift-modules -Xcc -fno-implicit-modules -Xcc -fno-implicit-module-maps -explicit-swift-module-map-file /Users/admin/builder/spi-builder-workspace/.derivedData/Build/Intermediates.noindex/Capable.build/Debug-xros/Capable-t.build/Objects-normal/arm64/Capable-dependencies-1.json -Xllvm -aarch64-use-tbi -enable-objc-interop -stack-check -sdk /Applications/Xcode-27.0.0-Release.Candidate.app/Contents/Developer/Platforms/XROS.platform/Developer/SDKs/XROS27.0.sdk -I /Users/admin/builder/spi-builder-workspace/.derivedData/Build/Products/Debug-xros -Isystem /Applications/Xcode-27.0.0-Release.Candidate.app/Contents/Developer/Platforms/XROS.platform/Developer/usr/lib -F /Users/admin/builder/spi-builder-workspace/.derivedData/Build/Products/Debug-xros -F /Applications/Xcode-27.0.0-Release.Candidate.app/Contents/Developer/Platforms/XROS.platform/Developer/Library/Frameworks -F /Applications/Xcode-27.0.0-Release.Candidate.app/Contents/Developer/Platforms/XROS.platform/Developer/SDKs/XROS27.0.sdk/Developer/Library/Frameworks -module-cache-path /Users/admin/builder/spi-builder-workspace/.derivedData/Build/Intermediates.noindex/SwiftExplicitPrecompiledModules -no-color-diagnostics -Xcc -fno-color-diagnostics -enable-testing -g -debug-info-format\=dwarf -dwarf-version\=4 -swift-version 5 -Onone -D SWIFT_PACKAGE -D DEBUG -D SWIFT_MODULE_RESOURCE_BUNDLE_UNAVAILABLE -D Xcode -serialize-debugging-options -enable-experimental-feature DebugDescriptionMacro -empty-abi-descriptor -validate-clang-modules-once -clang-build-session-file /Users/admin/builder/spi-builder-workspace/.derivedData/ModuleCache.noindex/Session.modulevalidation -Xcc -working-directory -Xcc /Users/admin/builder/spi-builder-workspace/.swiftpm/xcode -enable-anonymous-context-mangled-names -file-compilation-dir /Users/admin/builder/spi-builder-workspace/.swiftpm/xcode -Xcc -D_LIBCPP_HARDENING_MODE\=_LIBCPP_HARDENING_MODE_DEBUG -Xcc -ivfsstatcache -Xcc /Users/admin/builder/spi-builder-workspace/.derivedData/SDKStatCaches.noindex/xros27.0-24M361-e829b21a6f8c9b70876ba0858053c044735bd543db762f57723cac368afd1ce4.sdkstatcache -Xcc -fmodules-prune-interval\=86400 -Xcc -fmodules-prune-after\=345600 -Xcc -I/Users/admin/builder/spi-builder-workspace/.derivedData/Build/Products/Debug-xros/include -Xcc -I/Users/admin/builder/spi-builder-workspace/.derivedData/Build/Intermediates.noindex/Capable.build/Debug-xros/Capable-t.build/DerivedSources-normal/arm64 -Xcc -I/Users/admin/builder/spi-builder-workspace/.derivedData/Build/Intermediates.noindex/Capable.build/Debug-xros/Capable-t.build/DerivedSources/arm64 -Xcc -I/Users/admin/builder/spi-builder-workspace/.derivedData/Build/Intermediates.noindex/Capable.build/Debug-xros/Capable-t.build/DerivedSources -Xcc -DSWIFT_PACKAGE -Xcc -DDEBUG\=1 -no-auto-bridging-header-chaining -module-name Capable -const-gather-protocols-file /Users/admin/builder/spi-builder-workspace/.derivedData/Build/Intermediates.noindex/Capable.build/Debug-xros/Capable-t.build/Objects-normal/arm64/Capable_const_extract_protocols.json -disable-clang-spi -clang-target arm64-apple-xros27.0 -target-sdk-version 27.0 -target-sdk-name xros27.0 -in-process-plugin-server-path /Applications/Xcode-27.0.0-Release.Candidate.app/Contents/Developer/Toolchains/XcodeDefault.xctoolchain/usr/lib/swift/host/libSwiftInProcPluginServer.dylib -emit-module-doc-path /Users/admin/builder/spi-builder-workspace/.derivedData/Build/Intermediates.noindex/Capable.build/Debug-xros/Capable-t.build/Objects-normal/arm64/Capable.swiftdoc -emit-module-source-info-path /Users/admin/builder/spi-builder-workspace/.derivedData/Build/Intermediates.noindex/Capable.build/Debug-xros/Capable-t.build/Objects-normal/arm64/Capable.swiftsourceinfo -emit-objc-header-path /Users/admin/builder/spi-builder-workspace/.derivedData/Build/Intermediates.noindex/Capable.build/Debug-xros/Capable-t.build/Objects-normal/arm64/Capable-Swift.h -serialize-diagnostics-path /Users/admin/builder/spi-builder-workspace/.derivedData/Build/Intermediates.noindex/Capable.build/Debug-xros/Capable-t.build/Objects-normal/arm64/Capable-primary-emit-module.dia -emit-dependencies-path /Users/admin/builder/spi-builder-workspace/.derivedData/Build/Intermediates.noindex/Capable.build/Debug-xros/Capable-t.build/Objects-normal/arm64/Capable-primary-emit-module.d -parse-as-library -o /Users/admin/builder/spi-builder-workspace/.derivedData/Build/Intermediates.noindex/Capable.build/Debug-xros/Capable-t.build/Objects-normal/arm64/Capable.swiftmodule -emit-abi-descriptor-path /Users/admin/builder/spi-builder-workspace/.derivedData/Build/Intermediates.noindex/Capable.build/Debug-xros/Capable-t.build/Objects-normal/arm64/Capable.abi.json
SwiftCompile normal arm64 (in target 'Capable' from project 'Capable')
cd /Users/admin/builder/spi-builder-workspace/.swiftpm/xcode
SwiftCompile normal arm64 Compiling\ OSLogType+greaterEqual.swift,\ CapableFeature.swift,\ FeatureStatus.swift,\ NotificationCenterProtocol.swift /Users/admin/builder/spi-builder-workspace/Sources/Capable/Logger/OSLogType+greaterEqual.swift /Users/admin/builder/spi-builder-workspace/Sources/Capable/Models/CapableFeature.swift /Users/admin/builder/spi-builder-workspace/Sources/Capable/Models/FeatureStatus.swift /Users/admin/builder/spi-builder-workspace/Sources/Capable/Models/NotificationCenterProtocol.swift (in target 'Capable' from project 'Capable')
SwiftCompile normal arm64 /Users/admin/builder/spi-builder-workspace/Sources/Capable/Logger/OSLogType+greaterEqual.swift (in target 'Capable' from project 'Capable')
cd /Users/admin/builder/spi-builder-workspace/.swiftpm/xcode
builtin-SwiftPerFileCompile OSLogType+greaterEqual.swift
SwiftCompile normal arm64 /Users/admin/builder/spi-builder-workspace/Sources/Capable/Models/CapableFeature.swift (in target 'Capable' from project 'Capable')
cd /Users/admin/builder/spi-builder-workspace/.swiftpm/xcode
builtin-SwiftPerFileCompile CapableFeature.swift
SwiftCompile normal arm64 /Users/admin/builder/spi-builder-workspace/Sources/Capable/Models/FeatureStatus.swift (in target 'Capable' from project 'Capable')
cd /Users/admin/builder/spi-builder-workspace/.swiftpm/xcode
builtin-SwiftPerFileCompile FeatureStatus.swift
SwiftCompile normal arm64 /Users/admin/builder/spi-builder-workspace/Sources/Capable/Models/NotificationCenterProtocol.swift (in target 'Capable' from project 'Capable')
cd /Users/admin/builder/spi-builder-workspace/.swiftpm/xcode
builtin-SwiftPerFileCompile NotificationCenterProtocol.swift
SwiftCompile normal arm64 Compiling\ GuidedAccess.swift,\ HearingDevicePairedEar.swift,\ IncreaseContrast.swift,\ InvertColors.swift /Users/admin/builder/spi-builder-workspace/Sources/Capable/Plugins/GuidedAccess.swift /Users/admin/builder/spi-builder-workspace/Sources/Capable/Plugins/HearingDevicePairedEar.swift /Users/admin/builder/spi-builder-workspace/Sources/Capable/Plugins/IncreaseContrast.swift /Users/admin/builder/spi-builder-workspace/Sources/Capable/Plugins/InvertColors.swift (in target 'Capable' from project 'Capable')
SwiftCompile normal arm64 /Users/admin/builder/spi-builder-workspace/Sources/Capable/Plugins/GuidedAccess.swift (in target 'Capable' from project 'Capable')
cd /Users/admin/builder/spi-builder-workspace/.swiftpm/xcode
builtin-SwiftPerFileCompile GuidedAccess.swift
SwiftCompile normal arm64 /Users/admin/builder/spi-builder-workspace/Sources/Capable/Plugins/HearingDevicePairedEar.swift (in target 'Capable' from project 'Capable')
cd /Users/admin/builder/spi-builder-workspace/.swiftpm/xcode
builtin-SwiftPerFileCompile HearingDevicePairedEar.swift
SwiftCompile normal arm64 /Users/admin/builder/spi-builder-workspace/Sources/Capable/Plugins/IncreaseContrast.swift (in target 'Capable' from project 'Capable')
cd /Users/admin/builder/spi-builder-workspace/.swiftpm/xcode
builtin-SwiftPerFileCompile IncreaseContrast.swift
SwiftCompile normal arm64 /Users/admin/builder/spi-builder-workspace/Sources/Capable/Plugins/InvertColors.swift (in target 'Capable' from project 'Capable')
cd /Users/admin/builder/spi-builder-workspace/.swiftpm/xcode
builtin-SwiftPerFileCompile InvertColors.swift
SwiftCompile normal arm64 Compiling\ Notification+Name.swift,\ String+isDefaultContentSize.swift,\ UIContentSizeCategory+values.swift,\ Logger.swift /Users/admin/builder/spi-builder-workspace/Sources/Capable/Extensions/Notification+Name.swift /Users/admin/builder/spi-builder-workspace/Sources/Capable/Extensions/String+isDefaultContentSize.swift /Users/admin/builder/spi-builder-workspace/Sources/Capable/Extensions/UIContentSizeCategory+values.swift /Users/admin/builder/spi-builder-workspace/Sources/Capable/Logger/Logger.swift (in target 'Capable' from project 'Capable')
SwiftCompile normal arm64 /Users/admin/builder/spi-builder-workspace/Sources/Capable/Extensions/Notification+Name.swift (in target 'Capable' from project 'Capable')
cd /Users/admin/builder/spi-builder-workspace/.swiftpm/xcode
builtin-SwiftPerFileCompile Notification+Name.swift
SwiftCompile normal arm64 /Users/admin/builder/spi-builder-workspace/Sources/Capable/Extensions/String+isDefaultContentSize.swift (in target 'Capable' from project 'Capable')
cd /Users/admin/builder/spi-builder-workspace/.swiftpm/xcode
builtin-SwiftPerFileCompile String+isDefaultContentSize.swift
SwiftCompile normal arm64 /Users/admin/builder/spi-builder-workspace/Sources/Capable/Extensions/UIContentSizeCategory+values.swift (in target 'Capable' from project 'Capable')
cd /Users/admin/builder/spi-builder-workspace/.swiftpm/xcode
builtin-SwiftPerFileCompile UIContentSizeCategory+values.swift
SwiftCompile normal arm64 /Users/admin/builder/spi-builder-workspace/Sources/Capable/Logger/Logger.swift (in target 'Capable' from project 'Capable')
cd /Users/admin/builder/spi-builder-workspace/.swiftpm/xcode
builtin-SwiftPerFileCompile Logger.swift
SwiftCompile normal arm64 Compiling\ VideoAutoplay.swift,\ VoiceOver.swift,\ AccessibilityFeatureProvider.swift,\ FeatureStatusProvider.swift /Users/admin/builder/spi-builder-workspace/Sources/Capable/Plugins/VideoAutoplay.swift /Users/admin/builder/spi-builder-workspace/Sources/Capable/Plugins/VoiceOver.swift /Users/admin/builder/spi-builder-workspace/Sources/Capable/Statuses/AccessibilityFeatureProvider.swift /Users/admin/builder/spi-builder-workspace/Sources/Capable/Statuses/FeatureStatusProvider.swift (in target 'Capable' from project 'Capable')
/Users/admin/builder/spi-builder-workspace/Sources/Capable/Plugins/VoiceOver.swift:19:59: error: cannot find 'NotificationCenter' in scope
17 | #endif
18 |
19 | init(notificationCenter: NotificationCenterProtocol = NotificationCenter.default) {
| `- error: cannot find 'NotificationCenter' in scope
20 | self.notificationCenter = notificationCenter
21 | registerObservation()
/Users/admin/builder/spi-builder-workspace/Sources/Capable/Plugins/VoiceOver.swift:74:6: error: @objc attribute used without importing module 'Foundation'
72 | }
73 |
74 | @objc func valueChanged() {
| `- error: @objc attribute used without importing module 'Foundation'
75 | postNotification(featureName: Self.name, statusString: status)
76 | }
SwiftCompile normal arm64 /Users/admin/builder/spi-builder-workspace/Sources/Capable/Plugins/VideoAutoplay.swift (in target 'Capable' from project 'Capable')
cd /Users/admin/builder/spi-builder-workspace/.swiftpm/xcode
builtin-SwiftPerFileCompile VideoAutoplay.swift
SwiftCompile normal arm64 /Users/admin/builder/spi-builder-workspace/Sources/Capable/Plugins/VoiceOver.swift (in target 'Capable' from project 'Capable')
cd /Users/admin/builder/spi-builder-workspace/.swiftpm/xcode
builtin-SwiftPerFileCompile VoiceOver.swift
SwiftCompile normal arm64 /Users/admin/builder/spi-builder-workspace/Sources/Capable/Statuses/AccessibilityFeatureProvider.swift (in target 'Capable' from project 'Capable')
cd /Users/admin/builder/spi-builder-workspace/.swiftpm/xcode
builtin-SwiftPerFileCompile AccessibilityFeatureProvider.swift
SwiftCompile normal arm64 /Users/admin/builder/spi-builder-workspace/Sources/Capable/Statuses/FeatureStatusProvider.swift (in target 'Capable' from project 'Capable')
cd /Users/admin/builder/spi-builder-workspace/.swiftpm/xcode
builtin-SwiftPerFileCompile FeatureStatusProvider.swift
SwiftCompile normal arm64 Compiling\ AssistiveTouch.swift,\ BoldText.swift,\ ButtonShapes.swift,\ ClosedCaptioning.swift /Users/admin/builder/spi-builder-workspace/Sources/Capable/Plugins/AssistiveTouch.swift /Users/admin/builder/spi-builder-workspace/Sources/Capable/Plugins/BoldText.swift /Users/admin/builder/spi-builder-workspace/Sources/Capable/Plugins/ButtonShapes.swift /Users/admin/builder/spi-builder-workspace/Sources/Capable/Plugins/ClosedCaptioning.swift (in target 'Capable' from project 'Capable')
SwiftCompile normal arm64 /Users/admin/builder/spi-builder-workspace/Sources/Capable/Plugins/AssistiveTouch.swift (in target 'Capable' from project 'Capable')
cd /Users/admin/builder/spi-builder-workspace/.swiftpm/xcode
builtin-SwiftPerFileCompile AssistiveTouch.swift
SwiftCompile normal arm64 /Users/admin/builder/spi-builder-workspace/Sources/Capable/Plugins/BoldText.swift (in target 'Capable' from project 'Capable')
cd /Users/admin/builder/spi-builder-workspace/.swiftpm/xcode
builtin-SwiftPerFileCompile BoldText.swift
SwiftCompile normal arm64 /Users/admin/builder/spi-builder-workspace/Sources/Capable/Plugins/ButtonShapes.swift (in target 'Capable' from project 'Capable')
cd /Users/admin/builder/spi-builder-workspace/.swiftpm/xcode
builtin-SwiftPerFileCompile ButtonShapes.swift
SwiftCompile normal arm64 /Users/admin/builder/spi-builder-workspace/Sources/Capable/Plugins/ClosedCaptioning.swift (in target 'Capable' from project 'Capable')
cd /Users/admin/builder/spi-builder-workspace/.swiftpm/xcode
builtin-SwiftPerFileCompile ClosedCaptioning.swift
SwiftCompile normal arm64 Compiling\ ShakeToUndo.swift,\ SpeakScreen.swift,\ SpeakSelection.swift,\ SwitchControl.swift /Users/admin/builder/spi-builder-workspace/Sources/Capable/Plugins/ShakeToUndo.swift /Users/admin/builder/spi-builder-workspace/Sources/Capable/Plugins/SpeakScreen.swift /Users/admin/builder/spi-builder-workspace/Sources/Capable/Plugins/SpeakSelection.swift /Users/admin/builder/spi-builder-workspace/Sources/Capable/Plugins/SwitchControl.swift (in target 'Capable' from project 'Capable')
SwiftCompile normal arm64 /Users/admin/builder/spi-builder-workspace/Sources/Capable/Plugins/ShakeToUndo.swift (in target 'Capable' from project 'Capable')
cd /Users/admin/builder/spi-builder-workspace/.swiftpm/xcode
builtin-SwiftPerFileCompile ShakeToUndo.swift
SwiftCompile normal arm64 /Users/admin/builder/spi-builder-workspace/Sources/Capable/Plugins/SpeakScreen.swift (in target 'Capable' from project 'Capable')
cd /Users/admin/builder/spi-builder-workspace/.swiftpm/xcode
builtin-SwiftPerFileCompile SpeakScreen.swift
SwiftCompile normal arm64 /Users/admin/builder/spi-builder-workspace/Sources/Capable/Plugins/SpeakSelection.swift (in target 'Capable' from project 'Capable')
cd /Users/admin/builder/spi-builder-workspace/.swiftpm/xcode
builtin-SwiftPerFileCompile SpeakSelection.swift
SwiftCompile normal arm64 /Users/admin/builder/spi-builder-workspace/Sources/Capable/Plugins/SwitchControl.swift (in target 'Capable' from project 'Capable')
cd /Users/admin/builder/spi-builder-workspace/.swiftpm/xcode
builtin-SwiftPerFileCompile SwitchControl.swift
SwiftCompile normal arm64 Compiling\ FeatureProtocol.swift,\ ObservableFeatureProtocol.swift,\ ReduceMotion.swift,\ ReduceTransparency.swift /Users/admin/builder/spi-builder-workspace/Sources/Capable/Plugins/Protocols/FeatureProtocol.swift /Users/admin/builder/spi-builder-workspace/Sources/Capable/Plugins/Protocols/ObservableFeatureProtocol.swift /Users/admin/builder/spi-builder-workspace/Sources/Capable/Plugins/ReduceMotion.swift /Users/admin/builder/spi-builder-workspace/Sources/Capable/Plugins/ReduceTransparency.swift (in target 'Capable' from project 'Capable')
/Users/admin/builder/spi-builder-workspace/Sources/Capable/Plugins/ReduceMotion.swift:19:59: error: cannot find 'NotificationCenter' in scope
17 | #endif
18 |
19 | init(notificationCenter: NotificationCenterProtocol = NotificationCenter.default) {
| `- error: cannot find 'NotificationCenter' in scope
20 | self.notificationCenter = notificationCenter
21 | registerObservation()
SwiftCompile normal arm64 /Users/admin/builder/spi-builder-workspace/Sources/Capable/Plugins/Protocols/FeatureProtocol.swift (in target 'Capable' from project 'Capable')
cd /Users/admin/builder/spi-builder-workspace/.swiftpm/xcode
builtin-SwiftPerFileCompile FeatureProtocol.swift
SwiftCompile normal arm64 /Users/admin/builder/spi-builder-workspace/Sources/Capable/Plugins/Protocols/ObservableFeatureProtocol.swift (in target 'Capable' from project 'Capable')
cd /Users/admin/builder/spi-builder-workspace/.swiftpm/xcode
builtin-SwiftPerFileCompile ObservableFeatureProtocol.swift
SwiftCompile normal arm64 /Users/admin/builder/spi-builder-workspace/Sources/Capable/Plugins/ReduceMotion.swift (in target 'Capable' from project 'Capable')
cd /Users/admin/builder/spi-builder-workspace/.swiftpm/xcode
builtin-SwiftPerFileCompile ReduceMotion.swift
SwiftCompile normal arm64 /Users/admin/builder/spi-builder-workspace/Sources/Capable/Plugins/ReduceTransparency.swift (in target 'Capable' from project 'Capable')
cd /Users/admin/builder/spi-builder-workspace/.swiftpm/xcode
builtin-SwiftPerFileCompile ReduceTransparency.swift
SwiftExplicitDependencyGeneratePcm arm64 /Users/admin/builder/spi-builder-workspace/.derivedData/SDKExplicitPrecompiledModules/Metal-EKNUM9P3PRIBHZK1ZBD6BA2T7.pcm
SwiftExplicitDependencyGeneratePcm arm64 /Users/admin/builder/spi-builder-workspace/.derivedData/SDKExplicitPrecompiledModules/OpenGLES-56BKSYXNVAP91BYZRWAKQZKGI.pcm
PruneExplicitPrecompiledModules /Users/admin/builder/spi-builder-workspace/.derivedData/Build/Intermediates.noindex/SwiftExplicitPrecompiledModules
PruneExplicitPrecompiledModules /Users/admin/builder/spi-builder-workspace/.derivedData/Build/Intermediates.noindex/ExplicitPrecompiledModules
PruneExplicitPrecompiledModules /Users/admin/builder/spi-builder-workspace/.derivedData/SDKExplicitPrecompiledModules
2026-09-18 01:40:13.389 xcodebuild[1034:5835] [MT] IDERunDestination: Supported platforms for the buildables in the current scheme is empty.
2026-09-18 01:40:13.494 xcodebuild[1034:5835] [MT] IDERunDestination: Supported platforms for the buildables in the current scheme is empty.
** BUILD FAILED **
The following build commands failed:
SwiftEmitModule normal arm64 Emitting\ module\ for\ Capable (in target 'Capable' from project 'Capable')
SwiftCompile normal arm64 (in target 'Capable' from project 'Capable')
Building workspace Capable with scheme Capable
(3 failures)
BUILD FAILURE 6.4 visionOS