The Swift Package Index logo.Swift Package Index

Build Information

Failed to build GoogleCloudGKEBackupV1, reference 0.5.0 (29bf91), with Swift 6.2 for Android on 11 Oct 2026 08:36:11 UTC.

Build Command

bash -c docker run --pull=always --rm -v "checkouts-54344845-1":/host -w "$PWD" -e JAVA_HOME="/root/.sdkman/candidates/java/current" -e SPI_BUILD="1" -e SPI_PROCESSING="1" registry.gitlab.com/saguaro1/spi-images:android-6.2-latest swift build --swift-sdk aarch64-unknown-linux-android28 2>&1

Build Log

========================================
RunAll
========================================
Builder version: 5.1.1
Interrupt handler set up.
========================================
Checkout
========================================
Clone URL: https://github.com/googleapis/swift-google-cloud-gkebackup-v1.git
Reference: 0.5.0
Initialized empty Git repository in /host/spi-builder-workspace/.git/
hint: Using 'master' as the name for the initial branch. This default branch name
hint: is subject to change. To configure the initial branch name to use in all
hint: of your new repositories, which will suppress this warning, call:
hint:
hint: 	git config --global init.defaultBranch <name>
hint:
hint: Names commonly chosen instead of 'master' are 'main', 'trunk' and
hint: 'development'. The just-created branch can be renamed via this command:
hint:
hint: 	git branch -m <name>
From https://github.com/googleapis/swift-google-cloud-gkebackup-v1
 * tag               0.5.0      -> FETCH_HEAD
HEAD is now at 29bf91a chore: release circa 2026-10-07 (#1382)
Cloned https://github.com/googleapis/swift-google-cloud-gkebackup-v1.git
Revision (git rev-parse @):
29bf91a374fc3f9ee065a281c08eec202147509d
SPI manifest file found: $PWD/.spi.yml
SUCCESS checkout https://github.com/googleapis/swift-google-cloud-gkebackup-v1.git at 0.5.0
========================================
Build
========================================
Selected platform:         android
Swift version:             6.2
Building package at path:  $PWD
https://github.com/googleapis/swift-google-cloud-gkebackup-v1.git
Running build ...
bash -c docker run --pull=always --rm -v "checkouts-54344845-1":/host -w "$PWD" -e JAVA_HOME="/root/.sdkman/candidates/java/current" -e SPI_BUILD="1" -e SPI_PROCESSING="1" registry.gitlab.com/saguaro1/spi-images:android-6.2-latest swift build --swift-sdk aarch64-unknown-linux-android28 2>&1
android-6.2-latest: Pulling from saguaro1/spi-images
Digest: sha256:a839c9ce201f1dacc8eb056626ec7ab0a1c6d53d7b77c83feda395f4507c51be
Status: Image is up to date for registry.gitlab.com/saguaro1/spi-images:android-6.2-latest
Fetching https://github.com/googleapis/swift-google-wkt
Fetching https://github.com/googleapis/swift-google-longrunning
Fetching https://github.com/googleapis/swift-google-type
Fetching https://github.com/googleapis/swift-google-rpc
Fetching https://github.com/googleapis/swift-google-iam-v1
Fetching https://github.com/apple/swift-log
[1/706] Fetching swift-google-iam-v1
[707/8963] Fetching swift-google-iam-v1, swift-log
[708/9582] Fetching swift-google-iam-v1, swift-log, swift-google-longrunning
Fetched https://github.com/googleapis/swift-google-iam-v1 from cache (0.41s)
[170/8876] Fetching swift-log, swift-google-longrunning
Fetching https://github.com/googleapis/swift-google-gax
[1198/9298] Fetching swift-log, swift-google-longrunning, swift-google-rpc
[1296/10321] Fetching swift-log, swift-google-longrunning, swift-google-rpc, swift-google-wkt
Fetched https://github.com/googleapis/swift-google-longrunning from cache (0.47s)
[2535/9702] Fetching swift-log, swift-google-rpc, swift-google-wkt
[2536/10139] Fetching swift-log, swift-google-rpc, swift-google-wkt, swift-google-type
Fetching https://github.com/googleapis/swift-google-cloud-location
Fetched https://github.com/googleapis/swift-google-rpc from cache (0.50s)
[3042/9717] Fetching swift-log, swift-google-wkt, swift-google-type
Fetching https://github.com/googleapis/swift-google-auth
Fetched https://github.com/googleapis/swift-google-wkt from cache (0.59s)
[7456/8694] Fetching swift-log, swift-google-type
Fetched https://github.com/googleapis/swift-google-type from cache (0.78s)
Fetched https://github.com/apple/swift-log from cache (0.78s)
[18/1748] Fetching swift-google-gax
[1103/2300] Fetching swift-google-gax, swift-google-cloud-location
Fetched https://github.com/googleapis/swift-google-gax from cache (0.53s)
Fetched https://github.com/googleapis/swift-google-cloud-location from cache (0.48s)
[1/1023] Fetching swift-google-auth
Fetched https://github.com/googleapis/swift-google-auth from cache (0.61s)
Computing version for https://github.com/googleapis/swift-google-wkt
Computed https://github.com/googleapis/swift-google-wkt at 0.5.0 (1.37s)
Fetching https://github.com/swift-extras/swift-extras-base64
[20/954] Fetching swift-extras-base64
Fetched https://github.com/swift-extras/swift-extras-base64 from cache (0.46s)
Computing version for https://github.com/googleapis/swift-google-type
Computed https://github.com/googleapis/swift-google-type at 0.5.0 (0.73s)
Computing version for https://github.com/googleapis/swift-google-rpc
Computed https://github.com/googleapis/swift-google-rpc at 0.5.0 (0.30s)
Computing version for https://github.com/googleapis/swift-google-longrunning
Computed https://github.com/googleapis/swift-google-longrunning at 0.5.0 (0.20s)
Computing version for https://github.com/googleapis/swift-google-iam-v1
Computed https://github.com/googleapis/swift-google-iam-v1 at 0.5.0 (0.19s)
Computing version for https://github.com/googleapis/swift-google-gax
Computed https://github.com/googleapis/swift-google-gax at 0.5.0 (0.19s)
Fetching https://github.com/apple/swift-nio
Fetching https://github.com/swift-server/async-http-client.git
[1/16464] Fetching async-http-client
[16465/102838] Fetching async-http-client, swift-nio
Fetched https://github.com/swift-server/async-http-client.git from cache (5.62s)
Fetched https://github.com/apple/swift-nio from cache (5.67s)
Computing version for https://github.com/googleapis/swift-google-cloud-location
Computed https://github.com/googleapis/swift-google-cloud-location at 0.5.0 (5.96s)
Computing version for https://github.com/googleapis/swift-google-auth
Computed https://github.com/googleapis/swift-google-auth at 0.5.0 (0.33s)
Fetching https://github.com/vapor/jwt-kit.git
Fetching https://github.com/apple/swift-system.git
[1/7241] Fetching swift-system
[4056/17495] Fetching swift-system, jwt-kit
Fetched https://github.com/apple/swift-system.git from cache (0.78s)
[2872/10254] Fetching jwt-kit
Fetched https://github.com/vapor/jwt-kit.git from cache (1.21s)
Computing version for https://github.com/swift-extras/swift-extras-base64
Computed https://github.com/swift-extras/swift-extras-base64 at 1.2.0 (1.46s)
Computing version for https://github.com/swift-server/async-http-client.git
Computed https://github.com/swift-server/async-http-client.git at 1.36.2 (0.35s)
Fetching https://github.com/apple/swift-service-context.git
Fetching https://github.com/apple/swift-configuration.git
Fetching https://github.com/apple/swift-atomics.git
Fetching https://github.com/apple/swift-nio-extras.git
Fetching https://github.com/apple/swift-nio-transport-services.git
Fetching https://github.com/apple/swift-nio-http2.git
[1/1889] Fetching swift-atomics
[455/3389] Fetching swift-atomics, swift-service-context
[1310/6256] Fetching swift-atomics, swift-service-context, swift-nio-transport-services
[5283/10184] Fetching swift-atomics, swift-service-context, swift-nio-transport-services, swift-configuration
[6258/16887] Fetching swift-atomics, swift-service-context, swift-nio-transport-services, swift-configuration, swift-nio-extras
[7483/29181] Fetching swift-atomics, swift-service-context, swift-nio-transport-services, swift-configuration, swift-nio-extras, swift-nio-http2
Fetched https://github.com/apple/swift-nio-transport-services.git from cache (0.60s)
[6819/26314] Fetching swift-atomics, swift-service-context, swift-configuration, swift-nio-extras, swift-nio-http2
Fetching https://github.com/apple/swift-algorithms.git
Fetched https://github.com/apple/swift-service-context.git from cache (0.65s)
Fetched https://github.com/apple/swift-atomics.git from cache (0.64s)
[6298/22925] Fetching swift-configuration, swift-nio-extras, swift-nio-http2
Fetching https://github.com/apple/swift-nio-ssl.git
Fetching https://github.com/apple/swift-distributed-tracing.git
Fetched https://github.com/apple/swift-nio-extras.git from cache (0.85s)
Fetched https://github.com/apple/swift-configuration.git from cache (0.88s)
[2705/12294] Fetching swift-nio-http2
[11681/18458] Fetching swift-nio-http2, swift-algorithms
[16117/25009] Fetching swift-nio-http2, swift-algorithms, swift-distributed-tracing
[18787/41880] Fetching swift-nio-http2, swift-algorithms, swift-distributed-tracing, swift-nio-ssl
Fetched https://github.com/apple/swift-algorithms.git from cache (0.68s)
[16956/35716] Fetching swift-nio-http2, swift-distributed-tracing, swift-nio-ssl
Fetched https://github.com/apple/swift-distributed-tracing.git from cache (0.82s)
[13307/29165] Fetching swift-nio-http2, swift-nio-ssl
Fetched https://github.com/apple/swift-nio-http2.git from cache (1.76s)
[2025/16871] Fetching swift-nio-ssl
Fetched https://github.com/apple/swift-nio-ssl.git from cache (2.37s)
Computing version for https://github.com/apple/swift-service-context.git
Computed https://github.com/apple/swift-service-context.git at 1.3.0 (3.33s)
Computing version for https://github.com/apple/swift-algorithms.git
Computed https://github.com/apple/swift-algorithms.git at 1.2.1 (1.67s)
Fetching https://github.com/apple/swift-numerics.git
[1/6733] Fetching swift-numerics
Fetched https://github.com/apple/swift-numerics.git from cache (0.69s)
Computing version for https://github.com/apple/swift-log
Computed https://github.com/apple/swift-log at 1.16.1 (1.03s)
Computing version for https://github.com/apple/swift-distributed-tracing.git
Computed https://github.com/apple/swift-distributed-tracing.git at 1.5.0 (0.30s)
Computing version for https://github.com/apple/swift-atomics.git
Computed https://github.com/apple/swift-atomics.git at 1.3.1 (0.28s)
Computing version for https://github.com/apple/swift-numerics.git
Computed https://github.com/apple/swift-numerics.git at 1.1.1 (0.23s)
Computing version for https://github.com/apple/swift-nio
Computed https://github.com/apple/swift-nio at 2.104.0 (0.62s)
Fetching https://github.com/apple/swift-collections.git
[1/28703] Fetching swift-collections
Fetched https://github.com/apple/swift-collections.git from cache (1.60s)
Computing version for https://github.com/apple/swift-configuration.git
Computed https://github.com/apple/swift-configuration.git at 1.2.2 (2.94s)
Fetching https://github.com/swift-server/swift-service-lifecycle
[1/2867] Fetching swift-service-lifecycle
Fetched https://github.com/swift-server/swift-service-lifecycle from cache (0.54s)
Computing version for https://github.com/apple/swift-nio-transport-services.git
Computed https://github.com/apple/swift-nio-transport-services.git at 1.28.0 (0.86s)
Computing version for https://github.com/swift-server/swift-service-lifecycle
Computed https://github.com/swift-server/swift-service-lifecycle at 2.12.1 (0.31s)
Fetching https://github.com/apple/swift-async-algorithms.git
[1/6820] Fetching swift-async-algorithms
Fetched https://github.com/apple/swift-async-algorithms.git from cache (0.74s)
Computing version for https://github.com/apple/swift-async-algorithms.git
Computed https://github.com/apple/swift-async-algorithms.git at 1.1.7 (1.24s)
Computing version for https://github.com/apple/swift-collections.git
Computed https://github.com/apple/swift-collections.git at 1.7.2 (0.51s)
Computing version for https://github.com/apple/swift-nio-http2.git
Computed https://github.com/apple/swift-nio-http2.git at 1.46.0 (0.37s)
Computing version for https://github.com/vapor/jwt-kit.git
Computed https://github.com/vapor/jwt-kit.git at 5.7.1 (0.28s)
Fetching https://github.com/apple/swift-crypto.git
Fetching https://github.com/apple/swift-certificates.git
[1/18629] Fetching swift-crypto
[747/26238] Fetching swift-crypto, swift-certificates
Fetched https://github.com/apple/swift-certificates.git from cache (0.74s)
[2236/18629] Fetching swift-crypto
Fetched https://github.com/apple/swift-crypto.git from cache (1.88s)
Computing version for https://github.com/apple/swift-crypto.git
Computed https://github.com/apple/swift-crypto.git at 4.5.2 (3.01s)
Fetching https://github.com/apple/swift-asn1.git
[1/2009] Fetching swift-asn1
Fetched https://github.com/apple/swift-asn1.git from cache (0.48s)
Computing version for https://github.com/apple/swift-asn1.git
Computed https://github.com/apple/swift-asn1.git at 1.7.3 (0.94s)
Computing version for https://github.com/apple/swift-certificates.git
Computed https://github.com/apple/swift-certificates.git at 1.21.0 (0.46s)
Computing version for https://github.com/apple/swift-nio-ssl.git
Computed https://github.com/apple/swift-nio-ssl.git at 2.37.5 (0.49s)
Computing version for https://github.com/apple/swift-system.git
Computed https://github.com/apple/swift-system.git at 1.8.1 (0.50s)
Computing version for https://github.com/apple/swift-nio-extras.git
Computed https://github.com/apple/swift-nio-extras.git at 1.35.1 (0.56s)
Fetching https://github.com/apple/swift-http-types.git
Fetching https://github.com/apple/swift-http-structured-headers.git
[1/1253] Fetching swift-http-structured-headers
[428/3192] Fetching swift-http-structured-headers, swift-http-types
Fetched https://github.com/apple/swift-http-structured-headers.git from cache (0.45s)
Fetched https://github.com/apple/swift-http-types.git from cache (0.51s)
Computing version for https://github.com/apple/swift-http-structured-headers.git
Computed https://github.com/apple/swift-http-structured-headers.git at 1.7.0 (0.87s)
Computing version for https://github.com/apple/swift-http-types.git
Computed https://github.com/apple/swift-http-types.git at 1.8.0 (0.42s)
Creating working copy for https://github.com/googleapis/swift-google-longrunning
Working copy of https://github.com/googleapis/swift-google-longrunning resolved at 0.5.0
Creating working copy for https://github.com/swift-server/async-http-client.git
Working copy of https://github.com/swift-server/async-http-client.git resolved at 1.36.2
Creating working copy for https://github.com/vapor/jwt-kit.git
Working copy of https://github.com/vapor/jwt-kit.git resolved at 5.7.1
Creating working copy for https://github.com/googleapis/swift-google-gax
Working copy of https://github.com/googleapis/swift-google-gax resolved at 0.5.0
Creating working copy for https://github.com/googleapis/swift-google-type
Working copy of https://github.com/googleapis/swift-google-type resolved at 0.5.0
Creating working copy for https://github.com/apple/swift-nio-transport-services.git
Working copy of https://github.com/apple/swift-nio-transport-services.git resolved at 1.28.0
Creating working copy for https://github.com/apple/swift-collections.git
Working copy of https://github.com/apple/swift-collections.git resolved at 1.7.2
Creating working copy for https://github.com/apple/swift-nio-ssl.git
Working copy of https://github.com/apple/swift-nio-ssl.git resolved at 2.37.5
Creating working copy for https://github.com/apple/swift-numerics.git
Working copy of https://github.com/apple/swift-numerics.git resolved at 1.1.1
Creating working copy for https://github.com/apple/swift-crypto.git
Working copy of https://github.com/apple/swift-crypto.git resolved at 4.5.2
Creating working copy for https://github.com/googleapis/swift-google-cloud-location
Working copy of https://github.com/googleapis/swift-google-cloud-location resolved at 0.5.0
Creating working copy for https://github.com/apple/swift-nio
Working copy of https://github.com/apple/swift-nio resolved at 2.104.0
Creating working copy for https://github.com/apple/swift-nio-http2.git
Working copy of https://github.com/apple/swift-nio-http2.git resolved at 1.46.0
Creating working copy for https://github.com/googleapis/swift-google-iam-v1
Working copy of https://github.com/googleapis/swift-google-iam-v1 resolved at 0.5.0
Creating working copy for https://github.com/apple/swift-system.git
Working copy of https://github.com/apple/swift-system.git resolved at 1.8.1
Creating working copy for https://github.com/apple/swift-async-algorithms.git
Working copy of https://github.com/apple/swift-async-algorithms.git resolved at 1.1.7
Creating working copy for https://github.com/apple/swift-log
Working copy of https://github.com/apple/swift-log resolved at 1.16.1
Creating working copy for https://github.com/apple/swift-configuration.git
Working copy of https://github.com/apple/swift-configuration.git resolved at 1.2.2
Creating working copy for https://github.com/apple/swift-distributed-tracing.git
Working copy of https://github.com/apple/swift-distributed-tracing.git resolved at 1.5.0
Creating working copy for https://github.com/swift-server/swift-service-lifecycle
Working copy of https://github.com/swift-server/swift-service-lifecycle resolved at 2.12.1
Creating working copy for https://github.com/apple/swift-http-types.git
Working copy of https://github.com/apple/swift-http-types.git resolved at 1.8.0
Creating working copy for https://github.com/apple/swift-certificates.git
Working copy of https://github.com/apple/swift-certificates.git resolved at 1.21.0
Creating working copy for https://github.com/apple/swift-asn1.git
Working copy of https://github.com/apple/swift-asn1.git resolved at 1.7.3
Creating working copy for https://github.com/googleapis/swift-google-auth
Working copy of https://github.com/googleapis/swift-google-auth resolved at 0.5.0
Creating working copy for https://github.com/apple/swift-atomics.git
Working copy of https://github.com/apple/swift-atomics.git resolved at 1.3.1
Creating working copy for https://github.com/apple/swift-algorithms.git
Working copy of https://github.com/apple/swift-algorithms.git resolved at 1.2.1
Creating working copy for https://github.com/googleapis/swift-google-rpc
Working copy of https://github.com/googleapis/swift-google-rpc resolved at 0.5.0
Creating working copy for https://github.com/apple/swift-http-structured-headers.git
Working copy of https://github.com/apple/swift-http-structured-headers.git resolved at 1.7.0
Creating working copy for https://github.com/apple/swift-nio-extras.git
Working copy of https://github.com/apple/swift-nio-extras.git resolved at 1.35.1
Creating working copy for https://github.com/apple/swift-service-context.git
Working copy of https://github.com/apple/swift-service-context.git resolved at 1.3.0
Creating working copy for https://github.com/swift-extras/swift-extras-base64
Working copy of https://github.com/swift-extras/swift-extras-base64 resolved at 1.2.0
Creating working copy for https://github.com/googleapis/swift-google-wkt
Working copy of https://github.com/googleapis/swift-google-wkt resolved at 0.5.0
Building for debugging...
[0/1086] Compiling CAsyncHTTPClient CAsyncHTTPClient.c
[1/1086] Write swift-version--11D90AFD9DD3AB2.txt
[2/1086] Compiling _NumericsShims _NumericsShims.c
[3/1086] Write sources
[5/1090] Compiling a_octet.cc
[6/1092] Compiling aes.cc
[6/1092] Write sources
[9/1092] Compiling _AtomicsShims.c
[10/1092] Compiling a_d2i_fp.cc
[10/1092] Write sources
[43/1092] Compiling a_dup.cc
[45/1114] Emitting module ServiceContextModule
[45/1114] Compiling a_mbstr.cc
[46/1114] Compiling a_object.cc
[47/1120] Compiling a_bitstr.cc
[49/1164] Compiling Logging SwiftLogNoOpLogHandler.swift
[50/1164] Compiling Logging Locks.swift
[51/1164] Compiling InternalCollectionsUtilities UInt+first and last set bit.swift
[52/1164] Compiling InternalCollectionsUtilities UInt+reversed.swift
[53/1167] Compiling Logging StreamLogHandler.swift
[55/1169] Compiling InternalCollectionsUtilities Iterable+CopyContents.swift
[56/1169] Compiling InternalCollectionsUtilities Iterable+Equality.swift
[57/1169] Compiling InternalCollectionsUtilities LifetimeOverride.swift
[58/1169] Compiling InternalCollectionsUtilities MutableRef.swift
[59/1169] Compiling InternalCollectionsUtilities MutableSpan+Extras.swift
[60/1169] Compiling Logging LogEvent.swift
[61/1169] Compiling Logging LogHandler.swift
[62/1169] Compiling InternalCollectionsUtilities OutputSpan+Extras.swift
[63/1169] Compiling InternalCollectionsUtilities RandomAccessCollection+Offsets.swift
[64/1169] Compiling InternalCollectionsUtilities Span+Extras.swift
[65/1169] Compiling RealModule Float80+Real.swift
[66/1169] Compiling RealModule RealFunctions.swift
[69/1169] Compiling RealModule Real.swift
[72/1169] Compiling Logging MultiplexLogHandler.swift
[73/1171] Emitting module RealModule
[74/1171] Compiling Logging LoggingSystem.swift
[75/1171] Compiling InternalCollectionsUtilities UnsafeMutablePointer+Extras.swift
[76/1171] Compiling InternalCollectionsUtilities UnsafeMutableRawBufferPointer+Extras.swift
[77/1171] Compiling InternalCollectionsUtilities UnsafePointer+Extras.swift
[78/1171] Emitting module _NIOBase64
[79/1171] Compiling _NIOBase64 Base64.swift
[80/1171] Compiling InternalCollectionsUtilities Strideable+LimitHelpers.swift
[81/1171] Compiling InternalCollectionsUtilities String+Padding.swift
[82/1171] Compiling InternalCollectionsUtilities TemporaryAllocation.swift
[83/1171] Compiling InternalCollectionsUtilities _UnsafeBitSet+Index.swift
[84/1171] Compiling SwiftASN1 DER.swift
[85/1171] Compiling SwiftASN1 Errors.swift
[86/1171] Compiling InternalCollectionsUtilities UnsafeBufferPointer+Extras.swift
[87/1171] Compiling InternalCollectionsUtilities UnsafeMutableBufferPointer+Extras.swift
[92/1172] Compiling Logging Logger+Attributes.swift
[93/1172] Emitting module InternalCollectionsUtilities
[94/1172] Compiling ServiceContextModule ServiceContextKey.swift
[95/1172] Compiling ServiceContextModule ServiceContext.swift
[97/1173] Compiling RealModule Float16+Real.swift
[100/1173] Compiling RealModule RelaxedArithmetic.swift
[104/1173] Write sources
[114/1174] Compiling InternalCollectionsUtilities UnsafeRawBufferPointer+Extras.swift
[115/1174] Compiling InternalCollectionsUtilities _SortedCollection.swift
[116/1174] Compiling InternalCollectionsUtilities _UniqueCollection.swift
[118/1175] Emitting module _NIODataStructures
[119/1175] Compiling _NIODataStructures Heap.swift
[120/1180] Wrapping AST for _NIOBase64 for debugging
[122/1180] Compiling _NIODataStructures PriorityQueue.swift
[123/1180] Compiling _NIODataStructures _TinyArray.swift
[124/1181] Compiling Logging Logger+With.swift
[125/1181] Compiling Logging Logger.swift
[126/1181] Emitting module _CertificateInternals
[127/1181] Compiling _CertificateInternals _TinyArray.swift
[127/1184] Wrapping AST for ServiceContextModule for debugging
[130/1192] Wrapping AST for RealModule for debugging
[131/1192] Wrapping AST for _NIODataStructures for debugging
[131/1192] Write sources
[135/1192] Wrapping AST for InternalCollectionsUtilities for debugging
[137/1192] Emitting module SpanPreview
[138/1192] Compiling SpanPreview MutableSpan+InputSpanHelpers.swift
[139/1192] Compiling SpanPreview OutputSpan+InputSpanHelpers.swift
[140/1192] Compiling SpanPreview InputSpan.swift
[140/1192] Compiling SimpleFIPS202.c
[141/1193] Compiling CXKCPShims shims.c
[143/1193] Compiling Instrumentation Instrument.swift
[144/1193] Compiling Instrumentation NoOpInstrument.swift
[144/1193] Wrapping AST for _CertificateInternals for debugging
[145/1193] Compiling KeccakSponge.c
[147/1193] Compiling KeccakHash.c
[148/1193] Compiling CNIOWindows shim.c
[149/1193] Compiling CNIOWindows WSAStartup.c
[150/1193] Compiling CSystem shims.c
[151/1193] Wrapping AST for SpanPreview for debugging
[152/1193] Compiling CNIOWASI CNIOWASI.c
[153/1193] Compiling CNIOPosix event_loop_id.c
[154/1217] Compiling CNIOOpenBSD shim.c
[155/1272] Compiling CNIOLinux shim.c
[156/1272] Compiling CNIOLinux liburing_shims.c
[158/1272] Emitting module SwiftASN1
[159/1272] Compiling DequeModule UniqueDeque+Initializers.swift
[160/1272] Compiling DequeModule UniqueDeque+Insertions.swift
[161/1272] Compiling DequeModule UniqueDeque+Iterable.swift
[162/1272] Compiling DequeModule UniqueDeque+Prepend.swift
[163/1272] Compiling DequeModule UniqueDeque+Removals.swift
[164/1272] Compiling SystemPackage RawIORequest.swift
[165/1272] Compiling SystemPackage RawBuffer.swift
[166/1272] Compiling SystemPackage Syscalls.swift
[167/1272] Compiling SystemPackage WindowsSyscallAdapters.swift
[168/1272] Compiling SystemPackage MachPort.swift
[169/1272] Compiling SystemPackage PlatformString.swift
[169/1277] Compiling CNIOLLHTTP c_nio_llhttp.c
[170/1277] Compiling KeccakP-1600-opt64.c
[171/1277] Compiling CNIOLLHTTP c_nio_http.c
[172/1277] Compiling CNIOFreeBSD shim.c
[174/1277] Compiling SystemPackage FileFlags.swift
[175/1277] Compiling SystemPackage FileMode.swift
[175/1277] Compiling CNIOExtrasZlib zutil.c
[176/1277] Compiling CNIOLLHTTP c_nio_api.c
[177/1277] Compiling CNIOExtrasZlib inftrees.c
[178/1277] Compiling CNIOExtrasZlib trees.c
[180/1277] Compiling SystemPackage Exports.swift
[181/1277] Compiling SystemPackage Mocking.swift
[182/1277] Compiling SystemPackage IOCompletion.swift
[183/1277] Compiling SystemPackage IORequest.swift
[184/1277] Compiling SystemPackage IORing+Util.swift
[185/1277] Compiling SystemPackage IORing.swift
[186/1277] Compiling SystemPackage FilePathTempPosix.swift
[187/1277] Compiling SystemPackage FilePathTempWindows.swift
[188/1277] Compiling SystemPackage FilePathWindows.swift
[189/1277] Compiling SystemPackage FilePermissions.swift
[191/1277] Compiling CNIOExtrasZlib inffast.c
[192/1277] Compiling CNIOExtrasZlib inflate.c
[193/1277] Compiling CNIOExtrasZlib crc32.c
[194/1277] Compiling CNIOExtrasZlib deflate.c
[195/1277] Compiling CNIOExtrasZlib adler32.c
[196/1277] Compiling CNIODarwin shim.c
[197/1277] Compiling fiat_p256_adx_sqr.S
[198/1277] Compiling fiat_p256_adx_mul.S
[199/1277] Compiling fiat_curve25519_adx_square.S
[200/1277] Compiling fiat_curve25519_adx_mul.S
[207/1277] Compiling SystemPackage FilePathSyntax.swift
[208/1277] Compiling SystemPackage Errno.swift
[211/1282] Compiling SystemPackage FileType.swift
[212/1282] Compiling SystemPackage Identifiers.swift
[213/1282] Compiling SystemPackage Stat.swift
[214/1282] Compiling SystemPackage FilePathParsing.swift
[215/1282] Compiling SystemPackage FilePathString.swift
[216/1282] Emitting module Logging
[217/1282] Compiling Logging MetadataProvider.swift
[218/1282] Compiling Instrumentation Locks.swift
[219/1282] Emitting module Instrumentation
[220/1282] Compiling Instrumentation InstrumentationSystem.swift
[226/1282] Compiling SystemPackage Backcompat.swift
[227/1282] Compiling SystemPackage CInterop.swift
[228/1282] Compiling SystemPackage Constants.swift
[231/1282] Compiling Instrumentation MultiplexInstrument.swift
[232/1284] Compiling SystemPackage FileHelpers.swift
[233/1284] Compiling SystemPackage FileOperations.swift
[236/1284] Compiling SystemPackage FilePath.swift
[237/1284] Compiling SystemPackage FilePathTemp.swift
[245/1285] Compiling CNIOBoringSSLShims shims.c
[252/1285] Wrapping AST for Logging for debugging
[254/1285] Compiling SystemPackage FilePathComponentView.swift
[255/1285] Compiling SystemPackage FilePathComponents.swift
[260/1285] Compiling SystemPackage ErrnoWindows.swift
[261/1285] Compiling SystemPackage FileDescriptor.swift
[265/1293] Wrapping AST for Instrumentation for debugging
[266/1293] Wrapping AST for SwiftASN1 for debugging
[268/1293] Compiling Tracing InstrumentationSystem+Tracing.swift
[269/1294] Compiling Tracing TracingTime.swift
[270/1294] Emitting module Tracing
[271/1294] Compiling Tracing WithTracer.swift
[272/1294] Compiling Tracing TracerProtocol.swift
[273/1294] Compiling Tracing Tracer.swift
[274/1294] Compiling Tracing TracerProtocol+Legacy.swift
[281/1294] Emitting module SystemPackage
[287/1294] Compiling Tracing NoOpTracer.swift
[288/1294] Compiling Tracing SpanProtocol.swift
[290/1295] Compiling SystemPackage SystemString.swift
[291/1295] Compiling SystemPackage Util+StringArray.swift
[292/1295] Compiling SystemPackage Util.swift
[293/1295] Compiling SystemPackage UtilConsumers.swift
[294/1295] Compiling SystemPackage WinSDK+Overlay.swift
[295/1296] Compiling tls_record.cc
[296/1296] Wrapping AST for Tracing for debugging
[297/1296] Wrapping AST for SystemPackage for debugging
[298/1296] Compiling tls_method.cc
[299/1296] Compiling tls13_server.cc
[300/1296] Compiling tls13_enc.cc
[301/1296] Compiling tls13_client.cc
[303/1296] Emitting module DequeModule
[304/1296] Compiling DequeModule UniqueDeque+Replacements.swift
[305/1296] Compiling DequeModule UniqueDeque.swift
[306/1296] Compiling DequeModule _DequeSlot.swift
[307/1296] Compiling DequeModule _UnsafeDequeHandle.swift
[308/1296] Compiling DequeModule _UnsafeDequeSegments.swift
[309/1297] Compiling t1_enc.cc
[310/1297] Compiling tls13_both.cc
[311/1340] Wrapping AST for DequeModule for debugging
[312/1340] Compiling ssl_transcript.cc
[313/1340] Compiling ssl_x509.cc
[314/1340] Compiling ssl_versions.cc
[316/1340] Compiling Configuration Deprecations.swift
[317/1340] Compiling Configuration ExpressibleByConfigInt.swift
[318/1340] Compiling Configuration ExpressibleByConfigString.swift
[319/1340] Compiling Configuration CLIKeyEncoder.swift
[320/1340] Compiling Configuration ConfigKeyEncoder.swift
[321/1340] Compiling Configuration DotSeparatorKeyDecoder.swift
[321/1345] Compiling ssl_stat.cc
[322/1345] Compiling ssl_session.cc
[323/1345] Compiling ssl_privkey.cc
[324/1345] Compiling ssl_key_share.cc
[325/1345] Compiling ssl_file.cc
[326/1345] Compiling ssl_lib.cc
[328/1345] Emitting module ExtrasBase64
[329/1345] Compiling ExtrasBase64 Base32+Span.swift
[330/1345] Compiling ExtrasBase64 Base64.swift
[331/1345] Compiling ExtrasBase64 Base32.swift
[332/1345] Compiling ExtrasBase64 Base64+Span.swift
[333/1346] Compiling ssl_credential.cc
[334/1377] Compiling ssl_cipher.cc
[335/1377] Wrapping AST for ExtrasBase64 for debugging
[336/1377] Compiling ssl_cert.cc
[337/1377] Compiling ssl_buffer.cc
[339/1377] Compiling Configuration MutableInMemoryProvider.swift
[340/1377] Compiling Configuration ConfigProvider+Operators.swift
[341/1377] Compiling Configuration KeyMappingProvider.swift
[342/1377] Compiling Configuration SecretsSpecifier.swift
[343/1377] Compiling Configuration AsyncCombineLatestManySequence.swift
[344/1377] Compiling Configuration CombineLatestManyStateMachine.swift
[345/1377] Compiling GoogleWKT WKTEnum.swift
[346/1377] Compiling GoogleWKT WKTEnumValue.swift
[347/1377] Compiling GoogleWKT WKTField.swift
[348/1377] Compiling GoogleWKT WKTMethod.swift
[349/1377] Compiling GoogleWKT WKTMixin.swift
[350/1377] Compiling GoogleWKT WKTOption.swift
[351/1377] Compiling Configuration JSONSnapshot.swift
[352/1377] Compiling Configuration PropertyListSnapshot.swift
[353/1377] Compiling Configuration ReloadingFileProvider.swift
[354/1377] Compiling Configuration ReloadingFileProviderMetrics.swift
[355/1377] Compiling Configuration YAMLSnapshot.swift
[356/1377] Compiling Configuration InMemoryProvider.swift
[357/1377] Compiling GoogleWKT WKTStringValue.swift
[358/1377] Compiling GoogleWKT WKTTimestamp.swift
[359/1377] Compiling GoogleWKT WKTUInt32Value.swift
[360/1377] Compiling GoogleWKT WKTUInt64Value.swift
[361/1377] Compiling GoogleWKT WKTValue.swift
[362/1377] Compiling GoogleWKT WKTApi.swift
[363/1377] Compiling Configuration CombineLatestManyStorage.swift
[364/1377] Compiling Configuration AsyncSequences.swift
[365/1377] Compiling Configuration FoundationExtensions.swift
[366/1377] Compiling Configuration Span.swift
[367/1377] Compiling Configuration ConfigBytesFromStringDecoder.swift
[367/1377] Compiling ssl_asn1.cc
[368/1377] Compiling ssl_aead_ctx.cc
[369/1377] Compiling s3_pkt.cc
[371/1377] Compiling GoogleWKT UnknownFields.swift
[372/1377] Compiling GoogleWKT WKTAny.swift
[373/1377] Compiling GoogleWKT WKTAnyError.swift
[374/1377] Compiling GoogleWKT WKTBoolValue.swift
[375/1377] Compiling GoogleWKT WKTBytesValue.swift
[376/1377] Compiling GoogleWKT WKTDoubleValue.swift
[377/1377] Compiling GoogleWKT WKTDuration.swift
[378/1377] Compiling GoogleWKT WKTEmpty.swift
[379/1377] Compiling GoogleWKT WKTFieldMask.swift
[384/1381] Compiling GoogleWKT WKTFloatValue.swift
[385/1381] Compiling GoogleWKT WKTInt32Value.swift
[386/1381] Compiling GoogleWKT WKTInt64Value.swift
[387/1381] Compiling GoogleWKT WKTRecursive.swift
[396/1381] Emitting module Configuration
[403/1381] Compiling GoogleWKT ProtoJSONDecoder.swift
[404/1381] Compiling GoogleWKT ProtoJSONEncoder.swift
[408/1381] Compiling s3_lib.cc
[410/1382] Wrapping AST for Configuration for debugging
[412/1382] Compiling GoogleWKT WKTSourceContext.swift
[413/1382] Compiling GoogleWKT WKTSyntax.swift
[414/1382] Compiling GoogleWKT WKTType.swift
[415/1382] Compiling GoogleWKT PackageVersion.swift
[415/1382] Compiling s3_both.cc
[416/1382] Compiling handshake_server.cc
[418/1382] Compiling GoogleWKT AnyPackable.swift
[419/1382] Compiling GoogleWKT DecodeToDefault.swift
[420/1382] Compiling GoogleWKT DiscoveryBase64.swift
[423/1382] Emitting module GoogleWKT
[424/1383] Compiling handshake_client.cc
[425/1401] Compiling handoff.cc
[426/1401] Compiling handshake.cc
[427/1416] Wrapping AST for GoogleWKT for debugging
[429/1416] Emitting module GoogleType
[430/1418] Compiling GoogleRpc QuotaFailure.swift
[431/1418] Compiling GoogleRpc RequestInfo.swift
[432/1418] Compiling GoogleRpc ResourceInfo.swift
[433/1418] Compiling GoogleRpc LocalizedMessage.swift
[434/1418] Compiling GoogleType PostalAddress.swift
[435/1418] Compiling GoogleType Quaternion.swift
[436/1418] Compiling GoogleRpc PackageVersion.swift
[437/1418] Compiling GoogleType PhoneNumber.swift
[438/1418] Compiling GoogleRpc HttpHeader.swift
[439/1418] Compiling GoogleRpc DebugInfo.swift
[440/1418] Compiling GoogleRpc ErrorInfo.swift
[443/1420] Compiling GoogleRpc HttpRequest.swift
[444/1420] Compiling GoogleRpc HttpResponse.swift
[445/1420] Compiling GoogleRpc PreconditionFailure.swift
[446/1420] Compiling GoogleRpc BadRequest.swift
[447/1420] Compiling GoogleRpc Code.swift
[448/1420] Compiling GoogleRpc Help.swift
[449/1420] Emitting module GoogleRpc
[455/1420] Compiling encrypted_client_hello.cc
[456/1420] Compiling dtls_record.cc
[458/1420] Compiling GoogleType TimeOfDay.swift
[459/1420] Compiling GoogleType TimeZone.swift
[459/1421] Compiling dtls_method.cc
[461/1421] Compiling md5-x86_64-linux.S
[462/1421] Compiling extensions.cc
[469/1421] Wrapping AST for GoogleType for debugging
[470/1421] Compiling md5-x86_64-apple.S
[471/1421] Compiling md5-586-apple.S
[472/1421] Compiling md5-586-linux.S
[473/1421] Compiling d1_srtp.cc
[474/1421] Compiling chacha20_poly1305_x86_64-linux.S
[475/1421] Compiling chacha20_poly1305_x86_64-apple.S
[476/1421] Compiling chacha20_poly1305_armv8-win.S
[478/1421] Compiling GoogleRpc RetryInfo.swift
[479/1421] Compiling GoogleRpc Status.swift
[479/1421] Compiling chacha20_poly1305_armv8-linux.S
[480/1422] Compiling chacha20_poly1305_armv8-apple.S
[481/1422] Compiling chacha-x86_64-linux.S
[482/1422] Compiling chacha-x86_64-apple.S
[484/1422] Compiling chacha-x86-linux.S
[485/1422] Compiling chacha-x86-apple.S
[486/1422] Compiling chacha-armv8-win.S
[487/1422] Wrapping AST for GoogleRpc for debugging
[488/1422] Compiling chacha-armv8-linux.S
[489/1422] Compiling chacha-armv4-linux.S
[490/1422] Compiling chacha-armv8-apple.S
[491/1422] Compiling aes128gcmsiv-x86_64-linux.S
[492/1422] Compiling aes128gcmsiv-x86_64-apple.S
[493/1422] Compiling x86_64-mont5-linux.S
[494/1422] Compiling x86_64-mont5-apple.S
[495/1422] Compiling x86_64-mont-linux.S
[496/1422] Compiling x86_64-mont-apple.S
[497/1422] Compiling x86-mont-linux.S
[498/1422] Compiling x86-mont-apple.S
[499/1422] Compiling vpaes-x86_64-linux.S
[500/1422] Compiling vpaes-x86-linux.S
[501/1422] Compiling vpaes-x86_64-apple.S
[502/1422] Compiling err_data.cc
[503/1422] Compiling d1_pkt.cc
[504/1422] Compiling vpaes-x86-apple.S
[505/1422] Compiling vpaes-armv8-win.S
[506/1422] Compiling vpaes-armv8-apple.S
[507/1422] Compiling vpaes-armv8-linux.S
[508/1422] Compiling vpaes-armv7-linux.S
[509/1422] Compiling sha512-x86_64-linux.S
[510/1422] Compiling sha512-armv8-win.S
[511/1422] Compiling sha512-x86_64-apple.S
[512/1422] Compiling sha512-armv8-apple.S
[513/1422] Compiling sha512-armv4-linux.S
[514/1422] Compiling sha512-586-apple.S
[515/1422] Compiling sha512-586-linux.S
[516/1422] Compiling bio_ssl.cc
[517/1422] Compiling sha512-armv8-linux.S
[518/1422] Compiling sha256-x86_64-linux.S
[519/1422] Compiling sha256-x86_64-apple.S
[520/1422] Compiling sha256-armv8-win.S
[521/1422] Compiling sha256-armv4-linux.S
[522/1422] Compiling sha256-armv8-apple.S
[523/1422] Compiling sha256-armv8-linux.S
[524/1422] Compiling sha256-586-linux.S
[525/1422] Compiling sha1-x86_64-linux.S
[526/1422] Compiling sha1-x86_64-apple.S
[527/1422] Compiling sha256-586-apple.S
[528/1422] Compiling sha1-armv8-win.S
[529/1422] Compiling sha1-586-linux.S
[530/1422] Compiling sha1-586-apple.S
[531/1422] Compiling sha1-armv8-apple.S
[532/1422] Compiling sha1-armv4-large-linux.S
[533/1422] Compiling sha1-armv8-linux.S
[534/1422] Compiling rsaz-avx2-apple.S
[535/1422] Compiling rsaz-avx2-linux.S
[536/1422] Compiling rdrand-x86_64-linux.S
[537/1422] Compiling rdrand-x86_64-apple.S
[538/1422] Compiling p256_beeu-x86_64-asm-linux.S
[539/1422] Compiling p256_beeu-x86_64-asm-apple.S
[540/1422] Compiling p256_beeu-armv8-asm-win.S
[541/1422] Compiling p256_beeu-armv8-asm-linux.S
[542/1422] Compiling p256_beeu-armv8-asm-apple.S
[543/1422] Compiling p256-x86_64-asm-apple.S
[544/1422] Compiling p256-armv8-asm-win.S
[545/1422] Compiling p256-x86_64-asm-linux.S
[546/1422] Compiling p256-armv8-asm-linux.S
[547/1422] Compiling ghashv8-armv8-win.S
[548/1422] Compiling ghashv8-armv8-linux.S
[549/1422] Compiling ghashv8-armv8-apple.S
[550/1422] Compiling p256-armv8-asm-apple.S
[551/1422] Compiling ghashv8-armv7-linux.S
[552/1422] Compiling ghash-x86-linux.S
[553/1422] Compiling ghash-x86-apple.S
[554/1422] Compiling ghash-x86_64-apple.S
[555/1422] Compiling ghash-ssse3-x86_64-apple.S
[556/1422] Compiling ghash-x86_64-linux.S
[557/1422] Compiling ghash-ssse3-x86_64-linux.S
[558/1422] Compiling ghash-ssse3-x86-linux.S
[559/1422] Compiling ghash-neon-armv8-win.S
[560/1422] Compiling ghash-neon-armv8-linux.S
[561/1422] Compiling ghash-neon-armv8-apple.S
[562/1422] Compiling ghash-armv4-linux.S
[563/1422] Compiling ghash-ssse3-x86-apple.S
[564/1422] Compiling co-586-linux.S
[565/1422] Compiling co-586-apple.S
[566/1422] Compiling bsaes-armv7-linux.S
[567/1422] Compiling bn-armv8-win.S
[568/1422] Compiling bn-armv8-linux.S
[569/1422] Compiling bn-armv8-apple.S
[570/1422] Compiling bn-586-linux.S
[571/1422] Compiling bn-586-apple.S
[572/1422] Compiling armv8-mont-win.S
[573/1422] Compiling aesv8-gcm-armv8-win.S
[574/1422] Compiling armv8-mont-linux.S
[575/1422] Compiling armv8-mont-apple.S
[576/1422] Compiling armv4-mont-linux.S
[577/1422] Compiling aesv8-gcm-armv8-apple.S
[578/1422] Compiling aesv8-gcm-armv8-linux.S
[579/1422] Compiling aesv8-armv8-win.S
[580/1422] Compiling aesv8-armv8-apple.S
[581/1422] Compiling aesv8-armv7-linux.S
[582/1422] Compiling aesni-x86_64-apple.S
[583/1422] Compiling aesv8-armv8-linux.S
[584/1422] Compiling aesni-x86-apple.S
[585/1422] Compiling aesni-x86-linux.S
[585/1422] Compiling aesni-x86_64-linux.S
[587/1422] Compiling aesni-gcm-x86_64-linux.S
[588/1422] Compiling aesni-gcm-x86_64-apple.S
[589/1422] Compiling aes-gcm-avx10-x86_64-apple.S
[590/1422] Compiling aes-gcm-avx10-x86_64-linux.S
[591/1422] Compiling aes-gcm-avx2-x86_64-linux.S
[592/1422] Compiling aes-gcm-avx2-x86_64-apple.S
[593/1422] Compiling d1_lib.cc
[594/1422] Compiling d1_both.cc
[595/1422] Compiling x_sig.cc
[596/1422] Compiling x_spki.cc
[597/1422] Compiling x_val.cc
[598/1422] Compiling x_x509a.cc
[599/1422] Compiling x_req.cc
[600/1422] Compiling x_x509.cc
[601/1422] Compiling x_pubkey.cc
[602/1422] Compiling x_name.cc
[603/1422] Compiling x_exten.cc
[604/1422] Compiling x_attrib.cc
[605/1422] Compiling x_algor.cc
[606/1422] Compiling x509spki.cc
[607/1422] Compiling x_crl.cc
[608/1422] Compiling x509rset.cc
[609/1422] Compiling x_all.cc
[610/1422] Compiling x509name.cc
[611/1422] Compiling x509cset.cc
[612/1422] Compiling x509_v3.cc
[613/1422] Compiling x509_txt.cc
[614/1422] Compiling x509_vpm.cc
[615/1422] Compiling x509_vfy.cc
[616/1422] Compiling x509_trs.cc
[617/1422] Compiling x509_set.cc
[618/1422] Compiling x509_req.cc
[619/1422] Compiling x509_obj.cc
[620/1422] Compiling x509_d2.cc
[621/1422] Compiling x509_def.cc
[622/1422] Compiling x509_ext.cc
[623/1422] Compiling x509_lu.cc
[624/1422] Compiling x509_att.cc
[625/1422] Compiling x509_cmp.cc
[626/1422] Compiling x509.cc
[627/1422] Compiling v3_utl.cc
[628/1422] Compiling v3_prn.cc
[629/1422] Compiling v3_skey.cc
[630/1422] Compiling v3_purp.cc
[631/1422] Compiling v3_pmaps.cc
[632/1422] Compiling v3_ocsp.cc
[633/1422] Compiling v3_pcons.cc
[634/1422] Compiling v3_ncons.cc
[635/1422] Compiling v3_lib.cc
[636/1422] Compiling v3_int.cc
[637/1422] Compiling v3_extku.cc
[638/1422] Compiling v3_ia5.cc
[639/1422] Compiling v3_info.cc
[640/1422] Compiling v3_genn.cc
[641/1422] Compiling v3_enum.cc
[642/1422] Compiling v3_crld.cc
[643/1422] Compiling v3_conf.cc
[644/1422] Compiling v3_cpols.cc
[645/1422] Compiling v3_alt.cc
[646/1422] Compiling v3_bitst.cc
[647/1422] Compiling v3_bcons.cc
[648/1422] Compiling v3_akeya.cc
[649/1422] Compiling v3_akey.cc
[650/1422] Compiling t_x509a.cc
[651/1422] Compiling t_x509.cc
[652/1422] Compiling t_req.cc
[653/1422] Compiling i2d_pr.cc
[654/1422] Compiling t_crl.cc
[655/1422] Compiling rsa_pss.cc
[656/1422] Compiling name_print.cc
[657/1422] Compiling policy.cc
[658/1422] Compiling by_file.cc
[659/1422] Compiling by_dir.cc
[660/1422] Compiling asn1_gen.cc
[661/1422] Compiling voprf.cc
[662/1422] Compiling algorithm.cc
[663/1422] Compiling a_sign.cc
[664/1422] Compiling a_verify.cc
[665/1422] Compiling a_digest.cc
[666/1422] Compiling trust_token.cc
[667/1422] Compiling thread_win.cc
[668/1422] Compiling thread_none.cc
[669/1422] Compiling thread_pthread.cc
[670/1422] Compiling thread.cc
[671/1422] Compiling stack.cc
[672/1422] Compiling pmbtoken.cc
[673/1422] Compiling spake2plus.cc
[674/1422] Compiling sha512.cc
[675/1422] Compiling siphash.cc
[676/1422] Compiling sha256.cc
[677/1422] Compiling sha1.cc
[678/1422] Compiling rsa_print.cc
[679/1422] Compiling slhdsa.cc
[680/1422] Compiling rsa_extra.cc
[681/1422] Compiling rc4.cc
[682/1422] Compiling refcount.cc
[683/1422] Compiling rsa_crypt.cc
[684/1422] Compiling windows.cc
[685/1422] Compiling urandom.cc
[686/1422] Compiling trusty.cc
[687/1422] Compiling rsa_asn1.cc
[688/1422] Compiling rand.cc
[689/1422] Compiling getentropy.cc
[690/1422] Compiling passive.cc
[691/1422] Compiling ios.cc
[692/1422] Compiling poly1305_arm_asm.S
[693/1422] Compiling forkunsafe.cc
[694/1422] Compiling deterministic.cc
[695/1422] Compiling fork_detect.cc
[696/1422] Compiling poly1305_vec.cc
[697/1422] Compiling pool.cc
[698/1422] Compiling poly1305.cc
[699/1422] Compiling poly1305_arm.cc
[700/1422] Compiling p5_pbev2.cc
[701/1422] Compiling pkcs8.cc
[702/1422] Compiling pkcs7_x509.cc
[703/1422] Compiling pkcs8_x509.cc
[704/1422] Compiling pkcs7.cc
[705/1422] Compiling pem_x509.cc
[706/1422] Compiling pem_xaux.cc
[707/1422] Compiling pem_pkey.cc
[708/1422] Compiling mlkem.cc
[709/1422] Compiling pem_oth.cc
[710/1422] Compiling pem_pk8.cc
[711/1422] Compiling pem_info.cc
[712/1422] Compiling pem_lib.cc
[713/1422] Compiling pem_all.cc
[714/1422] Compiling obj_xref.cc
[715/1422] Compiling obj.cc
[716/1422] Compiling poly_rq_mul.S
[717/1422] Compiling mldsa.cc
[718/1422] Compiling fips_shared_support.cc
[719/1422] Compiling mem.cc
[720/1422] Compiling lhash.cc
[721/1422] Compiling md5.cc
[722/1422] Compiling md4.cc
[723/1422] Compiling ex_data.cc
[724/1422] Compiling kyber.cc
[725/1422] Compiling hrss.cc
[726/1422] Compiling sign.cc
[727/1422] Compiling scrypt.cc
[728/1422] Compiling print.cc
[729/1422] Compiling hpke.cc
[730/1422] Compiling pbkdf.cc
[731/1422] Compiling p_x25519.cc
[732/1422] Compiling p_x25519_asn1.cc
[733/1422] Compiling p_rsa.cc
[734/1422] Compiling p_ed25519.cc
[735/1422] Compiling p_rsa_asn1.cc
[736/1422] Compiling p_hkdf.cc
[737/1422] Compiling p_ed25519_asn1.cc
[738/1422] Compiling p_ec.cc
[739/1422] Compiling p_ec_asn1.cc
[740/1422] Compiling p_dh_asn1.cc
[741/1422] Compiling p_dh.cc
[742/1422] Compiling evp_ctx.cc
[743/1422] Compiling p_dsa_asn1.cc
[744/1422] Compiling err.cc
[745/1422] Compiling evp.cc
[746/1422] Compiling evp_asn1.cc
[747/1422] Compiling engine.cc
[748/1422] Compiling ecdh.cc
[749/1422] Compiling hash_to_curve.cc
[750/1422] Compiling ecdsa_asn1.cc
[751/1422] Compiling ec_derive.cc
[752/1422] Compiling bcm.cc
[753/1422] Compiling dsa.cc
[754/1422] Compiling ec_asn1.cc
[755/1422] Compiling dsa_asn1.cc
[756/1422] Compiling params.cc
[757/1422] Compiling x25519-asm-arm.S
[758/1422] Compiling digest_extra.cc
[759/1422] Compiling dh_asn1.cc
[759/1422] Compiling des.cc
[761/1422] Compiling curve25519_64_adx.cc
[762/1422] Compiling cpu_intel.cc
[763/1422] Compiling crypto.cc
[764/1422] Compiling spake25519.cc
[765/1422] Compiling cpu_arm_linux.cc
[766/1422] Compiling curve25519.cc
[767/1422] Compiling cpu_arm_freebsd.cc
[768/1422] Compiling cpu_aarch64_win.cc
[769/1422] Compiling cpu_aarch64_sysreg.cc
[770/1422] Compiling cpu_aarch64_openbsd.cc
[771/1422] Compiling cpu_aarch64_apple.cc
[772/1422] Compiling cpu_aarch64_fuchsia.cc
[773/1422] Compiling cpu_aarch64_linux.cc
[774/1422] Compiling conf.cc
[775/1422] Compiling tls_cbc.cc
[776/1422] Compiling get_cipher.cc
[777/1422] Compiling e_tls.cc
[778/1422] Compiling e_rc4.cc
[779/1422] Compiling e_rc2.cc
[780/1422] Compiling e_null.cc
[781/1422] Compiling e_des.cc
[782/1422] Compiling e_chacha20poly1305.cc
[783/1422] Compiling e_aesgcmsiv.cc
[784/1422] Compiling e_aesctrhmac.cc
[785/1422] Compiling derive_key.cc
[786/1422] Compiling chacha.cc
[787/1422] Compiling unicode.cc
[788/1422] Compiling cbb.cc
[789/1422] Compiling cbs.cc
[790/1422] Compiling buf.cc
[791/1422] Compiling ber.cc
[792/1422] Compiling asn1_compat.cc
[793/1422] Compiling convert.cc
[794/1422] Compiling bn_asn1.cc
[795/1422] Compiling blake2.cc
[796/1422] Compiling socket.cc
[797/1422] Compiling pair.cc
[798/1422] Compiling socket_helper.cc
[799/1422] Compiling printf.cc
[800/1422] Compiling hexdump.cc
[801/1422] Compiling fd.cc
[802/1422] Compiling file.cc
[803/1422] Compiling errno.cc
[804/1422] Compiling bio_mem.cc
[805/1422] Compiling connect.cc
[806/1422] Compiling bio.cc
[807/1422] Compiling base64.cc
[808/1422] Compiling tasn_typ.cc
[809/1422] Compiling tasn_fre.cc
[810/1422] Compiling tasn_utl.cc
[811/1422] Compiling tasn_enc.cc
[812/1422] Compiling posix_time.cc
[813/1422] Compiling tasn_new.cc
[814/1422] Compiling f_string.cc
[815/1422] Compiling f_int.cc
[816/1422] Compiling tasn_dec.cc
[817/1422] Compiling asn1_par.cc
[818/1422] Compiling asn_pack.cc
[819/1422] Compiling a_utctm.cc
[820/1422] Compiling asn1_lib.cc
[821/1422] Compiling a_time.cc
[822/1422] Compiling a_type.cc
[823/1422] Compiling a_octet.cc
[824/1422] Compiling a_mbstr.cc
[825/1422] Compiling a_strex.cc
[826/1422] Compiling a_i2d_fp.cc
[827/1422] Compiling a_strnid.cc
[828/1422] Compiling a_object.cc
[829/1422] Compiling a_dup.cc
[830/1422] Compiling CGoogleGaxCRC32C CGoogleGaxCRC32C.c
[831/1422] Compiling a_gentm.cc
[832/1422] Compiling fiat_p256_adx_sqr.S
[833/1422] Compiling a_d2i_fp.cc
[833/1422] Compiling fiat_p256_adx_mul.S
[835/1422] Compiling fiat_curve25519_adx_mul.S
[836/1422] Compiling fiat_curve25519_adx_square.S
[837/1422] Compiling md5-x86_64-linux.S
[838/1422] Compiling a_int.cc
[839/1422] Compiling md5-x86_64-apple.S
[840/1422] Compiling md5-586-linux.S
[841/1422] Compiling md5-586-apple.S
[842/1422] Compiling a_bitstr.cc
[843/1422] Compiling chacha20_poly1305_x86_64-linux.S
[844/1422] Compiling chacha20_poly1305_x86_64-apple.S
[845/1422] Compiling chacha20_poly1305_armv8-win.S
[846/1422] Compiling CCryptoBoringSSLShims shims.c
[847/1422] Compiling chacha20_poly1305_armv8-linux.S
[848/1422] Compiling chacha20_poly1305_armv8-apple.S
[849/1422] Compiling chacha-x86_64-linux.S
[850/1422] Compiling chacha-x86_64-apple.S
[851/1422] Compiling chacha-x86-apple.S
[852/1422] Compiling chacha-x86-linux.S
[853/1422] Compiling chacha-armv8-win.S
[854/1422] Compiling chacha-armv8-apple.S
[855/1422] Compiling chacha-armv8-linux.S
[856/1422] Compiling a_bool.cc
[857/1422] Compiling chacha-armv4-linux.S
[858/1422] Compiling aes128gcmsiv-x86_64-apple.S
[859/1422] Compiling aes128gcmsiv-x86_64-linux.S
[860/1422] Compiling x86_64-mont-apple.S
[861/1422] Compiling x86_64-mont5-linux.S
[862/1422] Compiling x86_64-mont5-apple.S
[863/1422] Compiling x86_64-mont-linux.S
[864/1422] Compiling x86-mont-linux.S
[865/1422] Compiling vpaes-x86_64-apple.S
[866/1422] Compiling vpaes-x86-linux.S
[867/1422] Compiling vpaes-x86_64-linux.S
[868/1422] Compiling x86-mont-apple.S
[869/1422] Compiling vpaes-x86-apple.S
[870/1422] Compiling vpaes-armv8-win.S
[871/1422] Compiling vpaes-armv8-linux.S
[872/1422] Compiling vpaes-armv8-apple.S
[873/1422] Compiling vpaes-armv7-linux.S
[874/1422] Compiling sha512-x86_64-linux.S
[875/1422] Compiling sha512-armv8-win.S
[876/1422] Compiling sha512-x86_64-apple.S
[877/1422] Compiling sha512-armv8-apple.S
[878/1422] Compiling sha512-armv8-linux.S
[879/1422] Compiling sha512-armv4-linux.S
[880/1422] Compiling sha512-586-linux.S
[881/1422] Compiling sha256-x86_64-apple.S
[882/1422] Compiling sha512-586-apple.S
[883/1422] Compiling sha256-x86_64-linux.S
[884/1422] Compiling sha256-armv8-win.S
[885/1422] Compiling sha256-armv4-linux.S
[886/1422] Compiling sha256-armv8-linux.S
[887/1422] Compiling sha256-armv8-apple.S
[888/1422] Compiling sha256-586-linux.S
[889/1422] Compiling sha256-586-apple.S
[890/1422] Compiling sha1-x86_64-apple.S
[891/1422] Compiling sha1-x86_64-linux.S
[892/1422] Compiling err_data.cc
[893/1422] Compiling sha1-armv8-win.S
[894/1422] Compiling sha1-armv8-apple.S
[895/1422] Compiling sha1-armv4-large-linux.S
[896/1422] Compiling sha1-armv8-linux.S
[897/1422] Compiling rsaz-avx2-apple.S
[898/1422] Compiling rsaz-avx2-linux.S
[899/1422] Compiling sha1-586-linux.S
[900/1422] Compiling sha1-586-apple.S
[901/1422] Compiling rdrand-x86_64-linux.S
[902/1422] Compiling p256_beeu-x86_64-asm-linux.S
[903/1422] Compiling rdrand-x86_64-apple.S
[904/1422] Compiling p256_beeu-armv8-asm-linux.S
[905/1422] Compiling p256_beeu-armv8-asm-win.S
[906/1422] Compiling p256_beeu-x86_64-asm-apple.S
[907/1422] Compiling p256_beeu-armv8-asm-apple.S
[908/1422] Compiling p256-armv8-asm-win.S
[909/1422] Compiling p256-x86_64-asm-linux.S
[910/1422] Compiling p256-x86_64-asm-apple.S
[911/1422] Compiling p256-armv8-asm-apple.S
[912/1422] Compiling p256-armv8-asm-linux.S
[913/1422] Compiling ghashv8-armv8-win.S
[914/1422] Compiling ghashv8-armv8-apple.S
[915/1422] Compiling ghashv8-armv7-linux.S
[916/1422] Compiling ghashv8-armv8-linux.S
[917/1422] Compiling ghash-x86_64-linux.S
[918/1422] Compiling ghash-x86-linux.S
[919/1422] Compiling ghash-x86-apple.S
[919/1422] Compiling ghash-x86_64-apple.S
[921/1422] Compiling ghash-ssse3-x86_64-apple.S
[922/1422] Compiling ghash-ssse3-x86_64-linux.S
[923/1422] Compiling ghash-ssse3-x86-linux.S
[924/1422] Compiling ghash-ssse3-x86-apple.S
[925/1422] Compiling ghash-neon-armv8-win.S
[925/1422] Compiling ghash-neon-armv8-linux.S
[927/1422] Compiling co-586-linux.S
[927/1422] Compiling ghash-neon-armv8-apple.S
[929/1422] Compiling ghash-armv4-linux.S
[930/1422] Compiling co-586-apple.S
[931/1422] Compiling bn-586-apple.S
[932/1422] Compiling bn-armv8-win.S
[933/1422] Compiling bsaes-armv7-linux.S
[934/1422] Compiling bn-armv8-apple.S
[935/1422] Compiling bn-armv8-linux.S
[935/1422] Compiling bn-586-linux.S
[937/1422] Compiling armv8-mont-win.S
[938/1422] Compiling armv8-mont-apple.S
[939/1422] Compiling armv4-mont-linux.S
[940/1422] Compiling armv8-mont-linux.S
[941/1422] Compiling aesv8-gcm-armv8-win.S
[942/1422] Compiling aesv8-gcm-armv8-apple.S
[943/1422] Compiling aesv8-gcm-armv8-linux.S
[944/1422] Compiling aesv8-armv8-linux.S
[945/1422] Compiling aesv8-armv8-apple.S
[945/1422] Compiling aesv8-armv8-win.S
[947/1422] Compiling aesv8-armv7-linux.S
[948/1422] Compiling aesni-x86_64-linux.S
[949/1422] Compiling aesni-x86-linux.S
[950/1422] Compiling aesni-x86_64-apple.S
[951/1422] Compiling aesni-gcm-x86_64-linux.S
[952/1422] Compiling aesni-gcm-x86_64-apple.S
[953/1422] Compiling aes-gcm-avx512-x86_64-linux.S
[954/1422] Compiling aesni-x86-apple.S
[955/1422] Compiling aes-gcm-avx2-x86_64-linux.S
[956/1422] Compiling aes-gcm-avx512-x86_64-apple.S
[957/1422] Compiling aes-gcm-avx2-x86_64-apple.S
[958/1422] Compiling xwing.cc
[959/1422] Compiling x_sig.cc
[960/1422] Compiling x_req.cc
[961/1422] Compiling x_x509.cc
[962/1422] Compiling x_spki.cc
[963/1422] Compiling x_x509a.cc
[964/1422] Compiling x_exten.cc
[965/1422] Compiling c-nioatomics.c
[966/1422] Compiling x_crl.cc
[967/1422] Compiling x_pubkey.cc
[968/1422] Compiling x_name.cc
[969/1422] Compiling x_attrib.cc
[970/1422] Compiling x_all.cc
[971/1422] Compiling c-atomics.c
[972/1422] Compiling x509_vpm.cc
[973/1429] Compiling x509spki.cc
[974/1429] Compiling x509rset.cc
[975/1429] Compiling x509_vfy.cc
[976/1429] Compiling x_algor.cc
[978/1429] Compiling NIOConcurrencyHelpers NIOLockedValueBox.swift
[978/1429] Compiling x509name.cc
[980/1429] Compiling NIOConcurrencyHelpers NIOThreadPoolWorkAvailable.swift
[980/1429] Compiling x509cset.cc
[982/1429] Compiling NIOConcurrencyHelpers NIOLock.swift
[982/1429] Compiling x509_v3.cc
[984/1429] Compiling NIOConcurrencyHelpers lock.swift
[985/1429] Compiling NIOConcurrencyHelpers atomics.swift
[986/1429] Compiling NIOConcurrencyHelpers NIOAtomic.swift
[987/1429] Emitting module NIOConcurrencyHelpers
[988/1430] Compiling x509_trs.cc
[989/1430] Wrapping AST for NIOConcurrencyHelpers for debugging
[990/1430] Compiling x509_txt.cc
[991/1430] Compiling x509_req.cc
[992/1430] Compiling x509_set.cc
[993/1430] Compiling x509_obj.cc
[994/1430] Compiling x509_lu.cc
[995/1430] Compiling x509_ext.cc
[996/1430] Compiling x509_def.cc
[997/1430] Compiling x509_d2.cc
[998/1430] Compiling x509_cmp.cc
[999/1430] Compiling x509.cc
[1000/1430] Compiling v3_utl.cc
[1001/1430] Compiling x509_att.cc
[1002/1430] Compiling v3_skey.cc
[1003/1430] Compiling v3_purp.cc
[1004/1430] Compiling v3_prn.cc
[1005/1430] Compiling v3_pmaps.cc
[1006/1430] Compiling v3_ocsp.cc
[1007/1430] Compiling v3_pcons.cc
[1008/1430] Compiling v3_int.cc
[1009/1430] Compiling v3_lib.cc
[1010/1430] Compiling v3_ncons.cc
[1011/1430] Compiling v3_info.cc
[1012/1430] Compiling v3_ia5.cc
[1013/1430] Compiling v3_genn.cc
[1014/1430] Compiling v3_enum.cc
[1015/1430] Compiling v3_extku.cc
[1016/1430] Compiling v3_crld.cc
[1017/1430] Compiling v3_conf.cc
[1018/1430] Compiling v3_cpols.cc
[1019/1430] Compiling v3_bitst.cc
[1020/1430] Compiling v3_bcons.cc
[1021/1430] Compiling v3_alt.cc
[1022/1430] Compiling v3_akeya.cc
[1023/1430] Compiling v3_akey.cc
[1024/1430] Compiling t_x509a.cc
[1025/1430] Compiling t_req.cc
[1026/1430] Compiling t_x509.cc
[1027/1430] Compiling t_crl.cc
[1028/1430] Compiling i2d_pr.cc
[1029/1430] Compiling rsa_pss.cc
[1030/1430] Compiling policy.cc
[1031/1430] Compiling name_print.cc
[1032/1430] Compiling by_file.cc
[1033/1430] Compiling by_dir.cc
[1034/1430] Compiling asn1_gen.cc
[1035/1430] Compiling algorithm.cc
[1036/1430] Compiling a_sign.cc
[1037/1430] Compiling a_digest.cc
[1038/1430] Compiling a_verify.cc
[1039/1430] Compiling voprf.cc
[1040/1430] Compiling thread_win.cc
[1041/1430] Compiling thread_pthread.cc
[1042/1430] Compiling trust_token.cc
[1043/1430] Compiling thread_none.cc
[1044/1430] Compiling thread.cc
[1045/1430] Compiling pmbtoken.cc
[1046/1430] Compiling stack.cc
[1047/1430] Compiling siphash.cc
[1048/1430] Compiling sha512.cc
[1049/1430] Compiling slhdsa.cc
[1050/1430] Compiling spake2plus.cc
[1051/1430] Compiling sha256.cc
[1052/1430] Compiling rsa_print.cc
[1053/1430] Compiling sha1.cc
[1054/1430] Compiling rsa_extra.cc
[1055/1430] Compiling refcount.cc
[1056/1430] Compiling rsa_crypt.cc
[1057/1430] Compiling rc4.cc
[1058/1430] Compiling windows.cc
[1059/1430] Compiling trusty.cc
[1060/1430] Compiling rand.cc
[1061/1430] Compiling urandom.cc
[1062/1430] Compiling passive.cc
[1063/1430] Compiling rsa_asn1.cc
[1064/1430] Compiling poly1305_arm_asm.S
[1065/1430] Compiling ios.cc
[1066/1430] Compiling getentropy.cc
[1067/1430] Compiling forkunsafe.cc
[1068/1430] Compiling fork_detect.cc
[1069/1430] Compiling deterministic.cc
[1070/1430] Compiling poly1305_vec.cc
[1071/1430] Compiling poly1305_arm.cc
[1072/1430] Compiling poly1305.cc
[1073/1430] Compiling pool.cc
[1074/1430] Compiling pkcs8_x509.cc
[1075/1430] Compiling pkcs8.cc
[1076/1430] Compiling p5_pbev2.cc
[1077/1430] Compiling pkcs7.cc
[1078/1430] Compiling pkcs7_x509.cc
[1079/1430] Compiling pem_xaux.cc
[1080/1430] Compiling pem_x509.cc
[1081/1430] Compiling pem_pkey.cc
[1082/1430] Compiling mlkem.cc
[1083/1430] Compiling pem_lib.cc
[1084/1430] Compiling pem_oth.cc
[1085/1430] Compiling pem_pk8.cc
[1086/1430] Compiling pem_info.cc
[1087/1430] Compiling obj_xref.cc
[1087/1430] Compiling obj.cc
[1089/1430] Compiling mldsa.cc
[1090/1430] Compiling poly_rq_mul.S
[1091/1430] Compiling pem_all.cc
[1092/1430] Compiling lhash.cc
[1093/1430] Compiling mem.cc
[1094/1430] Compiling fips_shared_support.cc
[1095/1430] Compiling md5.cc
[1096/1430] Compiling md4.cc
[1097/1430] Compiling fuzzer_mode.cc
[1098/1430] Compiling hpke.cc
[1099/1430] Compiling kyber.cc
[1100/1430] Compiling ex_data.cc
[1101/1430] Compiling hrss.cc
[1102/1430] Compiling scrypt.cc
[1103/1430] Compiling print.cc
[1104/1430] Compiling pbkdf.cc
[1105/1430] Compiling sign.cc
[1106/1430] Compiling p_x25519_asn1.cc
[1106/1430] Compiling p_x25519.cc
[1108/1430] Compiling p_rsa_asn1.cc
[1109/1430] Compiling p_hkdf.cc
[1110/1430] Compiling p_rsa.cc
[1111/1430] Compiling p_ed25519.cc
[1112/1430] Compiling p_ed25519_asn1.cc
[1113/1430] Compiling p_ec_asn1.cc
[1114/1430] Compiling p_ec.cc
[1115/1430] Compiling p_dsa_asn1.cc
[1116/1430] Compiling p_dh_asn1.cc
[1117/1430] Compiling evp_ctx.cc
[1118/1430] Compiling p_dh.cc
[1119/1430] Compiling err.cc
[1120/1430] Compiling evp_asn1.cc
[1121/1430] Compiling engine.cc
[1122/1430] Compiling hash_to_curve.cc
[1123/1430] Compiling ec_derive.cc
[1124/1430] Compiling ecdsa_p1363.cc
[1125/1430] Compiling evp.cc
[1126/1430] Compiling ecdh.cc
[1127/1430] Compiling ecdsa_asn1.cc
[1128/1430] Compiling dsa_asn1.cc
[1129/1430] Compiling dsa.cc
[1130/1430] Compiling des.cc
[1131/1430] Compiling dh_asn1.cc
[1132/1430] Compiling ec_asn1.cc
[1132/1430] Compiling digest_extra.cc
[1134/1430] Compiling x25519-asm-arm.S
[1135/1430] Compiling curve25519_64_adx.cc
[1136/1430] Compiling params.cc
[1137/1430] Compiling spake25519.cc
[1138/1430] Compiling cpu_arm_freebsd.cc
[1139/1430] Compiling cpu_intel.cc
[1139/1430] Compiling crypto.cc
[1141/1430] Compiling cpu_aarch64_win.cc
[1142/1430] Compiling curve25519.cc
[1143/1430] Compiling cpu_arm_linux.cc
[1144/1430] Compiling cpu_aarch64_sysreg.cc
[1145/1430] Compiling cpu_aarch64_openbsd.cc
[1146/1430] Compiling cpu_aarch64_apple.cc
[1147/1430] Compiling cpu_aarch64_fuchsia.cc
[1148/1430] Compiling e_tls.cc
[1149/1430] Compiling cpu_aarch64_linux.cc
[1150/1430] Compiling conf.cc
[1151/1430] Compiling tls_cbc.cc
[1152/1430] Compiling e_rc4.cc
[1153/1430] Compiling get_cipher.cc
[1154/1430] Compiling e_rc2.cc
[1155/1430] Compiling e_null.cc
[1156/1430] Compiling cms.cc
[1157/1430] Compiling e_des.cc
[1158/1430] Compiling e_aesgcmsiv.cc
[1159/1430] Compiling e_aeseax.cc
[1160/1430] Compiling e_chacha20poly1305.cc
[1161/1430] Compiling e_aesctrhmac.cc
[1162/1430] Compiling chacha.cc
[1163/1430] Compiling derive_key.cc
[1164/1430] Compiling unicode.cc
[1165/1430] Compiling ber.cc
[1166/1430] Compiling cbs.cc
[1167/1430] Compiling sqrt.cc
[1168/1430] Compiling cbb.cc
[1169/1430] Compiling buf.cc
[1170/1430] Compiling printf.cc
[1171/1430] Compiling div.cc
[1172/1430] Compiling exponentiation.cc
[1173/1430] Compiling asn1_compat.cc
[1174/1430] Compiling bn_asn1.cc
[1175/1430] Compiling convert.cc
[1176/1430] Compiling hexdump.cc
[1177/1430] Compiling blake2.cc
[1178/1430] Compiling pair.cc
[1179/1430] Compiling errno.cc
[1180/1430] Compiling bio_mem.cc
[1181/1430] Compiling bio.cc
[1182/1430] Compiling fd.cc
[1183/1430] Compiling file.cc
[1184/1430] Compiling tasn_fre.cc
[1185/1430] Compiling base64.cc
[1186/1430] Compiling tasn_typ.cc
[1187/1430] Compiling tasn_enc.cc
[1188/1430] Compiling tasn_utl.cc
[1189/1430] Compiling tasn_new.cc
[1190/1430] Compiling f_string.cc
[1191/1430] Compiling posix_time.cc
[1192/1430] Compiling tasn_dec.cc
[1193/1430] Compiling f_int.cc
[1194/1430] Compiling asn_pack.cc
[1195/1430] Compiling asn1_par.cc
[1196/1430] Compiling a_type.cc
[1197/1430] Compiling a_utctm.cc
[1198/1430] Compiling asn1_lib.cc
[1199/1430] Compiling a_i2d_fp.cc
[1200/1430] Write sources
[1251/1430] Compiling a_int.cc
[1252/1439] Compiling a_time.cc
[1253/1473] Compiling a_strnid.cc
[1254/1473] Compiling a_strex.cc
[1255/1473] Compiling bcm.cc
[1257/1473] Compiling Algorithms Permutations.swift
[1258/1473] Compiling Algorithms Product.swift
[1259/1473] Compiling Algorithms MinMax.swift
[1260/1473] Compiling Algorithms AdjacentPairs.swift
[1260/1475] Compiling a_gentm.cc
[1262/1475] Compiling Algorithms Chain.swift
[1263/1475] Compiling Algorithms Chunked.swift
[1264/1475] Compiling Algorithms Combinations.swift
[1265/1475] Compiling Algorithms Partition.swift
[1265/1475] Compiling a_bool.cc
[1267/1475] Compiling Atomics IntegerOperations.swift
[1268/1475] Compiling Atomics Unmanaged extensions.swift
[1269/1483] Compiling Algorithms Compacted.swift
[1270/1483] Compiling Algorithms Cycle.swift
[1271/1483] Compiling Algorithms EitherSequence.swift
[1273/1483] Compiling Algorithms Reductions.swift
[1274/1483] Compiling Algorithms Rotate.swift
[1275/1483] Compiling Algorithms Split.swift
[1276/1483] Compiling Algorithms Stride.swift
[1277/1483] Compiling Algorithms Suffix.swift
[1278/1486] Compiling Algorithms Joined.swift
[1279/1486] Compiling Algorithms Keyed.swift
[1281/1486] Compiling Algorithms FlattenCollection.swift
[1282/1486] Compiling Algorithms Grouped.swift
[1283/1486] Compiling Algorithms Indexed.swift
[1284/1486] Compiling Algorithms Intersperse.swift
[1292/1486] Compiling Algorithms Trim.swift
[1293/1486] Compiling Algorithms Unique.swift
[1294/1486] Compiling Algorithms Windows.swift
[1295/1486] Compiling CryptoBoringWrapper RandomBytes.swift
[1302/1486] Emitting module Atomics
[1307/1487] Wrapping AST for Atomics for debugging
[1309/1487] Compiling CryptoBoringWrapper ArbitraryPrecisionInteger.swift
[1310/1495] Compiling CryptoBoringWrapper FiniteFieldArithmeticContext.swift
[1311/1496] Compiling CryptoBoringWrapper CryptoKitErrors_boring.swift
[1312/1504] Compiling CryptoBoringWrapper BoringSSLAEAD.swift
[1313/1551] Compiling CryptoBoringWrapper EllipticCurve.swift
[1314/1551] Emitting module CryptoBoringWrapper
[1315/1551] Compiling CryptoBoringWrapper EllipticCurvePoint.swift
[1316/1552] Emitting module Algorithms
[1318/1620] Wrapping AST for CryptoBoringWrapper for debugging
[1319/1637] Wrapping AST for Algorithms for debugging
[1321/1637] Compiling Crypto ChaChaPoly.swift
[1322/1637] Compiling Crypto Cipher.swift
[1323/1637] Compiling Crypto Nonces.swift
[1324/1637] Compiling Crypto ASN1.swift
[1325/1637] Compiling Crypto ASN1Any.swift
[1326/1637] Compiling Crypto ASN1BitString.swift
[1327/1637] Compiling Crypto ASN1Boolean.swift
[1328/1637] Compiling Crypto ASN1Identifier.swift
[1329/1637] Compiling Crypto ASN1Integer.swift
[1330/1645] Compiling Crypto MLDSA_boring.swift
[1331/1645] Compiling Crypto MLDSA_wrapper.swift
[1332/1645] Compiling Crypto ECDSA.swift
[1333/1645] Compiling Crypto Ed25519.swift
[1334/1645] Compiling Crypto MLDSA.swift
[1335/1645] Compiling Crypto HPKE-LabeledExtract.swift
[1336/1645] Compiling Crypto HPKE-Utils.swift
[1337/1645] Compiling Crypto DHKEM.swift
[1338/1645] Compiling Crypto HPKE-KEM-Curve25519.swift
[1339/1645] Compiling Crypto MACFunctions.swift
[1340/1645] Compiling Crypto MessageAuthenticationCode.swift
[1341/1645] Compiling Crypto AES.swift
[1342/1645] Compiling Crypto ECDSASignature_boring.swift
[1343/1645] Compiling Crypto ECDSA_boring.swift
[1344/1645] Compiling Crypto EdDSA_boring.swift
[1350/1645] Compiling Crypto HKDF.swift
[1351/1645] Compiling Crypto AESWrap.swift
[1352/1645] Compiling Crypto AESWrap_boring.swift
[1353/1645] Compiling Crypto Ed25519_boring.swift
[1354/1645] Compiling Crypto NISTCurvesKeys_boring.swift
[1355/1645] Compiling Crypto X25519Keys_boring.swift
[1356/1645] Compiling Crypto Curve25519.swift
[1357/1645] Compiling Crypto Ed25519Keys.swift
[1358/1645] Compiling Crypto NISTCurvesKeys.swift
[1359/1645] Compiling Crypto X25519Keys.swift
[1360/1645] Compiling Crypto SymmetricKeys.swift
[1361/1645] Compiling Crypto HMAC.swift
[1362/1656] Emitting module Crypto
[1363/1656] Compiling Crypto CryptoKitErrors.swift
[1364/1656] Compiling Crypto Digest_boring.swift
[1365/1656] Compiling Crypto Digest.swift
[1366/1656] Compiling Crypto Digests.swift
[1367/1656] Compiling Crypto HashFunctions.swift
[1368/1656] Compiling Crypto HashFunctions_SHA2.swift
[1369/1656] Compiling Crypto HashFunctions_SHA3.swift
[1370/1656] Compiling Crypto Digest_xkcp.swift
[1371/1656] Compiling Crypto HPKE-AEAD.swift
[1372/1656] Compiling Crypto HPKE-Ciphersuite.swift
[1373/1656] Compiling Crypto HPKE-KDF.swift
[1374/1656] Compiling Crypto HPKE-KexKeyDerivation.swift
[1375/1656] Compiling Crypto Insecure_HashFunctions.swift
[1376/1656] Compiling Crypto MLKEM_boring.swift
[1377/1656] Compiling Crypto MLKEM_wrapper.swift
[1378/1656] Compiling Crypto XWing_boring.swift
[1379/1656] Compiling Crypto KEM-Errors.swift
[1380/1656] Compiling Crypto KEM.swift
[1381/1656] Compiling Crypto MLKEM.swift
[1382/1656] Compiling Crypto XWing.swift
[1383/1656] Compiling Crypto ECDH_boring.swift
[1384/1656] Compiling Crypto DH.swift
[1385/1656] Compiling Crypto ECDH.swift
[1386/1656] Compiling Crypto ANSIx963.swift
[1393/1656] Compiling NIOCore SingleStepByteToMessageDecoder.swift
[1394/1656] Compiling NIOCore SocketAddresses.swift
[1395/1656] Compiling NIOCore SocketOptionProvider.swift
[1396/1656] Compiling NIOCore SystemCallHelpers.swift
[1397/1656] Compiling NIOCore TimeAmount+Duration.swift
[1398/1656] Compiling NIOCore TypeAssistedChannelHandler.swift
[1399/1656] Compiling NIOCore UniversalBootstrapSupport.swift
[1400/1656] Compiling NIOCore Utilities.swift
[1425/1656] Compiling Crypto ASN1Null.swift
[1426/1656] Compiling Crypto ASN1OctetString.swift
[1427/1656] Compiling Crypto ASN1Strings.swift
[1428/1656] Compiling Crypto ArraySliceBigint.swift
[1429/1656] Compiling Crypto GeneralizedTime.swift
[1430/1656] Compiling Crypto ObjectIdentifier.swift
[1431/1656] Compiling Crypto ECDSASignature.swift
[1432/1656] Compiling Crypto PEMDocument.swift
[1433/1656] Compiling Crypto PKCS8PrivateKey.swift
[1434/1656] Compiling Crypto SEC1PrivateKey.swift
[1435/1656] Compiling Crypto SubjectPublicKeyInfo.swift
[1436/1656] Compiling Crypto CryptoError_boring.swift
[1437/1656] Compiling Crypto AES-GCM.swift
[1438/1656] Compiling Crypto AES-GCM_boring.swift
[1439/1656] Compiling Crypto ChaChaPoly_boring.swift
[1449/1656] Compiling Crypto Signature.swift
[1450/1656] Compiling Crypto CryptoKitErrors_boring.swift
[1451/1656] Compiling Crypto Optional+withUnsafeBytes_boring.swift
[1452/1656] Compiling Crypto RNG_boring.swift
[1453/1656] Compiling Crypto SafeCompare_boring.swift
[1454/1656] Compiling Crypto Zeroization_boring.swift
[1455/1656] Compiling Crypto _CryptoModuleAnchor.swift
[1456/1656] Compiling Crypto PrettyBytes.swift
[1457/1656] Compiling Crypto SafeCompare.swift
[1458/1656] Compiling Crypto SecureBytes.swift
[1459/1656] Compiling Crypto Zeroization.swift
[1460/1657] Wrapping AST for Crypto for debugging
[1462/1719] Compiling CryptoExtras Data+Extensions.swift
[1463/1719] Compiling CryptoExtras DigestType.swift
[1464/1719] Compiling CryptoExtras Error.swift
[1465/1719] Compiling CryptoExtras I2OSP.swift
[1466/1719] Compiling CryptoExtras IntegerEncoding.swift
[1467/1719] Compiling CryptoExtras PEMDocument.swift
[1468/1719] Compiling CryptoExtras PrettyBytes.swift
[1469/1719] Compiling CryptoExtras SubjectPublicKeyInfo.swift
[1470/1727] Compiling CryptoExtras ARCServer.swift
[1471/1727] Compiling CryptoExtras ChaCha20CTR_boring.swift
[1472/1727] Compiling CryptoExtras ChaCha20CTR.swift
[1473/1727] Compiling CryptoExtras BoringSSLSHA512256Context.swift
[1474/1727] Compiling CryptoExtras BoringSSLSHA512256HashFunction.swift
[1475/1727] Compiling CryptoExtras SHA512256.swift
[1476/1727] Compiling CryptoExtras SHA512256Digest.swift
[1477/1727] Compiling CryptoExtras Curve25519+PEM.swift
[1478/1727] Compiling CryptoExtras ObjectIdentifier.swift
[1479/1727] Compiling CryptoExtras PKCS8DERRepresentation.swift
[1480/1727] Compiling CryptoExtras PKCS8PrivateKey.swift
[1481/1727] Compiling CryptoExtras RFC8410AlgorithmIdentifier.swift
[1482/1727] Compiling CryptoExtras ECToolbox_boring.swift
[1483/1727] Compiling CryptoExtras ECToolbox.swift
[1484/1727] Compiling CryptoExtras HashToField.swift
[1485/1727] Compiling CryptoExtras KDF.swift
[1486/1727] Compiling CryptoExtras PBKDF2_boring.swift
[1487/1727] Compiling CryptoExtras PBKDF2_commoncrypto.swift
[1488/1727] Compiling CryptoExtras ThreadOps.swift
[1489/1727] Compiling CryptoExtras ThreadPosix.swift
[1490/1727] Compiling CryptoExtras ThreadSpecific.swift
[1491/1727] Compiling CryptoExtras ThreadWindows.swift
[1492/1727] Compiling CryptoExtras DLEQ.swift
[1493/1727] Compiling CryptoExtras Prover.swift
[1494/1727] Compiling CryptoExtras Verifier.swift
[1495/1727] Compiling CryptoExtras ZKPToolbox.swift
[1496/1727] Emitting module CryptoExtras
[1497/1727] Compiling CryptoExtras AES_CBC.swift
[1498/1727] Compiling CryptoExtras AES_CFB.swift
[1499/1727] Compiling CryptoExtras AES_CTR.swift
[1500/1727] Compiling CryptoExtras AES_GCM_SIV.swift
[1501/1727] Compiling CryptoExtras Block Function.swift
[1502/1727] Compiling CryptoExtras AES_CBC_boring.swift
[1503/1727] Compiling CryptoExtras AES_CFB_boring.swift
[1504/1727] Compiling CryptoExtras AES_CTR_boring.swift
[1505/1727] Compiling CryptoExtras AES_GCM_SIV_boring.swift
[1506/1727] Compiling CryptoExtras BoringSSLPassphraseCallbackManager.swift
[1507/1727] Compiling CryptoExtras RSA+BlindSigning.swift
[1508/1727] Compiling CryptoExtras RSA.swift
[1509/1727] Compiling CryptoExtras RSA_boring.swift
[1510/1727] Compiling CryptoExtras Reexport.swift
[1511/1727] Compiling CryptoExtras Zeroization_boring.swift
[1512/1727] Compiling CryptoExtras BoringSSLHelpers.swift
[1513/1727] Compiling CryptoExtras CryptoKitErrors_boring.swift
[1514/1727] Compiling CryptoExtras PBKDF2.swift
[1515/1727] Compiling CryptoExtras Scrypt_boring.swift
[1516/1727] Compiling CryptoExtras Scrypt.swift
[1517/1727] Compiling CryptoExtras OPRF.swift
[1518/1727] Compiling CryptoExtras OPRFClient.swift
[1519/1727] Compiling CryptoExtras OPRFServer.swift
[1520/1727] Compiling CryptoExtras VOPRF+API.swift
[1521/1727] Compiling CryptoExtras VOPRFClient.swift
[1522/1727] Compiling CryptoExtras VOPRFServer.swift
[1523/1727] Compiling CryptoExtras CMAC.swift
[1524/1727] Compiling CryptoExtras ARC+API.swift
[1525/1727] Compiling CryptoExtras ARC.swift
[1526/1727] Compiling CryptoExtras ARCCredential.swift
[1527/1727] Compiling CryptoExtras ARCEncoding.swift
[1528/1727] Compiling CryptoExtras ARCPrecredential.swift
[1529/1727] Compiling CryptoExtras ARCPresentation.swift
[1530/1727] Compiling CryptoExtras ARCRequest.swift
[1531/1727] Compiling CryptoExtras ARCResponse.swift
[1559/1729] Wrapping AST for CryptoExtras for debugging
[1561/1730] Compiling _CryptoExtras Exports.swift
[1562/1730] Emitting module _CryptoExtras
[1564/1731] Emitting module NIOCore
[1565/1732] Wrapping AST for _CryptoExtras for debugging
[1566/1830] Wrapping AST for NIOCore for debugging
[1568/1884] Emitting module NIOFoundationEssentialsCompat
[1569/1884] Compiling NIOFoundationEssentialsCompat Codable+ByteBuffer.swift
[1570/1884] Compiling NIOEmbedded AsyncTestingEventLoop.swift
[1571/1884] Compiling NIOEmbedded AsyncTestingChannel.swift
[1572/1884] Emitting module NIOEmbedded
[1573/1884] Compiling NIOFoundationEssentialsCompat ByteBuffer-foundation.swift
[1574/1885] Wrapping AST for NIOFoundationEssentialsCompat for debugging
[1576/1885] Compiling NIOEmbedded Embedded.swift
[1577/1886] Wrapping AST for NIOEmbedded for debugging
[1579/1886] Compiling NIOPosix PipeChannel.swift
[1580/1886] Compiling NIOPosix PipePair.swift
[1581/1886] Compiling NIOPosix Pool.swift
[1582/1886] Compiling NIOPosix PosixSingletons+ConcurrencyTakeOver.swift
[1583/1886] Compiling NIOPosix PosixSingletons.swift
[1584/1886] Compiling NIOPosix RawSocketBootstrap.swift
[1585/1886] Compiling NIOPosix Resolver.swift
[1586/1893] Compiling NIOPosix BSDSocketAPICommon.swift
[1587/1893] Compiling NIOPosix BSDSocketAPIPosix.swift
[1588/1893] Compiling NIOPosix BSDSocketAPIWindows.swift
[1589/1893] Compiling NIOPosix BaseSocket.swift
[1590/1893] Compiling NIOPosix BaseSocketChannel+AccessibleTransport.swift
[1591/1893] Compiling NIOPosix BaseSocketChannel+SocketOptionProvider.swift
[1592/1893] Compiling NIOPosix BaseSocketChannel.swift
[1600/1906] Compiling NIOPosix MultiThreadedEventLoopGroup.swift
[1601/1906] Compiling NIOPosix NIOPosixSendableMetatype.swift
[1602/1906] Compiling NIOPosix NIORandomizedDNSResolver.swift
[1603/1906] Compiling NIOPosix NIOThreadPool.swift
[1604/1906] Compiling NIOPosix NonBlockingFileIO.swift
[1605/1906] Compiling NIOPosix PendingDatagramWritesManager.swift
[1606/1906] Compiling NIOPosix PendingWritesManager.swift
[1607/1906] Compiling NIOPosix Selectable.swift
[1608/1906] Compiling NIOPosix SelectableChannel.swift
[1609/1906] Compiling NIOPosix SelectableEventLoop.swift
[1610/1906] Compiling NIOPosix SelectorEpoll.swift
[1611/1906] Compiling NIOPosix SelectorGeneric.swift
[1612/1906] Compiling NIOPosix SelectorKqueue.swift
[1613/1906] Compiling NIOPosix SelectorUring.swift
[1614/1906] Compiling NIOPosix SelectorWSAPoll.swift
[1615/1906] Compiling NIOPosix ServerSocket.swift
[1616/1906] Compiling NIOPosix Socket.swift
[1617/1906] Compiling NIOPosix SocketChannel.swift
[1618/1906] Compiling NIOPosix SocketProtocols.swift
[1619/1906] Compiling NIOPosix StructuredConcurrencyHelpers.swift
[1620/1906] Compiling NIOPosix System.swift
[1621/1906] Compiling NIOPosix Thread.swift
[1622/1906] Compiling NIOPosix ThreadPosix.swift
[1623/1906] Compiling NIOPosix ThreadWindows.swift
[1624/1906] Compiling NIOPosix Utilities.swift
[1625/1906] Compiling NIOPosix VsockAddress.swift
[1631/1906] Compiling NIOPosix VsockChannelEvents.swift
[1632/1906] Compiling NIOPosix Windows.swift
[1640/1906] Compiling NIOPosix HappyEyeballs.swift
[1641/1906] Compiling NIOPosix IO.swift
[1642/1906] Compiling NIOPosix IntegerBitPacking.swift
[1643/1906] Compiling NIOPosix IntegerTypes.swift
[1644/1906] Compiling NIOPosix Linux.swift
[1645/1906] Compiling NIOPosix LinuxCPUSet.swift
[1646/1906] Compiling NIOPosix LinuxUring.swift
[1647/1906] Compiling NIOPosix BaseStreamSocketChannel.swift
[1648/1906] Compiling NIOPosix Bootstrap.swift
[1649/1906] Compiling NIOPosix ControlMessage.swift
[1650/1906] Compiling NIOPosix DatagramVectorReadManager.swift
[1651/1906] Compiling NIOPosix Errors+Any.swift
[1652/1906] Compiling NIOPosix FileDescriptor.swift
[1653/1906] Compiling NIOPosix GetaddrinfoResolver.swift
[1661/1906] Compiling X509 PKCS8PrivateKey.swift
[1662/1906] Compiling X509 PromiseAndFuture.swift
[1663/1906] Compiling X509 RDNAttribute.swift
[1664/1906] Compiling X509 RandomNumberGenerator+bytes.swift
[1665/1906] Compiling X509 RelativeDistinguishedName.swift
[1666/1906] Compiling X509 SEC1PrivateKey.swift
[1667/1906] Compiling X509 SecKeyWrapper.swift
[1668/1906] Compiling X509 Signature.swift
[1669/1906] Compiling X509 SignatureAlgorithm.swift
[1670/1906] Compiling X509 AllOfPolicies.swift
[1671/1906] Compiling X509 AnyPolicy.swift
[1672/1906] Compiling X509 CertificateStore.swift
[1673/1906] Compiling X509 CustomCertificateStore.swift
[1674/1906] Compiling X509 NameConstraints.swift
[1675/1906] Compiling X509 SubjectAlternativeName.swift
[1676/1906] Compiling X509 SubjectKeyIdentifier.swift
[1677/1906] Compiling X509 Extension.swift
[1678/1906] Compiling X509 Extensions.swift
[1679/1906] Compiling X509 ExtensionsBuilder.swift
[1680/1906] Compiling X509 GeneralName.swift
[1681/1906] Compiling X509 Lock.swift
[1682/1906] Compiling X509 LockedValueBox.swift
[1683/1906] Compiling X509 BasicOCSPResponse.swift
[1684/1906] Compiling X509 DirectoryString.swift
[1685/1906] Compiling X509 OCSPCertID.swift
[1686/1906] Compiling X509 OCSPCertStatus.swift
[1689/1906] Compiling X509 LocalityName.swift
[1690/1906] Compiling X509 OrganizationName.swift
[1691/1906] Compiling X509 OrganizationalUnitName.swift
[1692/1906] Compiling X509 StateOrProvinceName.swift
[1693/1906] Compiling X509 StreetAddress.swift
[1694/1906] Compiling X509 Error.swift
[1695/1906] Compiling X509 AuthorityInformationAccess.swift
[1696/1906] Compiling X509 AuthorityKeyIdentifier.swift
[1697/1906] Compiling X509 BasicConstraints.swift
[1698/1906] Compiling X509 ExtendedKeyUsage.swift
[1699/1906] Compiling X509 ExtensionIdentifiers.swift
[1700/1906] Compiling X509 KeyUsage.swift
[1708/1906] Emitting module NIOPosix
[1730/1907] Emitting module X509
[1731/1907] Wrapping AST for NIOPosix for debugging
[1733/1909] Emitting module NIO
[1734/1909] Compiling NIO Exports.swift
[1735/1911] Wrapping AST for NIO for debugging
[1737/1949] Compiling NIOSOCKS ClientStateMachine.swift
[1738/1950] Emitting module NIOTLS
[1739/1950] Compiling NIOSOCKS SelectedAuthenticationMethod.swift
[1740/1950] Compiling NIOSOCKS ServerStateMachine.swift
[1741/1950] Compiling NIOTLS TLSEvents.swift
[1742/1950] Emitting module NIOFoundationCompat
[1743/1950] Compiling X509 ValidatedCertificateChain.swift
[1744/1950] Compiling X509 VerificationDiagnostic.swift
[1745/1950] Compiling X509 Verifier.swift
[1746/1950] Compiling X509 VerifierPolicy.swift
[1747/1950] Compiling X509 AlgorithmIdentifier.swift
[1748/1950] Compiling X509 ECDSASignature.swift
[1749/1950] Compiling X509 RSAPKCS1PublicKey.swift
[1750/1950] Compiling X509 SubjectPublicKeyInfo.swift
[1751/1950] Compiling X509 TBSCertificate.swift
[1752/1950] Compiling X509 Time.swift
[1753/1950] Compiling X509 TimeCalculations.swift
[1754/1950] Compiling X509 Validity.swift
[1755/1950] Compiling X509 X509SendableMetatype.swift
[1756/1951] Compiling NIOSOCKS SOCKSResponse.swift
[1757/1951] Compiling NIOTLS ProtocolNegotiationHandlerStateMachine.swift
[1758/1951] Compiling NIOFoundationCompat JSONSerialization+ByteBuffer.swift
[1759/1951] Compiling NIOFoundationCompat WaitSpinningRunLoop.swift
[1760/1951] Compiling NIOTLS NIOTypedApplicationProtocolNegotiationHandler.swift
[1761/1951] Compiling NIOFoundationCompat Exports.swift
[1762/1951] Compiling NIOTLS ApplicationProtocolNegotiationHandler.swift
[1765/1952] Emitting module NIOSOCKS
[1765/1952] Wrapping AST for NIOFoundationCompat for debugging
[1766/1952] Wrapping AST for X509 for debugging
[1768/1969] Compiling JWTKit Insecure.swift
[1769/1969] Compiling JWTKit JWK.swift
[1770/2021] Compiling NIOTLS SNIHandler.swift
[1771/2052] Wrapping AST for NIOTLS for debugging
[1773/2052] Compiling NIOSSL FreeBSDCABundle.swift
[1774/2052] Compiling NIOSSL IdentityVerification.swift
[1775/2052] Compiling NIOSSL SSLCallbacks.swift
[1776/2052] Compiling NIOSSL SSLPrivateKey.swift
[1778/2052] Compiling NIOSSL LinuxCABundle.swift
[1779/2052] Compiling NIOSSL CustomPrivateKey.swift
[1781/2052] Compiling NIOSSL AndroidCABundle.swift
[1782/2052] Compiling NIOSSL ByteBufferBIO.swift
[1783/2052] Compiling NIOSSL NIOSSLClientHandler.swift
[1784/2052] Compiling NIOSSL NIOSSLHandler+Configuration.swift
[1785/2053] Wrapping AST for NIOSOCKS for debugging
[1787/2053] Compiling JWTKit JWTSerializer.swift
[1788/2053] Compiling JWTKit JWTSigner.swift
[1789/2053] Compiling JWTKit JWTKeyCollection+MLDSA.swift
[1790/2053] Compiling JWTKit MLDSA.swift
[1791/2053] Compiling JWTKit MLDSA65+MLDSAKey.swift
[1792/2053] Compiling JWTKit MLDSA87+MLDSAKey.swift
[1793/2053] Compiling JWTKit MLDSAError.swift
[1794/2053] Compiling JWTKit MLDSAKey.swift
[1795/2053] Compiling JWTKit MLDSASigner.swift
[1796/2062] Compiling JWTKit MLDSAType.swift
[1797/2062] Compiling JWTKit JWTKeyCollection+UnsecuredNone.swift
[1798/2062] Compiling JWTKit UnsecuredNoneSigner.swift
[1799/2062] Compiling JWTKit JWTKeyCollection+RSA.swift
[1800/2062] Compiling JWTKit RSA.swift
[1801/2062] Compiling JWTKit RSAError.swift
[1802/2062] Compiling JWTKit RSASigner.swift
[1803/2062] Compiling JWTKit Base64URL.swift
[1804/2062] Compiling JWTKit CryptoSigner.swift
[1805/2062] Compiling NIOSSL ObjectIdentifier.swift
[1806/2062] Compiling NIOSSL PosixPort.swift
[1807/2062] Emitting module JWTKit
[1816/2062] Compiling NIOSSL NIOSSLHandler.swift
[1817/2062] Compiling NIOSSL NIOSSLServerHandler.swift
[1818/2062] Compiling NIOSSL String+unsafeUninitializedCapacity.swift
[1819/2062] Compiling NIOSSL SubjectAlternativeName.swift
[1820/2062] Emitting module NIOHTTP1
[1829/2063] Wrapping AST for NIOHTTP1 for debugging
[1835/2080] Compiling NIOSSL SSLPublicKey.swift
[1836/2080] Compiling NIOSSL SecurityFrameworkCertificateVerification.swift
[1839/2080] Compiling NIOSSL NIOSSLSecureBytes.swift
[1840/2080] Compiling JWTKit JWTAlgorithm.swift
[1841/2080] Compiling JWTKit JWTError.swift
[1842/2080] Compiling JWTKit JWTHeader+CommonFields.swift
[1843/2080] Compiling JWTKit JWTHeader.swift
[1844/2080] Compiling JWTKit JWTHeaderField.swift
[1845/2080] Compiling JWTKit JWTKeyCollection.swift
[1846/2080] Compiling JWTKit JWTParser+MandatoryVerificationFields.swift
[1847/2080] Compiling JWTKit JWTParser.swift
[1848/2080] Compiling JWTKit JWTPayload.swift
[1849/2080] Compiling JWTKit ECDSASigningAlgorithm.swift
[1850/2080] Compiling JWTKit JWTKeyCollection+ECDSA.swift
[1851/2080] Compiling JWTKit P256+CurveType.swift
[1852/2080] Compiling JWTKit P384+CurveType.swift
[1853/2080] Compiling JWTKit P521+CurveType.swift
[1854/2080] Compiling JWTKit EdDSA.swift
[1855/2080] Compiling JWTKit EdDSACurve.swift
[1856/2080] Compiling JWTKit EdDSAError.swift
[1857/2080] Compiling JWTKit EdDSASigner.swift
[1858/2080] Compiling JWTKit JWTKeyCollection+EdDSA.swift
[1859/2080] Compiling NIOSSL RNG.swift
[1860/2080] Compiling NIOSSL SafeCompare.swift
[1861/2080] Compiling NIOSSL SSLCertificate.swift
[1862/2080] Compiling NIOSSL SSLCertificateExtensions.swift
[1863/2080] Compiling NIOSSL SSLCertificateName.swift
[1864/2080] Compiling NIOSSL SSLConnection.swift
[1865/2080] Compiling NIOSSL SSLContext.swift
[1866/2080] Compiling NIOSSL SSLErrors.swift
[1867/2080] Compiling NIOSSL SSLInit.swift
[1868/2080] Compiling NIOSSL SSLPKCS12Bundle.swift
[1869/2080] Compiling NIOHPACK IntegerCoding.swift
[1870/2081] Compiling NIOHPACK HuffmanTables.swift
[1871/2081] Compiling NIOHPACK IndexedHeaderTable.swift
[1872/2081] Compiling NIOHTTPCompression HTTPDecompressor.swift
[1873/2081] Compiling NIOHPACK DynamicHeaderTable.swift
[1874/2081] Compiling NIOHPACK HPACKDecoder.swift
[1875/2081] Compiling NIOHPACK HPACKEncoder.swift
[1876/2081] Compiling NIOHPACK HPACKErrors.swift
[1877/2081] Compiling NIOHPACK HPACKHeader.swift
[1886/2085] Compiling NIOHPACK StaticHeaderTable.swift
[1891/2085] Emitting module NIOHPACK
[1892/2085] Compiling NIOHTTPCompression HTTPRequestCompressor.swift
[1893/2085] Compiling NIOHTTPCompression HTTPResponseCompressor.swift
[1894/2085] Compiling NIOHPACK HeaderTables.swift
[1898/2085] Emitting module NIOHTTPCompression
[1899/2085] Compiling NIOHTTPCompression HTTPCompression.swift
[1900/2085] Compiling NIOHTTPCompression HTTPDecompression.swift
[1902/2086] Compiling NIOHPACK HuffmanCoding.swift
[1902/2086] Wrapping AST for NIOHTTPCompression for debugging
[1906/2087] Wrapping AST for NIOHPACK for debugging
[1908/2150] Compiling NIOHTTP2 HTTP2Frame.swift
[1909/2150] Compiling NIOHTTP2 HTTP2FrameEncoder.swift
[1910/2150] Compiling NIOHTTP2 DOSHeuristics.swift
[1911/2150] Compiling NIOHTTP2 Error+Any.swift
[1912/2150] Compiling NIOHTTP2 HTTP2ConnectionStateChange.swift
[1913/2150] Compiling NIOHTTP2 HTTP2Error.swift
[1914/2150] Compiling NIOHTTP2 HTTP2ErrorCode.swift
[1915/2150] Compiling NIOHTTP2 HTTP2FlowControlWindow.swift
[1916/2150] Emitting module NIOSSL
[1917/2150] Compiling NIOHTTP2 HasFlowControlWindows.swift
[1918/2150] Compiling NIOHTTP2 HasLocalSettings.swift
[1919/2150] Compiling NIOHTTP2 HasRemoteSettings.swift
[1920/2150] Compiling NIOHTTP2 LocallyQuiescingState.swift
[1921/2150] Compiling JWTKit CustomizedJSONCoders.swift
[1922/2150] Compiling JWTKit Utilities.swift
[1923/2150] Compiling JWTKit AppleIdentityToken.swift
[1924/2150] Compiling JWTKit FirebaseAuthIdentityToken.swift
[1925/2150] Compiling JWTKit GoogleIdentityToken.swift
[1926/2150] Compiling JWTKit MicrosoftIdentityToken.swift
[1927/2150] Compiling JWTKit EmptyPolicy.swift
[1928/2150] Compiling JWTKit ValidationTimePayload.swift
[1929/2150] Compiling JWTKit X5CVerifier.swift
[1930/2151] Wrapping AST for JWTKit for debugging
[1932/2151] Compiling NIOHTTP2 ConcurrentStreamBuffer.swift
[1933/2151] Compiling NIOHTTP2 ControlFrameBuffer.swift
[1934/2151] Compiling NIOHTTP2 OutboundFlowControlBuffer.swift
[1935/2151] Compiling NIOHTTP2 OutboundFrameBuffer.swift
[1936/2152] Wrapping AST for NIOSSL for debugging
[1938/2152] Compiling NIOHTTP2 HTTP2StreamMultiplexer.swift
[1939/2152] Compiling NIOHTTP2 HTTP2ToHTTP1Codec.swift
[1940/2152] Compiling NIOHTTP2 HTTP2UserEvents.swift
[1941/2152] Compiling NIOHTTP2 InboundEventBuffer.swift
[1942/2152] Compiling NIOHTTP2 InboundWindowManager.swift
[1943/2152] Compiling NIOHTTP2 MultiplexerAbstractChannel.swift
[1944/2152] Compiling NIOHTTP2 NIOHTTP2FrameDelegate.swift
[1945/2152] Compiling NIOHTTP2 NIOHTTP2ServerConnectionManagementHandler+StateMachine.swift
[1946/2160] Compiling NIOHTTP2 MaySendFrames.swift
[1947/2160] Compiling NIOHTTP2 SendingDataState.swift
[1948/2160] Compiling NIOHTTP2 SendingGoawayState.swift
[1949/2160] Compiling NIOHTTP2 SendingHeadersState.swift
[1950/2160] Compiling NIOHTTP2 SendingPushPromiseState.swift
[1951/2160] Compiling NIOHTTP2 SendingRstStreamState.swift
[1952/2160] Compiling NIOHTTP2 SendingWindowUpdateState.swift
[1953/2160] Compiling NIOHTTP2 HTTP2SettingsState.swift
[1954/2160] Compiling NIOHTTP2 HasExtendedConnectSettings.swift
[1961/2160] Compiling NIOHTTP2 GlitchesMonitor.swift
[1962/2160] Compiling NIOHTTP2 HPACKHeaders+Validation.swift
[1963/2160] Compiling NIOHTTP2 HTTP2ChannelHandler+InboundStreamMultiplexer.swift
[1964/2160] Compiling NIOHTTP2 NIOHTTP2ServerConnectionManagementHandler.swift
[1965/2160] Compiling NIOHTTP2 StreamChannelFlowController.swift
[1966/2160] Compiling NIOHTTP2 StreamChannelList.swift
[1967/2160] Compiling NIOHTTP2 StreamMap.swift
[1968/2160] Compiling NIOHTTP2 StreamStateMachine.swift
[1969/2160] Compiling NIOHTTP2 Timer.swift
[1970/2160] Compiling NIOHTTP2 UnsafeTransfer.swift
[1971/2160] Compiling NIOHTTP2 WatermarkedFlowController.swift
[1972/2160] Compiling NIOHTTP2 HTTP2FrameParser.swift
[1973/2160] Compiling NIOHTTP2 HTTP2PingData.swift
[1974/2160] Compiling NIOHTTP2 HTTP2PipelineHelpers.swift
[1975/2160] Compiling NIOHTTP2 HTTP2Settings.swift
[1976/2160] Compiling NIOHTTP2 HTTP2Stream.swift
[1977/2160] Compiling NIOHTTP2 HTTP2StreamChannel+OutboundStreamMultiplexer.swift
[1978/2160] Compiling NIOHTTP2 HTTP2StreamChannel.swift
[1979/2160] Compiling NIOHTTP2 HTTP2StreamDelegate.swift
[1980/2160] Compiling NIOHTTP2 HTTP2StreamID.swift
[1985/2160] Compiling NIOHTTP2 QuiescingState.swift
[1986/2160] Compiling NIOHTTP2 RemotelyQuiescingState.swift
[1987/2160] Compiling NIOHTTP2 SendAndReceiveGoawayState.swift
[1988/2160] Compiling NIOHTTP2 StateMachineResult.swift
[1989/2160] Compiling NIOHTTP2 ContentLengthVerifier.swift
[1990/2160] Compiling NIOHTTP2 HTTP2ChannelHandler+InlineStreamMultiplexer.swift
[1991/2160] Compiling NIOHTTP2 HTTP2ChannelHandler.swift
[1992/2160] Compiling NIOHTTP2 HTTP2CommonInboundStreamMultiplexer.swift
[1999/2160] Emitting module NIOHTTP2
[2000/2160] Compiling NIOHTTP2 ConnectionStateMachine.swift
[2001/2160] Compiling NIOHTTP2 ConnectionStreamsState.swift
[2002/2160] Compiling NIOHTTP2 MayReceiveFrames.swift
[2003/2160] Compiling NIOHTTP2 ReceivingDataState.swift
[2004/2160] Compiling NIOHTTP2 ReceivingGoAwayState.swift
[2005/2160] Compiling NIOHTTP2 ReceivingHeadersState.swift
[2006/2160] Compiling NIOHTTP2 ReceivingPushPromiseState.swift
[2007/2160] Compiling NIOHTTP2 ReceivingRstStreamState.swift
[2008/2160] Compiling NIOHTTP2 ReceivingWindowUpdateState.swift
[2009/2161] Wrapping AST for NIOHTTP2 for debugging
[2011/2225] Compiling AsyncHTTPClient LRUCache.swift
[2012/2225] Compiling AsyncHTTPClient NIOLoopBound+Execute.swift
[2013/2225] Compiling AsyncHTTPClient NWErrorHandler.swift
[2014/2225] Compiling AsyncHTTPClient NWWaitingHandler.swift
[2015/2225] Compiling AsyncHTTPClient TLSConfiguration.swift
[2016/2225] Compiling AsyncHTTPClient RedirectState.swift
[2017/2225] Compiling AsyncHTTPClient RequestBag+StateMachine.swift
[2018/2225] Compiling AsyncHTTPClient RequestBag+Tracing.swift
[2019/2225] Compiling AsyncHTTPClient RequestBag.swift
[2020/2233] Compiling AsyncHTTPClient HTTP1ProxyConnectHandler.swift
[2021/2233] Compiling AsyncHTTPClient SOCKSEventsHandler.swift
[2022/2233] Compiling AsyncHTTPClient TLSEventsHandler.swift
[2023/2233] Compiling AsyncHTTPClient HTTP1ClientChannelHandler.swift
[2024/2233] Compiling AsyncHTTPClient HTTP1Connection.swift
[2025/2233] Compiling AsyncHTTPClient HTTP1ConnectionStateMachine.swift
[2026/2233] Compiling AsyncHTTPClient HTTP2ClientRequestHandler.swift
[2027/2233] Compiling AsyncHTTPClient HTTP2Connection.swift
[2028/2233] Compiling AsyncHTTPClient HTTP2IdleHandler.swift
[2029/2233] Compiling AsyncHTTPClient AnyAsyncSequence.swift
[2030/2233] Compiling AsyncHTTPClient AnyAsyncSequenceProucerDelete.swift
[2031/2233] Compiling AsyncHTTPClient AsyncLazySequence.swift
[2032/2233] Compiling AsyncHTTPClient HTTPClient+execute.swift
[2033/2233] Compiling AsyncHTTPClient HTTPClient+shutdown.swift
[2034/2233] Compiling AsyncHTTPClient HTTPClient+tracing.swift
[2035/2233] Compiling AsyncHTTPClient HTTPClientRequest+Prepared.swift
[2036/2233] Compiling AsyncHTTPClient HTTPClientRequest+auth.swift
[2037/2233] Compiling AsyncHTTPClient HTTPClientRequest.swift
[2038/2233] Compiling AsyncHTTPClient RequestValidation.swift
[2039/2233] Compiling AsyncHTTPClient SSLContextCache.swift
[2040/2233] Compiling AsyncHTTPClient Scheme.swift
[2041/2233] Compiling AsyncHTTPClient Singleton.swift
[2042/2233] Compiling AsyncHTTPClient StringConvertibleInstances.swift
[2043/2233] Compiling AsyncHTTPClient StructuredConcurrencyHelpers.swift
[2044/2233] Compiling AsyncHTTPClient TracingSupport.swift
[2045/2233] Compiling AsyncHTTPClient Utils.swift
[2046/2233] Emitting module AsyncHTTPClient
[2047/2233] Compiling AsyncHTTPClient HTTPClientResponse.swift
[2048/2233] Compiling AsyncHTTPClient SingleIteratorPrecondition.swift
[2049/2233] Compiling AsyncHTTPClient Transaction+StateMachine.swift
[2050/2233] Compiling AsyncHTTPClient Transaction.swift
[2051/2233] Compiling AsyncHTTPClient Base64.swift
[2052/2233] Compiling AsyncHTTPClient BasicAuth.swift
[2053/2233] Compiling AsyncHTTPClient BestEffortHashableTLSConfiguration.swift
[2054/2233] Compiling AsyncHTTPClient Configuration+BrowserLike.swift
[2055/2233] Compiling AsyncHTTPClient ConnectionPool.swift
[2056/2233] Compiling AsyncHTTPClient HTTPConnectionEvent.swift
[2057/2233] Compiling AsyncHTTPClient HTTPConnectionPool+Factory.swift
[2058/2233] Compiling AsyncHTTPClient HTTPConnectionPool+Manager.swift
[2059/2233] Compiling AsyncHTTPClient HTTPConnectionPool.swift
[2060/2233] Compiling AsyncHTTPClient HTTPExecutableRequest.swift
[2061/2233] Compiling AsyncHTTPClient HTTPRequestStateMachine+Demand.swift
[2062/2233] Compiling AsyncHTTPClient HTTPRequestStateMachine.swift
[2063/2233] Compiling AsyncHTTPClient RequestBodyLength.swift
[2064/2233] Compiling AsyncHTTPClient RequestFramingMetadata.swift
[2065/2233] Compiling AsyncHTTPClient DeconstructedURL.swift
[2066/2233] Compiling AsyncHTTPClient FileDownloadDelegate.swift
[2067/2233] Compiling AsyncHTTPClient FoundationExtensions.swift
[2068/2233] Compiling AsyncHTTPClient HTTPClient+HTTPCookie.swift
[2069/2233] Compiling AsyncHTTPClient HTTPClient+Proxy.swift
[2070/2233] Compiling AsyncHTTPClient HTTPClient+StructuredConcurrency.swift
[2071/2233] Compiling AsyncHTTPClient HTTPClient.swift
[2072/2233] Compiling AsyncHTTPClient HTTPClientConfiguration+SwiftConfiguration.swift
[2073/2233] Compiling AsyncHTTPClient HTTPHandler.swift
[2074/2233] Compiling AsyncHTTPClient RequestOptions.swift
[2075/2233] Compiling AsyncHTTPClient HTTPConnectionPool+Backoff.swift
[2076/2233] Compiling AsyncHTTPClient HTTPConnectionPool+HTTP1Connections.swift
[2077/2233] Compiling AsyncHTTPClient HTTPConnectionPool+HTTP1StateMachine.swift
[2078/2233] Compiling AsyncHTTPClient HTTPConnectionPool+HTTP2Connections.swift
[2079/2233] Compiling AsyncHTTPClient HTTPConnectionPool+HTTP2StateMachine.swift
[2080/2233] Compiling AsyncHTTPClient HTTPConnectionPool+RequestQueue.swift
[2081/2233] Compiling AsyncHTTPClient HTTPConnectionPool+StateMachine.swift
[2082/2233] Compiling AsyncHTTPClient ConnectionTarget.swift
[2083/2234] Wrapping AST for AsyncHTTPClient for debugging
[2085/2257] Emitting module GoogleAuth
[2086/2260] Compiling GoogleAuth ADC.swift
[2087/2260] Compiling GoogleAuth ADCPath.swift
[2088/2260] Compiling GoogleAuth ADCResolver.swift
[2089/2260] Compiling GoogleAuth AuthHeaders.swift
[2090/2260] Compiling GoogleAuth CredentialParserRegistry.swift
[2091/2260] Compiling GoogleAuth Credentials.swift
[2092/2260] Compiling GoogleAuth CredentialsError.swift
[2093/2260] Compiling GoogleAuth AnonymousCredentials.swift
[2094/2260] Compiling GoogleAuth ApiKeyCredentials.swift
[2095/2260] Compiling GoogleAuth ExternalAccountCredentials.swift
[2096/2260] Compiling GoogleAuth SubjectTokenProvider.swift
[2097/2260] Compiling GoogleAuth MDSAccessTokenProvider.swift
[2098/2260] Compiling GoogleAuth MDSCredentials.swift
[2099/2260] Compiling GoogleAuth ServiceAccountCredentials.swift
[2100/2260] Compiling GoogleAuth ServiceAccountData.swift
[2101/2260] Compiling GoogleAuth ServiceAccountTokenProvider.swift
[2102/2260] Compiling GoogleAuth AuthHTTPClient.swift
[2103/2260] Compiling GoogleAuth AuthHTTPError.swift
[2104/2260] Compiling GoogleAuth RetryEngine.swift
[2105/2260] Compiling GoogleAuth UserAccountData.swift
[2106/2260] Compiling GoogleAuth UserAccountTokenProvider.swift
[2107/2260] Compiling GoogleAuth UserCredentials.swift
[2108/2260] Compiling GoogleAuth STSHandler.swift
[2109/2260] Compiling GoogleAuth TokenCache.swift
[2110/2260] Compiling GoogleAuth PackageVersion.swift
[2111/2261] Wrapping AST for GoogleAuth for debugging
[2113/2319] Compiling GoogleGax Pagination.swift
/host/spi-builder-workspace/.build/checkouts/swift-google-gax/Sources/GoogleGax/Pagination.swift:44:22: error: cannot convert '@Sendable (String) async throws -> (response: ResponseType, items: [Item], nextToken: String)' to 'nonisolated(nonsending) @Sendable (String) async throws -> (response: ResponseType, items: [Item], nextToken: String)' because crossing of an isolation boundary requires parameter and result types to conform to 'Sendable' protocol
 42 |   ) where ResponseType: _PaginatedResponse<Item> {
 43 |     self.initialPageToken = initialPageToken ?? ""
 44 |     self.fetchPage = { token in
    |                      |- error: cannot convert '@Sendable (String) async throws -> (response: ResponseType, items: [Item], nextToken: String)' to 'nonisolated(nonsending) @Sendable (String) async throws -> (response: ResponseType, items: [Item], nextToken: String)' because crossing of an isolation boundary requires parameter and result types to conform to 'Sendable' protocol
    |                      `- note: type 'Item' does not conform to 'Sendable' protocol
 45 |       let response = try await listRpc(token)
 46 |       return (response, response._getPaginatedItems(), response._nextPageToken())
[2114/2319] Compiling GoogleGax PollingBackoffPolicy.swift
/host/spi-builder-workspace/.build/checkouts/swift-google-gax/Sources/GoogleGax/Pagination.swift:44:22: error: cannot convert '@Sendable (String) async throws -> (response: ResponseType, items: [Item], nextToken: String)' to 'nonisolated(nonsending) @Sendable (String) async throws -> (response: ResponseType, items: [Item], nextToken: String)' because crossing of an isolation boundary requires parameter and result types to conform to 'Sendable' protocol
 42 |   ) where ResponseType: _PaginatedResponse<Item> {
 43 |     self.initialPageToken = initialPageToken ?? ""
 44 |     self.fetchPage = { token in
    |                      |- error: cannot convert '@Sendable (String) async throws -> (response: ResponseType, items: [Item], nextToken: String)' to 'nonisolated(nonsending) @Sendable (String) async throws -> (response: ResponseType, items: [Item], nextToken: String)' because crossing of an isolation boundary requires parameter and result types to conform to 'Sendable' protocol
    |                      `- note: type 'Item' does not conform to 'Sendable' protocol
 45 |       let response = try await listRpc(token)
 46 |       return (response, response._getPaginatedItems(), response._nextPageToken())
[2115/2319] Compiling GoogleGax PollingErrorPolicy.swift
/host/spi-builder-workspace/.build/checkouts/swift-google-gax/Sources/GoogleGax/Pagination.swift:44:22: error: cannot convert '@Sendable (String) async throws -> (response: ResponseType, items: [Item], nextToken: String)' to 'nonisolated(nonsending) @Sendable (String) async throws -> (response: ResponseType, items: [Item], nextToken: String)' because crossing of an isolation boundary requires parameter and result types to conform to 'Sendable' protocol
 42 |   ) where ResponseType: _PaginatedResponse<Item> {
 43 |     self.initialPageToken = initialPageToken ?? ""
 44 |     self.fetchPage = { token in
    |                      |- error: cannot convert '@Sendable (String) async throws -> (response: ResponseType, items: [Item], nextToken: String)' to 'nonisolated(nonsending) @Sendable (String) async throws -> (response: ResponseType, items: [Item], nextToken: String)' because crossing of an isolation boundary requires parameter and result types to conform to 'Sendable' protocol
    |                      `- note: type 'Item' does not conform to 'Sendable' protocol
 45 |       let response = try await listRpc(token)
 46 |       return (response, response._getPaginatedItems(), response._nextPageToken())
[2116/2319] Compiling GoogleGax PollingResult.swift
/host/spi-builder-workspace/.build/checkouts/swift-google-gax/Sources/GoogleGax/Pagination.swift:44:22: error: cannot convert '@Sendable (String) async throws -> (response: ResponseType, items: [Item], nextToken: String)' to 'nonisolated(nonsending) @Sendable (String) async throws -> (response: ResponseType, items: [Item], nextToken: String)' because crossing of an isolation boundary requires parameter and result types to conform to 'Sendable' protocol
 42 |   ) where ResponseType: _PaginatedResponse<Item> {
 43 |     self.initialPageToken = initialPageToken ?? ""
 44 |     self.fetchPage = { token in
    |                      |- error: cannot convert '@Sendable (String) async throws -> (response: ResponseType, items: [Item], nextToken: String)' to 'nonisolated(nonsending) @Sendable (String) async throws -> (response: ResponseType, items: [Item], nextToken: String)' because crossing of an isolation boundary requires parameter and result types to conform to 'Sendable' protocol
    |                      `- note: type 'Item' does not conform to 'Sendable' protocol
 45 |       let response = try await listRpc(token)
 46 |       return (response, response._getPaginatedItems(), response._nextPageToken())
[2117/2319] Compiling GoogleGax PollingState.swift
/host/spi-builder-workspace/.build/checkouts/swift-google-gax/Sources/GoogleGax/Pagination.swift:44:22: error: cannot convert '@Sendable (String) async throws -> (response: ResponseType, items: [Item], nextToken: String)' to 'nonisolated(nonsending) @Sendable (String) async throws -> (response: ResponseType, items: [Item], nextToken: String)' because crossing of an isolation boundary requires parameter and result types to conform to 'Sendable' protocol
 42 |   ) where ResponseType: _PaginatedResponse<Item> {
 43 |     self.initialPageToken = initialPageToken ?? ""
 44 |     self.fetchPage = { token in
    |                      |- error: cannot convert '@Sendable (String) async throws -> (response: ResponseType, items: [Item], nextToken: String)' to 'nonisolated(nonsending) @Sendable (String) async throws -> (response: ResponseType, items: [Item], nextToken: String)' because crossing of an isolation boundary requires parameter and result types to conform to 'Sendable' protocol
    |                      `- note: type 'Item' does not conform to 'Sendable' protocol
 45 |       let response = try await listRpc(token)
 46 |       return (response, response._getPaginatedItems(), response._nextPageToken())
[2118/2319] Compiling GoogleGax ProtobufConversionError.swift
/host/spi-builder-workspace/.build/checkouts/swift-google-gax/Sources/GoogleGax/Pagination.swift:44:22: error: cannot convert '@Sendable (String) async throws -> (response: ResponseType, items: [Item], nextToken: String)' to 'nonisolated(nonsending) @Sendable (String) async throws -> (response: ResponseType, items: [Item], nextToken: String)' because crossing of an isolation boundary requires parameter and result types to conform to 'Sendable' protocol
 42 |   ) where ResponseType: _PaginatedResponse<Item> {
 43 |     self.initialPageToken = initialPageToken ?? ""
 44 |     self.fetchPage = { token in
    |                      |- error: cannot convert '@Sendable (String) async throws -> (response: ResponseType, items: [Item], nextToken: String)' to 'nonisolated(nonsending) @Sendable (String) async throws -> (response: ResponseType, items: [Item], nextToken: String)' because crossing of an isolation boundary requires parameter and result types to conform to 'Sendable' protocol
    |                      `- note: type 'Item' does not conform to 'Sendable' protocol
 45 |       let response = try await listRpc(token)
 46 |       return (response, response._getPaginatedItems(), response._nextPageToken())
[2119/2319] Compiling GoogleGax QueryParameter.swift
/host/spi-builder-workspace/.build/checkouts/swift-google-gax/Sources/GoogleGax/Pagination.swift:44:22: error: cannot convert '@Sendable (String) async throws -> (response: ResponseType, items: [Item], nextToken: String)' to 'nonisolated(nonsending) @Sendable (String) async throws -> (response: ResponseType, items: [Item], nextToken: String)' because crossing of an isolation boundary requires parameter and result types to conform to 'Sendable' protocol
 42 |   ) where ResponseType: _PaginatedResponse<Item> {
 43 |     self.initialPageToken = initialPageToken ?? ""
 44 |     self.fetchPage = { token in
    |                      |- error: cannot convert '@Sendable (String) async throws -> (response: ResponseType, items: [Item], nextToken: String)' to 'nonisolated(nonsending) @Sendable (String) async throws -> (response: ResponseType, items: [Item], nextToken: String)' because crossing of an isolation boundary requires parameter and result types to conform to 'Sendable' protocol
    |                      `- note: type 'Item' does not conform to 'Sendable' protocol
 45 |       let response = try await listRpc(token)
 46 |       return (response, response._getPaginatedItems(), response._nextPageToken())
[2120/2319] Compiling GoogleGax RequestError.swift
/host/spi-builder-workspace/.build/checkouts/swift-google-gax/Sources/GoogleGax/Pagination.swift:44:22: error: cannot convert '@Sendable (String) async throws -> (response: ResponseType, items: [Item], nextToken: String)' to 'nonisolated(nonsending) @Sendable (String) async throws -> (response: ResponseType, items: [Item], nextToken: String)' because crossing of an isolation boundary requires parameter and result types to conform to 'Sendable' protocol
 42 |   ) where ResponseType: _PaginatedResponse<Item> {
 43 |     self.initialPageToken = initialPageToken ?? ""
 44 |     self.fetchPage = { token in
    |                      |- error: cannot convert '@Sendable (String) async throws -> (response: ResponseType, items: [Item], nextToken: String)' to 'nonisolated(nonsending) @Sendable (String) async throws -> (response: ResponseType, items: [Item], nextToken: String)' because crossing of an isolation boundary requires parameter and result types to conform to 'Sendable' protocol
    |                      `- note: type 'Item' does not conform to 'Sendable' protocol
 45 |       let response = try await listRpc(token)
 46 |       return (response, response._getPaginatedItems(), response._nextPageToken())
[2121/2327] Emitting module GoogleGax
[2122/2327] Compiling GoogleGax AIP194+PollingErrorPolicy.swift
[2123/2327] Compiling GoogleGax AIP194+RetryPolicy.swift
[2124/2327] Compiling GoogleGax AIP194.swift
[2125/2327] Compiling GoogleGax AdaptiveThrottler.swift
[2126/2327] Compiling GoogleGax AlwaysPoll.swift
[2127/2327] Compiling GoogleGax AlwaysRetry.swift
[2128/2327] Compiling GoogleGax ApiClientHeader.swift
[2129/2327] Compiling GoogleGax BackoffPolicy.swift
[2130/2327] Compiling GoogleGax BasePollingErrorPolicy.swift
[2131/2327] Compiling GoogleGax LimitedAttemptCount+PollingErrorPolicy.swift
[2132/2327] Compiling GoogleGax LimitedAttemptCount+RetryPolicy.swift
[2133/2327] Compiling GoogleGax LimitedAttemptCount.swift
[2134/2327] Compiling GoogleGax LimitedElapsedTime+PollingErrorPolicy.swift
[2135/2327] Compiling GoogleGax LimitedElapsedTime+RetryPolicy.swift
[2136/2327] Compiling GoogleGax LimitedElapsedTime.swift
[2137/2327] Compiling GoogleGax LongRunningOperations.swift
[2138/2327] Compiling GoogleGax NeverRetry.swift
[2139/2327] Compiling GoogleGax BaseRetryPolicy.swift
[2140/2327] Compiling GoogleGax BindingError.swift
[2141/2327] Compiling GoogleGax CRC32C.swift
[2142/2327] Compiling GoogleGax CircuitBreaker.swift
[2143/2327] Compiling GoogleGax ClientError.swift
[2144/2327] Compiling GoogleGax ClientOptions.swift
[2145/2327] Compiling GoogleGax ContinueOnIO+PollingErrorPolicy.swift
[2146/2327] Compiling GoogleGax ContinueOnIO+RetryPolicy.swift
[2147/2327] Compiling GoogleGax RequestOptions.swift
[2148/2327] Compiling GoogleGax RetryLoop.swift
[2149/2327] Compiling GoogleGax RetryPolicy.swift
[2150/2327] Compiling GoogleGax RetryResult.swift
[2151/2327] Compiling GoogleGax RetryState.swift
[2152/2327] Compiling GoogleGax RetryThrottler.swift
[2153/2327] Compiling GoogleGax RetryThrottlerError.swift
[2154/2327] Compiling GoogleGax RoutingMatcher.swift
[2155/2327] Compiling GoogleGax ContinueOnIO.swift
[2156/2327] Compiling GoogleGax CredentialsProtocol.swift
[2157/2327] Compiling GoogleGax ErrorWrapper.swift
[2158/2327] Compiling GoogleGax ExponentialBackoff+BackoffPolicy.swift
[2159/2327] Compiling GoogleGax ExponentialBackoff+PollingBackoffPolicy.swift
[2160/2327] Compiling GoogleGax ExponentialBackoff.swift
[2161/2327] Compiling GoogleGax HTTPClient.swift
[2162/2327] Compiling GoogleGax HTTPClientHolder.swift
[2163/2327] Compiling GoogleGax HTTPClientProtocol.swift
[2164/2327] Compiling GoogleGax HTTPClientRequest.swift
[2165/2327] Compiling GoogleGax HTTPClientResponse.swift
[2166/2327] Compiling GoogleGax HTTPHeaders.swift
[2167/2327] Compiling GoogleGax HTTPResponseBody.swift
[2168/2327] Compiling GoogleGax HeaderNames.swift
[2169/2327] Compiling GoogleGax Host.swift
[2170/2327] Compiling GoogleGax InProgressResult.swift
[2171/2327] Compiling GoogleGax ServiceError.swift
[2172/2327] Compiling GoogleGax StatusDetail.swift
[2173/2327] Compiling GoogleGax StrictIdempotency.swift
[2174/2327] Compiling GoogleGax ThrottleResult.swift
[2175/2327] Compiling GoogleGax TooManyRequests+PollingErrorPolicy.swift
[2176/2327] Compiling GoogleGax TooManyRequests+RetryPolicy.swift
[2177/2327] Compiling GoogleGax TooManyRequests.swift
[2178/2327] Compiling GoogleGax PackageVersion.swift
BUILD FAILURE 6.2 android