Build Information
Failed to build swiftui-simple-table, reference v0.3.0 (430186), with Swift 6.4 for watchOS using Xcode 27.0 on 19 Sep 2026 08:07:51 UTC.
Build Command
env DEVELOPER_DIR=/Applications/Xcode-27.0.0-Release.Candidate.app xcrun xcodebuild -IDEClonedSourcePackagesDirPathOverride=$PWD/.dependencies -skipMacroValidation -skipPackagePluginValidation -derivedDataPath $PWD/.derivedData build -scheme swiftui-simple-table-Package -destination generic/platform=watchOSBuild Log
write-file /Users/admin/builder/spi-builder-workspace/.derivedData/Build/Intermediates.noindex/swiftui-simple-table.build/Debug-watchos/SimpleTableExamples-t.build/Objects-normal/arm64_32/SimpleTableExamples.LinkFileList
WriteAuxiliaryFile /Users/admin/builder/spi-builder-workspace/.derivedData/Build/Intermediates.noindex/swiftui-simple-table.build/Debug-watchos/SimpleTableExamples-t.build/Objects-normal/arm64_32/SimpleTableExamples_const_extract_protocols.json (in target 'SimpleTableExamples' from project 'swiftui-simple-table')
cd /Users/admin/builder/spi-builder-workspace
write-file /Users/admin/builder/spi-builder-workspace/.derivedData/Build/Intermediates.noindex/swiftui-simple-table.build/Debug-watchos/SimpleTableExamples-t.build/Objects-normal/arm64_32/SimpleTableExamples_const_extract_protocols.json
WriteAuxiliaryFile /Users/admin/builder/spi-builder-workspace/.derivedData/Build/Intermediates.noindex/swiftui-simple-table.build/Debug-watchos/SimpleTableExamples-t.build/SimpleTableExamples.DependencyStaticMetadataFileList (in target 'SimpleTableExamples' from project 'swiftui-simple-table')
cd /Users/admin/builder/spi-builder-workspace
write-file /Users/admin/builder/spi-builder-workspace/.derivedData/Build/Intermediates.noindex/swiftui-simple-table.build/Debug-watchos/SimpleTableExamples-t.build/SimpleTableExamples.DependencyStaticMetadataFileList
WriteAuxiliaryFile /Users/admin/builder/spi-builder-workspace/.derivedData/Build/Intermediates.noindex/swiftui-simple-table.build/Debug-watchos/SimpleTableExamples-t.build/Objects-normal/arm64/SimpleTableExamples-OutputFileMap.json (in target 'SimpleTableExamples' from project 'swiftui-simple-table')
cd /Users/admin/builder/spi-builder-workspace
write-file /Users/admin/builder/spi-builder-workspace/.derivedData/Build/Intermediates.noindex/swiftui-simple-table.build/Debug-watchos/SimpleTableExamples-t.build/Objects-normal/arm64/SimpleTableExamples-OutputFileMap.json
WriteAuxiliaryFile /Users/admin/builder/spi-builder-workspace/.derivedData/Build/Intermediates.noindex/swiftui-simple-table.build/Debug-watchos/SimpleTableExamples-t.build/Objects-normal/arm64_32/SimpleTableExamples-OutputFileMap.json (in target 'SimpleTableExamples' from project 'swiftui-simple-table')
cd /Users/admin/builder/spi-builder-workspace
write-file /Users/admin/builder/spi-builder-workspace/.derivedData/Build/Intermediates.noindex/swiftui-simple-table.build/Debug-watchos/SimpleTableExamples-t.build/Objects-normal/arm64_32/SimpleTableExamples-OutputFileMap.json
WriteAuxiliaryFile /Users/admin/builder/spi-builder-workspace/.derivedData/Build/Intermediates.noindex/swiftui-simple-table.build/Debug-watchos/SimpleTableExamples-t.build/Objects-normal/arm64/SimpleTableExamples.LinkFileList (in target 'SimpleTableExamples' from project 'swiftui-simple-table')
cd /Users/admin/builder/spi-builder-workspace
write-file /Users/admin/builder/spi-builder-workspace/.derivedData/Build/Intermediates.noindex/swiftui-simple-table.build/Debug-watchos/SimpleTableExamples-t.build/Objects-normal/arm64/SimpleTableExamples.LinkFileList
WriteAuxiliaryFile /Users/admin/builder/spi-builder-workspace/.derivedData/Build/Intermediates.noindex/swiftui-simple-table.build/Debug-watchos/SimpleTableExamples-t.build/SimpleTableExamples.DependencyMetadataFileList (in target 'SimpleTableExamples' from project 'swiftui-simple-table')
cd /Users/admin/builder/spi-builder-workspace
write-file /Users/admin/builder/spi-builder-workspace/.derivedData/Build/Intermediates.noindex/swiftui-simple-table.build/Debug-watchos/SimpleTableExamples-t.build/SimpleTableExamples.DependencyMetadataFileList
WriteAuxiliaryFile /Users/admin/builder/spi-builder-workspace/.derivedData/Build/Intermediates.noindex/swiftui-simple-table.build/Debug-watchos/SimpleTableExamples-t.build/Objects-normal/arm64_32/SimpleTableExamples.SwiftFileList (in target 'SimpleTableExamples' from project 'swiftui-simple-table')
cd /Users/admin/builder/spi-builder-workspace
write-file /Users/admin/builder/spi-builder-workspace/.derivedData/Build/Intermediates.noindex/swiftui-simple-table.build/Debug-watchos/SimpleTableExamples-t.build/Objects-normal/arm64_32/SimpleTableExamples.SwiftFileList
WriteAuxiliaryFile /Users/admin/builder/spi-builder-workspace/.derivedData/Build/Intermediates.noindex/swiftui-simple-table.build/Debug-watchos/SimpleTableExamples-t.build/Objects-normal/arm64/SimpleTableExamples.SwiftFileList (in target 'SimpleTableExamples' from project 'swiftui-simple-table')
cd /Users/admin/builder/spi-builder-workspace
write-file /Users/admin/builder/spi-builder-workspace/.derivedData/Build/Intermediates.noindex/swiftui-simple-table.build/Debug-watchos/SimpleTableExamples-t.build/Objects-normal/arm64/SimpleTableExamples.SwiftFileList
WriteAuxiliaryFile /Users/admin/builder/spi-builder-workspace/.derivedData/Build/Intermediates.noindex/swiftui-simple-table.build/Debug-watchos/SimpleTableExamples-t.build/Objects-normal/arm64/SimpleTableExamples.SwiftConstValuesFileList (in target 'SimpleTableExamples' from project 'swiftui-simple-table')
cd /Users/admin/builder/spi-builder-workspace
write-file /Users/admin/builder/spi-builder-workspace/.derivedData/Build/Intermediates.noindex/swiftui-simple-table.build/Debug-watchos/SimpleTableExamples-t.build/Objects-normal/arm64/SimpleTableExamples.SwiftConstValuesFileList
WriteAuxiliaryFile /Users/admin/builder/spi-builder-workspace/.derivedData/Build/Intermediates.noindex/swiftui-simple-table.build/Debug-watchos/SimpleTable-t.build/SimpleTable.DependencyStaticMetadataFileList (in target 'SimpleTable' from project 'swiftui-simple-table')
cd /Users/admin/builder/spi-builder-workspace
write-file /Users/admin/builder/spi-builder-workspace/.derivedData/Build/Intermediates.noindex/swiftui-simple-table.build/Debug-watchos/SimpleTable-t.build/SimpleTable.DependencyStaticMetadataFileList
WriteAuxiliaryFile /Users/admin/builder/spi-builder-workspace/.derivedData/Build/Intermediates.noindex/swiftui-simple-table.build/Debug-watchos/SimpleTable-t.build/SimpleTable.DependencyMetadataFileList (in target 'SimpleTable' from project 'swiftui-simple-table')
cd /Users/admin/builder/spi-builder-workspace
write-file /Users/admin/builder/spi-builder-workspace/.derivedData/Build/Intermediates.noindex/swiftui-simple-table.build/Debug-watchos/SimpleTable-t.build/SimpleTable.DependencyMetadataFileList
WriteAuxiliaryFile /Users/admin/builder/spi-builder-workspace/.derivedData/Build/Intermediates.noindex/swiftui-simple-table.build/Debug-watchos/SimpleTable-t.build/SimpleTable.modulemap (in target 'SimpleTable' from project 'swiftui-simple-table')
cd /Users/admin/builder/spi-builder-workspace
write-file /Users/admin/builder/spi-builder-workspace/.derivedData/Build/Intermediates.noindex/swiftui-simple-table.build/Debug-watchos/SimpleTable-t.build/SimpleTable.modulemap
Copy /Users/admin/builder/spi-builder-workspace/.derivedData/Build/Intermediates.noindex/GeneratedModuleMaps-watchos/SimpleTableExamples.modulemap /Users/admin/builder/spi-builder-workspace/.derivedData/Build/Intermediates.noindex/swiftui-simple-table.build/Debug-watchos/SimpleTableExamples-t.build/SimpleTableExamples.modulemap (in target 'SimpleTableExamples' from project 'swiftui-simple-table')
cd /Users/admin/builder/spi-builder-workspace
builtin-copy -exclude .DS_Store -exclude CVS -exclude .svn -exclude .git -exclude .hg -resolve-src-symlinks /Users/admin/builder/spi-builder-workspace/.derivedData/Build/Intermediates.noindex/swiftui-simple-table.build/Debug-watchos/SimpleTableExamples-t.build/SimpleTableExamples.modulemap /Users/admin/builder/spi-builder-workspace/.derivedData/Build/Intermediates.noindex/GeneratedModuleMaps-watchos
WriteAuxiliaryFile /Users/admin/builder/spi-builder-workspace/.derivedData/Build/Intermediates.noindex/swiftui-simple-table.build/Debug-watchos/SimpleTable-t.build/Objects-normal/arm64_32/SimpleTable_const_extract_protocols.json (in target 'SimpleTable' from project 'swiftui-simple-table')
cd /Users/admin/builder/spi-builder-workspace
write-file /Users/admin/builder/spi-builder-workspace/.derivedData/Build/Intermediates.noindex/swiftui-simple-table.build/Debug-watchos/SimpleTable-t.build/Objects-normal/arm64_32/SimpleTable_const_extract_protocols.json
WriteAuxiliaryFile /Users/admin/builder/spi-builder-workspace/.derivedData/Build/Intermediates.noindex/swiftui-simple-table.build/Debug-watchos/SimpleTable-t.build/Objects-normal/arm64_32/SimpleTable.SwiftFileList (in target 'SimpleTable' from project 'swiftui-simple-table')
cd /Users/admin/builder/spi-builder-workspace
write-file /Users/admin/builder/spi-builder-workspace/.derivedData/Build/Intermediates.noindex/swiftui-simple-table.build/Debug-watchos/SimpleTable-t.build/Objects-normal/arm64_32/SimpleTable.SwiftFileList
WriteAuxiliaryFile /Users/admin/builder/spi-builder-workspace/.derivedData/Build/Intermediates.noindex/swiftui-simple-table.build/Debug-watchos/SimpleTable-t.build/Objects-normal/arm64_32/SimpleTable.SwiftConstValuesFileList (in target 'SimpleTable' from project 'swiftui-simple-table')
cd /Users/admin/builder/spi-builder-workspace
write-file /Users/admin/builder/spi-builder-workspace/.derivedData/Build/Intermediates.noindex/swiftui-simple-table.build/Debug-watchos/SimpleTable-t.build/Objects-normal/arm64_32/SimpleTable.SwiftConstValuesFileList
WriteAuxiliaryFile /Users/admin/builder/spi-builder-workspace/.derivedData/Build/Intermediates.noindex/swiftui-simple-table.build/Debug-watchos/SimpleTable-t.build/Objects-normal/arm64_32/SimpleTable.LinkFileList (in target 'SimpleTable' from project 'swiftui-simple-table')
cd /Users/admin/builder/spi-builder-workspace
write-file /Users/admin/builder/spi-builder-workspace/.derivedData/Build/Intermediates.noindex/swiftui-simple-table.build/Debug-watchos/SimpleTable-t.build/Objects-normal/arm64_32/SimpleTable.LinkFileList
WriteAuxiliaryFile /Users/admin/builder/spi-builder-workspace/.derivedData/Build/Intermediates.noindex/swiftui-simple-table.build/Debug-watchos/SimpleTable-t.build/Objects-normal/arm64_32/SimpleTable-OutputFileMap.json (in target 'SimpleTable' from project 'swiftui-simple-table')
cd /Users/admin/builder/spi-builder-workspace
write-file /Users/admin/builder/spi-builder-workspace/.derivedData/Build/Intermediates.noindex/swiftui-simple-table.build/Debug-watchos/SimpleTable-t.build/Objects-normal/arm64_32/SimpleTable-OutputFileMap.json
WriteAuxiliaryFile /Users/admin/builder/spi-builder-workspace/.derivedData/Build/Intermediates.noindex/swiftui-simple-table.build/Debug-watchos/SimpleTable-t.build/Objects-normal/arm64/SimpleTable_const_extract_protocols.json (in target 'SimpleTable' from project 'swiftui-simple-table')
cd /Users/admin/builder/spi-builder-workspace
write-file /Users/admin/builder/spi-builder-workspace/.derivedData/Build/Intermediates.noindex/swiftui-simple-table.build/Debug-watchos/SimpleTable-t.build/Objects-normal/arm64/SimpleTable_const_extract_protocols.json
WriteAuxiliaryFile /Users/admin/builder/spi-builder-workspace/.derivedData/Build/Intermediates.noindex/swiftui-simple-table.build/Debug-watchos/SimpleTable-t.build/Objects-normal/arm64/SimpleTable.SwiftFileList (in target 'SimpleTable' from project 'swiftui-simple-table')
cd /Users/admin/builder/spi-builder-workspace
write-file /Users/admin/builder/spi-builder-workspace/.derivedData/Build/Intermediates.noindex/swiftui-simple-table.build/Debug-watchos/SimpleTable-t.build/Objects-normal/arm64/SimpleTable.SwiftFileList
WriteAuxiliaryFile /Users/admin/builder/spi-builder-workspace/.derivedData/Build/Intermediates.noindex/swiftui-simple-table.build/Debug-watchos/SimpleTable-t.build/Objects-normal/arm64/SimpleTable.SwiftConstValuesFileList (in target 'SimpleTable' from project 'swiftui-simple-table')
cd /Users/admin/builder/spi-builder-workspace
write-file /Users/admin/builder/spi-builder-workspace/.derivedData/Build/Intermediates.noindex/swiftui-simple-table.build/Debug-watchos/SimpleTable-t.build/Objects-normal/arm64/SimpleTable.SwiftConstValuesFileList
WriteAuxiliaryFile /Users/admin/builder/spi-builder-workspace/.derivedData/Build/Intermediates.noindex/swiftui-simple-table.build/Debug-watchos/SimpleTable-t.build/Objects-normal/arm64/SimpleTable.LinkFileList (in target 'SimpleTable' from project 'swiftui-simple-table')
cd /Users/admin/builder/spi-builder-workspace
write-file /Users/admin/builder/spi-builder-workspace/.derivedData/Build/Intermediates.noindex/swiftui-simple-table.build/Debug-watchos/SimpleTable-t.build/Objects-normal/arm64/SimpleTable.LinkFileList
WriteAuxiliaryFile /Users/admin/builder/spi-builder-workspace/.derivedData/Build/Intermediates.noindex/swiftui-simple-table.build/Debug-watchos/SimpleTable-t.build/Objects-normal/arm64/SimpleTable-OutputFileMap.json (in target 'SimpleTable' from project 'swiftui-simple-table')
cd /Users/admin/builder/spi-builder-workspace
write-file /Users/admin/builder/spi-builder-workspace/.derivedData/Build/Intermediates.noindex/swiftui-simple-table.build/Debug-watchos/SimpleTable-t.build/Objects-normal/arm64/SimpleTable-OutputFileMap.json
Copy /Users/admin/builder/spi-builder-workspace/.derivedData/Build/Intermediates.noindex/GeneratedModuleMaps-watchos/SimpleTable.modulemap /Users/admin/builder/spi-builder-workspace/.derivedData/Build/Intermediates.noindex/swiftui-simple-table.build/Debug-watchos/SimpleTable-t.build/SimpleTable.modulemap (in target 'SimpleTable' from project 'swiftui-simple-table')
cd /Users/admin/builder/spi-builder-workspace
builtin-copy -exclude .DS_Store -exclude CVS -exclude .svn -exclude .git -exclude .hg -resolve-src-symlinks /Users/admin/builder/spi-builder-workspace/.derivedData/Build/Intermediates.noindex/swiftui-simple-table.build/Debug-watchos/SimpleTable-t.build/SimpleTable.modulemap /Users/admin/builder/spi-builder-workspace/.derivedData/Build/Intermediates.noindex/GeneratedModuleMaps-watchos
SwiftDriver SimpleTable normal arm64 com.apple.xcode.tools.swift.compiler (in target 'SimpleTable' from project 'swiftui-simple-table')
cd /Users/admin/builder/spi-builder-workspace/.swiftpm/xcode
builtin-SwiftDriver -- /Applications/Xcode-27.0.0-Release.Candidate.app/Contents/Developer/Toolchains/XcodeDefault.xctoolchain/usr/bin/swiftc -parse-as-library -module-name SimpleTable -Onone @/Users/admin/builder/spi-builder-workspace/.derivedData/Build/Intermediates.noindex/swiftui-simple-table.build/Debug-watchos/SimpleTable-t.build/Objects-normal/arm64/SimpleTable.SwiftFileList -DSWIFT_PACKAGE -DDEBUG -DSWIFT_MODULE_RESOURCE_BUNDLE_UNAVAILABLE -DXcode -plugin-path /Applications/Xcode-27.0.0-Release.Candidate.app/Contents/Developer/Toolchains/XcodeDefault.xctoolchain/usr/lib/swift/host/plugins/testing -enable-experimental-feature DebugDescriptionMacro -sdk /Applications/Xcode-27.0.0-Release.Candidate.app/Contents/Developer/Platforms/WatchOS.platform/Developer/SDKs/WatchOS27.0.sdk -target arm64-apple-watchos9.0 -g -module-cache-path /Users/admin/builder/spi-builder-workspace/.derivedData/ModuleCache.noindex -Xfrontend -serialize-debugging-options -enable-testing -index-store-path /Users/admin/builder/spi-builder-workspace/.derivedData/Index.noindex/DataStore -Xcc -D_LIBCPP_HARDENING_MODE\=_LIBCPP_HARDENING_MODE_DEBUG -swift-version 5 -I /Users/admin/builder/spi-builder-workspace/.derivedData/Build/Products/Debug-watchos -Isystem /Applications/Xcode-27.0.0-Release.Candidate.app/Contents/Developer/Platforms/WatchOS.platform/Developer/usr/lib -F /Users/admin/builder/spi-builder-workspace/.derivedData/Build/Products/Debug-watchos -F /Applications/Xcode-27.0.0-Release.Candidate.app/Contents/Developer/Platforms/WatchOS.platform/Developer/Library/Frameworks -F /Applications/Xcode-27.0.0-Release.Candidate.app/Contents/Developer/Platforms/WatchOS.platform/Developer/SDKs/WatchOS27.0.sdk/Developer/Library/Frameworks -c -j10 -enable-batch-mode -incremental -Xcc -ivfsstatcache -Xcc /Users/admin/builder/spi-builder-workspace/.derivedData/SDKStatCaches.noindex/watchos27.0-24R360-e829b21a6f8c9b70876ba0858053c04477534ef55a1706bf4c1112bbb242f0a2.sdkstatcache -output-file-map /Users/admin/builder/spi-builder-workspace/.derivedData/Build/Intermediates.noindex/swiftui-simple-table.build/Debug-watchos/SimpleTable-t.build/Objects-normal/arm64/SimpleTable-OutputFileMap.json -save-temps -no-color-diagnostics -explicit-module-build -module-cache-path /Users/admin/builder/spi-builder-workspace/.derivedData/Build/Intermediates.noindex/SwiftExplicitPrecompiledModules -clang-scanner-module-cache-path /Users/admin/builder/spi-builder-workspace/.derivedData/ModuleCache.noindex -sdk-module-cache-path /Users/admin/builder/spi-builder-workspace/.derivedData/SDKExplicitPrecompiledModules -emit-dependencies -emit-module -emit-module-path /Users/admin/builder/spi-builder-workspace/.derivedData/Build/Intermediates.noindex/swiftui-simple-table.build/Debug-watchos/SimpleTable-t.build/Objects-normal/arm64/SimpleTable.swiftmodule -serialize-diagnostics -dependency-scan-serialize-diagnostics-path /Users/admin/builder/spi-builder-workspace/.derivedData/Build/Intermediates.noindex/swiftui-simple-table.build/Debug-watchos/SimpleTable-t.build/Objects-normal/arm64/SimpleTable-dependency-scan.dia -validate-clang-modules-once -clang-build-session-file /Users/admin/builder/spi-builder-workspace/.derivedData/ModuleCache.noindex/Session.modulevalidation -Xcc -fmodules-prune-interval\=86400 -Xcc -fmodules-prune-after\=345600 -emit-const-values -const-gather-protocols-list /Users/admin/builder/spi-builder-workspace/.derivedData/Build/Intermediates.noindex/swiftui-simple-table.build/Debug-watchos/SimpleTable-t.build/Objects-normal/arm64/SimpleTable_const_extract_protocols.json -Xcc -I/Users/admin/builder/spi-builder-workspace/.derivedData/Build/Products/Debug-watchos/include -Xcc -I/Users/admin/builder/spi-builder-workspace/.derivedData/Build/Intermediates.noindex/swiftui-simple-table.build/Debug-watchos/SimpleTable-t.build/DerivedSources-normal/arm64 -Xcc -I/Users/admin/builder/spi-builder-workspace/.derivedData/Build/Intermediates.noindex/swiftui-simple-table.build/Debug-watchos/SimpleTable-t.build/DerivedSources/arm64 -Xcc -I/Users/admin/builder/spi-builder-workspace/.derivedData/Build/Intermediates.noindex/swiftui-simple-table.build/Debug-watchos/SimpleTable-t.build/DerivedSources -Xcc -DSWIFT_PACKAGE -Xcc -DDEBUG\=1 -emit-objc-header -emit-objc-header-path /Users/admin/builder/spi-builder-workspace/.derivedData/Build/Intermediates.noindex/swiftui-simple-table.build/Debug-watchos/SimpleTable-t.build/Objects-normal/arm64/SimpleTable-Swift.h -working-directory /Users/admin/builder/spi-builder-workspace/.swiftpm/xcode -experimental-emit-module-separately -disable-cmo
SwiftDriver SimpleTable normal arm64_32 com.apple.xcode.tools.swift.compiler (in target 'SimpleTable' from project 'swiftui-simple-table')
cd /Users/admin/builder/spi-builder-workspace/.swiftpm/xcode
builtin-SwiftDriver -- /Applications/Xcode-27.0.0-Release.Candidate.app/Contents/Developer/Toolchains/XcodeDefault.xctoolchain/usr/bin/swiftc -parse-as-library -module-name SimpleTable -Onone @/Users/admin/builder/spi-builder-workspace/.derivedData/Build/Intermediates.noindex/swiftui-simple-table.build/Debug-watchos/SimpleTable-t.build/Objects-normal/arm64_32/SimpleTable.SwiftFileList -DSWIFT_PACKAGE -DDEBUG -DSWIFT_MODULE_RESOURCE_BUNDLE_UNAVAILABLE -DXcode -plugin-path /Applications/Xcode-27.0.0-Release.Candidate.app/Contents/Developer/Toolchains/XcodeDefault.xctoolchain/usr/lib/swift/host/plugins/testing -enable-experimental-feature DebugDescriptionMacro -sdk /Applications/Xcode-27.0.0-Release.Candidate.app/Contents/Developer/Platforms/WatchOS.platform/Developer/SDKs/WatchOS27.0.sdk -target arm64_32-apple-watchos9.0 -g -module-cache-path /Users/admin/builder/spi-builder-workspace/.derivedData/ModuleCache.noindex -Xfrontend -serialize-debugging-options -enable-testing -index-store-path /Users/admin/builder/spi-builder-workspace/.derivedData/Index.noindex/DataStore -Xcc -D_LIBCPP_HARDENING_MODE\=_LIBCPP_HARDENING_MODE_DEBUG -swift-version 5 -I /Users/admin/builder/spi-builder-workspace/.derivedData/Build/Products/Debug-watchos -Isystem /Applications/Xcode-27.0.0-Release.Candidate.app/Contents/Developer/Platforms/WatchOS.platform/Developer/usr/lib -F /Users/admin/builder/spi-builder-workspace/.derivedData/Build/Products/Debug-watchos -F /Applications/Xcode-27.0.0-Release.Candidate.app/Contents/Developer/Platforms/WatchOS.platform/Developer/Library/Frameworks -F /Applications/Xcode-27.0.0-Release.Candidate.app/Contents/Developer/Platforms/WatchOS.platform/Developer/SDKs/WatchOS27.0.sdk/Developer/Library/Frameworks -c -j10 -enable-batch-mode -incremental -Xcc -ivfsstatcache -Xcc /Users/admin/builder/spi-builder-workspace/.derivedData/SDKStatCaches.noindex/watchos27.0-24R360-e829b21a6f8c9b70876ba0858053c04477534ef55a1706bf4c1112bbb242f0a2.sdkstatcache -output-file-map /Users/admin/builder/spi-builder-workspace/.derivedData/Build/Intermediates.noindex/swiftui-simple-table.build/Debug-watchos/SimpleTable-t.build/Objects-normal/arm64_32/SimpleTable-OutputFileMap.json -save-temps -no-color-diagnostics -explicit-module-build -module-cache-path /Users/admin/builder/spi-builder-workspace/.derivedData/Build/Intermediates.noindex/SwiftExplicitPrecompiledModules -clang-scanner-module-cache-path /Users/admin/builder/spi-builder-workspace/.derivedData/ModuleCache.noindex -sdk-module-cache-path /Users/admin/builder/spi-builder-workspace/.derivedData/SDKExplicitPrecompiledModules -emit-dependencies -emit-module -emit-module-path /Users/admin/builder/spi-builder-workspace/.derivedData/Build/Intermediates.noindex/swiftui-simple-table.build/Debug-watchos/SimpleTable-t.build/Objects-normal/arm64_32/SimpleTable.swiftmodule -serialize-diagnostics -dependency-scan-serialize-diagnostics-path /Users/admin/builder/spi-builder-workspace/.derivedData/Build/Intermediates.noindex/swiftui-simple-table.build/Debug-watchos/SimpleTable-t.build/Objects-normal/arm64_32/SimpleTable-dependency-scan.dia -validate-clang-modules-once -clang-build-session-file /Users/admin/builder/spi-builder-workspace/.derivedData/ModuleCache.noindex/Session.modulevalidation -Xcc -fmodules-prune-interval\=86400 -Xcc -fmodules-prune-after\=345600 -emit-const-values -const-gather-protocols-list /Users/admin/builder/spi-builder-workspace/.derivedData/Build/Intermediates.noindex/swiftui-simple-table.build/Debug-watchos/SimpleTable-t.build/Objects-normal/arm64_32/SimpleTable_const_extract_protocols.json -Xcc -I/Users/admin/builder/spi-builder-workspace/.derivedData/Build/Products/Debug-watchos/include -Xcc -I/Users/admin/builder/spi-builder-workspace/.derivedData/Build/Intermediates.noindex/swiftui-simple-table.build/Debug-watchos/SimpleTable-t.build/DerivedSources-normal/arm64_32 -Xcc -I/Users/admin/builder/spi-builder-workspace/.derivedData/Build/Intermediates.noindex/swiftui-simple-table.build/Debug-watchos/SimpleTable-t.build/DerivedSources/arm64_32 -Xcc -I/Users/admin/builder/spi-builder-workspace/.derivedData/Build/Intermediates.noindex/swiftui-simple-table.build/Debug-watchos/SimpleTable-t.build/DerivedSources -Xcc -DSWIFT_PACKAGE -Xcc -DDEBUG\=1 -emit-objc-header -emit-objc-header-path /Users/admin/builder/spi-builder-workspace/.derivedData/Build/Intermediates.noindex/swiftui-simple-table.build/Debug-watchos/SimpleTable-t.build/Objects-normal/arm64_32/SimpleTable-Swift.h -working-directory /Users/admin/builder/spi-builder-workspace/.swiftpm/xcode -experimental-emit-module-separately -disable-cmo
SwiftExplicitDependencyGeneratePcm arm64_32 /Users/admin/builder/spi-builder-workspace/.derivedData/SDKExplicitPrecompiledModules/_Builtin_stdbool-A967K8W8YUYEC9SN52KJ7OO88.pcm
SwiftExplicitDependencyGeneratePcm arm64 /Users/admin/builder/spi-builder-workspace/.derivedData/SDKExplicitPrecompiledModules/_Builtin_stdarg-A7UU8LE6MP85SM26YO7PBZNUQ.pcm
SwiftExplicitDependencyGeneratePcm arm64 /Users/admin/builder/spi-builder-workspace/.derivedData/SDKExplicitPrecompiledModules/SwiftShims-4MXFZPV6FEB0XBYXCGPWAMQGL.pcm
SwiftExplicitDependencyGeneratePcm arm64 /Users/admin/builder/spi-builder-workspace/.derivedData/SDKExplicitPrecompiledModules/_Builtin_stddef-1FU30Y8SWFB7OUUHMJQH5J6FM.pcm
SwiftExplicitDependencyGeneratePcm arm64 /Users/admin/builder/spi-builder-workspace/.derivedData/SDKExplicitPrecompiledModules/ptrcheck-AIF0NDOYZ8ORBNHQAQR5NNB8M.pcm
SwiftExplicitDependencyGeneratePcm arm64_32 /Users/admin/builder/spi-builder-workspace/.derivedData/SDKExplicitPrecompiledModules/_AvailabilityInternal-244WAN3Z1QBT7PIA64EZEFY1R.pcm
SwiftExplicitDependencyGeneratePcm arm64 /Users/admin/builder/spi-builder-workspace/.derivedData/SDKExplicitPrecompiledModules/_AvailabilityInternal-BUNV3UXM65NT37THI4W1AM0SF.pcm
SwiftExplicitDependencyGeneratePcm arm64_32 /Users/admin/builder/spi-builder-workspace/.derivedData/SDKExplicitPrecompiledModules/_SwiftConcurrencyShims-6RTBPQ03V7BM9SPRK8SUE055H.pcm
SwiftExplicitDependencyGeneratePcm arm64_32 /Users/admin/builder/spi-builder-workspace/.derivedData/SDKExplicitPrecompiledModules/SwiftShims-9CQQGWTSNTN9EB5NSHDWUJICH.pcm
SwiftExplicitDependencyGeneratePcm arm64_32 /Users/admin/builder/spi-builder-workspace/.derivedData/SDKExplicitPrecompiledModules/_Builtin_stddef-H44EFHQX6XSS5MZ7QP6YJZ76.pcm
SwiftExplicitDependencyGeneratePcm arm64_32 /Users/admin/builder/spi-builder-workspace/.derivedData/SDKExplicitPrecompiledModules/_Builtin_stdarg-D305JG44A2WPI6CJY37X3QJE8.pcm
SwiftExplicitDependencyGeneratePcm arm64_32 /Users/admin/builder/spi-builder-workspace/.derivedData/SDKExplicitPrecompiledModules/ptrcheck-7ELIH9BTIGVKX3UBITM9N72WD.pcm
SwiftExplicitDependencyGeneratePcm arm64 /Users/admin/builder/spi-builder-workspace/.derivedData/SDKExplicitPrecompiledModules/_Builtin_stdbool-83J96QSOFE9VX04AAS6310UAE.pcm
SwiftExplicitDependencyGeneratePcm arm64_32 /Users/admin/builder/spi-builder-workspace/.derivedData/SDKExplicitPrecompiledModules/_Builtin_float-6KO8O3PEWRCA4WC6PPLOYO6WJ.pcm
SwiftExplicitDependencyGeneratePcm arm64 /Users/admin/builder/spi-builder-workspace/.derivedData/SDKExplicitPrecompiledModules/_SwiftConcurrencyShims-659N52XSKR5F0QSB880BH2FJR.pcm
SwiftExplicitDependencyGeneratePcm arm64 /Users/admin/builder/spi-builder-workspace/.derivedData/SDKExplicitPrecompiledModules/_Builtin_float-C0CW5Q4HGBQYKE77TC42IAFB5.pcm
SwiftExplicitDependencyGeneratePcm arm64_32 /Users/admin/builder/spi-builder-workspace/.derivedData/SDKExplicitPrecompiledModules/DeveloperToolsSupport-DZU5G1OCMNWU0AQRULIFHUJ1Z.pcm
SwiftExplicitDependencyGeneratePcm arm64_32 /Users/admin/builder/spi-builder-workspace/.derivedData/SDKExplicitPrecompiledModules/ptrauth-BFXF358ME5AK535N5A9Z766WU.pcm
SwiftExplicitDependencyGeneratePcm arm64 /Users/admin/builder/spi-builder-workspace/.derivedData/SDKExplicitPrecompiledModules/ptrauth-3TZ9WJCGLYD25HQPWH4968ONX.pcm
SwiftExplicitDependencyGeneratePcm arm64 /Users/admin/builder/spi-builder-workspace/.derivedData/SDKExplicitPrecompiledModules/DeveloperToolsSupport-E7CNISCB36UE8XQ9IOHK9XDX1.pcm
SwiftExplicitDependencyGeneratePcm arm64_32 /Users/admin/builder/spi-builder-workspace/.derivedData/SDKExplicitPrecompiledModules/_DarwinFoundation1-2GWF9RFMPLQW4PDHS3NARVI3G.pcm
SwiftExplicitDependencyGeneratePcm arm64 /Users/admin/builder/spi-builder-workspace/.derivedData/SDKExplicitPrecompiledModules/_DarwinFoundation1-7SPX3MD0HMP55E4OLNCPNDQ53.pcm
SwiftExplicitDependencyGeneratePcm arm64 /Users/admin/builder/spi-builder-workspace/.derivedData/SDKExplicitPrecompiledModules/_Builtin_limits-9GWPA2B0H20DYUNYHYCWKABJG.pcm
SwiftExplicitDependencyGeneratePcm arm64 /Users/admin/builder/spi-builder-workspace/.derivedData/SDKExplicitPrecompiledModules/_DarwinFoundation2-D0XAPJU49S5E9XMKYOFGSTB1Q.pcm
SwiftExplicitDependencyGeneratePcm arm64_32 /Users/admin/builder/spi-builder-workspace/.derivedData/SDKExplicitPrecompiledModules/_Builtin_limits-3VKBU2AFTD65PAJZ5CJ3LHFM2.pcm
SwiftExplicitDependencyGeneratePcm arm64_32 /Users/admin/builder/spi-builder-workspace/.derivedData/SDKExplicitPrecompiledModules/_DarwinFoundation2-9MY8GOSYRO0M9MKNXF6D3MBNK.pcm
SwiftExplicitDependencyGeneratePcm arm64 /Users/admin/builder/spi-builder-workspace/.derivedData/SDKExplicitPrecompiledModules/_Builtin_tgmath-8NQ96OZ0YHXEC24JI95P01UF8.pcm
SwiftExplicitDependencyGeneratePcm arm64 /Users/admin/builder/spi-builder-workspace/.derivedData/SDKExplicitPrecompiledModules/sys_types-2KXQLI78OUCDP779AE68GZJ2.pcm
SwiftExplicitDependencyGeneratePcm arm64 /Users/admin/builder/spi-builder-workspace/.derivedData/SDKExplicitPrecompiledModules/string_h-E6PRXK75PHIPCZFWOFCQ3QBMK.pcm
SwiftExplicitDependencyGeneratePcm arm64 /Users/admin/builder/spi-builder-workspace/.derivedData/SDKExplicitPrecompiledModules/_Builtin_stdint-8XMILLJZEGRN2XG7XZUXZ5RLX.pcm
SwiftExplicitDependencyGeneratePcm arm64_32 /Users/admin/builder/spi-builder-workspace/.derivedData/SDKExplicitPrecompiledModules/string_h-BFVLUQUSBZWYMLCU9QI7VZALW.pcm
SwiftExplicitDependencyGeneratePcm arm64_32 /Users/admin/builder/spi-builder-workspace/.derivedData/SDKExplicitPrecompiledModules/_Builtin_stdint-1HMXWI3V0V4TXHRWZOMZGZ80Y.pcm
SwiftExplicitDependencyGeneratePcm arm64_32 /Users/admin/builder/spi-builder-workspace/.derivedData/SDKExplicitPrecompiledModules/sys_types-8TLLMW08ZJWDGIIPKOYFGHHZW.pcm
SwiftExplicitDependencyGeneratePcm arm64_32 /Users/admin/builder/spi-builder-workspace/.derivedData/SDKExplicitPrecompiledModules/_Builtin_tgmath-23PGCKURCQILXMK0MYZRYDCOU.pcm
SwiftExplicitDependencyGeneratePcm arm64_32 /Users/admin/builder/spi-builder-workspace/.derivedData/SDKExplicitPrecompiledModules/_Builtin_stdatomic-1TY035TURL76BF2U98PZPPZRX.pcm
SwiftExplicitDependencyGeneratePcm arm64_32 /Users/admin/builder/spi-builder-workspace/.derivedData/SDKExplicitPrecompiledModules/_Builtin_intrinsics-196IIAKDQVU42DLOZP9OQCV76.pcm
SwiftExplicitDependencyGeneratePcm arm64_32 /Users/admin/builder/spi-builder-workspace/.derivedData/SDKExplicitPrecompiledModules/_DarwinFoundation3-3DUTYQDQSD9HUAAVY947NMWOI.pcm
SwiftExplicitDependencyGeneratePcm arm64 /Users/admin/builder/spi-builder-workspace/.derivedData/SDKExplicitPrecompiledModules/_DarwinFoundation3-B97LRG0E9GON2NUE65TVG81HU.pcm
SwiftExplicitDependencyGeneratePcm arm64 /Users/admin/builder/spi-builder-workspace/.derivedData/SDKExplicitPrecompiledModules/_Builtin_intrinsics-75960HIPCIYA06IUW8FIIPQT.pcm
SwiftExplicitDependencyGeneratePcm arm64 /Users/admin/builder/spi-builder-workspace/.derivedData/SDKExplicitPrecompiledModules/_Builtin_stdatomic-7JEFA3KBJJJN6TKJWY3OG1VG5.pcm
SwiftExplicitDependencyGeneratePcm arm64 /Users/admin/builder/spi-builder-workspace/.derivedData/SDKExplicitPrecompiledModules/_Builtin_inttypes-3UQSCM7WNM9EK4HZML8TY5J3D.pcm
SwiftExplicitDependencyGeneratePcm arm64_32 /Users/admin/builder/spi-builder-workspace/.derivedData/SDKExplicitPrecompiledModules/_Builtin_inttypes-D2KPCR4PEX9AQA33NGLUT5SBR.pcm
SwiftExplicitDependencyGeneratePcm arm64 /Users/admin/builder/spi-builder-workspace/.derivedData/SDKExplicitPrecompiledModules/Darwin-3984OXKFNSPE77NT743WK8SEX.pcm
SwiftExplicitDependencyGeneratePcm arm64_32 /Users/admin/builder/spi-builder-workspace/.derivedData/SDKExplicitPrecompiledModules/Darwin-3FVT1SKLN2ZQ5RVOABMTQBB34.pcm
SwiftExplicitDependencyGeneratePcm arm64_32 /Users/admin/builder/spi-builder-workspace/.derivedData/SDKExplicitPrecompiledModules/simd-21UNWYOBUZI1LVSQ99S1XBLMO.pcm
SwiftExplicitDependencyGeneratePcm arm64 /Users/admin/builder/spi-builder-workspace/.derivedData/SDKExplicitPrecompiledModules/simd-EH08NODU6574T74ZKU61VP9BW.pcm
SwiftExplicitDependencyGeneratePcm arm64_32 /Users/admin/builder/spi-builder-workspace/.derivedData/SDKExplicitPrecompiledModules/MachO-56838ZJ0NC1EBAJ0O6O8QMPDX.pcm
SwiftExplicitDependencyGeneratePcm arm64_32 /Users/admin/builder/spi-builder-workspace/.derivedData/SDKExplicitPrecompiledModules/ObjectiveC-6IJNELR2E80E7LUKESVCP2KET.pcm
SwiftExplicitDependencyGeneratePcm arm64 /Users/admin/builder/spi-builder-workspace/.derivedData/SDKExplicitPrecompiledModules/ObjectiveC-72IVD3VS2RS8Q28D9PIMY0KQP.pcm
SwiftExplicitDependencyGeneratePcm arm64 /Users/admin/builder/spi-builder-workspace/.derivedData/SDKExplicitPrecompiledModules/MachO-2U90NNSAQILBNBPS1SA4F8TYP.pcm
SwiftExplicitDependencyGeneratePcm arm64_32 /Users/admin/builder/spi-builder-workspace/.derivedData/SDKExplicitPrecompiledModules/os_object-5YWTC6L4756IWSTPGXS5NM0D0.pcm
SwiftExplicitDependencyGeneratePcm arm64 /Users/admin/builder/spi-builder-workspace/.derivedData/SDKExplicitPrecompiledModules/os_object-3SDKD7F87FTZ26OON37DRYT6O.pcm
SwiftExplicitDependencyGeneratePcm arm64_32 /Users/admin/builder/spi-builder-workspace/.derivedData/SDKExplicitPrecompiledModules/os_workgroup-5JHTPDMNBUNHLJI8LPHKQK1JK.pcm
SwiftExplicitDependencyGeneratePcm arm64 /Users/admin/builder/spi-builder-workspace/.derivedData/SDKExplicitPrecompiledModules/os_workgroup-89GG5G7YC2D0ZTK6AZXXQ20DH.pcm
SwiftExplicitDependencyGeneratePcm arm64_32 /Users/admin/builder/spi-builder-workspace/.derivedData/SDKExplicitPrecompiledModules/Spatial-CWVWNML3T0NXVHZDKVLD3X1YZ.pcm
SwiftExplicitDependencyGeneratePcm arm64 /Users/admin/builder/spi-builder-workspace/.derivedData/SDKExplicitPrecompiledModules/Spatial-44FJGYXFAT2AQAW9Z6T7YS02U.pcm
SwiftExplicitDependencyGeneratePcm arm64_32 /Users/admin/builder/spi-builder-workspace/.derivedData/SDKExplicitPrecompiledModules/Dispatch-2P62F1T4XV63S4P99TUDTOK2Q.pcm
SwiftExplicitDependencyGeneratePcm arm64 /Users/admin/builder/spi-builder-workspace/.derivedData/SDKExplicitPrecompiledModules/Dispatch-1NLJOVAK60XP0DUB05XA59EIM.pcm
SwiftExplicitDependencyGeneratePcm arm64_32 /Users/admin/builder/spi-builder-workspace/.derivedData/SDKExplicitPrecompiledModules/XPC-81Y45QFY96XYYFCW2GT6FY8S4.pcm
SwiftExplicitDependencyGeneratePcm arm64_32 /Users/admin/builder/spi-builder-workspace/.derivedData/SDKExplicitPrecompiledModules/CoreFoundation-8E6Y4BA3EXYKUGJ24GT9LGV3N.pcm
SwiftExplicitDependencyGeneratePcm arm64 /Users/admin/builder/spi-builder-workspace/.derivedData/SDKExplicitPrecompiledModules/XPC-40DR0X1DHKGCV4J1IOLFS8MOU.pcm
SwiftExplicitDependencyGeneratePcm arm64 /Users/admin/builder/spi-builder-workspace/.derivedData/SDKExplicitPrecompiledModules/CoreFoundation-8T2L24YC5NU7WO6WQJWRY7W08.pcm
SwiftExplicitDependencyGeneratePcm arm64_32 /Users/admin/builder/spi-builder-workspace/.derivedData/SDKExplicitPrecompiledModules/os-E5IGB442IA6SBB25TTCOLK2OC.pcm
SwiftExplicitDependencyGeneratePcm arm64 /Users/admin/builder/spi-builder-workspace/.derivedData/SDKExplicitPrecompiledModules/os-5DIL6Z9LFIGLMZAHM7X2T5435.pcm
SwiftExplicitDependencyGeneratePcm arm64_32 /Users/admin/builder/spi-builder-workspace/.derivedData/SDKExplicitPrecompiledModules/Security-D7TOWF88VWF67TB9HAFP5UWB1.pcm
SwiftExplicitDependencyGeneratePcm arm64_32 /Users/admin/builder/spi-builder-workspace/.derivedData/SDKExplicitPrecompiledModules/CoreGraphics-9FDXYX6BKBUT6TJ2VF819E7T5.pcm
SwiftExplicitDependencyGeneratePcm arm64 /Users/admin/builder/spi-builder-workspace/.derivedData/SDKExplicitPrecompiledModules/Security-6RZ6YBRU8WCUHRFFRVUK5WKMM.pcm
SwiftExplicitDependencyGeneratePcm arm64 /Users/admin/builder/spi-builder-workspace/.derivedData/SDKExplicitPrecompiledModules/CoreGraphics-DWNZ73GEH98SBJXZ7DEXB420K.pcm
SwiftExplicitDependencyGeneratePcm arm64 /Users/admin/builder/spi-builder-workspace/.derivedData/SDKExplicitPrecompiledModules/CoreAudioTypes-A9MF7N5LT63G21HNFVM6BT14B.pcm
SwiftExplicitDependencyGeneratePcm arm64_32 /Users/admin/builder/spi-builder-workspace/.derivedData/SDKExplicitPrecompiledModules/CoreAudioTypes-9GVB1DHA32M46R4A9NWSI3I2K.pcm
SwiftExplicitDependencyGeneratePcm arm64 /Users/admin/builder/spi-builder-workspace/.derivedData/SDKExplicitPrecompiledModules/CoreAudio-1B79RJJTP71GE6UY9WLESAN3C.pcm
SwiftExplicitDependencyGeneratePcm arm64_32 /Users/admin/builder/spi-builder-workspace/.derivedData/SDKExplicitPrecompiledModules/CoreAudio-5W6MX6OUPWBMUR8VD5LHT1PZF.pcm
SwiftExplicitDependencyGeneratePcm arm64_32 /Users/admin/builder/spi-builder-workspace/.derivedData/SDKExplicitPrecompiledModules/Foundation-BJ2VQGI3OGR34500MEQ1VKHPH.pcm
SwiftExplicitDependencyGeneratePcm arm64 /Users/admin/builder/spi-builder-workspace/.derivedData/SDKExplicitPrecompiledModules/Foundation-DLBKUSGXN8QHAT8W0OARR9S8A.pcm
SwiftExplicitDependencyGeneratePcm arm64_32 /Users/admin/builder/spi-builder-workspace/.derivedData/SDKExplicitPrecompiledModules/CoreVideo-2P8HI0403J99LBDPKNFJ5D4DL.pcm
SwiftExplicitDependencyGeneratePcm arm64_32 /Users/admin/builder/spi-builder-workspace/.derivedData/SDKExplicitPrecompiledModules/CoreText-C9X2REPZN2V5BSU4G80FCETDR.pcm
SwiftExplicitDependencyGeneratePcm arm64 /Users/admin/builder/spi-builder-workspace/.derivedData/SDKExplicitPrecompiledModules/CoreVideo-8MRR5MNWUOAW2DBPGUQ8FKK4.pcm
SwiftExplicitDependencyGeneratePcm arm64 /Users/admin/builder/spi-builder-workspace/.derivedData/SDKExplicitPrecompiledModules/CoreText-970YJN6NIYGK1316L35Z0O8QT.pcm
SwiftExplicitDependencyGeneratePcm arm64 /Users/admin/builder/spi-builder-workspace/.derivedData/SDKExplicitPrecompiledModules/CoreMedia-1AJVCUZNAO74KIKMFVFUUHWDI.pcm
SwiftExplicitDependencyGeneratePcm arm64_32 /Users/admin/builder/spi-builder-workspace/.derivedData/SDKExplicitPrecompiledModules/CoreMedia-AO387T8CHWTTZODD1DGT0UAFA.pcm
SwiftExplicitDependencyGeneratePcm arm64_32 /Users/admin/builder/spi-builder-workspace/.derivedData/SDKExplicitPrecompiledModules/SceneKit-DKNLHKM5FJBQ79LSNMSSMBUBR.pcm
SwiftExplicitDependencyGeneratePcm arm64_32 /Users/admin/builder/spi-builder-workspace/.derivedData/SDKExplicitPrecompiledModules/CoreData-7AU1AFQWUH88EAPDKVMLJPKVD.pcm
SwiftExplicitDependencyGeneratePcm arm64_32 /Users/admin/builder/spi-builder-workspace/.derivedData/SDKExplicitPrecompiledModules/Accessibility-F385OMZ5GYBUY5O4QAJB4NRII.pcm
SwiftExplicitDependencyGeneratePcm arm64_32 /Users/admin/builder/spi-builder-workspace/.derivedData/SDKExplicitPrecompiledModules/QuartzCore-6375NPYACK5NYVHPMC1QQ8MC2.pcm
SwiftExplicitDependencyGeneratePcm arm64_32 /Users/admin/builder/spi-builder-workspace/.derivedData/SDKExplicitPrecompiledModules/Symbols-1H97WMG76HU94F5VGJR19PXFY.pcm
SwiftExplicitDependencyGeneratePcm arm64_32 /Users/admin/builder/spi-builder-workspace/.derivedData/SDKExplicitPrecompiledModules/UniformTypeIdentifiers-CJZ3NTHPSBH4XWX5EVOG56UZS.pcm
SwiftExplicitDependencyGeneratePcm arm64_32 /Users/admin/builder/spi-builder-workspace/.derivedData/SDKExplicitPrecompiledModules/_LocationEssentials-AQ1OL9QKC3LQLY5CNSRM1HB53.pcm
SwiftExplicitDependencyGeneratePcm arm64_32 /Users/admin/builder/spi-builder-workspace/.derivedData/SDKExplicitPrecompiledModules/DataDetection-U9BF7WHFVA6BZGFXXXP272PS.pcm
SwiftExplicitDependencyGeneratePcm arm64_32 /Users/admin/builder/spi-builder-workspace/.derivedData/SDKExplicitPrecompiledModules/UserNotifications-6TBN8TEAKO014N1T2QD926XED.pcm
SwiftExplicitDependencyGeneratePcm arm64_32 /Users/admin/builder/spi-builder-workspace/.derivedData/SDKExplicitPrecompiledModules/UIUtilities-9YFVNIMRC5HRVOIARNWHP1E3H.pcm
SwiftExplicitDependencyGeneratePcm arm64 /Users/admin/builder/spi-builder-workspace/.derivedData/SDKExplicitPrecompiledModules/Accessibility-27QMG6ZQ1NKYTNBYFPM1XKNFC.pcm
SwiftExplicitDependencyGeneratePcm arm64 /Users/admin/builder/spi-builder-workspace/.derivedData/SDKExplicitPrecompiledModules/Symbols-3EFABTJ9L5PQDJ7RQCYQWEJMM.pcm
SwiftExplicitDependencyGeneratePcm arm64 /Users/admin/builder/spi-builder-workspace/.derivedData/SDKExplicitPrecompiledModules/DataDetection-7BNVI1SZW5ISQL5SX4WL2X7I5.pcm
SwiftExplicitDependencyGeneratePcm arm64 /Users/admin/builder/spi-builder-workspace/.derivedData/SDKExplicitPrecompiledModules/UIUtilities-IR7RNW23VAUKYI9MLCS9NL9A.pcm
SwiftExplicitDependencyGeneratePcm arm64 /Users/admin/builder/spi-builder-workspace/.derivedData/SDKExplicitPrecompiledModules/_LocationEssentials-5ZZDGDXB6HLQUC72SJW7YJ7MK.pcm
SwiftExplicitDependencyGeneratePcm arm64 /Users/admin/builder/spi-builder-workspace/.derivedData/SDKExplicitPrecompiledModules/QuartzCore-94KFMWNOU7ZLUZNB4T5DLZC9D.pcm
SwiftExplicitDependencyGeneratePcm arm64 /Users/admin/builder/spi-builder-workspace/.derivedData/SDKExplicitPrecompiledModules/SceneKit-5HZKIL7XETTTD8TOHYPN8JKRJ.pcm
SwiftExplicitDependencyGeneratePcm arm64 /Users/admin/builder/spi-builder-workspace/.derivedData/SDKExplicitPrecompiledModules/UserNotifications-ARAH8MEQ0C2L0FBO39HITJMAO.pcm
SwiftExplicitDependencyGeneratePcm arm64_32 /Users/admin/builder/spi-builder-workspace/.derivedData/SDKExplicitPrecompiledModules/SwiftUICore-3Q7WLRD8MR9R3NGIPUBQCP6F6.pcm
SwiftExplicitDependencyGeneratePcm arm64 /Users/admin/builder/spi-builder-workspace/.derivedData/SDKExplicitPrecompiledModules/CoreTransferable-9PPG3SLJ55T4LITIFYX2M0NOZ.pcm
SwiftExplicitDependencyGeneratePcm arm64 /Users/admin/builder/spi-builder-workspace/.derivedData/SDKExplicitPrecompiledModules/UniformTypeIdentifiers-8L08Q8DQJV8C4AW84YVGFGTRN.pcm
SwiftExplicitDependencyGeneratePcm arm64_32 /Users/admin/builder/spi-builder-workspace/.derivedData/SDKExplicitPrecompiledModules/CoreLocation-8XU5YMYM4P11RQMYCQAG65ITK.pcm
SwiftExplicitDependencyGeneratePcm arm64_32 /Users/admin/builder/spi-builder-workspace/.derivedData/SDKExplicitPrecompiledModules/OSLog-D9AVFY0KWO7RVBIQ73CBIJVCN.pcm
SwiftExplicitDependencyGeneratePcm arm64_32 /Users/admin/builder/spi-builder-workspace/.derivedData/SDKExplicitPrecompiledModules/CoreTransferable-5D4IR6X37682FPHJ5CBPTKQV6.pcm
SwiftExplicitDependencyGeneratePcm arm64 /Users/admin/builder/spi-builder-workspace/.derivedData/SDKExplicitPrecompiledModules/CoreLocation-ACKJ9K7ABI14F97Y46Y6SRR17.pcm
SwiftExplicitDependencyGeneratePcm arm64 /Users/admin/builder/spi-builder-workspace/.derivedData/SDKExplicitPrecompiledModules/OSLog-B7VGO357Y3GJG35TST7DKDSI3.pcm
SwiftExplicitDependencyGeneratePcm arm64 /Users/admin/builder/spi-builder-workspace/.derivedData/SDKExplicitPrecompiledModules/CoreData-9JFJC4UET8BAO5IPV2JU6W9V8.pcm
SwiftExplicitDependencyGeneratePcm arm64 /Users/admin/builder/spi-builder-workspace/.derivedData/SDKExplicitPrecompiledModules/SwiftUICore-C1DST1IX2Z0PTH5SJJZ1IULRB.pcm
SwiftExplicitDependencyGeneratePcm arm64_32 /Users/admin/builder/spi-builder-workspace/.derivedData/SDKExplicitPrecompiledModules/CoreMotion-1XGTVTE5PP32UHME8AC63TL6.pcm
SwiftExplicitDependencyGeneratePcm arm64 /Users/admin/builder/spi-builder-workspace/.derivedData/SDKExplicitPrecompiledModules/CoreMotion-6RD5K48QT1F4L9CATNFD2O7YB.pcm
SwiftExplicitDependencyGeneratePcm arm64_32 /Users/admin/builder/spi-builder-workspace/.derivedData/SDKExplicitPrecompiledModules/UIKit-6PPV7YPZ89CZPHYAP072QH8B6.pcm
SwiftExplicitDependencyGeneratePcm arm64 /Users/admin/builder/spi-builder-workspace/.derivedData/SDKExplicitPrecompiledModules/UIKit-27R3P1YMV4C6JLDT661G3MRIA.pcm
SwiftExplicitDependencyGeneratePcm arm64_32 /Users/admin/builder/spi-builder-workspace/.derivedData/SDKExplicitPrecompiledModules/HomeKit-DUDZOMSN3UK8GNTNBNMPIWJRN.pcm
SwiftExplicitDependencyGeneratePcm arm64_32 /Users/admin/builder/spi-builder-workspace/.derivedData/SDKExplicitPrecompiledModules/MapKit-CWGB4YMP1VX1NYQN5FULFD5DR.pcm
SwiftExplicitDependencyGeneratePcm arm64 /Users/admin/builder/spi-builder-workspace/.derivedData/SDKExplicitPrecompiledModules/HomeKit-DTS1N4AWILAL1URZ5IOXV5221.pcm
SwiftExplicitDependencyGeneratePcm arm64 /Users/admin/builder/spi-builder-workspace/.derivedData/SDKExplicitPrecompiledModules/MapKit-EJJWC7IL56MPLQMI93GJRE5OG.pcm
SwiftExplicitDependencyGeneratePcm arm64_32 /Users/admin/builder/spi-builder-workspace/.derivedData/SDKExplicitPrecompiledModules/WatchKit-FHF6WTKLC2APGK3LA2XJ6516.pcm
SwiftExplicitDependencyGeneratePcm arm64 /Users/admin/builder/spi-builder-workspace/.derivedData/SDKExplicitPrecompiledModules/WatchKit-3VT3K8YON6FJ6OWSUFJMFMP8J.pcm
SwiftExplicitDependencyGeneratePcm arm64_32 /Users/admin/builder/spi-builder-workspace/.derivedData/SDKExplicitPrecompiledModules/SwiftUI-9AYG9OCT5VOJK7V4MX1WYR86T.pcm
SwiftExplicitDependencyGeneratePcm arm64 /Users/admin/builder/spi-builder-workspace/.derivedData/SDKExplicitPrecompiledModules/SwiftUI-APXDH8ULYLM6FD17YRA73TULO.pcm
SwiftEmitModule normal arm64_32 Emitting\ module\ for\ SimpleTable (in target 'SimpleTable' from project 'swiftui-simple-table')
SwiftCompile normal arm64_32 (in target 'SimpleTable' from project 'swiftui-simple-table')
cd /Users/admin/builder/spi-builder-workspace/.swiftpm/xcode
/Users/admin/builder/spi-builder-workspace/Sources/SimpleTable/SimpleTableView.swift:62:19: warning: generic parameter 'Content' shadows generic parameter from outer scope with the same name; this is an error in the Swift 6 language mode
2 |
3 | /// Wrapper for `SimpleTableLayout` that embeds provided content in a `ScrollView`
4 | public struct SimpleTableView<Content>: View where Content: View {
| `- note: 'Content' previously declared here
5 | /// Content scrolling mode
6 | public enum ScrollMode: Hashable {
:
60 |
61 | @ViewBuilder
62 | func scrollView<Content: View>(
| `- warning: generic parameter 'Content' shadows generic parameter from outer scope with the same name; this is an error in the Swift 6 language mode
63 | @ViewBuilder content: @escaping () -> Content
64 | ) -> some View {
SwiftCompile normal arm64 Compiling\ SimpleTableView.swift /Users/admin/builder/spi-builder-workspace/Sources/SimpleTable/SimpleTableView.swift (in target 'SimpleTable' from project 'swiftui-simple-table')
SwiftCompile normal arm64 /Users/admin/builder/spi-builder-workspace/Sources/SimpleTable/SimpleTableView.swift (in target 'SimpleTable' from project 'swiftui-simple-table')
cd /Users/admin/builder/spi-builder-workspace/.swiftpm/xcode
builtin-SwiftPerFileCompile SimpleTableView.swift
/Users/admin/builder/spi-builder-workspace/Sources/SimpleTable/SimpleTableView.swift:62:19: warning: generic parameter 'Content' shadows generic parameter from outer scope with the same name; this is an error in the Swift 6 language mode
2 |
3 | /// Wrapper for `SimpleTableLayout` that embeds provided content in a `ScrollView`
4 | public struct SimpleTableView<Content>: View where Content: View {
| `- note: 'Content' previously declared here
5 | /// Content scrolling mode
6 | public enum ScrollMode: Hashable {
:
60 |
61 | @ViewBuilder
62 | func scrollView<Content: View>(
| `- warning: generic parameter 'Content' shadows generic parameter from outer scope with the same name; this is an error in the Swift 6 language mode
63 | @ViewBuilder content: @escaping () -> Content
64 | ) -> some View {
SwiftEmitModule normal arm64 Emitting\ module\ for\ SimpleTable (in target 'SimpleTable' from project 'swiftui-simple-table')
/Users/admin/builder/spi-builder-workspace/Sources/SimpleTable/SimpleTableView.swift:62:19: warning: generic parameter 'Content' shadows generic parameter from outer scope with the same name; this is an error in the Swift 6 language mode
2 |
3 | /// Wrapper for `SimpleTableLayout` that embeds provided content in a `ScrollView`
4 | public struct SimpleTableView<Content>: View where Content: View {
| `- note: 'Content' previously declared here
5 | /// Content scrolling mode
6 | public enum ScrollMode: Hashable {
:
60 |
61 | @ViewBuilder
62 | func scrollView<Content: View>(
| `- warning: generic parameter 'Content' shadows generic parameter from outer scope with the same name; this is an error in the Swift 6 language mode
63 | @ViewBuilder content: @escaping () -> Content
64 | ) -> some View {
SwiftCompile normal arm64 (in target 'SimpleTable' from project 'swiftui-simple-table')
cd /Users/admin/builder/spi-builder-workspace/.swiftpm/xcode
SwiftCompile normal arm64_32 Compiling\ SimpleTableHeaderViewModifier.swift /Users/admin/builder/spi-builder-workspace/Sources/SimpleTable/SimpleTableHeaderViewModifier.swift (in target 'SimpleTable' from project 'swiftui-simple-table')
SwiftCompile normal arm64_32 /Users/admin/builder/spi-builder-workspace/Sources/SimpleTable/SimpleTableHeaderViewModifier.swift (in target 'SimpleTable' from project 'swiftui-simple-table')
cd /Users/admin/builder/spi-builder-workspace/.swiftpm/xcode
builtin-SwiftPerFileCompile SimpleTableHeaderViewModifier.swift
SwiftCompile normal arm64 Compiling\ SimpleTableLayout.swift /Users/admin/builder/spi-builder-workspace/Sources/SimpleTable/SimpleTableLayout.swift (in target 'SimpleTable' from project 'swiftui-simple-table')
SwiftCompile normal arm64 /Users/admin/builder/spi-builder-workspace/Sources/SimpleTable/SimpleTableLayout.swift (in target 'SimpleTable' from project 'swiftui-simple-table')
cd /Users/admin/builder/spi-builder-workspace/.swiftpm/xcode
builtin-SwiftPerFileCompile SimpleTableLayout.swift
SwiftCompile normal arm64 Compiling\ SimpleTableHeaderViewModifier.swift /Users/admin/builder/spi-builder-workspace/Sources/SimpleTable/SimpleTableHeaderViewModifier.swift (in target 'SimpleTable' from project 'swiftui-simple-table')
SwiftCompile normal arm64 /Users/admin/builder/spi-builder-workspace/Sources/SimpleTable/SimpleTableHeaderViewModifier.swift (in target 'SimpleTable' from project 'swiftui-simple-table')
cd /Users/admin/builder/spi-builder-workspace/.swiftpm/xcode
builtin-SwiftPerFileCompile SimpleTableHeaderViewModifier.swift
SwiftCompile normal arm64 Compiling\ OnChangeModifier.swift /Users/admin/builder/spi-builder-workspace/Sources/SimpleTable/OnChangeModifier.swift (in target 'SimpleTable' from project 'swiftui-simple-table')
SwiftCompile normal arm64 /Users/admin/builder/spi-builder-workspace/Sources/SimpleTable/OnChangeModifier.swift (in target 'SimpleTable' from project 'swiftui-simple-table')
cd /Users/admin/builder/spi-builder-workspace/.swiftpm/xcode
builtin-SwiftPerFileCompile OnChangeModifier.swift
SwiftCompile normal arm64_32 Compiling\ OnChangeModifier.swift /Users/admin/builder/spi-builder-workspace/Sources/SimpleTable/OnChangeModifier.swift (in target 'SimpleTable' from project 'swiftui-simple-table')
SwiftCompile normal arm64_32 /Users/admin/builder/spi-builder-workspace/Sources/SimpleTable/OnChangeModifier.swift (in target 'SimpleTable' from project 'swiftui-simple-table')
cd /Users/admin/builder/spi-builder-workspace/.swiftpm/xcode
builtin-SwiftPerFileCompile OnChangeModifier.swift
SwiftCompile normal arm64_32 Compiling\ SimpleTableView.swift /Users/admin/builder/spi-builder-workspace/Sources/SimpleTable/SimpleTableView.swift (in target 'SimpleTable' from project 'swiftui-simple-table')
SwiftCompile normal arm64_32 /Users/admin/builder/spi-builder-workspace/Sources/SimpleTable/SimpleTableView.swift (in target 'SimpleTable' from project 'swiftui-simple-table')
cd /Users/admin/builder/spi-builder-workspace/.swiftpm/xcode
builtin-SwiftPerFileCompile SimpleTableView.swift
/Users/admin/builder/spi-builder-workspace/Sources/SimpleTable/SimpleTableView.swift:62:19: warning: generic parameter 'Content' shadows generic parameter from outer scope with the same name; this is an error in the Swift 6 language mode
2 |
3 | /// Wrapper for `SimpleTableLayout` that embeds provided content in a `ScrollView`
4 | public struct SimpleTableView<Content>: View where Content: View {
| `- note: 'Content' previously declared here
5 | /// Content scrolling mode
6 | public enum ScrollMode: Hashable {
:
60 |
61 | @ViewBuilder
62 | func scrollView<Content: View>(
| `- warning: generic parameter 'Content' shadows generic parameter from outer scope with the same name; this is an error in the Swift 6 language mode
63 | @ViewBuilder content: @escaping () -> Content
64 | ) -> some View {
SwiftCompile normal arm64 Compiling\ SimpleTableCoordinateSpaceName.swift /Users/admin/builder/spi-builder-workspace/Sources/SimpleTable/SimpleTableCoordinateSpaceName.swift (in target 'SimpleTable' from project 'swiftui-simple-table')
SwiftCompile normal arm64 /Users/admin/builder/spi-builder-workspace/Sources/SimpleTable/SimpleTableCoordinateSpaceName.swift (in target 'SimpleTable' from project 'swiftui-simple-table')
cd /Users/admin/builder/spi-builder-workspace/.swiftpm/xcode
builtin-SwiftPerFileCompile SimpleTableCoordinateSpaceName.swift
SwiftCompile normal arm64_32 Compiling\ SimpleTableLayout.swift /Users/admin/builder/spi-builder-workspace/Sources/SimpleTable/SimpleTableLayout.swift (in target 'SimpleTable' from project 'swiftui-simple-table')
SwiftCompile normal arm64_32 /Users/admin/builder/spi-builder-workspace/Sources/SimpleTable/SimpleTableLayout.swift (in target 'SimpleTable' from project 'swiftui-simple-table')
cd /Users/admin/builder/spi-builder-workspace/.swiftpm/xcode
builtin-SwiftPerFileCompile SimpleTableLayout.swift
SwiftDriverJobDiscovery normal arm64 Emitting module for SimpleTable (in target 'SimpleTable' from project 'swiftui-simple-table')
SwiftCompile normal arm64_32 Compiling\ SimpleTableCoordinateSpaceName.swift /Users/admin/builder/spi-builder-workspace/Sources/SimpleTable/SimpleTableCoordinateSpaceName.swift (in target 'SimpleTable' from project 'swiftui-simple-table')
SwiftCompile normal arm64_32 /Users/admin/builder/spi-builder-workspace/Sources/SimpleTable/SimpleTableCoordinateSpaceName.swift (in target 'SimpleTable' from project 'swiftui-simple-table')
cd /Users/admin/builder/spi-builder-workspace/.swiftpm/xcode
builtin-SwiftPerFileCompile SimpleTableCoordinateSpaceName.swift
SwiftDriverJobDiscovery normal arm64_32 Emitting module for SimpleTable (in target 'SimpleTable' from project 'swiftui-simple-table')
SwiftDriver\ Compilation\ Requirements SimpleTable normal arm64_32 com.apple.xcode.tools.swift.compiler (in target 'SimpleTable' from project 'swiftui-simple-table')
cd /Users/admin/builder/spi-builder-workspace/.swiftpm/xcode
builtin-Swift-Compilation-Requirements -- /Applications/Xcode-27.0.0-Release.Candidate.app/Contents/Developer/Toolchains/XcodeDefault.xctoolchain/usr/bin/swiftc -parse-as-library -module-name SimpleTable -Onone @/Users/admin/builder/spi-builder-workspace/.derivedData/Build/Intermediates.noindex/swiftui-simple-table.build/Debug-watchos/SimpleTable-t.build/Objects-normal/arm64_32/SimpleTable.SwiftFileList -DSWIFT_PACKAGE -DDEBUG -DSWIFT_MODULE_RESOURCE_BUNDLE_UNAVAILABLE -DXcode -plugin-path /Applications/Xcode-27.0.0-Release.Candidate.app/Contents/Developer/Toolchains/XcodeDefault.xctoolchain/usr/lib/swift/host/plugins/testing -enable-experimental-feature DebugDescriptionMacro -sdk /Applications/Xcode-27.0.0-Release.Candidate.app/Contents/Developer/Platforms/WatchOS.platform/Developer/SDKs/WatchOS27.0.sdk -target arm64_32-apple-watchos9.0 -g -module-cache-path /Users/admin/builder/spi-builder-workspace/.derivedData/ModuleCache.noindex -Xfrontend -serialize-debugging-options -enable-testing -index-store-path /Users/admin/builder/spi-builder-workspace/.derivedData/Index.noindex/DataStore -Xcc -D_LIBCPP_HARDENING_MODE\=_LIBCPP_HARDENING_MODE_DEBUG -swift-version 5 -I /Users/admin/builder/spi-builder-workspace/.derivedData/Build/Products/Debug-watchos -Isystem /Applications/Xcode-27.0.0-Release.Candidate.app/Contents/Developer/Platforms/WatchOS.platform/Developer/usr/lib -F /Users/admin/builder/spi-builder-workspace/.derivedData/Build/Products/Debug-watchos -F /Applications/Xcode-27.0.0-Release.Candidate.app/Contents/Developer/Platforms/WatchOS.platform/Developer/Library/Frameworks -F /Applications/Xcode-27.0.0-Release.Candidate.app/Contents/Developer/Platforms/WatchOS.platform/Developer/SDKs/WatchOS27.0.sdk/Developer/Library/Frameworks -c -j10 -enable-batch-mode -incremental -Xcc -ivfsstatcache -Xcc /Users/admin/builder/spi-builder-workspace/.derivedData/SDKStatCaches.noindex/watchos27.0-24R360-e829b21a6f8c9b70876ba0858053c04477534ef55a1706bf4c1112bbb242f0a2.sdkstatcache -output-file-map /Users/admin/builder/spi-builder-workspace/.derivedData/Build/Intermediates.noindex/swiftui-simple-table.build/Debug-watchos/SimpleTable-t.build/Objects-normal/arm64_32/SimpleTable-OutputFileMap.json -save-temps -no-color-diagnostics -explicit-module-build -module-cache-path /Users/admin/builder/spi-builder-workspace/.derivedData/Build/Intermediates.noindex/SwiftExplicitPrecompiledModules -clang-scanner-module-cache-path /Users/admin/builder/spi-builder-workspace/.derivedData/ModuleCache.noindex -sdk-module-cache-path /Users/admin/builder/spi-builder-workspace/.derivedData/SDKExplicitPrecompiledModules -emit-dependencies -emit-module -emit-module-path /Users/admin/builder/spi-builder-workspace/.derivedData/Build/Intermediates.noindex/swiftui-simple-table.build/Debug-watchos/SimpleTable-t.build/Objects-normal/arm64_32/SimpleTable.swiftmodule -serialize-diagnostics -dependency-scan-serialize-diagnostics-path /Users/admin/builder/spi-builder-workspace/.derivedData/Build/Intermediates.noindex/swiftui-simple-table.build/Debug-watchos/SimpleTable-t.build/Objects-normal/arm64_32/SimpleTable-dependency-scan.dia -validate-clang-modules-once -clang-build-session-file /Users/admin/builder/spi-builder-workspace/.derivedData/ModuleCache.noindex/Session.modulevalidation -Xcc -fmodules-prune-interval\=86400 -Xcc -fmodules-prune-after\=345600 -emit-const-values -const-gather-protocols-list /Users/admin/builder/spi-builder-workspace/.derivedData/Build/Intermediates.noindex/swiftui-simple-table.build/Debug-watchos/SimpleTable-t.build/Objects-normal/arm64_32/SimpleTable_const_extract_protocols.json -Xcc -I/Users/admin/builder/spi-builder-workspace/.derivedData/Build/Products/Debug-watchos/include -Xcc -I/Users/admin/builder/spi-builder-workspace/.derivedData/Build/Intermediates.noindex/swiftui-simple-table.build/Debug-watchos/SimpleTable-t.build/DerivedSources-normal/arm64_32 -Xcc -I/Users/admin/builder/spi-builder-workspace/.derivedData/Build/Intermediates.noindex/swiftui-simple-table.build/Debug-watchos/SimpleTable-t.build/DerivedSources/arm64_32 -Xcc -I/Users/admin/builder/spi-builder-workspace/.derivedData/Build/Intermediates.noindex/swiftui-simple-table.build/Debug-watchos/SimpleTable-t.build/DerivedSources -Xcc -DSWIFT_PACKAGE -Xcc -DDEBUG\=1 -emit-objc-header -emit-objc-header-path /Users/admin/builder/spi-builder-workspace/.derivedData/Build/Intermediates.noindex/swiftui-simple-table.build/Debug-watchos/SimpleTable-t.build/Objects-normal/arm64_32/SimpleTable-Swift.h -working-directory /Users/admin/builder/spi-builder-workspace/.swiftpm/xcode -experimental-emit-module-separately -disable-cmo
SwiftDriverJobDiscovery normal arm64 Compiling SimpleTableCoordinateSpaceName.swift (in target 'SimpleTable' from project 'swiftui-simple-table')
SwiftDriver\ Compilation\ Requirements SimpleTable normal arm64 com.apple.xcode.tools.swift.compiler (in target 'SimpleTable' from project 'swiftui-simple-table')
cd /Users/admin/builder/spi-builder-workspace/.swiftpm/xcode
builtin-Swift-Compilation-Requirements -- /Applications/Xcode-27.0.0-Release.Candidate.app/Contents/Developer/Toolchains/XcodeDefault.xctoolchain/usr/bin/swiftc -parse-as-library -module-name SimpleTable -Onone @/Users/admin/builder/spi-builder-workspace/.derivedData/Build/Intermediates.noindex/swiftui-simple-table.build/Debug-watchos/SimpleTable-t.build/Objects-normal/arm64/SimpleTable.SwiftFileList -DSWIFT_PACKAGE -DDEBUG -DSWIFT_MODULE_RESOURCE_BUNDLE_UNAVAILABLE -DXcode -plugin-path /Applications/Xcode-27.0.0-Release.Candidate.app/Contents/Developer/Toolchains/XcodeDefault.xctoolchain/usr/lib/swift/host/plugins/testing -enable-experimental-feature DebugDescriptionMacro -sdk /Applications/Xcode-27.0.0-Release.Candidate.app/Contents/Developer/Platforms/WatchOS.platform/Developer/SDKs/WatchOS27.0.sdk -target arm64-apple-watchos9.0 -g -module-cache-path /Users/admin/builder/spi-builder-workspace/.derivedData/ModuleCache.noindex -Xfrontend -serialize-debugging-options -enable-testing -index-store-path /Users/admin/builder/spi-builder-workspace/.derivedData/Index.noindex/DataStore -Xcc -D_LIBCPP_HARDENING_MODE\=_LIBCPP_HARDENING_MODE_DEBUG -swift-version 5 -I /Users/admin/builder/spi-builder-workspace/.derivedData/Build/Products/Debug-watchos -Isystem /Applications/Xcode-27.0.0-Release.Candidate.app/Contents/Developer/Platforms/WatchOS.platform/Developer/usr/lib -F /Users/admin/builder/spi-builder-workspace/.derivedData/Build/Products/Debug-watchos -F /Applications/Xcode-27.0.0-Release.Candidate.app/Contents/Developer/Platforms/WatchOS.platform/Developer/Library/Frameworks -F /Applications/Xcode-27.0.0-Release.Candidate.app/Contents/Developer/Platforms/WatchOS.platform/Developer/SDKs/WatchOS27.0.sdk/Developer/Library/Frameworks -c -j10 -enable-batch-mode -incremental -Xcc -ivfsstatcache -Xcc /Users/admin/builder/spi-builder-workspace/.derivedData/SDKStatCaches.noindex/watchos27.0-24R360-e829b21a6f8c9b70876ba0858053c04477534ef55a1706bf4c1112bbb242f0a2.sdkstatcache -output-file-map /Users/admin/builder/spi-builder-workspace/.derivedData/Build/Intermediates.noindex/swiftui-simple-table.build/Debug-watchos/SimpleTable-t.build/Objects-normal/arm64/SimpleTable-OutputFileMap.json -save-temps -no-color-diagnostics -explicit-module-build -module-cache-path /Users/admin/builder/spi-builder-workspace/.derivedData/Build/Intermediates.noindex/SwiftExplicitPrecompiledModules -clang-scanner-module-cache-path /Users/admin/builder/spi-builder-workspace/.derivedData/ModuleCache.noindex -sdk-module-cache-path /Users/admin/builder/spi-builder-workspace/.derivedData/SDKExplicitPrecompiledModules -emit-dependencies -emit-module -emit-module-path /Users/admin/builder/spi-builder-workspace/.derivedData/Build/Intermediates.noindex/swiftui-simple-table.build/Debug-watchos/SimpleTable-t.build/Objects-normal/arm64/SimpleTable.swiftmodule -serialize-diagnostics -dependency-scan-serialize-diagnostics-path /Users/admin/builder/spi-builder-workspace/.derivedData/Build/Intermediates.noindex/swiftui-simple-table.build/Debug-watchos/SimpleTable-t.build/Objects-normal/arm64/SimpleTable-dependency-scan.dia -validate-clang-modules-once -clang-build-session-file /Users/admin/builder/spi-builder-workspace/.derivedData/ModuleCache.noindex/Session.modulevalidation -Xcc -fmodules-prune-interval\=86400 -Xcc -fmodules-prune-after\=345600 -emit-const-values -const-gather-protocols-list /Users/admin/builder/spi-builder-workspace/.derivedData/Build/Intermediates.noindex/swiftui-simple-table.build/Debug-watchos/SimpleTable-t.build/Objects-normal/arm64/SimpleTable_const_extract_protocols.json -Xcc -I/Users/admin/builder/spi-builder-workspace/.derivedData/Build/Products/Debug-watchos/include -Xcc -I/Users/admin/builder/spi-builder-workspace/.derivedData/Build/Intermediates.noindex/swiftui-simple-table.build/Debug-watchos/SimpleTable-t.build/DerivedSources-normal/arm64 -Xcc -I/Users/admin/builder/spi-builder-workspace/.derivedData/Build/Intermediates.noindex/swiftui-simple-table.build/Debug-watchos/SimpleTable-t.build/DerivedSources/arm64 -Xcc -I/Users/admin/builder/spi-builder-workspace/.derivedData/Build/Intermediates.noindex/swiftui-simple-table.build/Debug-watchos/SimpleTable-t.build/DerivedSources -Xcc -DSWIFT_PACKAGE -Xcc -DDEBUG\=1 -emit-objc-header -emit-objc-header-path /Users/admin/builder/spi-builder-workspace/.derivedData/Build/Intermediates.noindex/swiftui-simple-table.build/Debug-watchos/SimpleTable-t.build/Objects-normal/arm64/SimpleTable-Swift.h -working-directory /Users/admin/builder/spi-builder-workspace/.swiftpm/xcode -experimental-emit-module-separately -disable-cmo
SwiftMergeGeneratedHeaders /Users/admin/builder/spi-builder-workspace/.derivedData/Build/Intermediates.noindex/GeneratedModuleMaps-watchos/SimpleTable-Swift.h /Users/admin/builder/spi-builder-workspace/.derivedData/Build/Intermediates.noindex/swiftui-simple-table.build/Debug-watchos/SimpleTable-t.build/Objects-normal/arm64/SimpleTable-Swift.h /Users/admin/builder/spi-builder-workspace/.derivedData/Build/Intermediates.noindex/swiftui-simple-table.build/Debug-watchos/SimpleTable-t.build/Objects-normal/arm64_32/SimpleTable-Swift.h (in target 'SimpleTable' from project 'swiftui-simple-table')
cd /Users/admin/builder/spi-builder-workspace
builtin-swiftHeaderTool -arch arm64 /Users/admin/builder/spi-builder-workspace/.derivedData/Build/Intermediates.noindex/swiftui-simple-table.build/Debug-watchos/SimpleTable-t.build/Objects-normal/arm64/SimpleTable-Swift.h -arch arm64_32 /Users/admin/builder/spi-builder-workspace/.derivedData/Build/Intermediates.noindex/swiftui-simple-table.build/Debug-watchos/SimpleTable-t.build/Objects-normal/arm64_32/SimpleTable-Swift.h -o /Users/admin/builder/spi-builder-workspace/.derivedData/Build/Intermediates.noindex/GeneratedModuleMaps-watchos/SimpleTable-Swift.h
Copy /Users/admin/builder/spi-builder-workspace/.derivedData/Build/Products/Debug-watchos/SimpleTable.swiftmodule/arm64_32-apple-watchos.swiftmodule /Users/admin/builder/spi-builder-workspace/.derivedData/Build/Intermediates.noindex/swiftui-simple-table.build/Debug-watchos/SimpleTable-t.build/Objects-normal/arm64_32/SimpleTable.swiftmodule (in target 'SimpleTable' from project 'swiftui-simple-table')
cd /Users/admin/builder/spi-builder-workspace
builtin-copy -exclude .DS_Store -exclude CVS -exclude .svn -exclude .git -exclude .hg -resolve-src-symlinks -rename /Users/admin/builder/spi-builder-workspace/.derivedData/Build/Intermediates.noindex/swiftui-simple-table.build/Debug-watchos/SimpleTable-t.build/Objects-normal/arm64_32/SimpleTable.swiftmodule /Users/admin/builder/spi-builder-workspace/.derivedData/Build/Products/Debug-watchos/SimpleTable.swiftmodule/arm64_32-apple-watchos.swiftmodule
Copy /Users/admin/builder/spi-builder-workspace/.derivedData/Build/Products/Debug-watchos/SimpleTable.swiftmodule/arm64_32-apple-watchos.swiftdoc /Users/admin/builder/spi-builder-workspace/.derivedData/Build/Intermediates.noindex/swiftui-simple-table.build/Debug-watchos/SimpleTable-t.build/Objects-normal/arm64_32/SimpleTable.swiftdoc (in target 'SimpleTable' from project 'swiftui-simple-table')
cd /Users/admin/builder/spi-builder-workspace
builtin-copy -exclude .DS_Store -exclude CVS -exclude .svn -exclude .git -exclude .hg -resolve-src-symlinks -rename /Users/admin/builder/spi-builder-workspace/.derivedData/Build/Intermediates.noindex/swiftui-simple-table.build/Debug-watchos/SimpleTable-t.build/Objects-normal/arm64_32/SimpleTable.swiftdoc /Users/admin/builder/spi-builder-workspace/.derivedData/Build/Products/Debug-watchos/SimpleTable.swiftmodule/arm64_32-apple-watchos.swiftdoc
Copy /Users/admin/builder/spi-builder-workspace/.derivedData/Build/Products/Debug-watchos/SimpleTable.swiftmodule/arm64_32-apple-watchos.abi.json /Users/admin/builder/spi-builder-workspace/.derivedData/Build/Intermediates.noindex/swiftui-simple-table.build/Debug-watchos/SimpleTable-t.build/Objects-normal/arm64_32/SimpleTable.abi.json (in target 'SimpleTable' from project 'swiftui-simple-table')
cd /Users/admin/builder/spi-builder-workspace
builtin-copy -exclude .DS_Store -exclude CVS -exclude .svn -exclude .git -exclude .hg -resolve-src-symlinks -rename /Users/admin/builder/spi-builder-workspace/.derivedData/Build/Intermediates.noindex/swiftui-simple-table.build/Debug-watchos/SimpleTable-t.build/Objects-normal/arm64_32/SimpleTable.abi.json /Users/admin/builder/spi-builder-workspace/.derivedData/Build/Products/Debug-watchos/SimpleTable.swiftmodule/arm64_32-apple-watchos.abi.json
Copy /Users/admin/builder/spi-builder-workspace/.derivedData/Build/Products/Debug-watchos/SimpleTable.swiftmodule/arm64-apple-watchos.swiftmodule /Users/admin/builder/spi-builder-workspace/.derivedData/Build/Intermediates.noindex/swiftui-simple-table.build/Debug-watchos/SimpleTable-t.build/Objects-normal/arm64/SimpleTable.swiftmodule (in target 'SimpleTable' from project 'swiftui-simple-table')
cd /Users/admin/builder/spi-builder-workspace
builtin-copy -exclude .DS_Store -exclude CVS -exclude .svn -exclude .git -exclude .hg -resolve-src-symlinks -rename /Users/admin/builder/spi-builder-workspace/.derivedData/Build/Intermediates.noindex/swiftui-simple-table.build/Debug-watchos/SimpleTable-t.build/Objects-normal/arm64/SimpleTable.swiftmodule /Users/admin/builder/spi-builder-workspace/.derivedData/Build/Products/Debug-watchos/SimpleTable.swiftmodule/arm64-apple-watchos.swiftmodule
Copy /Users/admin/builder/spi-builder-workspace/.derivedData/Build/Products/Debug-watchos/SimpleTable.swiftmodule/arm64-apple-watchos.swiftdoc /Users/admin/builder/spi-builder-workspace/.derivedData/Build/Intermediates.noindex/swiftui-simple-table.build/Debug-watchos/SimpleTable-t.build/Objects-normal/arm64/SimpleTable.swiftdoc (in target 'SimpleTable' from project 'swiftui-simple-table')
cd /Users/admin/builder/spi-builder-workspace
builtin-copy -exclude .DS_Store -exclude CVS -exclude .svn -exclude .git -exclude .hg -resolve-src-symlinks -rename /Users/admin/builder/spi-builder-workspace/.derivedData/Build/Intermediates.noindex/swiftui-simple-table.build/Debug-watchos/SimpleTable-t.build/Objects-normal/arm64/SimpleTable.swiftdoc /Users/admin/builder/spi-builder-workspace/.derivedData/Build/Products/Debug-watchos/SimpleTable.swiftmodule/arm64-apple-watchos.swiftdoc
Copy /Users/admin/builder/spi-builder-workspace/.derivedData/Build/Products/Debug-watchos/SimpleTable.swiftmodule/arm64-apple-watchos.abi.json /Users/admin/builder/spi-builder-workspace/.derivedData/Build/Intermediates.noindex/swiftui-simple-table.build/Debug-watchos/SimpleTable-t.build/Objects-normal/arm64/SimpleTable.abi.json (in target 'SimpleTable' from project 'swiftui-simple-table')
cd /Users/admin/builder/spi-builder-workspace
builtin-copy -exclude .DS_Store -exclude CVS -exclude .svn -exclude .git -exclude .hg -resolve-src-symlinks -rename /Users/admin/builder/spi-builder-workspace/.derivedData/Build/Intermediates.noindex/swiftui-simple-table.build/Debug-watchos/SimpleTable-t.build/Objects-normal/arm64/SimpleTable.abi.json /Users/admin/builder/spi-builder-workspace/.derivedData/Build/Products/Debug-watchos/SimpleTable.swiftmodule/arm64-apple-watchos.abi.json
Copy /Users/admin/builder/spi-builder-workspace/.derivedData/Build/Products/Debug-watchos/SimpleTable.swiftmodule/Project/arm64_32-apple-watchos.swiftsourceinfo /Users/admin/builder/spi-builder-workspace/.derivedData/Build/Intermediates.noindex/swiftui-simple-table.build/Debug-watchos/SimpleTable-t.build/Objects-normal/arm64_32/SimpleTable.swiftsourceinfo (in target 'SimpleTable' from project 'swiftui-simple-table')
cd /Users/admin/builder/spi-builder-workspace
builtin-copy -exclude .DS_Store -exclude CVS -exclude .svn -exclude .git -exclude .hg -resolve-src-symlinks -rename /Users/admin/builder/spi-builder-workspace/.derivedData/Build/Intermediates.noindex/swiftui-simple-table.build/Debug-watchos/SimpleTable-t.build/Objects-normal/arm64_32/SimpleTable.swiftsourceinfo /Users/admin/builder/spi-builder-workspace/.derivedData/Build/Products/Debug-watchos/SimpleTable.swiftmodule/Project/arm64_32-apple-watchos.swiftsourceinfo
Copy /Users/admin/builder/spi-builder-workspace/.derivedData/Build/Products/Debug-watchos/SimpleTable.swiftmodule/Project/arm64-apple-watchos.swiftsourceinfo /Users/admin/builder/spi-builder-workspace/.derivedData/Build/Intermediates.noindex/swiftui-simple-table.build/Debug-watchos/SimpleTable-t.build/Objects-normal/arm64/SimpleTable.swiftsourceinfo (in target 'SimpleTable' from project 'swiftui-simple-table')
cd /Users/admin/builder/spi-builder-workspace
builtin-copy -exclude .DS_Store -exclude CVS -exclude .svn -exclude .git -exclude .hg -resolve-src-symlinks -rename /Users/admin/builder/spi-builder-workspace/.derivedData/Build/Intermediates.noindex/swiftui-simple-table.build/Debug-watchos/SimpleTable-t.build/Objects-normal/arm64/SimpleTable.swiftsourceinfo /Users/admin/builder/spi-builder-workspace/.derivedData/Build/Products/Debug-watchos/SimpleTable.swiftmodule/Project/arm64-apple-watchos.swiftsourceinfo
SwiftDriver SimpleTableExamples normal arm64 com.apple.xcode.tools.swift.compiler (in target 'SimpleTableExamples' from project 'swiftui-simple-table')
cd /Users/admin/builder/spi-builder-workspace/.swiftpm/xcode
builtin-SwiftDriver -- /Applications/Xcode-27.0.0-Release.Candidate.app/Contents/Developer/Toolchains/XcodeDefault.xctoolchain/usr/bin/swiftc -parse-as-library -module-name SimpleTableExamples -Onone @/Users/admin/builder/spi-builder-workspace/.derivedData/Build/Intermediates.noindex/swiftui-simple-table.build/Debug-watchos/SimpleTableExamples-t.build/Objects-normal/arm64/SimpleTableExamples.SwiftFileList -DSWIFT_PACKAGE -DDEBUG -DSWIFT_MODULE_RESOURCE_BUNDLE_UNAVAILABLE -DXcode -plugin-path /Applications/Xcode-27.0.0-Release.Candidate.app/Contents/Developer/Toolchains/XcodeDefault.xctoolchain/usr/lib/swift/host/plugins/testing -enable-experimental-feature DebugDescriptionMacro -sdk /Applications/Xcode-27.0.0-Release.Candidate.app/Contents/Developer/Platforms/WatchOS.platform/Developer/SDKs/WatchOS27.0.sdk -target arm64-apple-watchos9.0 -g -module-cache-path /Users/admin/builder/spi-builder-workspace/.derivedData/ModuleCache.noindex -Xfrontend -serialize-debugging-options -enable-testing -index-store-path /Users/admin/builder/spi-builder-workspace/.derivedData/Index.noindex/DataStore -Xcc -D_LIBCPP_HARDENING_MODE\=_LIBCPP_HARDENING_MODE_DEBUG -swift-version 5 -I /Users/admin/builder/spi-builder-workspace/.derivedData/Build/Products/Debug-watchos -Isystem /Applications/Xcode-27.0.0-Release.Candidate.app/Contents/Developer/Platforms/WatchOS.platform/Developer/usr/lib -F /Users/admin/builder/spi-builder-workspace/.derivedData/Build/Products/Debug-watchos/PackageFrameworks -F /Users/admin/builder/spi-builder-workspace/.derivedData/Build/Products/Debug-watchos -F /Applications/Xcode-27.0.0-Release.Candidate.app/Contents/Developer/Platforms/WatchOS.platform/Developer/Library/Frameworks -F /Applications/Xcode-27.0.0-Release.Candidate.app/Contents/Developer/Platforms/WatchOS.platform/Developer/SDKs/WatchOS27.0.sdk/Developer/Library/Frameworks -c -j10 -enable-batch-mode -incremental -Xcc -ivfsstatcache -Xcc /Users/admin/builder/spi-builder-workspace/.derivedData/SDKStatCaches.noindex/watchos27.0-24R360-e829b21a6f8c9b70876ba0858053c04477534ef55a1706bf4c1112bbb242f0a2.sdkstatcache -output-file-map /Users/admin/builder/spi-builder-workspace/.derivedData/Build/Intermediates.noindex/swiftui-simple-table.build/Debug-watchos/SimpleTableExamples-t.build/Objects-normal/arm64/SimpleTableExamples-OutputFileMap.json -save-temps -no-color-diagnostics -explicit-module-build -module-cache-path /Users/admin/builder/spi-builder-workspace/.derivedData/Build/Intermediates.noindex/SwiftExplicitPrecompiledModules -clang-scanner-module-cache-path /Users/admin/builder/spi-builder-workspace/.derivedData/ModuleCache.noindex -sdk-module-cache-path /Users/admin/builder/spi-builder-workspace/.derivedData/SDKExplicitPrecompiledModules -emit-dependencies -emit-module -emit-module-path /Users/admin/builder/spi-builder-workspace/.derivedData/Build/Intermediates.noindex/swiftui-simple-table.build/Debug-watchos/SimpleTableExamples-t.build/Objects-normal/arm64/SimpleTableExamples.swiftmodule -serialize-diagnostics -dependency-scan-serialize-diagnostics-path /Users/admin/builder/spi-builder-workspace/.derivedData/Build/Intermediates.noindex/swiftui-simple-table.build/Debug-watchos/SimpleTableExamples-t.build/Objects-normal/arm64/SimpleTableExamples-dependency-scan.dia -validate-clang-modules-once -clang-build-session-file /Users/admin/builder/spi-builder-workspace/.derivedData/ModuleCache.noindex/Session.modulevalidation -Xcc -fmodules-prune-interval\=86400 -Xcc -fmodules-prune-after\=345600 -emit-const-values -const-gather-protocols-list /Users/admin/builder/spi-builder-workspace/.derivedData/Build/Intermediates.noindex/swiftui-simple-table.build/Debug-watchos/SimpleTableExamples-t.build/Objects-normal/arm64/SimpleTableExamples_const_extract_protocols.json -Xcc -I/Users/admin/builder/spi-builder-workspace/.derivedData/Build/Products/Debug-watchos/include -Xcc -I/Users/admin/builder/spi-builder-workspace/.derivedData/Build/Intermediates.noindex/swiftui-simple-table.build/Debug-watchos/SimpleTableExamples-t.build/DerivedSources-normal/arm64 -Xcc -I/Users/admin/builder/spi-builder-workspace/.derivedData/Build/Intermediates.noindex/swiftui-simple-table.build/Debug-watchos/SimpleTableExamples-t.build/DerivedSources/arm64 -Xcc -I/Users/admin/builder/spi-builder-workspace/.derivedData/Build/Intermediates.noindex/swiftui-simple-table.build/Debug-watchos/SimpleTableExamples-t.build/DerivedSources -Xcc -DSWIFT_PACKAGE -Xcc -DDEBUG\=1 -emit-objc-header -emit-objc-header-path /Users/admin/builder/spi-builder-workspace/.derivedData/Build/Intermediates.noindex/swiftui-simple-table.build/Debug-watchos/SimpleTableExamples-t.build/Objects-normal/arm64/SimpleTableExamples-Swift.h -working-directory /Users/admin/builder/spi-builder-workspace/.swiftpm/xcode -experimental-emit-module-separately -disable-cmo
SwiftDriver SimpleTableExamples normal arm64_32 com.apple.xcode.tools.swift.compiler (in target 'SimpleTableExamples' from project 'swiftui-simple-table')
cd /Users/admin/builder/spi-builder-workspace/.swiftpm/xcode
builtin-SwiftDriver -- /Applications/Xcode-27.0.0-Release.Candidate.app/Contents/Developer/Toolchains/XcodeDefault.xctoolchain/usr/bin/swiftc -parse-as-library -module-name SimpleTableExamples -Onone @/Users/admin/builder/spi-builder-workspace/.derivedData/Build/Intermediates.noindex/swiftui-simple-table.build/Debug-watchos/SimpleTableExamples-t.build/Objects-normal/arm64_32/SimpleTableExamples.SwiftFileList -DSWIFT_PACKAGE -DDEBUG -DSWIFT_MODULE_RESOURCE_BUNDLE_UNAVAILABLE -DXcode -plugin-path /Applications/Xcode-27.0.0-Release.Candidate.app/Contents/Developer/Toolchains/XcodeDefault.xctoolchain/usr/lib/swift/host/plugins/testing -enable-experimental-feature DebugDescriptionMacro -sdk /Applications/Xcode-27.0.0-Release.Candidate.app/Contents/Developer/Platforms/WatchOS.platform/Developer/SDKs/WatchOS27.0.sdk -target arm64_32-apple-watchos9.0 -g -module-cache-path /Users/admin/builder/spi-builder-workspace/.derivedData/ModuleCache.noindex -Xfrontend -serialize-debugging-options -enable-testing -index-store-path /Users/admin/builder/spi-builder-workspace/.derivedData/Index.noindex/DataStore -Xcc -D_LIBCPP_HARDENING_MODE\=_LIBCPP_HARDENING_MODE_DEBUG -swift-version 5 -I /Users/admin/builder/spi-builder-workspace/.derivedData/Build/Products/Debug-watchos -Isystem /Applications/Xcode-27.0.0-Release.Candidate.app/Contents/Developer/Platforms/WatchOS.platform/Developer/usr/lib -F /Users/admin/builder/spi-builder-workspace/.derivedData/Build/Products/Debug-watchos/PackageFrameworks -F /Users/admin/builder/spi-builder-workspace/.derivedData/Build/Products/Debug-watchos -F /Applications/Xcode-27.0.0-Release.Candidate.app/Contents/Developer/Platforms/WatchOS.platform/Developer/Library/Frameworks -F /Applications/Xcode-27.0.0-Release.Candidate.app/Contents/Developer/Platforms/WatchOS.platform/Developer/SDKs/WatchOS27.0.sdk/Developer/Library/Frameworks -c -j10 -enable-batch-mode -incremental -Xcc -ivfsstatcache -Xcc /Users/admin/builder/spi-builder-workspace/.derivedData/SDKStatCaches.noindex/watchos27.0-24R360-e829b21a6f8c9b70876ba0858053c04477534ef55a1706bf4c1112bbb242f0a2.sdkstatcache -output-file-map /Users/admin/builder/spi-builder-workspace/.derivedData/Build/Intermediates.noindex/swiftui-simple-table.build/Debug-watchos/SimpleTableExamples-t.build/Objects-normal/arm64_32/SimpleTableExamples-OutputFileMap.json -save-temps -no-color-diagnostics -explicit-module-build -module-cache-path /Users/admin/builder/spi-builder-workspace/.derivedData/Build/Intermediates.noindex/SwiftExplicitPrecompiledModules -clang-scanner-module-cache-path /Users/admin/builder/spi-builder-workspace/.derivedData/ModuleCache.noindex -sdk-module-cache-path /Users/admin/builder/spi-builder-workspace/.derivedData/SDKExplicitPrecompiledModules -emit-dependencies -emit-module -emit-module-path /Users/admin/builder/spi-builder-workspace/.derivedData/Build/Intermediates.noindex/swiftui-simple-table.build/Debug-watchos/SimpleTableExamples-t.build/Objects-normal/arm64_32/SimpleTableExamples.swiftmodule -serialize-diagnostics -dependency-scan-serialize-diagnostics-path /Users/admin/builder/spi-builder-workspace/.derivedData/Build/Intermediates.noindex/swiftui-simple-table.build/Debug-watchos/SimpleTableExamples-t.build/Objects-normal/arm64_32/SimpleTableExamples-dependency-scan.dia -validate-clang-modules-once -clang-build-session-file /Users/admin/builder/spi-builder-workspace/.derivedData/ModuleCache.noindex/Session.modulevalidation -Xcc -fmodules-prune-interval\=86400 -Xcc -fmodules-prune-after\=345600 -emit-const-values -const-gather-protocols-list /Users/admin/builder/spi-builder-workspace/.derivedData/Build/Intermediates.noindex/swiftui-simple-table.build/Debug-watchos/SimpleTableExamples-t.build/Objects-normal/arm64_32/SimpleTableExamples_const_extract_protocols.json -Xcc -I/Users/admin/builder/spi-builder-workspace/.derivedData/Build/Products/Debug-watchos/include -Xcc -I/Users/admin/builder/spi-builder-workspace/.derivedData/Build/Intermediates.noindex/swiftui-simple-table.build/Debug-watchos/SimpleTableExamples-t.build/DerivedSources-normal/arm64_32 -Xcc -I/Users/admin/builder/spi-builder-workspace/.derivedData/Build/Intermediates.noindex/swiftui-simple-table.build/Debug-watchos/SimpleTableExamples-t.build/DerivedSources/arm64_32 -Xcc -I/Users/admin/builder/spi-builder-workspace/.derivedData/Build/Intermediates.noindex/swiftui-simple-table.build/Debug-watchos/SimpleTableExamples-t.build/DerivedSources -Xcc -DSWIFT_PACKAGE -Xcc -DDEBUG\=1 -emit-objc-header -emit-objc-header-path /Users/admin/builder/spi-builder-workspace/.derivedData/Build/Intermediates.noindex/swiftui-simple-table.build/Debug-watchos/SimpleTableExamples-t.build/Objects-normal/arm64_32/SimpleTableExamples-Swift.h -working-directory /Users/admin/builder/spi-builder-workspace/.swiftpm/xcode -experimental-emit-module-separately -disable-cmo
SwiftDriverJobDiscovery normal arm64_32 Compiling SimpleTableCoordinateSpaceName.swift (in target 'SimpleTable' from project 'swiftui-simple-table')
SwiftEmitModule normal arm64 Emitting\ module\ for\ SimpleTableExamples (in target 'SimpleTableExamples' from project 'swiftui-simple-table')
SwiftCompile normal arm64 (in target 'SimpleTableExamples' from project 'swiftui-simple-table')
cd /Users/admin/builder/spi-builder-workspace/.swiftpm/xcode
SwiftCompile normal arm64 Compiling\ ColorsTableExample.swift /Users/admin/builder/spi-builder-workspace/Sources/SimpleTableExamples/ColorsTableExample.swift (in target 'SimpleTableExamples' from project 'swiftui-simple-table')
SwiftCompile normal arm64 /Users/admin/builder/spi-builder-workspace/Sources/SimpleTableExamples/ColorsTableExample.swift (in target 'SimpleTableExamples' from project 'swiftui-simple-table')
cd /Users/admin/builder/spi-builder-workspace/.swiftpm/xcode
builtin-SwiftPerFileCompile ColorsTableExample.swift
SwiftDriverJobDiscovery normal arm64 Emitting module for SimpleTableExamples (in target 'SimpleTableExamples' from project 'swiftui-simple-table')
SwiftDriver\ Compilation\ Requirements SimpleTableExamples normal arm64 com.apple.xcode.tools.swift.compiler (in target 'SimpleTableExamples' from project 'swiftui-simple-table')
cd /Users/admin/builder/spi-builder-workspace/.swiftpm/xcode
builtin-Swift-Compilation-Requirements -- /Applications/Xcode-27.0.0-Release.Candidate.app/Contents/Developer/Toolchains/XcodeDefault.xctoolchain/usr/bin/swiftc -parse-as-library -module-name SimpleTableExamples -Onone @/Users/admin/builder/spi-builder-workspace/.derivedData/Build/Intermediates.noindex/swiftui-simple-table.build/Debug-watchos/SimpleTableExamples-t.build/Objects-normal/arm64/SimpleTableExamples.SwiftFileList -DSWIFT_PACKAGE -DDEBUG -DSWIFT_MODULE_RESOURCE_BUNDLE_UNAVAILABLE -DXcode -plugin-path /Applications/Xcode-27.0.0-Release.Candidate.app/Contents/Developer/Toolchains/XcodeDefault.xctoolchain/usr/lib/swift/host/plugins/testing -enable-experimental-feature DebugDescriptionMacro -sdk /Applications/Xcode-27.0.0-Release.Candidate.app/Contents/Developer/Platforms/WatchOS.platform/Developer/SDKs/WatchOS27.0.sdk -target arm64-apple-watchos9.0 -g -module-cache-path /Users/admin/builder/spi-builder-workspace/.derivedData/ModuleCache.noindex -Xfrontend -serialize-debugging-options -enable-testing -index-store-path /Users/admin/builder/spi-builder-workspace/.derivedData/Index.noindex/DataStore -Xcc -D_LIBCPP_HARDENING_MODE\=_LIBCPP_HARDENING_MODE_DEBUG -swift-version 5 -I /Users/admin/builder/spi-builder-workspace/.derivedData/Build/Products/Debug-watchos -Isystem /Applications/Xcode-27.0.0-Release.Candidate.app/Contents/Developer/Platforms/WatchOS.platform/Developer/usr/lib -F /Users/admin/builder/spi-builder-workspace/.derivedData/Build/Products/Debug-watchos/PackageFrameworks -F /Users/admin/builder/spi-builder-workspace/.derivedData/Build/Products/Debug-watchos -F /Applications/Xcode-27.0.0-Release.Candidate.app/Contents/Developer/Platforms/WatchOS.platform/Developer/Library/Frameworks -F /Applications/Xcode-27.0.0-Release.Candidate.app/Contents/Developer/Platforms/WatchOS.platform/Developer/SDKs/WatchOS27.0.sdk/Developer/Library/Frameworks -c -j10 -enable-batch-mode -incremental -Xcc -ivfsstatcache -Xcc /Users/admin/builder/spi-builder-workspace/.derivedData/SDKStatCaches.noindex/watchos27.0-24R360-e829b21a6f8c9b70876ba0858053c04477534ef55a1706bf4c1112bbb242f0a2.sdkstatcache -output-file-map /Users/admin/builder/spi-builder-workspace/.derivedData/Build/Intermediates.noindex/swiftui-simple-table.build/Debug-watchos/SimpleTableExamples-t.build/Objects-normal/arm64/SimpleTableExamples-OutputFileMap.json -save-temps -no-color-diagnostics -explicit-module-build -module-cache-path /Users/admin/builder/spi-builder-workspace/.derivedData/Build/Intermediates.noindex/SwiftExplicitPrecompiledModules -clang-scanner-module-cache-path /Users/admin/builder/spi-builder-workspace/.derivedData/ModuleCache.noindex -sdk-module-cache-path /Users/admin/builder/spi-builder-workspace/.derivedData/SDKExplicitPrecompiledModules -emit-dependencies -emit-module -emit-module-path /Users/admin/builder/spi-builder-workspace/.derivedData/Build/Intermediates.noindex/swiftui-simple-table.build/Debug-watchos/SimpleTableExamples-t.build/Objects-normal/arm64/SimpleTableExamples.swiftmodule -serialize-diagnostics -dependency-scan-serialize-diagnostics-path /Users/admin/builder/spi-builder-workspace/.derivedData/Build/Intermediates.noindex/swiftui-simple-table.build/Debug-watchos/SimpleTableExamples-t.build/Objects-normal/arm64/SimpleTableExamples-dependency-scan.dia -validate-clang-modules-once -clang-build-session-file /Users/admin/builder/spi-builder-workspace/.derivedData/ModuleCache.noindex/Session.modulevalidation -Xcc -fmodules-prune-interval\=86400 -Xcc -fmodules-prune-after\=345600 -emit-const-values -const-gather-protocols-list /Users/admin/builder/spi-builder-workspace/.derivedData/Build/Intermediates.noindex/swiftui-simple-table.build/Debug-watchos/SimpleTableExamples-t.build/Objects-normal/arm64/SimpleTableExamples_const_extract_protocols.json -Xcc -I/Users/admin/builder/spi-builder-workspace/.derivedData/Build/Products/Debug-watchos/include -Xcc -I/Users/admin/builder/spi-builder-workspace/.derivedData/Build/Intermediates.noindex/swiftui-simple-table.build/Debug-watchos/SimpleTableExamples-t.build/DerivedSources-normal/arm64 -Xcc -I/Users/admin/builder/spi-builder-workspace/.derivedData/Build/Intermediates.noindex/swiftui-simple-table.build/Debug-watchos/SimpleTableExamples-t.build/DerivedSources/arm64 -Xcc -I/Users/admin/builder/spi-builder-workspace/.derivedData/Build/Intermediates.noindex/swiftui-simple-table.build/Debug-watchos/SimpleTableExamples-t.build/DerivedSources -Xcc -DSWIFT_PACKAGE -Xcc -DDEBUG\=1 -emit-objc-header -emit-objc-header-path /Users/admin/builder/spi-builder-workspace/.derivedData/Build/Intermediates.noindex/swiftui-simple-table.build/Debug-watchos/SimpleTableExamples-t.build/Objects-normal/arm64/SimpleTableExamples-Swift.h -working-directory /Users/admin/builder/spi-builder-workspace/.swiftpm/xcode -experimental-emit-module-separately -disable-cmo
SwiftEmitModule normal arm64_32 Emitting\ module\ for\ SimpleTableExamples (in target 'SimpleTableExamples' from project 'swiftui-simple-table')
SwiftCompile normal arm64_32 (in target 'SimpleTableExamples' from project 'swiftui-simple-table')
cd /Users/admin/builder/spi-builder-workspace/.swiftpm/xcode
SwiftDriverJobDiscovery normal arm64_32 Emitting module for SimpleTableExamples (in target 'SimpleTableExamples' from project 'swiftui-simple-table')
Copy /Users/admin/builder/spi-builder-workspace/.derivedData/Build/Products/Debug-watchos/SimpleTableExamples.swiftmodule/arm64-apple-watchos.swiftmodule /Users/admin/builder/spi-builder-workspace/.derivedData/Build/Intermediates.noindex/swiftui-simple-table.build/Debug-watchos/SimpleTableExamples-t.build/Objects-normal/arm64/SimpleTableExamples.swiftmodule (in target 'SimpleTableExamples' from project 'swiftui-simple-table')
cd /Users/admin/builder/spi-builder-workspace
builtin-copy -exclude .DS_Store -exclude CVS -exclude .svn -exclude .git -exclude .hg -resolve-src-symlinks -rename /Users/admin/builder/spi-builder-workspace/.derivedData/Build/Intermediates.noindex/swiftui-simple-table.build/Debug-watchos/SimpleTableExamples-t.build/Objects-normal/arm64/SimpleTableExamples.swiftmodule /Users/admin/builder/spi-builder-workspace/.derivedData/Build/Products/Debug-watchos/SimpleTableExamples.swiftmodule/arm64-apple-watchos.swiftmodule
SwiftDriver\ Compilation\ Requirements SimpleTableExamples normal arm64_32 com.apple.xcode.tools.swift.compiler (in target 'SimpleTableExamples' from project 'swiftui-simple-table')
cd /Users/admin/builder/spi-builder-workspace/.swiftpm/xcode
builtin-Swift-Compilation-Requirements -- /Applications/Xcode-27.0.0-Release.Candidate.app/Contents/Developer/Toolchains/XcodeDefault.xctoolchain/usr/bin/swiftc -parse-as-library -module-name SimpleTableExamples -Onone @/Users/admin/builder/spi-builder-workspace/.derivedData/Build/Intermediates.noindex/swiftui-simple-table.build/Debug-watchos/SimpleTableExamples-t.build/Objects-normal/arm64_32/SimpleTableExamples.SwiftFileList -DSWIFT_PACKAGE -DDEBUG -DSWIFT_MODULE_RESOURCE_BUNDLE_UNAVAILABLE -DXcode -plugin-path /Applications/Xcode-27.0.0-Release.Candidate.app/Contents/Developer/Toolchains/XcodeDefault.xctoolchain/usr/lib/swift/host/plugins/testing -enable-experimental-feature DebugDescriptionMacro -sdk /Applications/Xcode-27.0.0-Release.Candidate.app/Contents/Developer/Platforms/WatchOS.platform/Developer/SDKs/WatchOS27.0.sdk -target arm64_32-apple-watchos9.0 -g -module-cache-path /Users/admin/builder/spi-builder-workspace/.derivedData/ModuleCache.noindex -Xfrontend -serialize-debugging-options -enable-testing -index-store-path /Users/admin/builder/spi-builder-workspace/.derivedData/Index.noindex/DataStore -Xcc -D_LIBCPP_HARDENING_MODE\=_LIBCPP_HARDENING_MODE_DEBUG -swift-version 5 -I /Users/admin/builder/spi-builder-workspace/.derivedData/Build/Products/Debug-watchos -Isystem /Applications/Xcode-27.0.0-Release.Candidate.app/Contents/Developer/Platforms/WatchOS.platform/Developer/usr/lib -F /Users/admin/builder/spi-builder-workspace/.derivedData/Build/Products/Debug-watchos/PackageFrameworks -F /Users/admin/builder/spi-builder-workspace/.derivedData/Build/Products/Debug-watchos -F /Applications/Xcode-27.0.0-Release.Candidate.app/Contents/Developer/Platforms/WatchOS.platform/Developer/Library/Frameworks -F /Applications/Xcode-27.0.0-Release.Candidate.app/Contents/Developer/Platforms/WatchOS.platform/Developer/SDKs/WatchOS27.0.sdk/Developer/Library/Frameworks -c -j10 -enable-batch-mode -incremental -Xcc -ivfsstatcache -Xcc /Users/admin/builder/spi-builder-workspace/.derivedData/SDKStatCaches.noindex/watchos27.0-24R360-e829b21a6f8c9b70876ba0858053c04477534ef55a1706bf4c1112bbb242f0a2.sdkstatcache -output-file-map /Users/admin/builder/spi-builder-workspace/.derivedData/Build/Intermediates.noindex/swiftui-simple-table.build/Debug-watchos/SimpleTableExamples-t.build/Objects-normal/arm64_32/SimpleTableExamples-OutputFileMap.json -save-temps -no-color-diagnostics -explicit-module-build -module-cache-path /Users/admin/builder/spi-builder-workspace/.derivedData/Build/Intermediates.noindex/SwiftExplicitPrecompiledModules -clang-scanner-module-cache-path /Users/admin/builder/spi-builder-workspace/.derivedData/ModuleCache.noindex -sdk-module-cache-path /Users/admin/builder/spi-builder-workspace/.derivedData/SDKExplicitPrecompiledModules -emit-dependencies -emit-module -emit-module-path /Users/admin/builder/spi-builder-workspace/.derivedData/Build/Intermediates.noindex/swiftui-simple-table.build/Debug-watchos/SimpleTableExamples-t.build/Objects-normal/arm64_32/SimpleTableExamples.swiftmodule -serialize-diagnostics -dependency-scan-serialize-diagnostics-path /Users/admin/builder/spi-builder-workspace/.derivedData/Build/Intermediates.noindex/swiftui-simple-table.build/Debug-watchos/SimpleTableExamples-t.build/Objects-normal/arm64_32/SimpleTableExamples-dependency-scan.dia -validate-clang-modules-once -clang-build-session-file /Users/admin/builder/spi-builder-workspace/.derivedData/ModuleCache.noindex/Session.modulevalidation -Xcc -fmodules-prune-interval\=86400 -Xcc -fmodules-prune-after\=345600 -emit-const-values -const-gather-protocols-list /Users/admin/builder/spi-builder-workspace/.derivedData/Build/Intermediates.noindex/swiftui-simple-table.build/Debug-watchos/SimpleTableExamples-t.build/Objects-normal/arm64_32/SimpleTableExamples_const_extract_protocols.json -Xcc -I/Users/admin/builder/spi-builder-workspace/.derivedData/Build/Products/Debug-watchos/include -Xcc -I/Users/admin/builder/spi-builder-workspace/.derivedData/Build/Intermediates.noindex/swiftui-simple-table.build/Debug-watchos/SimpleTableExamples-t.build/DerivedSources-normal/arm64_32 -Xcc -I/Users/admin/builder/spi-builder-workspace/.derivedData/Build/Intermediates.noindex/swiftui-simple-table.build/Debug-watchos/SimpleTableExamples-t.build/DerivedSources/arm64_32 -Xcc -I/Users/admin/builder/spi-builder-workspace/.derivedData/Build/Intermediates.noindex/swiftui-simple-table.build/Debug-watchos/SimpleTableExamples-t.build/DerivedSources -Xcc -DSWIFT_PACKAGE -Xcc -DDEBUG\=1 -emit-objc-header -emit-objc-header-path /Users/admin/builder/spi-builder-workspace/.derivedData/Build/Intermediates.noindex/swiftui-simple-table.build/Debug-watchos/SimpleTableExamples-t.build/Objects-normal/arm64_32/SimpleTableExamples-Swift.h -working-directory /Users/admin/builder/spi-builder-workspace/.swiftpm/xcode -experimental-emit-module-separately -disable-cmo
Copy /Users/admin/builder/spi-builder-workspace/.derivedData/Build/Products/Debug-watchos/SimpleTableExamples.swiftmodule/arm64-apple-watchos.swiftdoc /Users/admin/builder/spi-builder-workspace/.derivedData/Build/Intermediates.noindex/swiftui-simple-table.build/Debug-watchos/SimpleTableExamples-t.build/Objects-normal/arm64/SimpleTableExamples.swiftdoc (in target 'SimpleTableExamples' from project 'swiftui-simple-table')
cd /Users/admin/builder/spi-builder-workspace
builtin-copy -exclude .DS_Store -exclude CVS -exclude .svn -exclude .git -exclude .hg -resolve-src-symlinks -rename /Users/admin/builder/spi-builder-workspace/.derivedData/Build/Intermediates.noindex/swiftui-simple-table.build/Debug-watchos/SimpleTableExamples-t.build/Objects-normal/arm64/SimpleTableExamples.swiftdoc /Users/admin/builder/spi-builder-workspace/.derivedData/Build/Products/Debug-watchos/SimpleTableExamples.swiftmodule/arm64-apple-watchos.swiftdoc
SwiftMergeGeneratedHeaders /Users/admin/builder/spi-builder-workspace/.derivedData/Build/Intermediates.noindex/GeneratedModuleMaps-watchos/SimpleTableExamples-Swift.h /Users/admin/builder/spi-builder-workspace/.derivedData/Build/Intermediates.noindex/swiftui-simple-table.build/Debug-watchos/SimpleTableExamples-t.build/Objects-normal/arm64/SimpleTableExamples-Swift.h /Users/admin/builder/spi-builder-workspace/.derivedData/Build/Intermediates.noindex/swiftui-simple-table.build/Debug-watchos/SimpleTableExamples-t.build/Objects-normal/arm64_32/SimpleTableExamples-Swift.h (in target 'SimpleTableExamples' from project 'swiftui-simple-table')
cd /Users/admin/builder/spi-builder-workspace
builtin-swiftHeaderTool -arch arm64 /Users/admin/builder/spi-builder-workspace/.derivedData/Build/Intermediates.noindex/swiftui-simple-table.build/Debug-watchos/SimpleTableExamples-t.build/Objects-normal/arm64/SimpleTableExamples-Swift.h -arch arm64_32 /Users/admin/builder/spi-builder-workspace/.derivedData/Build/Intermediates.noindex/swiftui-simple-table.build/Debug-watchos/SimpleTableExamples-t.build/Objects-normal/arm64_32/SimpleTableExamples-Swift.h -o /Users/admin/builder/spi-builder-workspace/.derivedData/Build/Intermediates.noindex/GeneratedModuleMaps-watchos/SimpleTableExamples-Swift.h
Copy /Users/admin/builder/spi-builder-workspace/.derivedData/Build/Products/Debug-watchos/SimpleTableExamples.swiftmodule/arm64_32-apple-watchos.swiftmodule /Users/admin/builder/spi-builder-workspace/.derivedData/Build/Intermediates.noindex/swiftui-simple-table.build/Debug-watchos/SimpleTableExamples-t.build/Objects-normal/arm64_32/SimpleTableExamples.swiftmodule (in target 'SimpleTableExamples' from project 'swiftui-simple-table')
cd /Users/admin/builder/spi-builder-workspace
builtin-copy -exclude .DS_Store -exclude CVS -exclude .svn -exclude .git -exclude .hg -resolve-src-symlinks -rename /Users/admin/builder/spi-builder-workspace/.derivedData/Build/Intermediates.noindex/swiftui-simple-table.build/Debug-watchos/SimpleTableExamples-t.build/Objects-normal/arm64_32/SimpleTableExamples.swiftmodule /Users/admin/builder/spi-builder-workspace/.derivedData/Build/Products/Debug-watchos/SimpleTableExamples.swiftmodule/arm64_32-apple-watchos.swiftmodule
Copy /Users/admin/builder/spi-builder-workspace/.derivedData/Build/Products/Debug-watchos/SimpleTableExamples.swiftmodule/arm64_32-apple-watchos.swiftdoc /Users/admin/builder/spi-builder-workspace/.derivedData/Build/Intermediates.noindex/swiftui-simple-table.build/Debug-watchos/SimpleTableExamples-t.build/Objects-normal/arm64_32/SimpleTableExamples.swiftdoc (in target 'SimpleTableExamples' from project 'swiftui-simple-table')
cd /Users/admin/builder/spi-builder-workspace
builtin-copy -exclude .DS_Store -exclude CVS -exclude .svn -exclude .git -exclude .hg -resolve-src-symlinks -rename /Users/admin/builder/spi-builder-workspace/.derivedData/Build/Intermediates.noindex/swiftui-simple-table.build/Debug-watchos/SimpleTableExamples-t.build/Objects-normal/arm64_32/SimpleTableExamples.swiftdoc /Users/admin/builder/spi-builder-workspace/.derivedData/Build/Products/Debug-watchos/SimpleTableExamples.swiftmodule/arm64_32-apple-watchos.swiftdoc
Copy /Users/admin/builder/spi-builder-workspace/.derivedData/Build/Products/Debug-watchos/SimpleTableExamples.swiftmodule/arm64_32-apple-watchos.abi.json /Users/admin/builder/spi-builder-workspace/.derivedData/Build/Intermediates.noindex/swiftui-simple-table.build/Debug-watchos/SimpleTableExamples-t.build/Objects-normal/arm64_32/SimpleTableExamples.abi.json (in target 'SimpleTableExamples' from project 'swiftui-simple-table')
cd /Users/admin/builder/spi-builder-workspace
builtin-copy -exclude .DS_Store -exclude CVS -exclude .svn -exclude .git -exclude .hg -resolve-src-symlinks -rename /Users/admin/builder/spi-builder-workspace/.derivedData/Build/Intermediates.noindex/swiftui-simple-table.build/Debug-watchos/SimpleTableExamples-t.build/Objects-normal/arm64_32/SimpleTableExamples.abi.json /Users/admin/builder/spi-builder-workspace/.derivedData/Build/Products/Debug-watchos/SimpleTableExamples.swiftmodule/arm64_32-apple-watchos.abi.json
Copy /Users/admin/builder/spi-builder-workspace/.derivedData/Build/Products/Debug-watchos/SimpleTableExamples.swiftmodule/arm64-apple-watchos.abi.json /Users/admin/builder/spi-builder-workspace/.derivedData/Build/Intermediates.noindex/swiftui-simple-table.build/Debug-watchos/SimpleTableExamples-t.build/Objects-normal/arm64/SimpleTableExamples.abi.json (in target 'SimpleTableExamples' from project 'swiftui-simple-table')
cd /Users/admin/builder/spi-builder-workspace
builtin-copy -exclude .DS_Store -exclude CVS -exclude .svn -exclude .git -exclude .hg -resolve-src-symlinks -rename /Users/admin/builder/spi-builder-workspace/.derivedData/Build/Intermediates.noindex/swiftui-simple-table.build/Debug-watchos/SimpleTableExamples-t.build/Objects-normal/arm64/SimpleTableExamples.abi.json /Users/admin/builder/spi-builder-workspace/.derivedData/Build/Products/Debug-watchos/SimpleTableExamples.swiftmodule/arm64-apple-watchos.abi.json
Copy /Users/admin/builder/spi-builder-workspace/.derivedData/Build/Products/Debug-watchos/SimpleTableExamples.swiftmodule/Project/arm64_32-apple-watchos.swiftsourceinfo /Users/admin/builder/spi-builder-workspace/.derivedData/Build/Intermediates.noindex/swiftui-simple-table.build/Debug-watchos/SimpleTableExamples-t.build/Objects-normal/arm64_32/SimpleTableExamples.swiftsourceinfo (in target 'SimpleTableExamples' from project 'swiftui-simple-table')
cd /Users/admin/builder/spi-builder-workspace
builtin-copy -exclude .DS_Store -exclude CVS -exclude .svn -exclude .git -exclude .hg -resolve-src-symlinks -rename /Users/admin/builder/spi-builder-workspace/.derivedData/Build/Intermediates.noindex/swiftui-simple-table.build/Debug-watchos/SimpleTableExamples-t.build/Objects-normal/arm64_32/SimpleTableExamples.swiftsourceinfo /Users/admin/builder/spi-builder-workspace/.derivedData/Build/Products/Debug-watchos/SimpleTableExamples.swiftmodule/Project/arm64_32-apple-watchos.swiftsourceinfo
Copy /Users/admin/builder/spi-builder-workspace/.derivedData/Build/Products/Debug-watchos/SimpleTableExamples.swiftmodule/Project/arm64-apple-watchos.swiftsourceinfo /Users/admin/builder/spi-builder-workspace/.derivedData/Build/Intermediates.noindex/swiftui-simple-table.build/Debug-watchos/SimpleTableExamples-t.build/Objects-normal/arm64/SimpleTableExamples.swiftsourceinfo (in target 'SimpleTableExamples' from project 'swiftui-simple-table')
cd /Users/admin/builder/spi-builder-workspace
builtin-copy -exclude .DS_Store -exclude CVS -exclude .svn -exclude .git -exclude .hg -resolve-src-symlinks -rename /Users/admin/builder/spi-builder-workspace/.derivedData/Build/Intermediates.noindex/swiftui-simple-table.build/Debug-watchos/SimpleTableExamples-t.build/Objects-normal/arm64/SimpleTableExamples.swiftsourceinfo /Users/admin/builder/spi-builder-workspace/.derivedData/Build/Products/Debug-watchos/SimpleTableExamples.swiftmodule/Project/arm64-apple-watchos.swiftsourceinfo
SwiftCompile normal arm64_32 Compiling\ ColorsTableExample.swift /Users/admin/builder/spi-builder-workspace/Sources/SimpleTableExamples/ColorsTableExample.swift (in target 'SimpleTableExamples' from project 'swiftui-simple-table')
SwiftCompile normal arm64_32 /Users/admin/builder/spi-builder-workspace/Sources/SimpleTableExamples/ColorsTableExample.swift (in target 'SimpleTableExamples' from project 'swiftui-simple-table')
cd /Users/admin/builder/spi-builder-workspace/.swiftpm/xcode
builtin-SwiftPerFileCompile ColorsTableExample.swift
SwiftCompile normal arm64 Compiling\ MultiplicationTableExample.swift /Users/admin/builder/spi-builder-workspace/Sources/SimpleTableExamples/MultiplicationTableExample.swift (in target 'SimpleTableExamples' from project 'swiftui-simple-table')
/Users/admin/builder/spi-builder-workspace/Sources/SimpleTableExamples/MultiplicationTableExample.swift:31:20: error: 'thinMaterial' is only available in watchOS 10.0 or newer
2 | import SwiftUI
3 |
4 | struct MultiplicationTableExample: View {
| `- note: add '@available' attribute to enclosing struct
5 | var body: some View {
6 | SimpleTableView {
:
24 | }
25 |
26 | func header() -> some View {
| `- note: add '@available' attribute to enclosing instance method
27 | Image(systemName: "multiply")
28 | .font(.caption.bold())
29 | .padding()
30 | .frame(maxWidth: .infinity, maxHeight: .infinity)
31 | .background(.thinMaterial)
| |- error: 'thinMaterial' is only available in watchOS 10.0 or newer
| `- note: add 'if #available' version check
32 | .overlay(alignment: .top) { VStack { Divider() } }
33 | .overlay(alignment: .bottom) { VStack { Divider() } }
/Users/admin/builder/spi-builder-workspace/Sources/SimpleTableExamples/MultiplicationTableExample.swift:48:18: error: 'thinMaterial' is only available in watchOS 10.0 or newer
2 | import SwiftUI
3 |
4 | struct MultiplicationTableExample: View {
| `- note: add '@available' attribute to enclosing struct
5 | var body: some View {
6 | SimpleTableView {
:
38 | }
39 |
40 | func header(column: Int) -> some View {
| `- note: add '@available' attribute to enclosing instance method
41 | VStack {
42 | Text("\(column)")
:
46 | .padding()
47 | .frame(maxWidth: .infinity, maxHeight: .infinity)
48 | .background(.thinMaterial)
| |- error: 'thinMaterial' is only available in watchOS 10.0 or newer
| `- note: add 'if #available' version check
49 | .overlay(alignment: .top) { VStack { Divider() } }
50 | .overlay(alignment: .bottom) { VStack { Divider() } }
/Users/admin/builder/spi-builder-workspace/Sources/SimpleTableExamples/MultiplicationTableExample.swift:64:18: error: 'thinMaterial' is only available in watchOS 10.0 or newer
2 | import SwiftUI
3 |
4 | struct MultiplicationTableExample: View {
| `- note: add '@available' attribute to enclosing struct
5 | var body: some View {
6 | SimpleTableView {
:
54 | }
55 |
56 | func header(row: Int) -> some View {
| `- note: add '@available' attribute to enclosing instance method
57 | HStack {
58 | Text("\(row)")
:
62 | .padding()
63 | .frame(maxWidth: .infinity, maxHeight: .infinity)
64 | .background(.thinMaterial)
| |- error: 'thinMaterial' is only available in watchOS 10.0 or newer
| `- note: add 'if #available' version check
65 | .overlay(alignment: .bottom) { VStack { Divider() } }
66 | .overlay(alignment: .leading) { HStack { Divider() } }
Failed frontend command:
SwiftCompile normal arm64 /Users/admin/builder/spi-builder-workspace/Sources/SimpleTableExamples/MultiplicationTableExample.swift (in target 'SimpleTableExamples' from project 'swiftui-simple-table')
cd /Users/admin/builder/spi-builder-workspace/.swiftpm/xcode
builtin-SwiftPerFileCompile MultiplicationTableExample.swift
/Applications/Xcode-27.0.0-Release.Candidate.app/Contents/Developer/Toolchains/XcodeDefault.xctoolchain/usr/bin/swift-frontend -frontend -c /Users/admin/builder/spi-builder-workspace/Sources/SimpleTableExamples/ColorsTableExample.swift -primary-file /Users/admin/builder/spi-builder-workspace/Sources/SimpleTableExamples/MultiplicationTableExample.swift /Users/admin/builder/spi-builder-workspace/Sources/SimpleTableExamples/PeopleTableExample.swift /Users/admin/builder/spi-builder-workspace/Sources/SimpleTableExamples/ShapesTableExample.swift -emit-dependencies-path /Users/admin/builder/spi-builder-workspace/.derivedData/Build/Intermediates.noindex/swiftui-simple-table.build/Debug-watchos/SimpleTableExamples-t.build/Objects-normal/arm64/MultiplicationTableExample.d -emit-const-values-path /Users/admin/builder/spi-builder-workspace/.derivedData/Build/Intermediates.noindex/swiftui-simple-table.build/Debug-watchos/SimpleTableExamples-t.build/Objects-normal/arm64/MultiplicationTableExample.swiftconstvalues -emit-reference-dependencies-path /Users/admin/builder/spi-builder-workspace/.derivedData/Build/Intermediates.noindex/swiftui-simple-table.build/Debug-watchos/SimpleTableExamples-t.build/Objects-normal/arm64/MultiplicationTableExample.swiftdeps -serialize-diagnostics-path /Users/admin/builder/spi-builder-workspace/.derivedData/Build/Intermediates.noindex/swiftui-simple-table.build/Debug-watchos/SimpleTableExamples-t.build/Objects-normal/arm64/MultiplicationTableExample.dia -target arm64-apple-watchos9.0 -disable-cross-import-overlay-search -load-resolved-plugin /Applications/Xcode-27.0.0-Release.Candidate.app/Contents/Developer/Platforms/WatchOS.platform/Developer/usr/lib/swift/host/plugins/libFoundationMacros.dylib\#/Applications/Xcode-27.0.0-Release.Candidate.app/Contents/Developer/Platforms/WatchOS.platform/Developer/usr/bin/swift-plugin-server\#FoundationMacros -load-resolved-plugin /Applications/Xcode-27.0.0-Release.Candidate.app/Contents/Developer/Platforms/WatchOS.platform/Developer/usr/lib/swift/host/plugins/libObservationMacros.dylib\#/Applications/Xcode-27.0.0-Release.Candidate.app/Contents/Developer/Platforms/WatchOS.platform/Developer/usr/bin/swift-plugin-server\#ObservationMacros -load-resolved-plugin /Applications/Xcode-27.0.0-Release.Candidate.app/Contents/Developer/Platforms/WatchOS.platform/Developer/usr/lib/swift/host/plugins/libPreviewsMacros.dylib\#/Applications/Xcode-27.0.0-Release.Candidate.app/Contents/Developer/Platforms/WatchOS.platform/Developer/usr/bin/swift-plugin-server\#PreviewsMacros -load-resolved-plugin /Applications/Xcode-27.0.0-Release.Candidate.app/Contents/Developer/Platforms/WatchOS.platform/Developer/usr/lib/swift/host/plugins/libSwiftMacros.dylib\#/Applications/Xcode-27.0.0-Release.Candidate.app/Contents/Developer/Platforms/WatchOS.platform/Developer/usr/bin/swift-plugin-server\#SwiftMacros -load-resolved-plugin /Applications/Xcode-27.0.0-Release.Candidate.app/Contents/Developer/Platforms/WatchOS.platform/Developer/usr/lib/swift/host/plugins/libSwiftUIMacros.dylib\#/Applications/Xcode-27.0.0-Release.Candidate.app/Contents/Developer/Platforms/WatchOS.platform/Developer/usr/bin/swift-plugin-server\#SwiftUIMacros -disable-implicit-swift-modules -Xcc -fno-implicit-modules -Xcc -fno-implicit-module-maps -explicit-swift-module-map-file /Users/admin/builder/spi-builder-workspace/.derivedData/Build/Intermediates.noindex/swiftui-simple-table.build/Debug-watchos/SimpleTableExamples-t.build/Objects-normal/arm64/SimpleTableExamples-dependencies-1.json -Xllvm -aarch64-use-tbi -enable-objc-interop -stack-check -sdk /Applications/Xcode-27.0.0-Release.Candidate.app/Contents/Developer/Platforms/WatchOS.platform/Developer/SDKs/WatchOS27.0.sdk -I /Users/admin/builder/spi-builder-workspace/.derivedData/Build/Products/Debug-watchos -Isystem /Applications/Xcode-27.0.0-Release.Candidate.app/Contents/Developer/Platforms/WatchOS.platform/Developer/usr/lib -F /Users/admin/builder/spi-builder-workspace/.derivedData/Build/Products/Debug-watchos/PackageFrameworks -F /Users/admin/builder/spi-builder-workspace/.derivedData/Build/Products/Debug-watchos -F /Applications/Xcode-27.0.0-Release.Candidate.app/Contents/Developer/Platforms/WatchOS.platform/Developer/Library/Frameworks -F /Applications/Xcode-27.0.0-Release.Candidate.app/Contents/Developer/Platforms/WatchOS.platform/Developer/SDKs/WatchOS27.0.sdk/Developer/Library/Frameworks -module-cache-path /Users/admin/builder/spi-builder-workspace/.derivedData/Build/Intermediates.noindex/SwiftExplicitPrecompiledModules -no-color-diagnostics -Xcc -fno-color-diagnostics -enable-testing -g -debug-info-format\=dwarf -dwarf-version\=4 -swift-version 5 -Onone -D SWIFT_PACKAGE -D DEBUG -D SWIFT_MODULE_RESOURCE_BUNDLE_UNAVAILABLE -D Xcode -serialize-debugging-options -enable-experimental-feature DebugDescriptionMacro -empty-abi-descriptor -validate-clang-modules-once -clang-build-session-file /Users/admin/builder/spi-builder-workspace/.derivedData/ModuleCache.noindex/Session.modulevalidation -Xcc -working-directory -Xcc /Users/admin/builder/spi-builder-workspace/.swiftpm/xcode -enable-anonymous-context-mangled-names -file-compilation-dir /Users/admin/builder/spi-builder-workspace/.swiftpm/xcode -Xcc -D_LIBCPP_HARDENING_MODE\=_LIBCPP_HARDENING_MODE_DEBUG -Xcc -ivfsstatcache -Xcc /Users/admin/builder/spi-builder-workspace/.derivedData/SDKStatCaches.noindex/watchos27.0-24R360-e829b21a6f8c9b70876ba0858053c04477534ef55a1706bf4c1112bbb242f0a2.sdkstatcache -Xcc -fmodules-prune-interval\=86400 -Xcc -fmodules-prune-after\=345600 -Xcc -I/Users/admin/builder/spi-builder-workspace/.derivedData/Build/Products/Debug-watchos/include -Xcc -I/Users/admin/builder/spi-builder-workspace/.derivedData/Build/Intermediates.noindex/swiftui-simple-table.build/Debug-watchos/SimpleTableExamples-t.build/DerivedSources-normal/arm64 -Xcc -I/Users/admin/builder/spi-builder-workspace/.derivedData/Build/Intermediates.noindex/swiftui-simple-table.build/Debug-watchos/SimpleTableExamples-t.build/DerivedSources/arm64 -Xcc -I/Users/admin/builder/spi-builder-workspace/.derivedData/Build/Intermediates.noindex/swiftui-simple-table.build/Debug-watchos/SimpleTableExamples-t.build/DerivedSources -Xcc -DSWIFT_PACKAGE -Xcc -DDEBUG\=1 -no-auto-bridging-header-chaining -module-name SimpleTableExamples -const-gather-protocols-file /Users/admin/builder/spi-builder-workspace/.derivedData/Build/Intermediates.noindex/swiftui-simple-table.build/Debug-watchos/SimpleTableExamples-t.build/Objects-normal/arm64/SimpleTableExamples_const_extract_protocols.json -disable-clang-spi -clang-target arm64-apple-watchos27.0 -target-sdk-version 27.0 -target-sdk-name watchos27.0 -in-process-plugin-server-path /Applications/Xcode-27.0.0-Release.Candidate.app/Contents/Developer/Toolchains/XcodeDefault.xctoolchain/usr/lib/swift/host/libSwiftInProcPluginServer.dylib -parse-as-library -o /Users/admin/builder/spi-builder-workspace/.derivedData/Build/Intermediates.noindex/swiftui-simple-table.build/Debug-watchos/SimpleTableExamples-t.build/Objects-normal/arm64/MultiplicationTableExample.o -debug-module-path /Users/admin/builder/spi-builder-workspace/.derivedData/Build/Intermediates.noindex/swiftui-simple-table.build/Debug-watchos/SimpleTableExamples-t.build/Objects-normal/arm64/SimpleTableExamples.swiftmodule -index-unit-output-path /swiftui-simple-table.build/Debug-watchos/SimpleTableExamples-t.build/Objects-normal/arm64/MultiplicationTableExample.o -index-store-path /Users/admin/builder/spi-builder-workspace/.derivedData/Index.noindex/DataStore -index-system-modules
SwiftDriverJobDiscovery normal arm64_32 Compiling OnChangeModifier.swift (in target 'SimpleTable' from project 'swiftui-simple-table')
SwiftCompile normal arm64_32 Compiling\ ShapesTableExample.swift /Users/admin/builder/spi-builder-workspace/Sources/SimpleTableExamples/ShapesTableExample.swift (in target 'SimpleTableExamples' from project 'swiftui-simple-table')
SwiftCompile normal arm64_32 /Users/admin/builder/spi-builder-workspace/Sources/SimpleTableExamples/ShapesTableExample.swift (in target 'SimpleTableExamples' from project 'swiftui-simple-table')
cd /Users/admin/builder/spi-builder-workspace/.swiftpm/xcode
builtin-SwiftPerFileCompile ShapesTableExample.swift
SwiftDriverJobDiscovery normal arm64 Compiling OnChangeModifier.swift (in target 'SimpleTable' from project 'swiftui-simple-table')
SwiftCompile normal arm64_32 Compiling\ PeopleTableExample.swift /Users/admin/builder/spi-builder-workspace/Sources/SimpleTableExamples/PeopleTableExample.swift (in target 'SimpleTableExamples' from project 'swiftui-simple-table')
SwiftCompile normal arm64_32 /Users/admin/builder/spi-builder-workspace/Sources/SimpleTableExamples/PeopleTableExample.swift (in target 'SimpleTableExamples' from project 'swiftui-simple-table')
cd /Users/admin/builder/spi-builder-workspace/.swiftpm/xcode
builtin-SwiftPerFileCompile PeopleTableExample.swift
/Users/admin/builder/spi-builder-workspace/Sources/SimpleTableExamples/PeopleTableExample.swift:46:20: error: 'thinMaterial' is only available in watchOS 10.0 or newer
2 | import SwiftUI
3 |
4 | struct PeopleTableExample: View {
| `- note: add '@available' attribute to enclosing struct
5 | struct Person: Identifiable {
6 | var id = UUID()
:
34 |
35 | @ViewBuilder
36 | func columnHeaders() -> some View {
| `- note: add '@available' attribute to enclosing instance method
37 | Text("Full name")
38 | .padding(.trailing)
:
44 | .font(.caption)
45 | .padding(8)
46 | .background(.thinMaterial)
| |- error: 'thinMaterial' is only available in watchOS 10.0 or newer
| `- note: add 'if #available' version check
47 | .overlay(alignment: .top) { VStack { Divider() } }
48 | .overlay(alignment: .bottom) { VStack { Divider() } }
SwiftDriverJobDiscovery normal arm64_32 Compiling SimpleTableHeaderViewModifier.swift (in target 'SimpleTable' from project 'swiftui-simple-table')
SwiftDriverJobDiscovery normal arm64 Compiling ColorsTableExample.swift (in target 'SimpleTableExamples' from project 'swiftui-simple-table')
SwiftCompile normal arm64_32 Compiling\ MultiplicationTableExample.swift /Users/admin/builder/spi-builder-workspace/Sources/SimpleTableExamples/MultiplicationTableExample.swift (in target 'SimpleTableExamples' from project 'swiftui-simple-table')
/Users/admin/builder/spi-builder-workspace/Sources/SimpleTableExamples/MultiplicationTableExample.swift:31:20: error: 'thinMaterial' is only available in watchOS 10.0 or newer
2 | import SwiftUI
3 |
4 | struct MultiplicationTableExample: View {
| `- note: add '@available' attribute to enclosing struct
5 | var body: some View {
6 | SimpleTableView {
:
24 | }
25 |
26 | func header() -> some View {
| `- note: add '@available' attribute to enclosing instance method
27 | Image(systemName: "multiply")
28 | .font(.caption.bold())
29 | .padding()
30 | .frame(maxWidth: .infinity, maxHeight: .infinity)
31 | .background(.thinMaterial)
| |- error: 'thinMaterial' is only available in watchOS 10.0 or newer
| `- note: add 'if #available' version check
32 | .overlay(alignment: .top) { VStack { Divider() } }
33 | .overlay(alignment: .bottom) { VStack { Divider() } }
/Users/admin/builder/spi-builder-workspace/Sources/SimpleTableExamples/MultiplicationTableExample.swift:48:18: error: 'thinMaterial' is only available in watchOS 10.0 or newer
2 | import SwiftUI
3 |
4 | struct MultiplicationTableExample: View {
| `- note: add '@available' attribute to enclosing struct
5 | var body: some View {
6 | SimpleTableView {
:
38 | }
39 |
40 | func header(column: Int) -> some View {
| `- note: add '@available' attribute to enclosing instance method
41 | VStack {
42 | Text("\(column)")
:
46 | .padding()
47 | .frame(maxWidth: .infinity, maxHeight: .infinity)
48 | .background(.thinMaterial)
| |- error: 'thinMaterial' is only available in watchOS 10.0 or newer
| `- note: add 'if #available' version check
49 | .overlay(alignment: .top) { VStack { Divider() } }
50 | .overlay(alignment: .bottom) { VStack { Divider() } }
/Users/admin/builder/spi-builder-workspace/Sources/SimpleTableExamples/MultiplicationTableExample.swift:64:18: error: 'thinMaterial' is only available in watchOS 10.0 or newer
2 | import SwiftUI
3 |
4 | struct MultiplicationTableExample: View {
| `- note: add '@available' attribute to enclosing struct
5 | var body: some View {
6 | SimpleTableView {
:
54 | }
55 |
56 | func header(row: Int) -> some View {
| `- note: add '@available' attribute to enclosing instance method
57 | HStack {
58 | Text("\(row)")
:
62 | .padding()
63 | .frame(maxWidth: .infinity, maxHeight: .infinity)
64 | .background(.thinMaterial)
| |- error: 'thinMaterial' is only available in watchOS 10.0 or newer
| `- note: add 'if #available' version check
65 | .overlay(alignment: .bottom) { VStack { Divider() } }
66 | .overlay(alignment: .leading) { HStack { Divider() } }
Failed frontend command:
/Applications/Xcode-27.0.0-Release.Candidate.app/Contents/Developer/Toolchains/XcodeDefault.xctoolchain/usr/bin/swift-frontend -frontend -c /Users/admin/builder/spi-builder-workspace/Sources/SimpleTableExamples/ColorsTableExample.swift -primary-file /Users/admin/builder/spi-builder-workspace/Sources/SimpleTableExamples/MultiplicationTableExample.swift /Users/admin/builder/spi-builder-workspace/Sources/SimpleTableExamples/PeopleTableExample.swift /Users/admin/builder/spi-builder-workspace/Sources/SimpleTableExamples/ShapesTableExample.swift -emit-dependencies-path /Users/admin/builder/spi-builder-workspace/.derivedData/Build/Intermediates.noindex/swiftui-simple-table.build/Debug-watchos/SimpleTableExamples-t.build/Objects-normal/arm64_32/MultiplicationTableExample.d -emit-const-values-path /Users/admin/builder/spi-builder-workspace/.derivedData/Build/Intermediates.noindex/swiftui-simple-table.build/Debug-watchos/SimpleTableExamples-t.build/Objects-normal/arm64_32/MultiplicationTableExample.swiftconstvalues -emit-reference-dependencies-path /Users/admin/builder/spi-builder-workspace/.derivedData/Build/Intermediates.noindex/swiftui-simple-table.build/Debug-watchos/SimpleTableExamples-t.build/Objects-normal/arm64_32/MultiplicationTableExample.swiftdeps -serialize-diagnostics-path /Users/admin/builder/spi-builder-workspace/.derivedData/Build/Intermediates.noindex/swiftui-simple-table.build/Debug-watchos/SimpleTableExamples-t.build/Objects-normal/arm64_32/MultiplicationTableExample.dia -target arm64_32-apple-watchos9.0 -disable-cross-import-overlay-search -load-resolved-plugin /Applications/Xcode-27.0.0-Release.Candidate.app/Contents/Developer/Platforms/WatchOS.platform/Developer/usr/lib/swift/host/plugins/libFoundationMacros.dylib\#/Applications/Xcode-27.0.0-Release.Candidate.app/Contents/Developer/Platforms/WatchOS.platform/Developer/usr/bin/swift-plugin-server\#FoundationMacros -load-resolved-plugin /Applications/Xcode-27.0.0-Release.Candidate.app/Contents/Developer/Platforms/WatchOS.platform/Developer/usr/lib/swift/host/plugins/libObservationMacros.dylib\#/Applications/Xcode-27.0.0-Release.Candidate.app/Contents/Developer/Platforms/WatchOS.platform/Developer/usr/bin/swift-plugin-server\#ObservationMacros -load-resolved-plugin /Applications/Xcode-27.0.0-Release.Candidate.app/Contents/Developer/Platforms/WatchOS.platform/Developer/usr/lib/swift/host/plugins/libPreviewsMacros.dylib\#/Applications/Xcode-27.0.0-Release.Candidate.app/Contents/Developer/Platforms/WatchOS.platform/Developer/usr/bin/swift-plugin-server\#PreviewsMacros -load-resolved-plugin /Applications/Xcode-27.0.0-Release.Candidate.app/Contents/Developer/Platforms/WatchOS.platform/Developer/usr/lib/swift/host/plugins/libSwiftMacros.dylib\#/Applications/Xcode-27.0.0-Release.Candidate.app/Contents/Developer/Platforms/WatchOS.platform/Developer/usr/bin/swift-plugin-server\#SwiftMacros -load-resolved-plugin /Applications/Xcode-27.0.0-Release.Candidate.app/Contents/Developer/Platforms/WatchOS.platform/Developer/usr/lib/swift/host/plugins/libSwiftUIMacros.dylib\#/Applications/Xcode-27.0.0-Release.Candidate.app/Contents/Developer/Platforms/WatchOS.platform/Developer/usr/bin/swift-plugin-server\#SwiftUIMacros -disable-implicit-swift-modules -Xcc -fno-implicit-modules -Xcc -fno-implicit-module-maps -explicit-swift-module-map-file /Users/admin/builder/spi-builder-workspace/.derivedData/Build/Intermediates.noindex/swiftui-simple-table.build/Debug-watchos/SimpleTableExamples-t.build/Objects-normal/arm64_32/SimpleTableExamples-dependencies-2.json -enable-objc-interop -sdk /Applications/Xcode-27.0.0-Release.Candidate.app/Contents/Developer/Platforms/WatchOS.platform/Developer/SDKs/WatchOS27.0.sdk -I /Users/admin/builder/spi-builder-workspace/.derivedData/Build/Products/Debug-watchos -Isystem /Applications/Xcode-27.0.0-Release.Candidate.app/Contents/Developer/Platforms/WatchOS.platform/Developer/usr/lib -F /Users/admin/builder/spi-builder-workspace/.derivedData/Build/Products/Debug-watchos/PackageFrameworks -F /Users/admin/builder/spi-builder-workspace/.derivedData/Build/Products/Debug-watchos -F /Applications/Xcode-27.0.0-Release.Candidate.app/Contents/Developer/Platforms/WatchOS.platform/Developer/Library/Frameworks -F /Applications/Xcode-27.0.0-Release.Candidate.app/Contents/Developer/Platforms/WatchOS.platform/Developer/SDKs/WatchOS27.0.sdk/Developer/Library/Frameworks -module-cache-path /Users/admin/builder/spi-builder-workspace/.derivedData/Build/Intermediates.noindex/SwiftExplicitPrecompiledModules -no-color-diagnostics -Xcc -fno-color-diagnostics -enable-testing -g -debug-info-format\=dwarf -dwarf-version\=4 -swift-version 5 -Onone -D SWIFT_PACKAGE -D DEBUG -D SWIFT_MODULE_RESOURCE_BUNDLE_UNAVAILABLE -D Xcode -serialize-debugging-options -enable-experimental-feature DebugDescriptionMacro -empty-abi-descriptor -validate-clang-modules-once -clang-build-session-file /Users/admin/builder/spi-builder-workspace/.derivedData/ModuleCache.noindex/Session.modulevalidation -Xcc -working-directory -Xcc /Users/admin/builder/spi-builder-workspace/.swiftpm/xcode -enable-anonymous-context-mangled-names -file-compilation-dir /Users/admin/builder/spi-builder-workspace/.swiftpm/xcode -Xcc -D_LIBCPP_HARDENING_MODE\=_LIBCPP_HARDENING_MODE_DEBUG -Xcc -ivfsstatcache -Xcc /Users/admin/builder/spi-builder-workspace/.derivedData/SDKStatCaches.noindex/watchos27.0-24R360-e829b21a6f8c9b70876ba0858053c04477534ef55a1706bf4c1112bbb242f0a2.sdkstatcache -Xcc -fmodules-prune-interval\=86400 -Xcc -fmodules-prune-after\=345600 -Xcc -I/Users/admin/builder/spi-builder-workspace/.derivedData/Build/Products/Debug-watchos/include -Xcc -I/Users/admin/builder/spi-builder-workspace/.derivedData/Build/Intermediates.noindex/swiftui-simple-table.build/Debug-watchos/SimpleTableExamples-t.build/DerivedSources-normal/arm64_32 -Xcc -I/Users/admin/builder/spi-builder-workspace/.derivedData/Build/Intermediates.noindex/swiftui-simple-table.build/Debug-watchos/SimpleTableExamples-t.build/DerivedSources/arm64_32 -Xcc -I/Users/admin/builder/spi-builder-workspace/.derivedData/Build/Intermediates.noindex/swiftui-simple-table.build/Debug-watchos/SimpleTableExamples-t.build/DerivedSources -Xcc -DSWIFT_PACKAGE -Xcc -DDEBUG\=1 -no-auto-bridging-header-chaining -module-name SimpleTableExamples -const-gather-protocols-file /Users/admin/builder/spi-builder-workspace/.derivedData/Build/Intermediates.noindex/swiftui-simple-table.build/Debug-watchos/SimpleTableExamples-t.build/Objects-normal/arm64_32/SimpleTableExamples_const_extract_protocols.json -disable-clang-spi -clang-target arm64_32-apple-watchos27.0 -target-sdk-version 27.0 -target-sdk-name watchos27.0 -in-process-plugin-server-path /Applications/Xcode-27.0.0-Release.Candidate.app/Contents/Developer/Toolchains/XcodeDefault.xctoolchain/usr/lib/swift/host/libSwiftInProcPluginServer.dylib -parse-as-library -o /Users/admin/builder/spi-builder-workspace/.derivedData/Build/Intermediates.noindex/swiftui-simple-table.build/Debug-watchos/SimpleTableExamples-t.build/Objects-normal/arm64_32/MultiplicationTableExample.o -debug-module-path /Users/admin/builder/spi-builder-workspace/.derivedData/Build/Intermediates.noindex/swiftui-simple-table.build/Debug-watchos/SimpleTableExamples-t.build/Objects-normal/arm64_32/SimpleTableExamples.swiftmodule -index-unit-output-path /swiftui-simple-table.build/Debug-watchos/SimpleTableExamples-t.build/Objects-normal/arm64_32/MultiplicationTableExample.o -index-store-path /Users/admin/builder/spi-builder-workspace/.derivedData/Index.noindex/DataStore -index-system-modules
SwiftCompile normal arm64_32 /Users/admin/builder/spi-builder-workspace/Sources/SimpleTableExamples/MultiplicationTableExample.swift (in target 'SimpleTableExamples' from project 'swiftui-simple-table')
cd /Users/admin/builder/spi-builder-workspace/.swiftpm/xcode
builtin-SwiftPerFileCompile MultiplicationTableExample.swift
SwiftDriverJobDiscovery normal arm64_32 Compiling ColorsTableExample.swift (in target 'SimpleTableExamples' from project 'swiftui-simple-table')
SwiftCompile normal arm64 Compiling\ ShapesTableExample.swift /Users/admin/builder/spi-builder-workspace/Sources/SimpleTableExamples/ShapesTableExample.swift (in target 'SimpleTableExamples' from project 'swiftui-simple-table')
SwiftCompile normal arm64 /Users/admin/builder/spi-builder-workspace/Sources/SimpleTableExamples/ShapesTableExample.swift (in target 'SimpleTableExamples' from project 'swiftui-simple-table')
cd /Users/admin/builder/spi-builder-workspace/.swiftpm/xcode
builtin-SwiftPerFileCompile ShapesTableExample.swift
SwiftCompile normal arm64 Compiling\ PeopleTableExample.swift /Users/admin/builder/spi-builder-workspace/Sources/SimpleTableExamples/PeopleTableExample.swift (in target 'SimpleTableExamples' from project 'swiftui-simple-table')
/Users/admin/builder/spi-builder-workspace/Sources/SimpleTableExamples/PeopleTableExample.swift:46:20: error: 'thinMaterial' is only available in watchOS 10.0 or newer
2 | import SwiftUI
3 |
4 | struct PeopleTableExample: View {
| `- note: add '@available' attribute to enclosing struct
5 | struct Person: Identifiable {
6 | var id = UUID()
:
34 |
35 | @ViewBuilder
36 | func columnHeaders() -> some View {
| `- note: add '@available' attribute to enclosing instance method
37 | Text("Full name")
38 | .padding(.trailing)
:
44 | .font(.caption)
45 | .padding(8)
46 | .background(.thinMaterial)
| |- error: 'thinMaterial' is only available in watchOS 10.0 or newer
| `- note: add 'if #available' version check
47 | .overlay(alignment: .top) { VStack { Divider() } }
48 | .overlay(alignment: .bottom) { VStack { Divider() } }
SwiftCompile normal arm64 /Users/admin/builder/spi-builder-workspace/Sources/SimpleTableExamples/PeopleTableExample.swift (in target 'SimpleTableExamples' from project 'swiftui-simple-table')
cd /Users/admin/builder/spi-builder-workspace/.swiftpm/xcode
builtin-SwiftPerFileCompile PeopleTableExample.swift
SwiftDriverJobDiscovery normal arm64 Compiling SimpleTableHeaderViewModifier.swift (in target 'SimpleTable' from project 'swiftui-simple-table')
SwiftDriverJobDiscovery normal arm64_32 Compiling SimpleTableLayout.swift (in target 'SimpleTable' from project 'swiftui-simple-table')
SwiftDriverJobDiscovery normal arm64 Compiling SimpleTableLayout.swift (in target 'SimpleTable' from project 'swiftui-simple-table')
SwiftDriverJobDiscovery normal arm64 Compiling SimpleTableView.swift (in target 'SimpleTable' from project 'swiftui-simple-table')
SwiftDriver\ Compilation SimpleTable normal arm64 com.apple.xcode.tools.swift.compiler (in target 'SimpleTable' from project 'swiftui-simple-table')
cd /Users/admin/builder/spi-builder-workspace/.swiftpm/xcode
builtin-Swift-Compilation -- /Applications/Xcode-27.0.0-Release.Candidate.app/Contents/Developer/Toolchains/XcodeDefault.xctoolchain/usr/bin/swiftc -parse-as-library -module-name SimpleTable -Onone @/Users/admin/builder/spi-builder-workspace/.derivedData/Build/Intermediates.noindex/swiftui-simple-table.build/Debug-watchos/SimpleTable-t.build/Objects-normal/arm64/SimpleTable.SwiftFileList -DSWIFT_PACKAGE -DDEBUG -DSWIFT_MODULE_RESOURCE_BUNDLE_UNAVAILABLE -DXcode -plugin-path /Applications/Xcode-27.0.0-Release.Candidate.app/Contents/Developer/Toolchains/XcodeDefault.xctoolchain/usr/lib/swift/host/plugins/testing -enable-experimental-feature DebugDescriptionMacro -sdk /Applications/Xcode-27.0.0-Release.Candidate.app/Contents/Developer/Platforms/WatchOS.platform/Developer/SDKs/WatchOS27.0.sdk -target arm64-apple-watchos9.0 -g -module-cache-path /Users/admin/builder/spi-builder-workspace/.derivedData/ModuleCache.noindex -Xfrontend -serialize-debugging-options -enable-testing -index-store-path /Users/admin/builder/spi-builder-workspace/.derivedData/Index.noindex/DataStore -Xcc -D_LIBCPP_HARDENING_MODE\=_LIBCPP_HARDENING_MODE_DEBUG -swift-version 5 -I /Users/admin/builder/spi-builder-workspace/.derivedData/Build/Products/Debug-watchos -Isystem /Applications/Xcode-27.0.0-Release.Candidate.app/Contents/Developer/Platforms/WatchOS.platform/Developer/usr/lib -F /Users/admin/builder/spi-builder-workspace/.derivedData/Build/Products/Debug-watchos -F /Applications/Xcode-27.0.0-Release.Candidate.app/Contents/Developer/Platforms/WatchOS.platform/Developer/Library/Frameworks -F /Applications/Xcode-27.0.0-Release.Candidate.app/Contents/Developer/Platforms/WatchOS.platform/Developer/SDKs/WatchOS27.0.sdk/Developer/Library/Frameworks -c -j10 -enable-batch-mode -incremental -Xcc -ivfsstatcache -Xcc /Users/admin/builder/spi-builder-workspace/.derivedData/SDKStatCaches.noindex/watchos27.0-24R360-e829b21a6f8c9b70876ba0858053c04477534ef55a1706bf4c1112bbb242f0a2.sdkstatcache -output-file-map /Users/admin/builder/spi-builder-workspace/.derivedData/Build/Intermediates.noindex/swiftui-simple-table.build/Debug-watchos/SimpleTable-t.build/Objects-normal/arm64/SimpleTable-OutputFileMap.json -save-temps -no-color-diagnostics -explicit-module-build -module-cache-path /Users/admin/builder/spi-builder-workspace/.derivedData/Build/Intermediates.noindex/SwiftExplicitPrecompiledModules -clang-scanner-module-cache-path /Users/admin/builder/spi-builder-workspace/.derivedData/ModuleCache.noindex -sdk-module-cache-path /Users/admin/builder/spi-builder-workspace/.derivedData/SDKExplicitPrecompiledModules -emit-dependencies -emit-module -emit-module-path /Users/admin/builder/spi-builder-workspace/.derivedData/Build/Intermediates.noindex/swiftui-simple-table.build/Debug-watchos/SimpleTable-t.build/Objects-normal/arm64/SimpleTable.swiftmodule -serialize-diagnostics -dependency-scan-serialize-diagnostics-path /Users/admin/builder/spi-builder-workspace/.derivedData/Build/Intermediates.noindex/swiftui-simple-table.build/Debug-watchos/SimpleTable-t.build/Objects-normal/arm64/SimpleTable-dependency-scan.dia -validate-clang-modules-once -clang-build-session-file /Users/admin/builder/spi-builder-workspace/.derivedData/ModuleCache.noindex/Session.modulevalidation -Xcc -fmodules-prune-interval\=86400 -Xcc -fmodules-prune-after\=345600 -emit-const-values -const-gather-protocols-list /Users/admin/builder/spi-builder-workspace/.derivedData/Build/Intermediates.noindex/swiftui-simple-table.build/Debug-watchos/SimpleTable-t.build/Objects-normal/arm64/SimpleTable_const_extract_protocols.json -Xcc -I/Users/admin/builder/spi-builder-workspace/.derivedData/Build/Products/Debug-watchos/include -Xcc -I/Users/admin/builder/spi-builder-workspace/.derivedData/Build/Intermediates.noindex/swiftui-simple-table.build/Debug-watchos/SimpleTable-t.build/DerivedSources-normal/arm64 -Xcc -I/Users/admin/builder/spi-builder-workspace/.derivedData/Build/Intermediates.noindex/swiftui-simple-table.build/Debug-watchos/SimpleTable-t.build/DerivedSources/arm64 -Xcc -I/Users/admin/builder/spi-builder-workspace/.derivedData/Build/Intermediates.noindex/swiftui-simple-table.build/Debug-watchos/SimpleTable-t.build/DerivedSources -Xcc -DSWIFT_PACKAGE -Xcc -DDEBUG\=1 -emit-objc-header -emit-objc-header-path /Users/admin/builder/spi-builder-workspace/.derivedData/Build/Intermediates.noindex/swiftui-simple-table.build/Debug-watchos/SimpleTable-t.build/Objects-normal/arm64/SimpleTable-Swift.h -working-directory /Users/admin/builder/spi-builder-workspace/.swiftpm/xcode -experimental-emit-module-separately -disable-cmo
Ld /Users/admin/builder/spi-builder-workspace/.derivedData/Build/Intermediates.noindex/swiftui-simple-table.build/Debug-watchos/SimpleTable-t.build/Objects-normal/arm64/Binary/SimpleTable.o normal arm64 (in target 'SimpleTable' from project 'swiftui-simple-table')
cd /Users/admin/builder/spi-builder-workspace
/Applications/Xcode-27.0.0-Release.Candidate.app/Contents/Developer/Toolchains/XcodeDefault.xctoolchain/usr/bin/clang -Xlinker -reproducible -target arm64-apple-watchos9.0 -r -isysroot /Applications/Xcode-27.0.0-Release.Candidate.app/Contents/Developer/Platforms/WatchOS.platform/Developer/SDKs/WatchOS27.0.sdk -O0 -Xlinker -no_warn_duplicate_libraries -F/Users/admin/builder/spi-builder-workspace/.derivedData/Build/Intermediates.noindex/EagerLinkingTBDs/Debug-watchos -F/Users/admin/builder/spi-builder-workspace/.derivedData/Build/Products/Debug-watchos -iframework /Applications/Xcode-27.0.0-Release.Candidate.app/Contents/Developer/Platforms/WatchOS.platform/Developer/Library/Frameworks -iframework /Applications/Xcode-27.0.0-Release.Candidate.app/Contents/Developer/Platforms/WatchOS.platform/Developer/SDKs/WatchOS27.0.sdk/Developer/Library/Frameworks -filelist /Users/admin/builder/spi-builder-workspace/.derivedData/Build/Intermediates.noindex/swiftui-simple-table.build/Debug-watchos/SimpleTable-t.build/Objects-normal/arm64/SimpleTable.LinkFileList -nostdlib -Xlinker -object_path_lto -Xlinker /Users/admin/builder/spi-builder-workspace/.derivedData/Build/Intermediates.noindex/swiftui-simple-table.build/Debug-watchos/SimpleTable-t.build/Objects-normal/arm64/SimpleTable_lto.o -Xlinker -no_deduplicate -Xlinker -dependency_info -Xlinker /Users/admin/builder/spi-builder-workspace/.derivedData/Build/Intermediates.noindex/swiftui-simple-table.build/Debug-watchos/SimpleTable-t.build/Objects-normal/arm64/SimpleTable_dependency_info.dat -fobjc-link-runtime -L/Applications/Xcode-27.0.0-Release.Candidate.app/Contents/Developer/Toolchains/XcodeDefault.xctoolchain/usr/lib/swift/watchos -L/usr/lib/swift -Xlinker -add_ast_path -Xlinker /Users/admin/builder/spi-builder-workspace/.derivedData/Build/Intermediates.noindex/swiftui-simple-table.build/Debug-watchos/SimpleTable-t.build/Objects-normal/arm64/SimpleTable.swiftmodule -o /Users/admin/builder/spi-builder-workspace/.derivedData/Build/Intermediates.noindex/swiftui-simple-table.build/Debug-watchos/SimpleTable-t.build/Objects-normal/arm64/Binary/SimpleTable.o
SwiftDriverJobDiscovery normal arm64_32 Compiling SimpleTableView.swift (in target 'SimpleTable' from project 'swiftui-simple-table')
SwiftDriver\ Compilation SimpleTable normal arm64_32 com.apple.xcode.tools.swift.compiler (in target 'SimpleTable' from project 'swiftui-simple-table')
cd /Users/admin/builder/spi-builder-workspace/.swiftpm/xcode
builtin-Swift-Compilation -- /Applications/Xcode-27.0.0-Release.Candidate.app/Contents/Developer/Toolchains/XcodeDefault.xctoolchain/usr/bin/swiftc -parse-as-library -module-name SimpleTable -Onone @/Users/admin/builder/spi-builder-workspace/.derivedData/Build/Intermediates.noindex/swiftui-simple-table.build/Debug-watchos/SimpleTable-t.build/Objects-normal/arm64_32/SimpleTable.SwiftFileList -DSWIFT_PACKAGE -DDEBUG -DSWIFT_MODULE_RESOURCE_BUNDLE_UNAVAILABLE -DXcode -plugin-path /Applications/Xcode-27.0.0-Release.Candidate.app/Contents/Developer/Toolchains/XcodeDefault.xctoolchain/usr/lib/swift/host/plugins/testing -enable-experimental-feature DebugDescriptionMacro -sdk /Applications/Xcode-27.0.0-Release.Candidate.app/Contents/Developer/Platforms/WatchOS.platform/Developer/SDKs/WatchOS27.0.sdk -target arm64_32-apple-watchos9.0 -g -module-cache-path /Users/admin/builder/spi-builder-workspace/.derivedData/ModuleCache.noindex -Xfrontend -serialize-debugging-options -enable-testing -index-store-path /Users/admin/builder/spi-builder-workspace/.derivedData/Index.noindex/DataStore -Xcc -D_LIBCPP_HARDENING_MODE\=_LIBCPP_HARDENING_MODE_DEBUG -swift-version 5 -I /Users/admin/builder/spi-builder-workspace/.derivedData/Build/Products/Debug-watchos -Isystem /Applications/Xcode-27.0.0-Release.Candidate.app/Contents/Developer/Platforms/WatchOS.platform/Developer/usr/lib -F /Users/admin/builder/spi-builder-workspace/.derivedData/Build/Products/Debug-watchos -F /Applications/Xcode-27.0.0-Release.Candidate.app/Contents/Developer/Platforms/WatchOS.platform/Developer/Library/Frameworks -F /Applications/Xcode-27.0.0-Release.Candidate.app/Contents/Developer/Platforms/WatchOS.platform/Developer/SDKs/WatchOS27.0.sdk/Developer/Library/Frameworks -c -j10 -enable-batch-mode -incremental -Xcc -ivfsstatcache -Xcc /Users/admin/builder/spi-builder-workspace/.derivedData/SDKStatCaches.noindex/watchos27.0-24R360-e829b21a6f8c9b70876ba0858053c04477534ef55a1706bf4c1112bbb242f0a2.sdkstatcache -output-file-map /Users/admin/builder/spi-builder-workspace/.derivedData/Build/Intermediates.noindex/swiftui-simple-table.build/Debug-watchos/SimpleTable-t.build/Objects-normal/arm64_32/SimpleTable-OutputFileMap.json -save-temps -no-color-diagnostics -explicit-module-build -module-cache-path /Users/admin/builder/spi-builder-workspace/.derivedData/Build/Intermediates.noindex/SwiftExplicitPrecompiledModules -clang-scanner-module-cache-path /Users/admin/builder/spi-builder-workspace/.derivedData/ModuleCache.noindex -sdk-module-cache-path /Users/admin/builder/spi-builder-workspace/.derivedData/SDKExplicitPrecompiledModules -emit-dependencies -emit-module -emit-module-path /Users/admin/builder/spi-builder-workspace/.derivedData/Build/Intermediates.noindex/swiftui-simple-table.build/Debug-watchos/SimpleTable-t.build/Objects-normal/arm64_32/SimpleTable.swiftmodule -serialize-diagnostics -dependency-scan-serialize-diagnostics-path /Users/admin/builder/spi-builder-workspace/.derivedData/Build/Intermediates.noindex/swiftui-simple-table.build/Debug-watchos/SimpleTable-t.build/Objects-normal/arm64_32/SimpleTable-dependency-scan.dia -validate-clang-modules-once -clang-build-session-file /Users/admin/builder/spi-builder-workspace/.derivedData/ModuleCache.noindex/Session.modulevalidation -Xcc -fmodules-prune-interval\=86400 -Xcc -fmodules-prune-after\=345600 -emit-const-values -const-gather-protocols-list /Users/admin/builder/spi-builder-workspace/.derivedData/Build/Intermediates.noindex/swiftui-simple-table.build/Debug-watchos/SimpleTable-t.build/Objects-normal/arm64_32/SimpleTable_const_extract_protocols.json -Xcc -I/Users/admin/builder/spi-builder-workspace/.derivedData/Build/Products/Debug-watchos/include -Xcc -I/Users/admin/builder/spi-builder-workspace/.derivedData/Build/Intermediates.noindex/swiftui-simple-table.build/Debug-watchos/SimpleTable-t.build/DerivedSources-normal/arm64_32 -Xcc -I/Users/admin/builder/spi-builder-workspace/.derivedData/Build/Intermediates.noindex/swiftui-simple-table.build/Debug-watchos/SimpleTable-t.build/DerivedSources/arm64_32 -Xcc -I/Users/admin/builder/spi-builder-workspace/.derivedData/Build/Intermediates.noindex/swiftui-simple-table.build/Debug-watchos/SimpleTable-t.build/DerivedSources -Xcc -DSWIFT_PACKAGE -Xcc -DDEBUG\=1 -emit-objc-header -emit-objc-header-path /Users/admin/builder/spi-builder-workspace/.derivedData/Build/Intermediates.noindex/swiftui-simple-table.build/Debug-watchos/SimpleTable-t.build/Objects-normal/arm64_32/SimpleTable-Swift.h -working-directory /Users/admin/builder/spi-builder-workspace/.swiftpm/xcode -experimental-emit-module-separately -disable-cmo
Ld /Users/admin/builder/spi-builder-workspace/.derivedData/Build/Intermediates.noindex/swiftui-simple-table.build/Debug-watchos/SimpleTable-t.build/Objects-normal/arm64_32/Binary/SimpleTable.o normal arm64_32 (in target 'SimpleTable' from project 'swiftui-simple-table')
cd /Users/admin/builder/spi-builder-workspace
/Applications/Xcode-27.0.0-Release.Candidate.app/Contents/Developer/Toolchains/XcodeDefault.xctoolchain/usr/bin/clang -Xlinker -reproducible -target arm64_32-apple-watchos9.0 -r -isysroot /Applications/Xcode-27.0.0-Release.Candidate.app/Contents/Developer/Platforms/WatchOS.platform/Developer/SDKs/WatchOS27.0.sdk -O0 -Xlinker -no_warn_duplicate_libraries -F/Users/admin/builder/spi-builder-workspace/.derivedData/Build/Intermediates.noindex/EagerLinkingTBDs/Debug-watchos -F/Users/admin/builder/spi-builder-workspace/.derivedData/Build/Products/Debug-watchos -iframework /Applications/Xcode-27.0.0-Release.Candidate.app/Contents/Developer/Platforms/WatchOS.platform/Developer/Library/Frameworks -iframework /Applications/Xcode-27.0.0-Release.Candidate.app/Contents/Developer/Platforms/WatchOS.platform/Developer/SDKs/WatchOS27.0.sdk/Developer/Library/Frameworks -filelist /Users/admin/builder/spi-builder-workspace/.derivedData/Build/Intermediates.noindex/swiftui-simple-table.build/Debug-watchos/SimpleTable-t.build/Objects-normal/arm64_32/SimpleTable.LinkFileList -nostdlib -Xlinker -object_path_lto -Xlinker /Users/admin/builder/spi-builder-workspace/.derivedData/Build/Intermediates.noindex/swiftui-simple-table.build/Debug-watchos/SimpleTable-t.build/Objects-normal/arm64_32/SimpleTable_lto.o -Xlinker -no_deduplicate -Xlinker -dependency_info -Xlinker /Users/admin/builder/spi-builder-workspace/.derivedData/Build/Intermediates.noindex/swiftui-simple-table.build/Debug-watchos/SimpleTable-t.build/Objects-normal/arm64_32/SimpleTable_dependency_info.dat -fobjc-link-runtime -L/Applications/Xcode-27.0.0-Release.Candidate.app/Contents/Developer/Toolchains/XcodeDefault.xctoolchain/usr/lib/swift/watchos -L/usr/lib/swift -Xlinker -add_ast_path -Xlinker /Users/admin/builder/spi-builder-workspace/.derivedData/Build/Intermediates.noindex/swiftui-simple-table.build/Debug-watchos/SimpleTable-t.build/Objects-normal/arm64_32/SimpleTable.swiftmodule -o /Users/admin/builder/spi-builder-workspace/.derivedData/Build/Intermediates.noindex/swiftui-simple-table.build/Debug-watchos/SimpleTable-t.build/Objects-normal/arm64_32/Binary/SimpleTable.o
CreateUniversalBinary /Users/admin/builder/spi-builder-workspace/.derivedData/Build/Products/Debug-watchos/SimpleTable.o normal arm64\ arm64_32 (in target 'SimpleTable' from project 'swiftui-simple-table')
cd /Users/admin/builder/spi-builder-workspace
/Applications/Xcode-27.0.0-Release.Candidate.app/Contents/Developer/Toolchains/XcodeDefault.xctoolchain/usr/bin/lipo -create /Users/admin/builder/spi-builder-workspace/.derivedData/Build/Intermediates.noindex/swiftui-simple-table.build/Debug-watchos/SimpleTable-t.build/Objects-normal/arm64/Binary/SimpleTable.o /Users/admin/builder/spi-builder-workspace/.derivedData/Build/Intermediates.noindex/swiftui-simple-table.build/Debug-watchos/SimpleTable-t.build/Objects-normal/arm64_32/Binary/SimpleTable.o -output /Users/admin/builder/spi-builder-workspace/.derivedData/Build/Products/Debug-watchos/SimpleTable.o
ExtractAppIntentsMetadata (in target 'SimpleTable' from project 'swiftui-simple-table')
cd /Users/admin/builder/spi-builder-workspace
/Applications/Xcode-27.0.0-Release.Candidate.app/Contents/Developer/Toolchains/XcodeDefault.xctoolchain/usr/bin/appintentsmetadataprocessor --toolchain-dir /var/run/com.apple.security.cryptexd/mnt/com.apple.MobileAsset.MetalToolchain-v27.1.266.1.OuaNJx/Metal.xctoolchain --module-name SimpleTable --sdk-root /Applications/Xcode-27.0.0-Release.Candidate.app/Contents/Developer/Platforms/WatchOS.platform/Developer/SDKs/WatchOS27.0.sdk --xcode-version 27A266a --platform-family watchOS --deployment-target 9.0 --bundle-identifier spi-builder-workspace.SimpleTable --output /Users/admin/builder/spi-builder-workspace/.derivedData/Build/Products/Debug-watchos/SimpleTable.appintents --target-triple arm64-apple-watchos9.0 --target-triple arm64_32-apple-watchos9.0 --binary-file /Users/admin/builder/spi-builder-workspace/.derivedData/Build/Products/Debug-watchos/SimpleTable.o --dependency-file /Users/admin/builder/spi-builder-workspace/.derivedData/Build/Intermediates.noindex/swiftui-simple-table.build/Debug-watchos/SimpleTable-t.build/Objects-normal/arm64/SimpleTable_dependency_info.dat --dependency-file /Users/admin/builder/spi-builder-workspace/.derivedData/Build/Intermediates.noindex/swiftui-simple-table.build/Debug-watchos/SimpleTable-t.build/Objects-normal/arm64_32/SimpleTable_dependency_info.dat --stringsdata-file /Users/admin/builder/spi-builder-workspace/.derivedData/Build/Intermediates.noindex/swiftui-simple-table.build/Debug-watchos/SimpleTable-t.build/Objects-normal/arm64/ExtractedAppShortcutsMetadata.stringsdata --stringsdata-file /Users/admin/builder/spi-builder-workspace/.derivedData/Build/Intermediates.noindex/swiftui-simple-table.build/Debug-watchos/SimpleTable-t.build/Objects-normal/arm64_32/ExtractedAppShortcutsMetadata.stringsdata --source-file-list /Users/admin/builder/spi-builder-workspace/.derivedData/Build/Intermediates.noindex/swiftui-simple-table.build/Debug-watchos/SimpleTable-t.build/Objects-normal/arm64/SimpleTable.SwiftFileList --source-file-list /Users/admin/builder/spi-builder-workspace/.derivedData/Build/Intermediates.noindex/swiftui-simple-table.build/Debug-watchos/SimpleTable-t.build/Objects-normal/arm64_32/SimpleTable.SwiftFileList --metadata-file-list /Users/admin/builder/spi-builder-workspace/.derivedData/Build/Intermediates.noindex/swiftui-simple-table.build/Debug-watchos/SimpleTable-t.build/SimpleTable.DependencyMetadataFileList --static-metadata-file-list /Users/admin/builder/spi-builder-workspace/.derivedData/Build/Intermediates.noindex/swiftui-simple-table.build/Debug-watchos/SimpleTable-t.build/SimpleTable.DependencyStaticMetadataFileList --swift-const-vals-list /Users/admin/builder/spi-builder-workspace/.derivedData/Build/Intermediates.noindex/swiftui-simple-table.build/Debug-watchos/SimpleTable-t.build/Objects-normal/arm64/SimpleTable.SwiftConstValuesFileList --swift-const-vals-list /Users/admin/builder/spi-builder-workspace/.derivedData/Build/Intermediates.noindex/swiftui-simple-table.build/Debug-watchos/SimpleTable-t.build/Objects-normal/arm64_32/SimpleTable.SwiftConstValuesFileList --force --compile-time-extraction --deployment-aware-processing --no-app-shortcuts-localization
2026-09-19 04:07:47.171 appintentsmetadataprocessor[826:4635] Starting appintentsmetadataprocessor export
PruneExplicitPrecompiledModules /Users/admin/builder/spi-builder-workspace/.derivedData/SDKExplicitPrecompiledModules
PruneExplicitPrecompiledModules /Users/admin/builder/spi-builder-workspace/.derivedData/Build/Intermediates.noindex/ExplicitPrecompiledModules
PruneExplicitPrecompiledModules /Users/admin/builder/spi-builder-workspace/.derivedData/Build/Intermediates.noindex/SwiftExplicitPrecompiledModules
2026-09-19 04:07:36.595 xcodebuild[657:3885] [MT] IDERunDestination: Supported platforms for the buildables in the current scheme is empty.
2026-09-19 04:07:36.730 xcodebuild[657:3885] [MT] IDERunDestination: Supported platforms for the buildables in the current scheme is empty.
** BUILD FAILED **
The following build commands failed:
SwiftCompile normal arm64 /Users/admin/builder/spi-builder-workspace/Sources/SimpleTableExamples/MultiplicationTableExample.swift (in target 'SimpleTableExamples' from project 'swiftui-simple-table')
SwiftCompile normal arm64 Compiling\ MultiplicationTableExample.swift /Users/admin/builder/spi-builder-workspace/Sources/SimpleTableExamples/MultiplicationTableExample.swift (in target 'SimpleTableExamples' from project 'swiftui-simple-table')
SwiftCompile normal arm64_32 Compiling\ MultiplicationTableExample.swift /Users/admin/builder/spi-builder-workspace/Sources/SimpleTableExamples/MultiplicationTableExample.swift (in target 'SimpleTableExamples' from project 'swiftui-simple-table')
SwiftCompile normal arm64_32 /Users/admin/builder/spi-builder-workspace/Sources/SimpleTableExamples/MultiplicationTableExample.swift (in target 'SimpleTableExamples' from project 'swiftui-simple-table')
Building workspace swiftui-simple-table with scheme swiftui-simple-table-Package
(5 failures)
Command line invocation:
/Applications/Xcode-27.0.0-Release.Candidate.app/Contents/Developer/usr/bin/xcodebuild -IDEClonedSourcePackagesDirPathOverride=/Users/admin/builder/spi-builder-workspace/.dependencies -resolvePackageDependencies
Resolve Package Graph
Resolved source packages:
swiftui-simple-table: /Users/admin/builder/spi-builder-workspace
resolved source packages: swiftui-simple-table
2026-09-19 04:07:48.176 xcodebuild[827:4679] [MT] IDERunDestination: Supported platforms for the buildables in the current scheme is empty.
2026-09-19 04:07:48.279 xcodebuild[827:4679] [MT] IDERunDestination: Supported platforms for the buildables in the current scheme is empty.
{
"dependencies" : [
],
"manifest_display_name" : "swiftui-simple-table",
"name" : "swiftui-simple-table",
"path" : "/Users/admin/builder/spi-builder-workspace",
"platforms" : [
{
"name" : "ios",
"version" : "16.0"
},
{
"name" : "macos",
"version" : "13.0"
}
],
"products" : [
{
"name" : "SimpleTable",
"targets" : [
"SimpleTable"
],
"type" : {
"library" : [
"automatic"
]
}
},
{
"name" : "SimpleTableExamples",
"targets" : [
"SimpleTableExamples"
],
"type" : {
"library" : [
"automatic"
]
}
}
],
"targets" : [
{
"c99name" : "SimpleTableExamples",
"module_type" : "SwiftTarget",
"name" : "SimpleTableExamples",
"path" : "Sources/SimpleTableExamples",
"product_memberships" : [
"SimpleTableExamples"
],
"sources" : [
"ColorsTableExample.swift",
"MultiplicationTableExample.swift",
"PeopleTableExample.swift",
"ShapesTableExample.swift"
],
"target_dependencies" : [
"SimpleTable"
],
"type" : "library"
},
{
"c99name" : "SimpleTable",
"module_type" : "SwiftTarget",
"name" : "SimpleTable",
"path" : "Sources/SimpleTable",
"product_memberships" : [
"SimpleTable",
"SimpleTableExamples"
],
"sources" : [
"OnChangeModifier.swift",
"SimpleTableCoordinateSpaceName.swift",
"SimpleTableHeaderViewModifier.swift",
"SimpleTableLayout.swift",
"SimpleTableView.swift"
],
"type" : "library"
}
],
"tools_version" : "5.8"
}
{
"workspace" : {
"name" : "swiftui-simple-table",
"schemes" : [
"SimpleTable",
"SimpleTableExamples",
"swiftui-simple-table-Package"
]
}
}
2026-09-19 04:07:49.433 xcodebuild[859:4922] [MT] IDERunDestination: Supported platforms for the buildables in the current scheme is empty.
2026-09-19 04:07:49.533 xcodebuild[859:4922] [MT] IDERunDestination: Supported platforms for the buildables in the current scheme is empty.
Running build ...
env DEVELOPER_DIR=/Applications/Xcode-27.0.0-Release.Candidate.app xcrun xcodebuild -IDEClonedSourcePackagesDirPathOverride=$PWD/.dependencies -skipMacroValidation -skipPackagePluginValidation -derivedDataPath $PWD/.derivedData build -scheme swiftui-simple-table-Package -destination generic/platform=watchOS
Command line invocation:
/Applications/Xcode-27.0.0-Release.Candidate.app/Contents/Developer/usr/bin/xcodebuild -IDEClonedSourcePackagesDirPathOverride=/Users/admin/builder/spi-builder-workspace/.dependencies -skipMacroValidation -skipPackagePluginValidation -derivedDataPath /Users/admin/builder/spi-builder-workspace/.derivedData build -scheme swiftui-simple-table-Package -destination generic/platform=watchOS
Resolve Package Graph
Resolved source packages:
swiftui-simple-table: /Users/admin/builder/spi-builder-workspace
ComputePackagePrebuildTargetDependencyGraph
Prepare packages
CreateBuildRequest
SendProjectDescription
CreateBuildOperation
ComputeTargetDependencyGraph
note: Building targets in dependency order
note: Target dependency graph (4 targets)
Target 'SimpleTableExamples-product' in project 'swiftui-simple-table'
➜ Explicit dependency on target 'SimpleTableExamples' in project 'swiftui-simple-table'
➜ Explicit dependency on target 'SimpleTable' in project 'swiftui-simple-table'
Target 'SimpleTableExamples' in project 'swiftui-simple-table'
➜ Explicit dependency on target 'SimpleTable' in project 'swiftui-simple-table'
Target 'SimpleTable-product' in project 'swiftui-simple-table'
➜ Explicit dependency on target 'SimpleTable' in project 'swiftui-simple-table'
Target 'SimpleTable' in project 'swiftui-simple-table' (no dependencies)
GatherProvisioningInputs
CreateBuildDescription
ClangStatCache /Applications/Xcode-27.0.0-Release.Candidate.app/Contents/Developer/Toolchains/XcodeDefault.xctoolchain/usr/bin/clang-stat-cache /Applications/Xcode-27.0.0-Release.Candidate.app/Contents/Developer/Platforms/WatchOS.platform/Developer/SDKs/WatchOS27.0.sdk /Users/admin/builder/spi-builder-workspace/.derivedData/SDKStatCaches.noindex/watchos27.0-24R360-e829b21a6f8c9b70876ba0858053c04477534ef55a1706bf4c1112bbb242f0a2.sdkstatcache
cd /Users/admin/builder/spi-builder-workspace/.swiftpm/xcode
/Applications/Xcode-27.0.0-Release.Candidate.app/Contents/Developer/Toolchains/XcodeDefault.xctoolchain/usr/bin/clang-stat-cache /Applications/Xcode-27.0.0-Release.Candidate.app/Contents/Developer/Platforms/WatchOS.platform/Developer/SDKs/WatchOS27.0.sdk -o /Users/admin/builder/spi-builder-workspace/.derivedData/SDKStatCaches.noindex/watchos27.0-24R360-e829b21a6f8c9b70876ba0858053c04477534ef55a1706bf4c1112bbb242f0a2.sdkstatcache
SwiftDriver SimpleTableExamples normal arm64 com.apple.xcode.tools.swift.compiler (in target 'SimpleTableExamples' from project 'swiftui-simple-table')
cd /Users/admin/builder/spi-builder-workspace/.swiftpm/xcode
builtin-SwiftDriver -- /Applications/Xcode-27.0.0-Release.Candidate.app/Contents/Developer/Toolchains/XcodeDefault.xctoolchain/usr/bin/swiftc -parse-as-library -module-name SimpleTableExamples -Onone @/Users/admin/builder/spi-builder-workspace/.derivedData/Build/Intermediates.noindex/swiftui-simple-table.build/Debug-watchos/SimpleTableExamples-t.build/Objects-normal/arm64/SimpleTableExamples.SwiftFileList -DSWIFT_PACKAGE -DDEBUG -DSWIFT_MODULE_RESOURCE_BUNDLE_UNAVAILABLE -DXcode -plugin-path /Applications/Xcode-27.0.0-Release.Candidate.app/Contents/Developer/Toolchains/XcodeDefault.xctoolchain/usr/lib/swift/host/plugins/testing -enable-experimental-feature DebugDescriptionMacro -sdk /Applications/Xcode-27.0.0-Release.Candidate.app/Contents/Developer/Platforms/WatchOS.platform/Developer/SDKs/WatchOS27.0.sdk -target arm64-apple-watchos9.0 -g -module-cache-path /Users/admin/builder/spi-builder-workspace/.derivedData/ModuleCache.noindex -Xfrontend -serialize-debugging-options -enable-testing -index-store-path /Users/admin/builder/spi-builder-workspace/.derivedData/Index.noindex/DataStore -Xcc -D_LIBCPP_HARDENING_MODE\=_LIBCPP_HARDENING_MODE_DEBUG -swift-version 5 -I /Users/admin/builder/spi-builder-workspace/.derivedData/Build/Products/Debug-watchos -Isystem /Applications/Xcode-27.0.0-Release.Candidate.app/Contents/Developer/Platforms/WatchOS.platform/Developer/usr/lib -F /Users/admin/builder/spi-builder-workspace/.derivedData/Build/Products/Debug-watchos/PackageFrameworks -F /Users/admin/builder/spi-builder-workspace/.derivedData/Build/Products/Debug-watchos -F /Applications/Xcode-27.0.0-Release.Candidate.app/Contents/Developer/Platforms/WatchOS.platform/Developer/Library/Frameworks -F /Applications/Xcode-27.0.0-Release.Candidate.app/Contents/Developer/Platforms/WatchOS.platform/Developer/SDKs/WatchOS27.0.sdk/Developer/Library/Frameworks -c -j10 -enable-batch-mode -incremental -Xcc -ivfsstatcache -Xcc /Users/admin/builder/spi-builder-workspace/.derivedData/SDKStatCaches.noindex/watchos27.0-24R360-e829b21a6f8c9b70876ba0858053c04477534ef55a1706bf4c1112bbb242f0a2.sdkstatcache -output-file-map /Users/admin/builder/spi-builder-workspace/.derivedData/Build/Intermediates.noindex/swiftui-simple-table.build/Debug-watchos/SimpleTableExamples-t.build/Objects-normal/arm64/SimpleTableExamples-OutputFileMap.json -save-temps -no-color-diagnostics -explicit-module-build -module-cache-path /Users/admin/builder/spi-builder-workspace/.derivedData/Build/Intermediates.noindex/SwiftExplicitPrecompiledModules -clang-scanner-module-cache-path /Users/admin/builder/spi-builder-workspace/.derivedData/ModuleCache.noindex -sdk-module-cache-path /Users/admin/builder/spi-builder-workspace/.derivedData/SDKExplicitPrecompiledModules -emit-dependencies -emit-module -emit-module-path /Users/admin/builder/spi-builder-workspace/.derivedData/Build/Intermediates.noindex/swiftui-simple-table.build/Debug-watchos/SimpleTableExamples-t.build/Objects-normal/arm64/SimpleTableExamples.swiftmodule -serialize-diagnostics -dependency-scan-serialize-diagnostics-path /Users/admin/builder/spi-builder-workspace/.derivedData/Build/Intermediates.noindex/swiftui-simple-table.build/Debug-watchos/SimpleTableExamples-t.build/Objects-normal/arm64/SimpleTableExamples-dependency-scan.dia -validate-clang-modules-once -clang-build-session-file /Users/admin/builder/spi-builder-workspace/.derivedData/ModuleCache.noindex/Session.modulevalidation -Xcc -fmodules-prune-interval\=86400 -Xcc -fmodules-prune-after\=345600 -emit-const-values -const-gather-protocols-list /Users/admin/builder/spi-builder-workspace/.derivedData/Build/Intermediates.noindex/swiftui-simple-table.build/Debug-watchos/SimpleTableExamples-t.build/Objects-normal/arm64/SimpleTableExamples_const_extract_protocols.json -Xcc -I/Users/admin/builder/spi-builder-workspace/.derivedData/Build/Products/Debug-watchos/include -Xcc -I/Users/admin/builder/spi-builder-workspace/.derivedData/Build/Intermediates.noindex/swiftui-simple-table.build/Debug-watchos/SimpleTableExamples-t.build/DerivedSources-normal/arm64 -Xcc -I/Users/admin/builder/spi-builder-workspace/.derivedData/Build/Intermediates.noindex/swiftui-simple-table.build/Debug-watchos/SimpleTableExamples-t.build/DerivedSources/arm64 -Xcc -I/Users/admin/builder/spi-builder-workspace/.derivedData/Build/Intermediates.noindex/swiftui-simple-table.build/Debug-watchos/SimpleTableExamples-t.build/DerivedSources -Xcc -DSWIFT_PACKAGE -Xcc -DDEBUG\=1 -emit-objc-header -emit-objc-header-path /Users/admin/builder/spi-builder-workspace/.derivedData/Build/Intermediates.noindex/swiftui-simple-table.build/Debug-watchos/SimpleTableExamples-t.build/Objects-normal/arm64/SimpleTableExamples-Swift.h -working-directory /Users/admin/builder/spi-builder-workspace/.swiftpm/xcode -experimental-emit-module-separately -disable-cmo
SwiftDriver SimpleTableExamples normal arm64_32 com.apple.xcode.tools.swift.compiler (in target 'SimpleTableExamples' from project 'swiftui-simple-table')
cd /Users/admin/builder/spi-builder-workspace/.swiftpm/xcode
builtin-SwiftDriver -- /Applications/Xcode-27.0.0-Release.Candidate.app/Contents/Developer/Toolchains/XcodeDefault.xctoolchain/usr/bin/swiftc -parse-as-library -module-name SimpleTableExamples -Onone @/Users/admin/builder/spi-builder-workspace/.derivedData/Build/Intermediates.noindex/swiftui-simple-table.build/Debug-watchos/SimpleTableExamples-t.build/Objects-normal/arm64_32/SimpleTableExamples.SwiftFileList -DSWIFT_PACKAGE -DDEBUG -DSWIFT_MODULE_RESOURCE_BUNDLE_UNAVAILABLE -DXcode -plugin-path /Applications/Xcode-27.0.0-Release.Candidate.app/Contents/Developer/Toolchains/XcodeDefault.xctoolchain/usr/lib/swift/host/plugins/testing -enable-experimental-feature DebugDescriptionMacro -sdk /Applications/Xcode-27.0.0-Release.Candidate.app/Contents/Developer/Platforms/WatchOS.platform/Developer/SDKs/WatchOS27.0.sdk -target arm64_32-apple-watchos9.0 -g -module-cache-path /Users/admin/builder/spi-builder-workspace/.derivedData/ModuleCache.noindex -Xfrontend -serialize-debugging-options -enable-testing -index-store-path /Users/admin/builder/spi-builder-workspace/.derivedData/Index.noindex/DataStore -Xcc -D_LIBCPP_HARDENING_MODE\=_LIBCPP_HARDENING_MODE_DEBUG -swift-version 5 -I /Users/admin/builder/spi-builder-workspace/.derivedData/Build/Products/Debug-watchos -Isystem /Applications/Xcode-27.0.0-Release.Candidate.app/Contents/Developer/Platforms/WatchOS.platform/Developer/usr/lib -F /Users/admin/builder/spi-builder-workspace/.derivedData/Build/Products/Debug-watchos/PackageFrameworks -F /Users/admin/builder/spi-builder-workspace/.derivedData/Build/Products/Debug-watchos -F /Applications/Xcode-27.0.0-Release.Candidate.app/Contents/Developer/Platforms/WatchOS.platform/Developer/Library/Frameworks -F /Applications/Xcode-27.0.0-Release.Candidate.app/Contents/Developer/Platforms/WatchOS.platform/Developer/SDKs/WatchOS27.0.sdk/Developer/Library/Frameworks -c -j10 -enable-batch-mode -incremental -Xcc -ivfsstatcache -Xcc /Users/admin/builder/spi-builder-workspace/.derivedData/SDKStatCaches.noindex/watchos27.0-24R360-e829b21a6f8c9b70876ba0858053c04477534ef55a1706bf4c1112bbb242f0a2.sdkstatcache -output-file-map /Users/admin/builder/spi-builder-workspace/.derivedData/Build/Intermediates.noindex/swiftui-simple-table.build/Debug-watchos/SimpleTableExamples-t.build/Objects-normal/arm64_32/SimpleTableExamples-OutputFileMap.json -save-temps -no-color-diagnostics -explicit-module-build -module-cache-path /Users/admin/builder/spi-builder-workspace/.derivedData/Build/Intermediates.noindex/SwiftExplicitPrecompiledModules -clang-scanner-module-cache-path /Users/admin/builder/spi-builder-workspace/.derivedData/ModuleCache.noindex -sdk-module-cache-path /Users/admin/builder/spi-builder-workspace/.derivedData/SDKExplicitPrecompiledModules -emit-dependencies -emit-module -emit-module-path /Users/admin/builder/spi-builder-workspace/.derivedData/Build/Intermediates.noindex/swiftui-simple-table.build/Debug-watchos/SimpleTableExamples-t.build/Objects-normal/arm64_32/SimpleTableExamples.swiftmodule -serialize-diagnostics -dependency-scan-serialize-diagnostics-path /Users/admin/builder/spi-builder-workspace/.derivedData/Build/Intermediates.noindex/swiftui-simple-table.build/Debug-watchos/SimpleTableExamples-t.build/Objects-normal/arm64_32/SimpleTableExamples-dependency-scan.dia -validate-clang-modules-once -clang-build-session-file /Users/admin/builder/spi-builder-workspace/.derivedData/ModuleCache.noindex/Session.modulevalidation -Xcc -fmodules-prune-interval\=86400 -Xcc -fmodules-prune-after\=345600 -emit-const-values -const-gather-protocols-list /Users/admin/builder/spi-builder-workspace/.derivedData/Build/Intermediates.noindex/swiftui-simple-table.build/Debug-watchos/SimpleTableExamples-t.build/Objects-normal/arm64_32/SimpleTableExamples_const_extract_protocols.json -Xcc -I/Users/admin/builder/spi-builder-workspace/.derivedData/Build/Products/Debug-watchos/include -Xcc -I/Users/admin/builder/spi-builder-workspace/.derivedData/Build/Intermediates.noindex/swiftui-simple-table.build/Debug-watchos/SimpleTableExamples-t.build/DerivedSources-normal/arm64_32 -Xcc -I/Users/admin/builder/spi-builder-workspace/.derivedData/Build/Intermediates.noindex/swiftui-simple-table.build/Debug-watchos/SimpleTableExamples-t.build/DerivedSources/arm64_32 -Xcc -I/Users/admin/builder/spi-builder-workspace/.derivedData/Build/Intermediates.noindex/swiftui-simple-table.build/Debug-watchos/SimpleTableExamples-t.build/DerivedSources -Xcc -DSWIFT_PACKAGE -Xcc -DDEBUG\=1 -emit-objc-header -emit-objc-header-path /Users/admin/builder/spi-builder-workspace/.derivedData/Build/Intermediates.noindex/swiftui-simple-table.build/Debug-watchos/SimpleTableExamples-t.build/Objects-normal/arm64_32/SimpleTableExamples-Swift.h -working-directory /Users/admin/builder/spi-builder-workspace/.swiftpm/xcode -experimental-emit-module-separately -disable-cmo
ExtractAppIntentsMetadata (in target 'SimpleTable' from project 'swiftui-simple-table')
cd /Users/admin/builder/spi-builder-workspace
/Applications/Xcode-27.0.0-Release.Candidate.app/Contents/Developer/Toolchains/XcodeDefault.xctoolchain/usr/bin/appintentsmetadataprocessor --toolchain-dir /var/run/com.apple.security.cryptexd/mnt/com.apple.MobileAsset.MetalToolchain-v27.1.266.1.OuaNJx/Metal.xctoolchain --module-name SimpleTable --sdk-root /Applications/Xcode-27.0.0-Release.Candidate.app/Contents/Developer/Platforms/WatchOS.platform/Developer/SDKs/WatchOS27.0.sdk --xcode-version 27A266a --platform-family watchOS --deployment-target 9.0 --bundle-identifier spi-builder-workspace.SimpleTable --output /Users/admin/builder/spi-builder-workspace/.derivedData/Build/Products/Debug-watchos/SimpleTable.appintents --target-triple arm64-apple-watchos9.0 --target-triple arm64_32-apple-watchos9.0 --binary-file /Users/admin/builder/spi-builder-workspace/.derivedData/Build/Products/Debug-watchos/SimpleTable.o --dependency-file /Users/admin/builder/spi-builder-workspace/.derivedData/Build/Intermediates.noindex/swiftui-simple-table.build/Debug-watchos/SimpleTable-t.build/Objects-normal/arm64/SimpleTable_dependency_info.dat --dependency-file /Users/admin/builder/spi-builder-workspace/.derivedData/Build/Intermediates.noindex/swiftui-simple-table.build/Debug-watchos/SimpleTable-t.build/Objects-normal/arm64_32/SimpleTable_dependency_info.dat --stringsdata-file /Users/admin/builder/spi-builder-workspace/.derivedData/Build/Intermediates.noindex/swiftui-simple-table.build/Debug-watchos/SimpleTable-t.build/Objects-normal/arm64/ExtractedAppShortcutsMetadata.stringsdata --stringsdata-file /Users/admin/builder/spi-builder-workspace/.derivedData/Build/Intermediates.noindex/swiftui-simple-table.build/Debug-watchos/SimpleTable-t.build/Objects-normal/arm64_32/ExtractedAppShortcutsMetadata.stringsdata --source-file-list /Users/admin/builder/spi-builder-workspace/.derivedData/Build/Intermediates.noindex/swiftui-simple-table.build/Debug-watchos/SimpleTable-t.build/Objects-normal/arm64/SimpleTable.SwiftFileList --source-file-list /Users/admin/builder/spi-builder-workspace/.derivedData/Build/Intermediates.noindex/swiftui-simple-table.build/Debug-watchos/SimpleTable-t.build/Objects-normal/arm64_32/SimpleTable.SwiftFileList --metadata-file-list /Users/admin/builder/spi-builder-workspace/.derivedData/Build/Intermediates.noindex/swiftui-simple-table.build/Debug-watchos/SimpleTable-t.build/SimpleTable.DependencyMetadataFileList --static-metadata-file-list /Users/admin/builder/spi-builder-workspace/.derivedData/Build/Intermediates.noindex/swiftui-simple-table.build/Debug-watchos/SimpleTable-t.build/SimpleTable.DependencyStaticMetadataFileList --swift-const-vals-list /Users/admin/builder/spi-builder-workspace/.derivedData/Build/Intermediates.noindex/swiftui-simple-table.build/Debug-watchos/SimpleTable-t.build/Objects-normal/arm64/SimpleTable.SwiftConstValuesFileList --swift-const-vals-list /Users/admin/builder/spi-builder-workspace/.derivedData/Build/Intermediates.noindex/swiftui-simple-table.build/Debug-watchos/SimpleTable-t.build/Objects-normal/arm64_32/SimpleTable.SwiftConstValuesFileList --force --compile-time-extraction --deployment-aware-processing --no-app-shortcuts-localization
2026-09-19 04:07:51.137 appintentsmetadataprocessor[863:4986] Starting appintentsmetadataprocessor export
2026-09-19 04:07:51.203 appintentsmetadataprocessor[863:4986] Extracted no relevant App Intents symbols, skipping writing output
SwiftEmitModule normal arm64 Emitting\ module\ for\ SimpleTableExamples (in target 'SimpleTableExamples' from project 'swiftui-simple-table')
SwiftCompile normal arm64 (in target 'SimpleTableExamples' from project 'swiftui-simple-table')
cd /Users/admin/builder/spi-builder-workspace/.swiftpm/xcode
SwiftCompile normal arm64 Compiling\ ShapesTableExample.swift /Users/admin/builder/spi-builder-workspace/Sources/SimpleTableExamples/ShapesTableExample.swift (in target 'SimpleTableExamples' from project 'swiftui-simple-table')
SwiftCompile normal arm64 /Users/admin/builder/spi-builder-workspace/Sources/SimpleTableExamples/ShapesTableExample.swift (in target 'SimpleTableExamples' from project 'swiftui-simple-table')
cd /Users/admin/builder/spi-builder-workspace/.swiftpm/xcode
builtin-SwiftPerFileCompile ShapesTableExample.swift
SwiftCompile normal arm64 Compiling\ MultiplicationTableExample.swift /Users/admin/builder/spi-builder-workspace/Sources/SimpleTableExamples/MultiplicationTableExample.swift (in target 'SimpleTableExamples' from project 'swiftui-simple-table')
/Users/admin/builder/spi-builder-workspace/Sources/SimpleTableExamples/MultiplicationTableExample.swift:31:20: error: 'thinMaterial' is only available in watchOS 10.0 or newer
2 | import SwiftUI
3 |
4 | struct MultiplicationTableExample: View {
| `- note: add '@available' attribute to enclosing struct
5 | var body: some View {
6 | SimpleTableView {
:
24 | }
25 |
26 | func header() -> some View {
| `- note: add '@available' attribute to enclosing instance method
27 | Image(systemName: "multiply")
28 | .font(.caption.bold())
29 | .padding()
30 | .frame(maxWidth: .infinity, maxHeight: .infinity)
31 | .background(.thinMaterial)
| |- error: 'thinMaterial' is only available in watchOS 10.0 or newer
| `- note: add 'if #available' version check
32 | .overlay(alignment: .top) { VStack { Divider() } }
33 | .overlay(alignment: .bottom) { VStack { Divider() } }
/Users/admin/builder/spi-builder-workspace/Sources/SimpleTableExamples/MultiplicationTableExample.swift:48:18: error: 'thinMaterial' is only available in watchOS 10.0 or newer
2 | import SwiftUI
3 |
4 | struct MultiplicationTableExample: View {
| `- note: add '@available' attribute to enclosing struct
5 | var body: some View {
6 | SimpleTableView {
:
38 | }
39 |
40 | func header(column: Int) -> some View {
| `- note: add '@available' attribute to enclosing instance method
41 | VStack {
42 | Text("\(column)")
:
46 | .padding()
47 | .frame(maxWidth: .infinity, maxHeight: .infinity)
48 | .background(.thinMaterial)
| |- error: 'thinMaterial' is only available in watchOS 10.0 or newer
| `- note: add 'if #available' version check
49 | .overlay(alignment: .top) { VStack { Divider() } }
50 | .overlay(alignment: .bottom) { VStack { Divider() } }
/Users/admin/builder/spi-builder-workspace/Sources/SimpleTableExamples/MultiplicationTableExample.swift:64:18: error: 'thinMaterial' is only available in watchOS 10.0 or newer
2 | import SwiftUI
3 |
4 | struct MultiplicationTableExample: View {
| `- note: add '@available' attribute to enclosing struct
5 | var body: some View {
6 | SimpleTableView {
:
54 | }
55 |
56 | func header(row: Int) -> some View {
| `- note: add '@available' attribute to enclosing instance method
57 | HStack {
58 | Text("\(row)")
:
62 | .padding()
63 | .frame(maxWidth: .infinity, maxHeight: .infinity)
64 | .background(.thinMaterial)
| |- error: 'thinMaterial' is only available in watchOS 10.0 or newer
| `- note: add 'if #available' version check
65 | .overlay(alignment: .bottom) { VStack { Divider() } }
66 | .overlay(alignment: .leading) { HStack { Divider() } }
Failed frontend command:
/Applications/Xcode-27.0.0-Release.Candidate.app/Contents/Developer/Toolchains/XcodeDefault.xctoolchain/usr/bin/swift-frontend -frontend -c /Users/admin/builder/spi-builder-workspace/Sources/SimpleTableExamples/ColorsTableExample.swift -primary-file /Users/admin/builder/spi-builder-workspace/Sources/SimpleTableExamples/MultiplicationTableExample.swift /Users/admin/builder/spi-builder-workspace/Sources/SimpleTableExamples/PeopleTableExample.swift /Users/admin/builder/spi-builder-workspace/Sources/SimpleTableExamples/ShapesTableExample.swift -emit-dependencies-path /Users/admin/builder/spi-builder-workspace/.derivedData/Build/Intermediates.noindex/swiftui-simple-table.build/Debug-watchos/SimpleTableExamples-t.build/Objects-normal/arm64/MultiplicationTableExample.d -emit-const-values-path /Users/admin/builder/spi-builder-workspace/.derivedData/Build/Intermediates.noindex/swiftui-simple-table.build/Debug-watchos/SimpleTableExamples-t.build/Objects-normal/arm64/MultiplicationTableExample.swiftconstvalues -emit-reference-dependencies-path /Users/admin/builder/spi-builder-workspace/.derivedData/Build/Intermediates.noindex/swiftui-simple-table.build/Debug-watchos/SimpleTableExamples-t.build/Objects-normal/arm64/MultiplicationTableExample.swiftdeps -serialize-diagnostics-path /Users/admin/builder/spi-builder-workspace/.derivedData/Build/Intermediates.noindex/swiftui-simple-table.build/Debug-watchos/SimpleTableExamples-t.build/Objects-normal/arm64/MultiplicationTableExample.dia -target arm64-apple-watchos9.0 -disable-cross-import-overlay-search -load-resolved-plugin /Applications/Xcode-27.0.0-Release.Candidate.app/Contents/Developer/Platforms/WatchOS.platform/Developer/usr/lib/swift/host/plugins/libFoundationMacros.dylib\#/Applications/Xcode-27.0.0-Release.Candidate.app/Contents/Developer/Platforms/WatchOS.platform/Developer/usr/bin/swift-plugin-server\#FoundationMacros -load-resolved-plugin /Applications/Xcode-27.0.0-Release.Candidate.app/Contents/Developer/Platforms/WatchOS.platform/Developer/usr/lib/swift/host/plugins/libObservationMacros.dylib\#/Applications/Xcode-27.0.0-Release.Candidate.app/Contents/Developer/Platforms/WatchOS.platform/Developer/usr/bin/swift-plugin-server\#ObservationMacros -load-resolved-plugin /Applications/Xcode-27.0.0-Release.Candidate.app/Contents/Developer/Platforms/WatchOS.platform/Developer/usr/lib/swift/host/plugins/libPreviewsMacros.dylib\#/Applications/Xcode-27.0.0-Release.Candidate.app/Contents/Developer/Platforms/WatchOS.platform/Developer/usr/bin/swift-plugin-server\#PreviewsMacros -load-resolved-plugin /Applications/Xcode-27.0.0-Release.Candidate.app/Contents/Developer/Platforms/WatchOS.platform/Developer/usr/lib/swift/host/plugins/libSwiftMacros.dylib\#/Applications/Xcode-27.0.0-Release.Candidate.app/Contents/Developer/Platforms/WatchOS.platform/Developer/usr/bin/swift-plugin-server\#SwiftMacros -load-resolved-plugin /Applications/Xcode-27.0.0-Release.Candidate.app/Contents/Developer/Platforms/WatchOS.platform/Developer/usr/lib/swift/host/plugins/libSwiftUIMacros.dylib\#/Applications/Xcode-27.0.0-Release.Candidate.app/Contents/Developer/Platforms/WatchOS.platform/Developer/usr/bin/swift-plugin-server\#SwiftUIMacros -disable-implicit-swift-modules -Xcc -fno-implicit-modules -Xcc -fno-implicit-module-maps -explicit-swift-module-map-file /Users/admin/builder/spi-builder-workspace/.derivedData/Build/Intermediates.noindex/swiftui-simple-table.build/Debug-watchos/SimpleTableExamples-t.build/Objects-normal/arm64/SimpleTableExamples-dependencies-2.json -Xllvm -aarch64-use-tbi -enable-objc-interop -stack-check -sdk /Applications/Xcode-27.0.0-Release.Candidate.app/Contents/Developer/Platforms/WatchOS.platform/Developer/SDKs/WatchOS27.0.sdk -I /Users/admin/builder/spi-builder-workspace/.derivedData/Build/Products/Debug-watchos -Isystem /Applications/Xcode-27.0.0-Release.Candidate.app/Contents/Developer/Platforms/WatchOS.platform/Developer/usr/lib -F /Users/admin/builder/spi-builder-workspace/.derivedData/Build/Products/Debug-watchos/PackageFrameworks -F /Users/admin/builder/spi-builder-workspace/.derivedData/Build/Products/Debug-watchos -F /Applications/Xcode-27.0.0-Release.Candidate.app/Contents/Developer/Platforms/WatchOS.platform/Developer/Library/Frameworks -F /Applications/Xcode-27.0.0-Release.Candidate.app/Contents/Developer/Platforms/WatchOS.platform/Developer/SDKs/WatchOS27.0.sdk/Developer/Library/Frameworks -module-cache-path /Users/admin/builder/spi-builder-workspace/.derivedData/Build/Intermediates.noindex/SwiftExplicitPrecompiledModules -no-color-diagnostics -Xcc -fno-color-diagnostics -enable-testing -g -debug-info-format\=dwarf -dwarf-version\=4 -swift-version 5 -Onone -D SWIFT_PACKAGE -D DEBUG -D SWIFT_MODULE_RESOURCE_BUNDLE_UNAVAILABLE -D Xcode -serialize-debugging-options -enable-experimental-feature DebugDescriptionMacro -empty-abi-descriptor -validate-clang-modules-once -clang-build-session-file /Users/admin/builder/spi-builder-workspace/.derivedData/ModuleCache.noindex/Session.modulevalidation -Xcc -working-directory -Xcc /Users/admin/builder/spi-builder-workspace/.swiftpm/xcode -enable-anonymous-context-mangled-names -file-compilation-dir /Users/admin/builder/spi-builder-workspace/.swiftpm/xcode -Xcc -D_LIBCPP_HARDENING_MODE\=_LIBCPP_HARDENING_MODE_DEBUG -Xcc -ivfsstatcache -Xcc /Users/admin/builder/spi-builder-workspace/.derivedData/SDKStatCaches.noindex/watchos27.0-24R360-e829b21a6f8c9b70876ba0858053c04477534ef55a1706bf4c1112bbb242f0a2.sdkstatcache -Xcc -fmodules-prune-interval\=86400 -Xcc -fmodules-prune-after\=345600 -Xcc -I/Users/admin/builder/spi-builder-workspace/.derivedData/Build/Products/Debug-watchos/include -Xcc -I/Users/admin/builder/spi-builder-workspace/.derivedData/Build/Intermediates.noindex/swiftui-simple-table.build/Debug-watchos/SimpleTableExamples-t.build/DerivedSources-normal/arm64 -Xcc -I/Users/admin/builder/spi-builder-workspace/.derivedData/Build/Intermediates.noindex/swiftui-simple-table.build/Debug-watchos/SimpleTableExamples-t.build/DerivedSources/arm64 -Xcc -I/Users/admin/builder/spi-builder-workspace/.derivedData/Build/Intermediates.noindex/swiftui-simple-table.build/Debug-watchos/SimpleTableExamples-t.build/DerivedSources -Xcc -DSWIFT_PACKAGE -Xcc -DDEBUG\=1 -no-auto-bridging-header-chaining -module-name SimpleTableExamples -const-gather-protocols-file /Users/admin/builder/spi-builder-workspace/.derivedData/Build/Intermediates.noindex/swiftui-simple-table.build/Debug-watchos/SimpleTableExamples-t.build/Objects-normal/arm64/SimpleTableExamples_const_extract_protocols.json -disable-clang-spi -clang-target arm64-apple-watchos27.0 -target-sdk-version 27.0 -target-sdk-name watchos27.0 -in-process-plugin-server-path /Applications/Xcode-27.0.0-Release.Candidate.app/Contents/Developer/Toolchains/XcodeDefault.xctoolchain/usr/lib/swift/host/libSwiftInProcPluginServer.dylib -parse-as-library -o /Users/admin/builder/spi-builder-workspace/.derivedData/Build/Intermediates.noindex/swiftui-simple-table.build/Debug-watchos/SimpleTableExamples-t.build/Objects-normal/arm64/MultiplicationTableExample.o -debug-module-path /Users/admin/builder/spi-builder-workspace/.derivedData/Build/Intermediates.noindex/swiftui-simple-table.build/Debug-watchos/SimpleTableExamples-t.build/Objects-normal/arm64/SimpleTableExamples.swiftmodule -index-unit-output-path /swiftui-simple-table.build/Debug-watchos/SimpleTableExamples-t.build/Objects-normal/arm64/MultiplicationTableExample.o -index-store-path /Users/admin/builder/spi-builder-workspace/.derivedData/Index.noindex/DataStore -index-system-modules
SwiftCompile normal arm64 /Users/admin/builder/spi-builder-workspace/Sources/SimpleTableExamples/MultiplicationTableExample.swift (in target 'SimpleTableExamples' from project 'swiftui-simple-table')
cd /Users/admin/builder/spi-builder-workspace/.swiftpm/xcode
builtin-SwiftPerFileCompile MultiplicationTableExample.swift
SwiftCompile normal arm64 Compiling\ PeopleTableExample.swift /Users/admin/builder/spi-builder-workspace/Sources/SimpleTableExamples/PeopleTableExample.swift (in target 'SimpleTableExamples' from project 'swiftui-simple-table')
/Users/admin/builder/spi-builder-workspace/Sources/SimpleTableExamples/PeopleTableExample.swift:46:20: error: 'thinMaterial' is only available in watchOS 10.0 or newer
2 | import SwiftUI
3 |
4 | struct PeopleTableExample: View {
| `- note: add '@available' attribute to enclosing struct
5 | struct Person: Identifiable {
6 | var id = UUID()
:
34 |
35 | @ViewBuilder
36 | func columnHeaders() -> some View {
| `- note: add '@available' attribute to enclosing instance method
37 | Text("Full name")
38 | .padding(.trailing)
:
44 | .font(.caption)
45 | .padding(8)
46 | .background(.thinMaterial)
| |- error: 'thinMaterial' is only available in watchOS 10.0 or newer
| `- note: add 'if #available' version check
47 | .overlay(alignment: .top) { VStack { Divider() } }
48 | .overlay(alignment: .bottom) { VStack { Divider() } }
SwiftCompile normal arm64 /Users/admin/builder/spi-builder-workspace/Sources/SimpleTableExamples/PeopleTableExample.swift (in target 'SimpleTableExamples' from project 'swiftui-simple-table')
cd /Users/admin/builder/spi-builder-workspace/.swiftpm/xcode
builtin-SwiftPerFileCompile PeopleTableExample.swift
SwiftEmitModule normal arm64_32 Emitting\ module\ for\ SimpleTableExamples (in target 'SimpleTableExamples' from project 'swiftui-simple-table')
SwiftCompile normal arm64_32 (in target 'SimpleTableExamples' from project 'swiftui-simple-table')
cd /Users/admin/builder/spi-builder-workspace/.swiftpm/xcode
SwiftCompile normal arm64_32 Compiling\ PeopleTableExample.swift /Users/admin/builder/spi-builder-workspace/Sources/SimpleTableExamples/PeopleTableExample.swift (in target 'SimpleTableExamples' from project 'swiftui-simple-table')
SwiftCompile normal arm64_32 /Users/admin/builder/spi-builder-workspace/Sources/SimpleTableExamples/PeopleTableExample.swift (in target 'SimpleTableExamples' from project 'swiftui-simple-table')
cd /Users/admin/builder/spi-builder-workspace/.swiftpm/xcode
builtin-SwiftPerFileCompile PeopleTableExample.swift
/Users/admin/builder/spi-builder-workspace/Sources/SimpleTableExamples/PeopleTableExample.swift:46:20: error: 'thinMaterial' is only available in watchOS 10.0 or newer
2 | import SwiftUI
3 |
4 | struct PeopleTableExample: View {
| `- note: add '@available' attribute to enclosing struct
5 | struct Person: Identifiable {
6 | var id = UUID()
:
34 |
35 | @ViewBuilder
36 | func columnHeaders() -> some View {
| `- note: add '@available' attribute to enclosing instance method
37 | Text("Full name")
38 | .padding(.trailing)
:
44 | .font(.caption)
45 | .padding(8)
46 | .background(.thinMaterial)
| |- error: 'thinMaterial' is only available in watchOS 10.0 or newer
| `- note: add 'if #available' version check
47 | .overlay(alignment: .top) { VStack { Divider() } }
48 | .overlay(alignment: .bottom) { VStack { Divider() } }
SwiftCompile normal arm64_32 Compiling\ ShapesTableExample.swift /Users/admin/builder/spi-builder-workspace/Sources/SimpleTableExamples/ShapesTableExample.swift (in target 'SimpleTableExamples' from project 'swiftui-simple-table')
SwiftCompile normal arm64_32 /Users/admin/builder/spi-builder-workspace/Sources/SimpleTableExamples/ShapesTableExample.swift (in target 'SimpleTableExamples' from project 'swiftui-simple-table')
cd /Users/admin/builder/spi-builder-workspace/.swiftpm/xcode
builtin-SwiftPerFileCompile ShapesTableExample.swift
SwiftCompile normal arm64_32 Compiling\ MultiplicationTableExample.swift /Users/admin/builder/spi-builder-workspace/Sources/SimpleTableExamples/MultiplicationTableExample.swift (in target 'SimpleTableExamples' from project 'swiftui-simple-table')
/Users/admin/builder/spi-builder-workspace/Sources/SimpleTableExamples/MultiplicationTableExample.swift:31:20: error: 'thinMaterial' is only available in watchOS 10.0 or newer
2 | import SwiftUI
3 |
4 | struct MultiplicationTableExample: View {
| `- note: add '@available' attribute to enclosing struct
5 | var body: some View {
6 | SimpleTableView {
:
24 | }
25 |
26 | func header() -> some View {
| `- note: add '@available' attribute to enclosing instance method
27 | Image(systemName: "multiply")
28 | .font(.caption.bold())
29 | .padding()
30 | .frame(maxWidth: .infinity, maxHeight: .infinity)
31 | .background(.thinMaterial)
| |- error: 'thinMaterial' is only available in watchOS 10.0 or newer
| `- note: add 'if #available' version check
32 | .overlay(alignment: .top) { VStack { Divider() } }
33 | .overlay(alignment: .bottom) { VStack { Divider() } }
/Users/admin/builder/spi-builder-workspace/Sources/SimpleTableExamples/MultiplicationTableExample.swift:48:18: error: 'thinMaterial' is only available in watchOS 10.0 or newer
2 | import SwiftUI
3 |
4 | struct MultiplicationTableExample: View {
| `- note: add '@available' attribute to enclosing struct
5 | var body: some View {
6 | SimpleTableView {
:
38 | }
39 |
40 | func header(column: Int) -> some View {
| `- note: add '@available' attribute to enclosing instance method
41 | VStack {
42 | Text("\(column)")
:
46 | .padding()
47 | .frame(maxWidth: .infinity, maxHeight: .infinity)
48 | .background(.thinMaterial)
| |- error: 'thinMaterial' is only available in watchOS 10.0 or newer
| `- note: add 'if #available' version check
49 | .overlay(alignment: .top) { VStack { Divider() } }
50 | .overlay(alignment: .bottom) { VStack { Divider() } }
/Users/admin/builder/spi-builder-workspace/Sources/SimpleTableExamples/MultiplicationTableExample.swift:64:18: error: 'thinMaterial' is only available in watchOS 10.0 or newer
2 | import SwiftUI
3 |
4 | struct MultiplicationTableExample: View {
| `- note: add '@available' attribute to enclosing struct
5 | var body: some View {
6 | SimpleTableView {
:
54 | }
55 |
56 | func header(row: Int) -> some View {
| `- note: add '@available' attribute to enclosing instance method
57 | HStack {
58 | Text("\(row)")
:
62 | .padding()
63 | .frame(maxWidth: .infinity, maxHeight: .infinity)
64 | .background(.thinMaterial)
| |- error: 'thinMaterial' is only available in watchOS 10.0 or newer
| `- note: add 'if #available' version check
65 | .overlay(alignment: .bottom) { VStack { Divider() } }
66 | .overlay(alignment: .leading) { HStack { Divider() } }
Failed frontend command:
/Applications/Xcode-27.0.0-Release.Candidate.app/Contents/Developer/Toolchains/XcodeDefault.xctoolchain/usr/bin/swift-frontend -frontend -c /Users/admin/builder/spi-builder-workspace/Sources/SimpleTableExamples/ColorsTableExample.swift -primary-file /Users/admin/builder/spi-builder-workspace/Sources/SimpleTableExamples/MultiplicationTableExample.swift /Users/admin/builder/spi-builder-workspace/Sources/SimpleTableExamples/PeopleTableExample.swift /Users/admin/builder/spi-builder-workspace/Sources/SimpleTableExamples/ShapesTableExample.swift -emit-dependencies-path /Users/admin/builder/spi-builder-workspace/.derivedData/Build/Intermediates.noindex/swiftui-simple-table.build/Debug-watchos/SimpleTableExamples-t.build/Objects-normal/arm64_32/MultiplicationTableExample.d -emit-const-values-path /Users/admin/builder/spi-builder-workspace/.derivedData/Build/Intermediates.noindex/swiftui-simple-table.build/Debug-watchos/SimpleTableExamples-t.build/Objects-normal/arm64_32/MultiplicationTableExample.swiftconstvalues -emit-reference-dependencies-path /Users/admin/builder/spi-builder-workspace/.derivedData/Build/Intermediates.noindex/swiftui-simple-table.build/Debug-watchos/SimpleTableExamples-t.build/Objects-normal/arm64_32/MultiplicationTableExample.swiftdeps -serialize-diagnostics-path /Users/admin/builder/spi-builder-workspace/.derivedData/Build/Intermediates.noindex/swiftui-simple-table.build/Debug-watchos/SimpleTableExamples-t.build/Objects-normal/arm64_32/MultiplicationTableExample.dia -target arm64_32-apple-watchos9.0 -disable-cross-import-overlay-search -load-resolved-plugin /Applications/Xcode-27.0.0-Release.Candidate.app/Contents/Developer/Platforms/WatchOS.platform/Developer/usr/lib/swift/host/plugins/libFoundationMacros.dylib\#/Applications/Xcode-27.0.0-Release.Candidate.app/Contents/Developer/Platforms/WatchOS.platform/Developer/usr/bin/swift-plugin-server\#FoundationMacros -load-resolved-plugin /Applications/Xcode-27.0.0-Release.Candidate.app/Contents/Developer/Platforms/WatchOS.platform/Developer/usr/lib/swift/host/plugins/libObservationMacros.dylib\#/Applications/Xcode-27.0.0-Release.Candidate.app/Contents/Developer/Platforms/WatchOS.platform/Developer/usr/bin/swift-plugin-server\#ObservationMacros -load-resolved-plugin /Applications/Xcode-27.0.0-Release.Candidate.app/Contents/Developer/Platforms/WatchOS.platform/Developer/usr/lib/swift/host/plugins/libPreviewsMacros.dylib\#/Applications/Xcode-27.0.0-Release.Candidate.app/Contents/Developer/Platforms/WatchOS.platform/Developer/usr/bin/swift-plugin-server\#PreviewsMacros -load-resolved-plugin /Applications/Xcode-27.0.0-Release.Candidate.app/Contents/Developer/Platforms/WatchOS.platform/Developer/usr/lib/swift/host/plugins/libSwiftMacros.dylib\#/Applications/Xcode-27.0.0-Release.Candidate.app/Contents/Developer/Platforms/WatchOS.platform/Developer/usr/bin/swift-plugin-server\#SwiftMacros -load-resolved-plugin /Applications/Xcode-27.0.0-Release.Candidate.app/Contents/Developer/Platforms/WatchOS.platform/Developer/usr/lib/swift/host/plugins/libSwiftUIMacros.dylib\#/Applications/Xcode-27.0.0-Release.Candidate.app/Contents/Developer/Platforms/WatchOS.platform/Developer/usr/bin/swift-plugin-server\#SwiftUIMacros -disable-implicit-swift-modules -Xcc -fno-implicit-modules -Xcc -fno-implicit-module-maps -explicit-swift-module-map-file /Users/admin/builder/spi-builder-workspace/.derivedData/Build/Intermediates.noindex/swiftui-simple-table.build/Debug-watchos/SimpleTableExamples-t.build/Objects-normal/arm64_32/SimpleTableExamples-dependencies-1.json -enable-objc-interop -sdk /Applications/Xcode-27.0.0-Release.Candidate.app/Contents/Developer/Platforms/WatchOS.platform/Developer/SDKs/WatchOS27.0.sdk -I /Users/admin/builder/spi-builder-workspace/.derivedData/Build/Products/Debug-watchos -Isystem /Applications/Xcode-27.0.0-Release.Candidate.app/Contents/Developer/Platforms/WatchOS.platform/Developer/usr/lib -F /Users/admin/builder/spi-builder-workspace/.derivedData/Build/Products/Debug-watchos/PackageFrameworks -F /Users/admin/builder/spi-builder-workspace/.derivedData/Build/Products/Debug-watchos -F /Applications/Xcode-27.0.0-Release.Candidate.app/Contents/Developer/Platforms/WatchOS.platform/Developer/Library/Frameworks -F /Applications/Xcode-27.0.0-Release.Candidate.app/Contents/Developer/Platforms/WatchOS.platform/Developer/SDKs/WatchOS27.0.sdk/Developer/Library/Frameworks -module-cache-path /Users/admin/builder/spi-builder-workspace/.derivedData/Build/Intermediates.noindex/SwiftExplicitPrecompiledModules -no-color-diagnostics -Xcc -fno-color-diagnostics -enable-testing -g -debug-info-format\=dwarf -dwarf-version\=4 -swift-version 5 -Onone -D SWIFT_PACKAGE -D DEBUG -D SWIFT_MODULE_RESOURCE_BUNDLE_UNAVAILABLE -D Xcode -serialize-debugging-options -enable-experimental-feature DebugDescriptionMacro -empty-abi-descriptor -validate-clang-modules-once -clang-build-session-file /Users/admin/builder/spi-builder-workspace/.derivedData/ModuleCache.noindex/Session.modulevalidation -Xcc -working-directory -Xcc /Users/admin/builder/spi-builder-workspace/.swiftpm/xcode -enable-anonymous-context-mangled-names -file-compilation-dir /Users/admin/builder/spi-builder-workspace/.swiftpm/xcode -Xcc -D_LIBCPP_HARDENING_MODE\=_LIBCPP_HARDENING_MODE_DEBUG -Xcc -ivfsstatcache -Xcc /Users/admin/builder/spi-builder-workspace/.derivedData/SDKStatCaches.noindex/watchos27.0-24R360-e829b21a6f8c9b70876ba0858053c04477534ef55a1706bf4c1112bbb242f0a2.sdkstatcache -Xcc -fmodules-prune-interval\=86400 -Xcc -fmodules-prune-after\=345600 -Xcc -I/Users/admin/builder/spi-builder-workspace/.derivedData/Build/Products/Debug-watchos/include -Xcc -I/Users/admin/builder/spi-builder-workspace/.derivedData/Build/Intermediates.noindex/swiftui-simple-table.build/Debug-watchos/SimpleTableExamples-t.build/DerivedSources-normal/arm64_32 -Xcc -I/Users/admin/builder/spi-builder-workspace/.derivedData/Build/Intermediates.noindex/swiftui-simple-table.build/Debug-watchos/SimpleTableExamples-t.build/DerivedSources/arm64_32 -Xcc -I/Users/admin/builder/spi-builder-workspace/.derivedData/Build/Intermediates.noindex/swiftui-simple-table.build/Debug-watchos/SimpleTableExamples-t.build/DerivedSources -Xcc -DSWIFT_PACKAGE -Xcc -DDEBUG\=1 -no-auto-bridging-header-chaining -module-name SimpleTableExamples -const-gather-protocols-file /Users/admin/builder/spi-builder-workspace/.derivedData/Build/Intermediates.noindex/swiftui-simple-table.build/Debug-watchos/SimpleTableExamples-t.build/Objects-normal/arm64_32/SimpleTableExamples_const_extract_protocols.json -disable-clang-spi -clang-target arm64_32-apple-watchos27.0 -target-sdk-version 27.0 -target-sdk-name watchos27.0 -in-process-plugin-server-path /Applications/Xcode-27.0.0-Release.Candidate.app/Contents/Developer/Toolchains/XcodeDefault.xctoolchain/usr/lib/swift/host/libSwiftInProcPluginServer.dylib -parse-as-library -o /Users/admin/builder/spi-builder-workspace/.derivedData/Build/Intermediates.noindex/swiftui-simple-table.build/Debug-watchos/SimpleTableExamples-t.build/Objects-normal/arm64_32/MultiplicationTableExample.o -debug-module-path /Users/admin/builder/spi-builder-workspace/.derivedData/Build/Intermediates.noindex/swiftui-simple-table.build/Debug-watchos/SimpleTableExamples-t.build/Objects-normal/arm64_32/SimpleTableExamples.swiftmodule -index-unit-output-path /swiftui-simple-table.build/Debug-watchos/SimpleTableExamples-t.build/Objects-normal/arm64_32/MultiplicationTableExample.o -index-store-path /Users/admin/builder/spi-builder-workspace/.derivedData/Index.noindex/DataStore -index-system-modules
SwiftCompile normal arm64_32 /Users/admin/builder/spi-builder-workspace/Sources/SimpleTableExamples/MultiplicationTableExample.swift (in target 'SimpleTableExamples' from project 'swiftui-simple-table')
cd /Users/admin/builder/spi-builder-workspace/.swiftpm/xcode
builtin-SwiftPerFileCompile MultiplicationTableExample.swift
PruneExplicitPrecompiledModules /Users/admin/builder/spi-builder-workspace/.derivedData/Build/Intermediates.noindex/ExplicitPrecompiledModules
PruneExplicitPrecompiledModules /Users/admin/builder/spi-builder-workspace/.derivedData/SDKExplicitPrecompiledModules
PruneExplicitPrecompiledModules /Users/admin/builder/spi-builder-workspace/.derivedData/Build/Intermediates.noindex/SwiftExplicitPrecompiledModules
2026-09-19 04:07:50.423 xcodebuild[860:4945] [MT] IDERunDestination: Supported platforms for the buildables in the current scheme is empty.
2026-09-19 04:07:50.523 xcodebuild[860:4945] [MT] IDERunDestination: Supported platforms for the buildables in the current scheme is empty.
** BUILD FAILED **
The following build commands failed:
SwiftCompile normal arm64 Compiling\ MultiplicationTableExample.swift /Users/admin/builder/spi-builder-workspace/Sources/SimpleTableExamples/MultiplicationTableExample.swift (in target 'SimpleTableExamples' from project 'swiftui-simple-table')
SwiftCompile normal arm64 /Users/admin/builder/spi-builder-workspace/Sources/SimpleTableExamples/MultiplicationTableExample.swift (in target 'SimpleTableExamples' from project 'swiftui-simple-table')
SwiftCompile normal arm64_32 Compiling\ MultiplicationTableExample.swift /Users/admin/builder/spi-builder-workspace/Sources/SimpleTableExamples/MultiplicationTableExample.swift (in target 'SimpleTableExamples' from project 'swiftui-simple-table')
SwiftCompile normal arm64_32 /Users/admin/builder/spi-builder-workspace/Sources/SimpleTableExamples/MultiplicationTableExample.swift (in target 'SimpleTableExamples' from project 'swiftui-simple-table')
Building workspace swiftui-simple-table with scheme swiftui-simple-table-Package
(5 failures)
BUILD FAILURE 6.4 watchOS