Build Information
Failed to build Stem, reference master (fe88a2), with Swift 6.4 for macOS (Xcode) using Xcode 27.0 on 21 Sep 2026 15:39:44 UTC.
Build Command
env DEVELOPER_DIR=/Applications/Xcode-27.0.0-Release.Candidate.app xcrun xcodebuild -IDEClonedSourcePackagesDirPathOverride=$PWD/.dependencies -skipMacroValidation -skipPackagePluginValidation -derivedDataPath $PWD/.derivedData build -scheme Stem-Package -destination platform=macOS,arch=arm64Build Log
"CrossPlatform/Fundamentals/String/String+Emoji.swift",
"CrossPlatform/Fundamentals/String/String+Header.swift",
"CrossPlatform/Fundamentals/String/String+Map.swift",
"CrossPlatform/Fundamentals/String/String+random.swift",
"CrossPlatform/Fundamentals/String/String+substring.swift",
"CrossPlatform/Fundamentals/String/String+tokenize.swift",
"CrossPlatform/Fundamentals/URL/URL.swift",
"CrossPlatform/ISO/ISO_3166-1_alpha-2.swift",
"CrossPlatform/MapKit/CLGeocoder.swift",
"CrossPlatform/NSObject/NSObject.swift",
"CrossPlatform/NSObject/NSObjectObserver.swift",
"CrossPlatform/NSObject/STWeak.swift",
"CrossPlatform/Network/NetworkMonitor.swift",
"CrossPlatform/Parser/JSON/StemXML.swift",
"CrossPlatform/Runtime/Invocation.swift",
"CrossPlatform/Runtime/RunTime+Exchange.swift",
"CrossPlatform/Runtime/RunTime+ObjectType.swift",
"CrossPlatform/Runtime/RunTime+Print.swift",
"CrossPlatform/Runtime/RunTime.swift",
"CrossPlatform/SFSymbol/SFSymbol+Image.swift",
"CrossPlatform/SFSymbol/SFSymbol+NSImage.swift",
"CrossPlatform/SFSymbol/SFSymbol+UIImage.swift",
"CrossPlatform/SFSymbol/SFSymbol.swift",
"CrossPlatform/STImage.swift",
"CrossPlatform/STLyric.swift",
"CrossPlatform/SwiftUI/STLazyView.swift",
"CrossPlatform/UserNotifications/UNUserNotificationCenter.swift",
"CrossPlatform/WebKit/HybridCookieStorage.swift",
"CrossPlatform/WebKit/WebKit+WKWebView.swift",
"STUIKit/RecoverNavigationProtocol/RecoverNavigationProtocol.swift",
"UIKit/Application/UIApplication.swift",
"UIKit/Application/UIWindow.swift",
"UIKit/AttributedString/AttributedString+Attribute.swift",
"UIKit/AttributedString/AttributedString.swift",
"UIKit/AttributedString/MutableAttributedString.swift",
"UIKit/Control/UIButton.swift",
"UIKit/Control/UIControl.swift",
"UIKit/Custom/GestureRecognizer/STGestureRecognizer.swift",
"UIKit/Custom/TapticEngine/TapticEngine.swift",
"UIKit/Font/UIFont.swift",
"UIKit/GestureRecognizer/UIGestureRecognizer+State.swift",
"UIKit/Image/CGImage/CGImage.swift",
"UIKit/Image/CoreImage/CIFilter+Generator.swift",
"UIKit/Image/CoreImage/CIFilter+enum.swift",
"UIKit/Image/CoreImage/CIFilter+protocol.swift",
"UIKit/Image/NSImage/NSImage+Data.swift",
"UIKit/Image/NSImage/NSImage+Resize.swift",
"UIKit/Image/SVG/StemSVG.swift",
"UIKit/Image/UIImage/UIImage+Color.swift",
"UIKit/Image/UIImage/UIImage+CoreImage.swift",
"UIKit/Image/UIImage/UIImage+Edit.swift",
"UIKit/Image/UIImage/UIImage+Format.swift",
"UIKit/Image/UIImage/UIImage+info.swift",
"UIKit/Image/UIImage/UIImage+size.swift",
"UIKit/Image/UIImage/UImage+other.swift",
"UIKit/ImageView/UIImageView.swift",
"UIKit/InputView/UISearchBar.swift",
"UIKit/InputView/UITextField.swift",
"UIKit/InputView/UITextView.swift",
"UIKit/Interface/UINib.swift",
"UIKit/Interface/UIStoryboard.swift",
"UIKit/Keyboard/KeyboardStateManager.swift",
"UIKit/Keyboard/UIKeyCommand.swift",
"UIKit/Label/UILabel.swift",
"UIKit/ListView/UIScrollView.swift",
"UIKit/NSLayoutConstraint/NSLayoutConstraint.swift",
"UIKit/View/CALayer+Stem.swift",
"UIKit/View/STLayerView.swift",
"UIKit/View/STSwitch.swift",
"UIKit/View/UIResponder.swift",
"UIKit/View/UIStackView.swift",
"UIKit/View/UIView.swift",
"UIKit/ViewController/STControllerPreview.swift",
"UIKit/ViewController/UINavigationController.swift",
"UIKit/ViewController/UIViewController.swift"
],
"type" : "library"
}
],
"tools_version" : "5.7"
}
{
"workspace" : {
"name" : "Stem",
"schemes" : [
"Stem",
"Stem-Package",
"StemColor",
"StemFilePath"
]
}
}
2026-09-21 11:39:23.029 xcodebuild[765:4860] [MT] IDERunDestination: Supported platforms for the buildables in the current scheme is empty.
2026-09-21 11:39:23.132 xcodebuild[765:4860] [MT] IDERunDestination: Supported platforms for the buildables in the current scheme is empty.
Running build ...
env DEVELOPER_DIR=/Applications/Xcode-27.0.0-Release.Candidate.app xcrun xcodebuild -IDEClonedSourcePackagesDirPathOverride=$PWD/.dependencies -skipMacroValidation -skipPackagePluginValidation -derivedDataPath $PWD/.derivedData build -scheme Stem-Package -destination platform=macOS,arch=arm64
Command line invocation:
/Applications/Xcode-27.0.0-Release.Candidate.app/Contents/Developer/usr/bin/xcodebuild -IDEClonedSourcePackagesDirPathOverride=/Users/admin/builder/spi-builder-workspace/.dependencies -skipMacroValidation -skipPackagePluginValidation -derivedDataPath /Users/admin/builder/spi-builder-workspace/.derivedData build -scheme Stem-Package -destination platform=macOS,arch=arm64
Resolve Package Graph
Resolved source packages:
Stem: /Users/admin/builder/spi-builder-workspace
ComputePackagePrebuildTargetDependencyGraph
Prepare packages
CreateBuildRequest
SendProjectDescription
CreateBuildOperation
ComputeTargetDependencyGraph
note: Building targets in dependency order
note: Target dependency graph (4 targets)
Target 'StemTests-product' in project 'Stem'
➜ Explicit dependency on target 'Stem_StemTests' in project 'Stem'
➜ Explicit dependency on target 'Stem' in project 'Stem'
Target 'Stem-product' in project 'Stem'
➜ Explicit dependency on target 'Stem' in project 'Stem'
Target 'Stem' in project 'Stem' (no dependencies)
Target 'Stem_StemTests' in project 'Stem' (no dependencies)
GatherProvisioningInputs
CreateBuildDescription
ExecuteExternalTool /Applications/Xcode-27.0.0-Release.Candidate.app/Contents/Developer/usr/bin/actool --version --output-format xml1
ExecuteExternalTool /Applications/Xcode-27.0.0-Release.Candidate.app/Contents/Developer/Toolchains/XcodeDefault.xctoolchain/usr/bin/clang -v -E -dM -isysroot /Applications/Xcode-27.0.0-Release.Candidate.app/Contents/Developer/Platforms/MacOSX.platform/Developer/SDKs/MacOSX27.0.sdk -x c -c /dev/null
ExecuteExternalTool /Applications/Xcode-27.0.0-Release.Candidate.app/Contents/Developer/Toolchains/XcodeDefault.xctoolchain/usr/bin/swiftc --version
ExecuteExternalTool /Applications/Xcode-27.0.0-Release.Candidate.app/Contents/Developer/Toolchains/XcodeDefault.xctoolchain/usr/bin/ld -version_details
Build description signature: aaff44a2e15b44dfb65bcc665cbae28d
Build description path: /Users/admin/builder/spi-builder-workspace/.derivedData/Build/Intermediates.noindex/XCBuildData/aaff44a2e15b44dfb65bcc665cbae28d.xcbuilddata
CreateBuildDirectory /Users/admin/builder/spi-builder-workspace/.derivedData/SDKExplicitPrecompiledModules
cd /Users/admin/builder/spi-builder-workspace/.swiftpm/xcode
builtin-create-build-directory /Users/admin/builder/spi-builder-workspace/.derivedData/SDKExplicitPrecompiledModules
CreateBuildDirectory /Users/admin/builder/spi-builder-workspace/.derivedData/ModuleCache.noindex
cd /Users/admin/builder/spi-builder-workspace/.swiftpm/xcode
builtin-create-build-directory /Users/admin/builder/spi-builder-workspace/.derivedData/ModuleCache.noindex
CreateBuildDirectory /Users/admin/builder/spi-builder-workspace/.derivedData/CompilationCache.noindex
cd /Users/admin/builder/spi-builder-workspace/.swiftpm/xcode
builtin-create-build-directory /Users/admin/builder/spi-builder-workspace/.derivedData/CompilationCache.noindex
ClangStatCache /Applications/Xcode-27.0.0-Release.Candidate.app/Contents/Developer/Toolchains/XcodeDefault.xctoolchain/usr/bin/clang-stat-cache /Applications/Xcode-27.0.0-Release.Candidate.app/Contents/Developer/Platforms/MacOSX.platform/Developer/SDKs/MacOSX27.0.sdk /Users/admin/builder/spi-builder-workspace/.derivedData/SDKStatCaches.noindex/macosx27.0-26A425-e829b21a6f8c9b70876ba0858053c0446a22442a12e9d48fe1a705f55a1adfc4.sdkstatcache
cd /Users/admin/builder/spi-builder-workspace/.swiftpm/xcode
/Applications/Xcode-27.0.0-Release.Candidate.app/Contents/Developer/Toolchains/XcodeDefault.xctoolchain/usr/bin/clang-stat-cache /Applications/Xcode-27.0.0-Release.Candidate.app/Contents/Developer/Platforms/MacOSX.platform/Developer/SDKs/MacOSX27.0.sdk -o /Users/admin/builder/spi-builder-workspace/.derivedData/SDKStatCaches.noindex/macosx27.0-26A425-e829b21a6f8c9b70876ba0858053c0446a22442a12e9d48fe1a705f55a1adfc4.sdkstatcache
CreateBuildDirectory /Users/admin/builder/spi-builder-workspace/.derivedData/Build/Products
cd /Users/admin/builder/spi-builder-workspace/.swiftpm/xcode
builtin-create-build-directory /Users/admin/builder/spi-builder-workspace/.derivedData/Build/Products
CreateBuildDirectory /Users/admin/builder/spi-builder-workspace/.derivedData/Build/Intermediates.noindex
cd /Users/admin/builder/spi-builder-workspace/.swiftpm/xcode
builtin-create-build-directory /Users/admin/builder/spi-builder-workspace/.derivedData/Build/Intermediates.noindex
CreateBuildDirectory /Users/admin/builder/spi-builder-workspace/.derivedData/Build/Intermediates.noindex/SwiftExplicitPrecompiledModules
cd /Users/admin/builder/spi-builder-workspace/.swiftpm/xcode
builtin-create-build-directory /Users/admin/builder/spi-builder-workspace/.derivedData/Build/Intermediates.noindex/SwiftExplicitPrecompiledModules
CreateBuildDirectory /Users/admin/builder/spi-builder-workspace/.derivedData/Build/Products/Debug
cd /Users/admin/builder/spi-builder-workspace/.swiftpm/xcode
builtin-create-build-directory /Users/admin/builder/spi-builder-workspace/.derivedData/Build/Products/Debug
CreateBuildDirectory /Users/admin/builder/spi-builder-workspace/.derivedData/Build/Intermediates.noindex/PrecompiledHeaders
cd /Users/admin/builder/spi-builder-workspace/.swiftpm/xcode
builtin-create-build-directory /Users/admin/builder/spi-builder-workspace/.derivedData/Build/Intermediates.noindex/PrecompiledHeaders
CreateBuildDirectory /Users/admin/builder/spi-builder-workspace/.derivedData/Build/Intermediates.noindex/ExplicitPrecompiledModules
cd /Users/admin/builder/spi-builder-workspace/.swiftpm/xcode
builtin-create-build-directory /Users/admin/builder/spi-builder-workspace/.derivedData/Build/Intermediates.noindex/ExplicitPrecompiledModules
CreateBuildDirectory /Users/admin/builder/spi-builder-workspace/.derivedData/Build/Intermediates.noindex/EagerLinkingTBDs/Debug
cd /Users/admin/builder/spi-builder-workspace/.swiftpm/xcode
builtin-create-build-directory /Users/admin/builder/spi-builder-workspace/.derivedData/Build/Intermediates.noindex/EagerLinkingTBDs/Debug
CreateBuildDirectory /Users/admin/builder/spi-builder-workspace/.derivedData/Build/Products/Debug/PackageFrameworks
cd /Users/admin/builder/spi-builder-workspace/.swiftpm/xcode
builtin-create-build-directory /Users/admin/builder/spi-builder-workspace/.derivedData/Build/Products/Debug/PackageFrameworks
WriteAuxiliaryFile /Users/admin/builder/spi-builder-workspace/.derivedData/Build/Intermediates.noindex/Stem.build/Debug/Stem_StemTests-b.build/Stem_StemTests.DependencyMetadataFileList (in target 'Stem_StemTests' from project 'Stem')
cd /Users/admin/builder/spi-builder-workspace
write-file /Users/admin/builder/spi-builder-workspace/.derivedData/Build/Intermediates.noindex/Stem.build/Debug/Stem_StemTests-b.build/Stem_StemTests.DependencyMetadataFileList
WriteAuxiliaryFile /Users/admin/builder/spi-builder-workspace/.derivedData/Build/Intermediates.noindex/Stem.build/Debug/Stem_StemTests-b.build/Stem_StemTests.DependencyStaticMetadataFileList (in target 'Stem_StemTests' from project 'Stem')
cd /Users/admin/builder/spi-builder-workspace
write-file /Users/admin/builder/spi-builder-workspace/.derivedData/Build/Intermediates.noindex/Stem.build/Debug/Stem_StemTests-b.build/Stem_StemTests.DependencyStaticMetadataFileList
WriteAuxiliaryFile /Users/admin/builder/spi-builder-workspace/.derivedData/Build/Intermediates.noindex/Stem.build/Debug/Stem_StemTests-b.build/empty-Stem_StemTests.plist (in target 'Stem_StemTests' from project 'Stem')
cd /Users/admin/builder/spi-builder-workspace
write-file /Users/admin/builder/spi-builder-workspace/.derivedData/Build/Intermediates.noindex/Stem.build/Debug/Stem_StemTests-b.build/empty-Stem_StemTests.plist
WriteAuxiliaryFile /Users/admin/builder/spi-builder-workspace/.derivedData/Build/Intermediates.noindex/Stem.build/Debug/StemTests-p.build/empty-StemTests.plist (in target 'StemTests-product' from project 'Stem')
cd /Users/admin/builder/spi-builder-workspace
write-file /Users/admin/builder/spi-builder-workspace/.derivedData/Build/Intermediates.noindex/Stem.build/Debug/StemTests-p.build/empty-StemTests.plist
WriteAuxiliaryFile /Users/admin/builder/spi-builder-workspace/.derivedData/Build/Intermediates.noindex/Stem.build/Debug/StemTests-p.build/StemTests.DependencyMetadataFileList (in target 'StemTests-product' from project 'Stem')
cd /Users/admin/builder/spi-builder-workspace
write-file /Users/admin/builder/spi-builder-workspace/.derivedData/Build/Intermediates.noindex/Stem.build/Debug/StemTests-p.build/StemTests.DependencyMetadataFileList
WriteAuxiliaryFile /Users/admin/builder/spi-builder-workspace/.derivedData/Build/Intermediates.noindex/Stem.build/Debug/Stem-t.build/Stem.modulemap (in target 'Stem' from project 'Stem')
cd /Users/admin/builder/spi-builder-workspace
write-file /Users/admin/builder/spi-builder-workspace/.derivedData/Build/Intermediates.noindex/Stem.build/Debug/Stem-t.build/Stem.modulemap
WriteAuxiliaryFile /Users/admin/builder/spi-builder-workspace/.derivedData/Build/Intermediates.noindex/Stem.build/Debug/StemTests-p.build/StemTests.DependencyStaticMetadataFileList (in target 'StemTests-product' from project 'Stem')
cd /Users/admin/builder/spi-builder-workspace
write-file /Users/admin/builder/spi-builder-workspace/.derivedData/Build/Intermediates.noindex/Stem.build/Debug/StemTests-p.build/StemTests.DependencyStaticMetadataFileList
WriteAuxiliaryFile /Users/admin/builder/spi-builder-workspace/.derivedData/Build/Intermediates.noindex/Stem.build/Debug/StemTests-p.build/Objects-normal/arm64/StemTests.SwiftFileList (in target 'StemTests-product' from project 'Stem')
cd /Users/admin/builder/spi-builder-workspace
write-file /Users/admin/builder/spi-builder-workspace/.derivedData/Build/Intermediates.noindex/Stem.build/Debug/StemTests-p.build/Objects-normal/arm64/StemTests.SwiftFileList
WriteAuxiliaryFile /Users/admin/builder/spi-builder-workspace/.derivedData/Build/Intermediates.noindex/Stem.build/Debug/StemTests-p.build/Objects-normal/arm64/StemTests_const_extract_protocols.json (in target 'StemTests-product' from project 'Stem')
cd /Users/admin/builder/spi-builder-workspace
write-file /Users/admin/builder/spi-builder-workspace/.derivedData/Build/Intermediates.noindex/Stem.build/Debug/StemTests-p.build/Objects-normal/arm64/StemTests_const_extract_protocols.json
WriteAuxiliaryFile /Users/admin/builder/spi-builder-workspace/.derivedData/Build/Intermediates.noindex/Stem.build/Debug/StemTests-p.build/Objects-normal/arm64/StemTests.SwiftConstValuesFileList (in target 'StemTests-product' from project 'Stem')
cd /Users/admin/builder/spi-builder-workspace
write-file /Users/admin/builder/spi-builder-workspace/.derivedData/Build/Intermediates.noindex/Stem.build/Debug/StemTests-p.build/Objects-normal/arm64/StemTests.SwiftConstValuesFileList
WriteAuxiliaryFile /Users/admin/builder/spi-builder-workspace/.derivedData/Build/Intermediates.noindex/Stem.build/Debug/StemTests-p.build/Objects-normal/arm64/StemTests.LinkFileList (in target 'StemTests-product' from project 'Stem')
cd /Users/admin/builder/spi-builder-workspace
write-file /Users/admin/builder/spi-builder-workspace/.derivedData/Build/Intermediates.noindex/Stem.build/Debug/StemTests-p.build/Objects-normal/arm64/StemTests.LinkFileList
WriteAuxiliaryFile /Users/admin/builder/spi-builder-workspace/.derivedData/Build/Intermediates.noindex/Stem.build/Debug/StemTests-p.build/Objects-normal/arm64/StemTests-OutputFileMap.json (in target 'StemTests-product' from project 'Stem')
cd /Users/admin/builder/spi-builder-workspace
write-file /Users/admin/builder/spi-builder-workspace/.derivedData/Build/Intermediates.noindex/Stem.build/Debug/StemTests-p.build/Objects-normal/arm64/StemTests-OutputFileMap.json
WriteAuxiliaryFile /Users/admin/builder/spi-builder-workspace/.derivedData/Build/Intermediates.noindex/Stem.build/Debug/Stem-t.build/Stem.DependencyStaticMetadataFileList (in target 'Stem' from project 'Stem')
cd /Users/admin/builder/spi-builder-workspace
write-file /Users/admin/builder/spi-builder-workspace/.derivedData/Build/Intermediates.noindex/Stem.build/Debug/Stem-t.build/Stem.DependencyStaticMetadataFileList
WriteAuxiliaryFile /Users/admin/builder/spi-builder-workspace/.derivedData/Build/Intermediates.noindex/Stem.build/Debug/Stem-t.build/Stem.DependencyMetadataFileList (in target 'Stem' from project 'Stem')
cd /Users/admin/builder/spi-builder-workspace
write-file /Users/admin/builder/spi-builder-workspace/.derivedData/Build/Intermediates.noindex/Stem.build/Debug/Stem-t.build/Stem.DependencyMetadataFileList
WriteAuxiliaryFile /Users/admin/builder/spi-builder-workspace/.derivedData/Build/Intermediates.noindex/Stem.build/Debug/StemTests-p.build/DerivedSources/resource_bundle_accessor.swift (in target 'StemTests-product' from project 'Stem')
cd /Users/admin/builder/spi-builder-workspace
write-file /Users/admin/builder/spi-builder-workspace/.derivedData/Build/Intermediates.noindex/Stem.build/Debug/StemTests-p.build/DerivedSources/resource_bundle_accessor.swift
WriteAuxiliaryFile /Users/admin/builder/spi-builder-workspace/.derivedData/Build/Intermediates.noindex/Stem.build/Debug/Stem-t.build/Objects-normal/arm64/Stem_const_extract_protocols.json (in target 'Stem' from project 'Stem')
cd /Users/admin/builder/spi-builder-workspace
write-file /Users/admin/builder/spi-builder-workspace/.derivedData/Build/Intermediates.noindex/Stem.build/Debug/Stem-t.build/Objects-normal/arm64/Stem_const_extract_protocols.json
WriteAuxiliaryFile /Users/admin/builder/spi-builder-workspace/.derivedData/Build/Intermediates.noindex/Stem.build/Debug/Stem-t.build/Objects-normal/arm64/Stem.SwiftFileList (in target 'Stem' from project 'Stem')
cd /Users/admin/builder/spi-builder-workspace
write-file /Users/admin/builder/spi-builder-workspace/.derivedData/Build/Intermediates.noindex/Stem.build/Debug/Stem-t.build/Objects-normal/arm64/Stem.SwiftFileList
WriteAuxiliaryFile /Users/admin/builder/spi-builder-workspace/.derivedData/Build/Intermediates.noindex/Stem.build/Debug/Stem-t.build/Objects-normal/arm64/Stem.SwiftConstValuesFileList (in target 'Stem' from project 'Stem')
cd /Users/admin/builder/spi-builder-workspace
write-file /Users/admin/builder/spi-builder-workspace/.derivedData/Build/Intermediates.noindex/Stem.build/Debug/Stem-t.build/Objects-normal/arm64/Stem.SwiftConstValuesFileList
WriteAuxiliaryFile /Users/admin/builder/spi-builder-workspace/.derivedData/Build/Intermediates.noindex/Stem.build/Debug/Stem-t.build/Objects-normal/arm64/Stem.LinkFileList (in target 'Stem' from project 'Stem')
cd /Users/admin/builder/spi-builder-workspace
write-file /Users/admin/builder/spi-builder-workspace/.derivedData/Build/Intermediates.noindex/Stem.build/Debug/Stem-t.build/Objects-normal/arm64/Stem.LinkFileList
WriteAuxiliaryFile /Users/admin/builder/spi-builder-workspace/.derivedData/Build/Intermediates.noindex/Stem.build/Debug/Stem-t.build/Objects-normal/arm64/Stem-OutputFileMap.json (in target 'Stem' from project 'Stem')
cd /Users/admin/builder/spi-builder-workspace
write-file /Users/admin/builder/spi-builder-workspace/.derivedData/Build/Intermediates.noindex/Stem.build/Debug/Stem-t.build/Objects-normal/arm64/Stem-OutputFileMap.json
MkDir /Users/admin/builder/spi-builder-workspace/.derivedData/Build/Products/Debug/Stem_StemTests.bundle/Contents (in target 'Stem_StemTests' from project 'Stem')
cd /Users/admin/builder/spi-builder-workspace
/bin/mkdir -p /Users/admin/builder/spi-builder-workspace/.derivedData/Build/Products/Debug/Stem_StemTests.bundle/Contents
Copy /Users/admin/builder/spi-builder-workspace/.derivedData/Build/Intermediates.noindex/GeneratedModuleMaps/Stem.modulemap /Users/admin/builder/spi-builder-workspace/.derivedData/Build/Intermediates.noindex/Stem.build/Debug/Stem-t.build/Stem.modulemap (in target 'Stem' from project 'Stem')
cd /Users/admin/builder/spi-builder-workspace
builtin-copy -exclude .DS_Store -exclude CVS -exclude .svn -exclude .git -exclude .hg -resolve-src-symlinks /Users/admin/builder/spi-builder-workspace/.derivedData/Build/Intermediates.noindex/Stem.build/Debug/Stem-t.build/Stem.modulemap /Users/admin/builder/spi-builder-workspace/.derivedData/Build/Intermediates.noindex/GeneratedModuleMaps
MkDir /Users/admin/builder/spi-builder-workspace/.derivedData/Build/Products/Debug/Stem_StemTests.bundle/Contents/Resources (in target 'Stem_StemTests' from project 'Stem')
cd /Users/admin/builder/spi-builder-workspace
/bin/mkdir -p /Users/admin/builder/spi-builder-workspace/.derivedData/Build/Products/Debug/Stem_StemTests.bundle/Contents/Resources
MkDir /Users/admin/builder/spi-builder-workspace/.derivedData/Build/Products/Debug/Stem_StemTests.bundle (in target 'Stem_StemTests' from project 'Stem')
cd /Users/admin/builder/spi-builder-workspace
/bin/mkdir -p /Users/admin/builder/spi-builder-workspace/.derivedData/Build/Products/Debug/Stem_StemTests.bundle
MkDir /Users/admin/builder/spi-builder-workspace/.derivedData/Build/Products/Debug/StemTests.xctest/Contents/Resources (in target 'StemTests-product' from project 'Stem')
cd /Users/admin/builder/spi-builder-workspace
/bin/mkdir -p /Users/admin/builder/spi-builder-workspace/.derivedData/Build/Products/Debug/StemTests.xctest/Contents/Resources
MkDir /Users/admin/builder/spi-builder-workspace/.derivedData/Build/Products/Debug/StemTests.xctest/Contents/MacOS (in target 'StemTests-product' from project 'Stem')
cd /Users/admin/builder/spi-builder-workspace
/bin/mkdir -p /Users/admin/builder/spi-builder-workspace/.derivedData/Build/Products/Debug/StemTests.xctest/Contents/MacOS
MkDir /Users/admin/builder/spi-builder-workspace/.derivedData/Build/Products/Debug/StemTests.xctest/Contents (in target 'StemTests-product' from project 'Stem')
cd /Users/admin/builder/spi-builder-workspace
/bin/mkdir -p /Users/admin/builder/spi-builder-workspace/.derivedData/Build/Products/Debug/StemTests.xctest/Contents
MkDir /Users/admin/builder/spi-builder-workspace/.derivedData/Build/Products/Debug/StemTests.xctest (in target 'StemTests-product' from project 'Stem')
cd /Users/admin/builder/spi-builder-workspace
/bin/mkdir -p /Users/admin/builder/spi-builder-workspace/.derivedData/Build/Products/Debug/StemTests.xctest
MkDir /Users/admin/builder/spi-builder-workspace/.derivedData/Build/Intermediates.noindex/Stem.build/Debug/Stem_StemTests-b.build/assetcatalog_output/unthinned (in target 'Stem_StemTests' from project 'Stem')
cd /Users/admin/builder/spi-builder-workspace
/bin/mkdir -p /Users/admin/builder/spi-builder-workspace/.derivedData/Build/Intermediates.noindex/Stem.build/Debug/Stem_StemTests-b.build/assetcatalog_output/unthinned
MkDir /Users/admin/builder/spi-builder-workspace/.derivedData/Build/Intermediates.noindex/Stem.build/Debug/Stem_StemTests-b.build/assetcatalog_output/thinned (in target 'Stem_StemTests' from project 'Stem')
cd /Users/admin/builder/spi-builder-workspace
/bin/mkdir -p /Users/admin/builder/spi-builder-workspace/.derivedData/Build/Intermediates.noindex/Stem.build/Debug/Stem_StemTests-b.build/assetcatalog_output/thinned
CompileAssetCatalogVariant thinned /Users/admin/builder/spi-builder-workspace/.derivedData/Build/Products/Debug/Stem_StemTests.bundle/Contents/Resources /Users/admin/builder/spi-builder-workspace/Tests/StemTests/Resource/fixture.xcassets (in target 'Stem_StemTests' from project 'Stem')
cd /Users/admin/builder/spi-builder-workspace
/Applications/Xcode-27.0.0-Release.Candidate.app/Contents/Developer/usr/bin/actool /Users/admin/builder/spi-builder-workspace/Tests/StemTests/Resource/fixture.xcassets --compile /Users/admin/builder/spi-builder-workspace/.derivedData/Build/Intermediates.noindex/Stem.build/Debug/Stem_StemTests-b.build/assetcatalog_output/thinned --output-format human-readable-text --notices --warnings --export-dependency-info /Users/admin/builder/spi-builder-workspace/.derivedData/Build/Intermediates.noindex/Stem.build/Debug/Stem_StemTests-b.build/assetcatalog_dependencies_thinned --output-partial-info-plist /Users/admin/builder/spi-builder-workspace/.derivedData/Build/Intermediates.noindex/Stem.build/Debug/Stem_StemTests-b.build/assetcatalog_generated_info.plist_thinned --enable-on-demand-resources NO --development-region en --target-device mac --minimum-deployment-target 12.0 --platform macosx
2026-09-21 11:39:28.001 AssetCatalogAgent-AssetRuntime[785:5033] CoreThemeDefinition: Unable to create image for file:///Users/admin/builder/spi-builder-workspace/Tests/StemTests/Resource/fixture.xcassets/fixture-corrupt.png.dataset/fixture-corrupt.png
/* com.apple.actool.document.warnings */
/Users/admin/builder/spi-builder-workspace/Tests/StemTests/Resource/fixture.xcassets:./fixture.dmg.dataset/[universal][][][][]: warning: The file "fixture.dmg" for the image set "fixture.dmg" does not exist.
/Users/admin/builder/spi-builder-workspace/Tests/StemTests/Resource/fixture.xcassets:./fixture.dmg.dataset/[universal][][][][]: warning: The file "fixture.dmg" for the image set "fixture.dmg" does not exist.
/* com.apple.actool.compilation-results */
/Users/admin/builder/spi-builder-workspace/.derivedData/Build/Intermediates.noindex/Stem.build/Debug/Stem_StemTests-b.build/assetcatalog_generated_info.plist_thinned
/Users/admin/builder/spi-builder-workspace/.derivedData/Build/Intermediates.noindex/Stem.build/Debug/Stem_StemTests-b.build/assetcatalog_output/thinned/Assets.car
LinkAssetCatalog /Users/admin/builder/spi-builder-workspace/Tests/StemTests/Resource/fixture.xcassets (in target 'Stem_StemTests' from project 'Stem')
cd /Users/admin/builder/spi-builder-workspace
builtin-linkAssetCatalog --thinned /Users/admin/builder/spi-builder-workspace/.derivedData/Build/Intermediates.noindex/Stem.build/Debug/Stem_StemTests-b.build/assetcatalog_output/thinned --thinned-dependencies /Users/admin/builder/spi-builder-workspace/.derivedData/Build/Intermediates.noindex/Stem.build/Debug/Stem_StemTests-b.build/assetcatalog_dependencies_thinned --thinned-info-plist-content /Users/admin/builder/spi-builder-workspace/.derivedData/Build/Intermediates.noindex/Stem.build/Debug/Stem_StemTests-b.build/assetcatalog_generated_info.plist_thinned --unthinned /Users/admin/builder/spi-builder-workspace/.derivedData/Build/Intermediates.noindex/Stem.build/Debug/Stem_StemTests-b.build/assetcatalog_output/unthinned --unthinned-dependencies /Users/admin/builder/spi-builder-workspace/.derivedData/Build/Intermediates.noindex/Stem.build/Debug/Stem_StemTests-b.build/assetcatalog_dependencies_unthinned --unthinned-info-plist-content /Users/admin/builder/spi-builder-workspace/.derivedData/Build/Intermediates.noindex/Stem.build/Debug/Stem_StemTests-b.build/assetcatalog_generated_info.plist_unthinned --output /Users/admin/builder/spi-builder-workspace/.derivedData/Build/Products/Debug/Stem_StemTests.bundle/Contents/Resources --plist-output /Users/admin/builder/spi-builder-workspace/.derivedData/Build/Intermediates.noindex/Stem.build/Debug/Stem_StemTests-b.build/assetcatalog_generated_info.plist
note: Emplaced /Users/admin/builder/spi-builder-workspace/.derivedData/Build/Products/Debug/Stem_StemTests.bundle/Contents/Resources/Assets.car (in target 'Stem_StemTests' from project 'Stem')
ProcessInfoPlistFile /Users/admin/builder/spi-builder-workspace/.derivedData/Build/Products/Debug/Stem_StemTests.bundle/Contents/Info.plist /Users/admin/builder/spi-builder-workspace/.derivedData/Build/Intermediates.noindex/Stem.build/Debug/Stem_StemTests-b.build/empty-Stem_StemTests.plist (in target 'Stem_StemTests' from project 'Stem')
cd /Users/admin/builder/spi-builder-workspace
builtin-infoPlistUtility /Users/admin/builder/spi-builder-workspace/.derivedData/Build/Intermediates.noindex/Stem.build/Debug/Stem_StemTests-b.build/empty-Stem_StemTests.plist -producttype com.apple.product-type.bundle -expandbuildsettings -platform macosx -additionalcontentfile /Users/admin/builder/spi-builder-workspace/.derivedData/Build/Intermediates.noindex/Stem.build/Debug/Stem_StemTests-b.build/assetcatalog_generated_info.plist -o /Users/admin/builder/spi-builder-workspace/.derivedData/Build/Products/Debug/Stem_StemTests.bundle/Contents/Info.plist
RegisterExecutionPolicyException /Users/admin/builder/spi-builder-workspace/.derivedData/Build/Products/Debug/Stem_StemTests.bundle (in target 'Stem_StemTests' from project 'Stem')
cd /Users/admin/builder/spi-builder-workspace
builtin-RegisterExecutionPolicyException /Users/admin/builder/spi-builder-workspace/.derivedData/Build/Products/Debug/Stem_StemTests.bundle
Touch /Users/admin/builder/spi-builder-workspace/.derivedData/Build/Products/Debug/Stem_StemTests.bundle (in target 'Stem_StemTests' from project 'Stem')
cd /Users/admin/builder/spi-builder-workspace
/usr/bin/touch -c /Users/admin/builder/spi-builder-workspace/.derivedData/Build/Products/Debug/Stem_StemTests.bundle
SwiftDriver Stem normal arm64 com.apple.xcode.tools.swift.compiler (in target 'Stem' from project 'Stem')
cd /Users/admin/builder/spi-builder-workspace/.swiftpm/xcode
builtin-SwiftDriver -- /Applications/Xcode-27.0.0-Release.Candidate.app/Contents/Developer/Toolchains/XcodeDefault.xctoolchain/usr/bin/swiftc -parse-as-library -module-name Stem -Onone @/Users/admin/builder/spi-builder-workspace/.derivedData/Build/Intermediates.noindex/Stem.build/Debug/Stem-t.build/Objects-normal/arm64/Stem.SwiftFileList -DSWIFT_PACKAGE -DDEBUG -DSWIFT_MODULE_RESOURCE_BUNDLE_UNAVAILABLE -DXcode -plugin-path /Applications/Xcode-27.0.0-Release.Candidate.app/Contents/Developer/Toolchains/XcodeDefault.xctoolchain/usr/lib/swift/host/plugins/testing -enable-experimental-feature DebugDescriptionMacro -sdk /Applications/Xcode-27.0.0-Release.Candidate.app/Contents/Developer/Platforms/MacOSX.platform/Developer/SDKs/MacOSX27.0.sdk -target arm64-apple-macos12.0 -g -module-cache-path /Users/admin/builder/spi-builder-workspace/.derivedData/ModuleCache.noindex -Xfrontend -serialize-debugging-options -profile-coverage-mapping -profile-generate -enable-testing -index-store-path /Users/admin/builder/spi-builder-workspace/.derivedData/Index.noindex/DataStore -Xcc -D_LIBCPP_HARDENING_MODE\=_LIBCPP_HARDENING_MODE_DEBUG -swift-version 5 -I /Users/admin/builder/spi-builder-workspace/.derivedData/Build/Products/Debug -Isystem /Applications/Xcode-27.0.0-Release.Candidate.app/Contents/Developer/Platforms/MacOSX.platform/Developer/usr/lib -F /Users/admin/builder/spi-builder-workspace/.derivedData/Build/Products/Debug -F /Applications/Xcode-27.0.0-Release.Candidate.app/Contents/Developer/Platforms/MacOSX.platform/Developer/Library/Frameworks -c -j10 -enable-batch-mode -incremental -Xcc -ivfsstatcache -Xcc /Users/admin/builder/spi-builder-workspace/.derivedData/SDKStatCaches.noindex/macosx27.0-26A425-e829b21a6f8c9b70876ba0858053c0446a22442a12e9d48fe1a705f55a1adfc4.sdkstatcache -output-file-map /Users/admin/builder/spi-builder-workspace/.derivedData/Build/Intermediates.noindex/Stem.build/Debug/Stem-t.build/Objects-normal/arm64/Stem-OutputFileMap.json -save-temps -no-color-diagnostics -explicit-module-build -module-cache-path /Users/admin/builder/spi-builder-workspace/.derivedData/Build/Intermediates.noindex/SwiftExplicitPrecompiledModules -clang-scanner-module-cache-path /Users/admin/builder/spi-builder-workspace/.derivedData/ModuleCache.noindex -sdk-module-cache-path /Users/admin/builder/spi-builder-workspace/.derivedData/SDKExplicitPrecompiledModules -emit-dependencies -emit-module -emit-module-path /Users/admin/builder/spi-builder-workspace/.derivedData/Build/Intermediates.noindex/Stem.build/Debug/Stem-t.build/Objects-normal/arm64/Stem.swiftmodule -serialize-diagnostics -dependency-scan-serialize-diagnostics-path /Users/admin/builder/spi-builder-workspace/.derivedData/Build/Intermediates.noindex/Stem.build/Debug/Stem-t.build/Objects-normal/arm64/Stem-dependency-scan.dia -validate-clang-modules-once -clang-build-session-file /Users/admin/builder/spi-builder-workspace/.derivedData/ModuleCache.noindex/Session.modulevalidation -Xcc -fmodules-prune-interval\=86400 -Xcc -fmodules-prune-after\=345600 -emit-const-values -const-gather-protocols-list /Users/admin/builder/spi-builder-workspace/.derivedData/Build/Intermediates.noindex/Stem.build/Debug/Stem-t.build/Objects-normal/arm64/Stem_const_extract_protocols.json -Xcc -I/Users/admin/builder/spi-builder-workspace/.derivedData/Build/Products/Debug/include -Xcc -I/Users/admin/builder/spi-builder-workspace/.derivedData/Build/Intermediates.noindex/Stem.build/Debug/Stem-t.build/DerivedSources-normal/arm64 -Xcc -I/Users/admin/builder/spi-builder-workspace/.derivedData/Build/Intermediates.noindex/Stem.build/Debug/Stem-t.build/DerivedSources/arm64 -Xcc -I/Users/admin/builder/spi-builder-workspace/.derivedData/Build/Intermediates.noindex/Stem.build/Debug/Stem-t.build/DerivedSources -Xcc -DSWIFT_PACKAGE -Xcc -DDEBUG\=1 -emit-objc-header -emit-objc-header-path /Users/admin/builder/spi-builder-workspace/.derivedData/Build/Intermediates.noindex/Stem.build/Debug/Stem-t.build/Objects-normal/arm64/Stem-Swift.h -working-directory /Users/admin/builder/spi-builder-workspace/.swiftpm/xcode -experimental-emit-module-separately -disable-cmo
SwiftExplicitDependencyGeneratePcm arm64 /Users/admin/builder/spi-builder-workspace/.derivedData/SDKExplicitPrecompiledModules/ptrcheck-DHLCBWKPNUZOYTPJ1J3QVTCXK.pcm
SwiftExplicitDependencyGeneratePcm arm64 /Users/admin/builder/spi-builder-workspace/.derivedData/SDKExplicitPrecompiledModules/_Builtin_stddef-3GI9GOKXSW3QCTFOI1USFLDZO.pcm
SwiftExplicitDependencyGeneratePcm arm64 /Users/admin/builder/spi-builder-workspace/.derivedData/SDKExplicitPrecompiledModules/DeveloperToolsSupport-13SNQ6N57G3DOS3KQA7V91OE7.pcm
SwiftExplicitDependencyGeneratePcm arm64 /Users/admin/builder/spi-builder-workspace/.derivedData/SDKExplicitPrecompiledModules/_Builtin_float-105CRCDRP90FQCQO5ZX1LHV7H.pcm
SwiftExplicitDependencyGeneratePcm arm64 /Users/admin/builder/spi-builder-workspace/.derivedData/SDKExplicitPrecompiledModules/_AvailabilityInternal-CJTV5E7EL3MWRA437DUFPBVN2.pcm
SwiftExplicitDependencyGeneratePcm arm64 /Users/admin/builder/spi-builder-workspace/.derivedData/SDKExplicitPrecompiledModules/ptrauth-2W92ZJRLNJU99RJUQGGJG3OC3.pcm
SwiftExplicitDependencyGeneratePcm arm64 /Users/admin/builder/spi-builder-workspace/.derivedData/SDKExplicitPrecompiledModules/_Builtin_stdarg-7CFWA9OSW5N24E7PG4ZOCF1VH.pcm
SwiftExplicitDependencyGeneratePcm arm64 /Users/admin/builder/spi-builder-workspace/.derivedData/SDKExplicitPrecompiledModules/_Builtin_stdbool-KYV2HKP8IKLKMKQS9DGA2GUQ.pcm
SwiftExplicitDependencyGeneratePcm arm64 /Users/admin/builder/spi-builder-workspace/.derivedData/SDKExplicitPrecompiledModules/SwiftShims-C4V0DQ62WSTCYBYGILXXGQNO3.pcm
SwiftExplicitDependencyGeneratePcm arm64 /Users/admin/builder/spi-builder-workspace/.derivedData/SDKExplicitPrecompiledModules/_SwiftConcurrencyShims-BLUUWKI6AGMD7TJ4RGYS7DP6T.pcm
SwiftExplicitDependencyGeneratePcm arm64 /Users/admin/builder/spi-builder-workspace/.derivedData/SDKExplicitPrecompiledModules/_DarwinFoundation1-7PRJIG163YE9KSKYA3BS35ZZP.pcm
SwiftExplicitDependencyGeneratePcm arm64 /Users/admin/builder/spi-builder-workspace/.derivedData/SDKExplicitPrecompiledModules/_DarwinFoundation2-94WUUGE4H5R03OWXE0QFZX1DN.pcm
SwiftExplicitDependencyGeneratePcm arm64 /Users/admin/builder/spi-builder-workspace/.derivedData/SDKExplicitPrecompiledModules/_Builtin_limits-AXGUGXBFPC0I7QDLJFB0K341Y.pcm
SwiftExplicitDependencyGeneratePcm arm64 /Users/admin/builder/spi-builder-workspace/.derivedData/SDKExplicitPrecompiledModules/string_h-10WPXBF3YFYMX5HUAW06LSABR.pcm
SwiftExplicitDependencyGeneratePcm arm64 /Users/admin/builder/spi-builder-workspace/.derivedData/SDKExplicitPrecompiledModules/_Builtin_stdint-22CBBOK8BNSF0UELDCAXSHGB.pcm
SwiftExplicitDependencyGeneratePcm arm64 /Users/admin/builder/spi-builder-workspace/.derivedData/SDKExplicitPrecompiledModules/sys_types-F4RNCN6UR5R5OWTLTOUM7TN3E.pcm
SwiftExplicitDependencyGeneratePcm arm64 /Users/admin/builder/spi-builder-workspace/.derivedData/SDKExplicitPrecompiledModules/_Builtin_tgmath-52XE6HC8DWOG6S7B5QAI046D1.pcm
SwiftExplicitDependencyGeneratePcm arm64 /Users/admin/builder/spi-builder-workspace/.derivedData/SDKExplicitPrecompiledModules/_DarwinFoundation3-32PO5Q4RCB6WXH5VFO3HA3AVS.pcm
SwiftExplicitDependencyGeneratePcm arm64 /Users/admin/builder/spi-builder-workspace/.derivedData/SDKExplicitPrecompiledModules/_Builtin_intrinsics-4O6R03GTH5FLWSHEUBP0Z3GZ2.pcm
SwiftExplicitDependencyGeneratePcm arm64 /Users/admin/builder/spi-builder-workspace/.derivedData/SDKExplicitPrecompiledModules/libDER-5RCYOD0PCUUY2UGMBNE9LI8N9.pcm
SwiftExplicitDependencyGeneratePcm arm64 /Users/admin/builder/spi-builder-workspace/.derivedData/SDKExplicitPrecompiledModules/_Builtin_stdatomic-8LN7S35C6I48KJOCW7VPXX04X.pcm
SwiftExplicitDependencyGeneratePcm arm64 /Users/admin/builder/spi-builder-workspace/.derivedData/SDKExplicitPrecompiledModules/CommonCrypto-4VT0ZQ0T25ABPC98A7DOL9WXB.pcm
SwiftExplicitDependencyGeneratePcm arm64 /Users/admin/builder/spi-builder-workspace/.derivedData/SDKExplicitPrecompiledModules/_Builtin_inttypes-1U6AP9A8AJ4G9WD98E9RHLGTJ.pcm
SwiftExplicitDependencyGeneratePcm arm64 /Users/admin/builder/spi-builder-workspace/.derivedData/SDKExplicitPrecompiledModules/Darwin-1RAAWNGKQM8YGHV0YJNNN5YDY.pcm
SwiftExplicitDependencyGeneratePcm arm64 /Users/admin/builder/spi-builder-workspace/.derivedData/SDKExplicitPrecompiledModules/simd-A9TKR8OE9APRJ1RNS7F0OBY4Q.pcm
SwiftExplicitDependencyGeneratePcm arm64 /Users/admin/builder/spi-builder-workspace/.derivedData/SDKExplicitPrecompiledModules/libkern-22MDXN9G35RPO3OLKX9B2PN16.pcm
SwiftExplicitDependencyGeneratePcm arm64 /Users/admin/builder/spi-builder-workspace/.derivedData/SDKExplicitPrecompiledModules/MachO-AWTJ65TFR7TMST2NUE6ZCC1SL.pcm
SwiftExplicitDependencyGeneratePcm arm64 /Users/admin/builder/spi-builder-workspace/.derivedData/SDKExplicitPrecompiledModules/launch-2XAORMJNLLVS0OVKC1M0752GY.pcm
SwiftExplicitDependencyGeneratePcm arm64 /Users/admin/builder/spi-builder-workspace/.derivedData/SDKExplicitPrecompiledModules/CUPS-45MNISAOHSEBD6VQA5G0MXN9H.pcm
SwiftExplicitDependencyGeneratePcm arm64 /Users/admin/builder/spi-builder-workspace/.derivedData/SDKExplicitPrecompiledModules/ObjectiveC-B89IQP2TC4CFSWOUMTUZRI1VZ.pcm
SwiftExplicitDependencyGeneratePcm arm64 /Users/admin/builder/spi-builder-workspace/.derivedData/SDKExplicitPrecompiledModules/Spatial-2JNOU2HNJ0Q174XCFCD0GCOUQ.pcm
SwiftExplicitDependencyGeneratePcm arm64 /Users/admin/builder/spi-builder-workspace/.derivedData/SDKExplicitPrecompiledModules/os_object-3KLCCI03OX6OQTLJ92KQH2KIO.pcm
SwiftExplicitDependencyGeneratePcm arm64 /Users/admin/builder/spi-builder-workspace/.derivedData/SDKExplicitPrecompiledModules/os_workgroup-10SJ5M8R2OB4BG1TPFL9SZMKV.pcm
SwiftExplicitDependencyGeneratePcm arm64 /Users/admin/builder/spi-builder-workspace/.derivedData/SDKExplicitPrecompiledModules/Dispatch-NAMWF9KN29KC7Z5OS3TTTAE8.pcm
SwiftExplicitDependencyGeneratePcm arm64 /Users/admin/builder/spi-builder-workspace/.derivedData/SDKExplicitPrecompiledModules/dnssd-5V92N9LLMCLZ0RRCJ1W0WH553.pcm
SwiftExplicitDependencyGeneratePcm arm64 /Users/admin/builder/spi-builder-workspace/.derivedData/SDKExplicitPrecompiledModules/XPC-E1MSAZG4ZNL24S2WK6K6Y7GWW.pcm
SwiftExplicitDependencyGeneratePcm arm64 /Users/admin/builder/spi-builder-workspace/.derivedData/SDKExplicitPrecompiledModules/notify-656AT1MT9YP9OYRXKA5WAOAHZ.pcm
SwiftExplicitDependencyGeneratePcm arm64 /Users/admin/builder/spi-builder-workspace/.derivedData/SDKExplicitPrecompiledModules/CoreFoundation-4ZIITQ30SOGUQE8KJAB99ZV0Q.pcm
SwiftExplicitDependencyGeneratePcm arm64 /Users/admin/builder/spi-builder-workspace/.derivedData/SDKExplicitPrecompiledModules/os-BYOEVK2GEMB4Q8WWHGZGREA00.pcm
SwiftExplicitDependencyGeneratePcm arm64 /Users/admin/builder/spi-builder-workspace/.derivedData/SDKExplicitPrecompiledModules/CFNetwork-CVHS5CT20191MFYXQIEDWSRGJ.pcm
SwiftExplicitDependencyGeneratePcm arm64 /Users/admin/builder/spi-builder-workspace/.derivedData/SDKExplicitPrecompiledModules/Security-ESPJ7FP0YAY1EL3VXBGY9MCZ8.pcm
SwiftExplicitDependencyGeneratePcm arm64 /Users/admin/builder/spi-builder-workspace/.derivedData/SDKExplicitPrecompiledModules/CoreAudioTypes-EEH2XZ47XX4YM3FOOISUYVRQE.pcm
SwiftExplicitDependencyGeneratePcm arm64 /Users/admin/builder/spi-builder-workspace/.derivedData/SDKExplicitPrecompiledModules/IOKit-6H3X691EDBH124EYTC2PEOP5T.pcm
SwiftExplicitDependencyGeneratePcm arm64 /Users/admin/builder/spi-builder-workspace/.derivedData/SDKExplicitPrecompiledModules/ColorSync-BBCIZDDQ6O3QECFAWJQ6RU4ZJ.pcm
SwiftExplicitDependencyGeneratePcm arm64 /Users/admin/builder/spi-builder-workspace/.derivedData/SDKExplicitPrecompiledModules/DiskArbitration-ZNZZU7T0SYELB0DAR56WQF0R.pcm
SwiftExplicitDependencyGeneratePcm arm64 /Users/admin/builder/spi-builder-workspace/.derivedData/SDKExplicitPrecompiledModules/CoreGraphics-5TRMNDB7ZP6FFMRNSZCWEOZMD.pcm
SwiftExplicitDependencyGeneratePcm arm64 /Users/admin/builder/spi-builder-workspace/.derivedData/SDKExplicitPrecompiledModules/CoreServices-CGCGY0FOMEQGSNMO3HQSC09XU.pcm
SwiftExplicitDependencyGeneratePcm arm64 /Users/admin/builder/spi-builder-workspace/.derivedData/SDKExplicitPrecompiledModules/ImageIO-88YNP2EU498GB5YXIFJ9ANNYW.pcm
SwiftExplicitDependencyGeneratePcm arm64 /Users/admin/builder/spi-builder-workspace/.derivedData/SDKExplicitPrecompiledModules/CoreText-C1WSF2HWGIKVJ2XHWBKXQBSEY.pcm
SwiftExplicitDependencyGeneratePcm arm64 /Users/admin/builder/spi-builder-workspace/.derivedData/SDKExplicitPrecompiledModules/Foundation-44WR0NU86C67CV5BW8W1MGKNG.pcm
SwiftExplicitDependencyGeneratePcm arm64 /Users/admin/builder/spi-builder-workspace/.derivedData/SDKExplicitPrecompiledModules/CoreMIDI-CCJ8M3Z4I36O80AMQH4ISET6O.pcm
SwiftExplicitDependencyGeneratePcm arm64 /Users/admin/builder/spi-builder-workspace/.derivedData/SDKExplicitPrecompiledModules/UniformTypeIdentifiers-5LG8RE3Q01MBLZVRR3FFHHL5H.pcm
SwiftExplicitDependencyGeneratePcm arm64 /Users/admin/builder/spi-builder-workspace/.derivedData/SDKExplicitPrecompiledModules/OSLog-1GSRGGGEESVJH9OULZA91RAA3.pcm
SwiftExplicitDependencyGeneratePcm arm64 /Users/admin/builder/spi-builder-workspace/.derivedData/SDKExplicitPrecompiledModules/_LocationEssentials-CV55KC6C4HGASVU6279M2TPYS.pcm
SwiftExplicitDependencyGeneratePcm arm64 /Users/admin/builder/spi-builder-workspace/.derivedData/SDKExplicitPrecompiledModules/JavaScriptCore-E3CCS97D24U12V9SQB1H9K5YE.pcm
SwiftExplicitDependencyGeneratePcm arm64 /Users/admin/builder/spi-builder-workspace/.derivedData/SDKExplicitPrecompiledModules/CoreData-4EPJ39F9L3QQ9486B5AMG5G6J.pcm
SwiftExplicitDependencyGeneratePcm arm64 /Users/admin/builder/spi-builder-workspace/.derivedData/SDKExplicitPrecompiledModules/CoreTransferable-2HJ1Z8HJBPECRD89AVJ0X7S63.pcm
SwiftExplicitDependencyGeneratePcm arm64 /Users/admin/builder/spi-builder-workspace/.derivedData/SDKExplicitPrecompiledModules/CoreAudio-8XPVZMQXZVBU162UQPW77JTL1.pcm
SwiftExplicitDependencyGeneratePcm arm64 /Users/admin/builder/spi-builder-workspace/.derivedData/SDKExplicitPrecompiledModules/ApplicationServices-ALXSS633FQY42UMJSLR6MNLSK.pcm
SwiftExplicitDependencyGeneratePcm arm64 /Users/admin/builder/spi-builder-workspace/.derivedData/SDKExplicitPrecompiledModules/UserNotifications-8MAUY5HI3PFEU9R86PQL4OKBM.pcm
SwiftExplicitDependencyGeneratePcm arm64 /Users/admin/builder/spi-builder-workspace/.derivedData/SDKExplicitPrecompiledModules/Accessibility-6F38G4T85MOHD9AA2EH4U2PJS.pcm
SwiftExplicitDependencyGeneratePcm arm64 /Users/admin/builder/spi-builder-workspace/.derivedData/SDKExplicitPrecompiledModules/IOSurface-1TUG4NQVIPJF59WSUNATZ447F.pcm
SwiftExplicitDependencyGeneratePcm arm64 /Users/admin/builder/spi-builder-workspace/.derivedData/SDKExplicitPrecompiledModules/CoreLocation-6PHJES15W7TUABDNQ1VHCJETV.pcm
SwiftExplicitDependencyGeneratePcm arm64 /Users/admin/builder/spi-builder-workspace/.derivedData/SDKExplicitPrecompiledModules/Network-DNJ6CH9B8OJ51G462QPX58B5X.pcm
SwiftExplicitDependencyGeneratePcm arm64 /Users/admin/builder/spi-builder-workspace/.derivedData/SDKExplicitPrecompiledModules/Symbols-2NFSQR6R0R96WH1KKGBXW1J.pcm
SwiftExplicitDependencyGeneratePcm arm64 /Users/admin/builder/spi-builder-workspace/.derivedData/SDKExplicitPrecompiledModules/DataDetection-5GDUUWT6YIA10PE5D9A8SXWZ9.pcm
SwiftExplicitDependencyGeneratePcm arm64 /Users/admin/builder/spi-builder-workspace/.derivedData/SDKExplicitPrecompiledModules/Carbon-2ONS33PR0M3OUK9U5ST5BLH43.pcm
SwiftExplicitDependencyGeneratePcm arm64 /Users/admin/builder/spi-builder-workspace/.derivedData/SDKExplicitPrecompiledModules/Metal-KM8CI04R5X5OUWMGRMNZE4KP.pcm
SwiftExplicitDependencyGeneratePcm arm64 /Users/admin/builder/spi-builder-workspace/.derivedData/SDKExplicitPrecompiledModules/OpenGL-FXV81CD8YS42YTVJKJH1VLGA.pcm
SwiftExplicitDependencyGeneratePcm arm64 /Users/admin/builder/spi-builder-workspace/.derivedData/SDKExplicitPrecompiledModules/AudioToolbox-2T0MY057M2IF62UMRCVMCXBCW.pcm
SwiftExplicitDependencyGeneratePcm arm64 /Users/admin/builder/spi-builder-workspace/.derivedData/SDKExplicitPrecompiledModules/CoreVideo-11TKSDKW0L2K02H4B9ZHWLM3B.pcm
SwiftExplicitDependencyGeneratePcm arm64 /Users/admin/builder/spi-builder-workspace/.derivedData/SDKExplicitPrecompiledModules/QuartzCore-AP21NXF3BYPWOG416U3DI6QME.pcm
SwiftExplicitDependencyGeneratePcm arm64 /Users/admin/builder/spi-builder-workspace/.derivedData/SDKExplicitPrecompiledModules/CoreImage-AKYY8VSFWQ6KIIXG3EQJ7PW5T.pcm
SwiftExplicitDependencyGeneratePcm arm64 /Users/admin/builder/spi-builder-workspace/.derivedData/SDKExplicitPrecompiledModules/CoreMedia-699WGYGEEF2LGFEEGSCM9Y1UF.pcm
SwiftExplicitDependencyGeneratePcm arm64 /Users/admin/builder/spi-builder-workspace/.derivedData/SDKExplicitPrecompiledModules/SwiftUICore-ESLJM4CVIQEQNCRTK6KPAF1I7.pcm
SwiftExplicitDependencyGeneratePcm arm64 /Users/admin/builder/spi-builder-workspace/.derivedData/SDKExplicitPrecompiledModules/MediaToolbox-A1FBUTL5IVSGB3TSM17GGXT7S.pcm
SwiftExplicitDependencyGeneratePcm arm64 /Users/admin/builder/spi-builder-workspace/.derivedData/SDKExplicitPrecompiledModules/VideoToolbox-6IDX6DMGASVEDUVPEGSTLUE4G.pcm
SwiftExplicitDependencyGeneratePcm arm64 /Users/admin/builder/spi-builder-workspace/.derivedData/SDKExplicitPrecompiledModules/AVFAudio-8O3YR1E0VTB07VYVVPNE7AW5O.pcm
SwiftExplicitDependencyGeneratePcm arm64 /Users/admin/builder/spi-builder-workspace/.derivedData/SDKExplicitPrecompiledModules/AppKit-C2WRQ26QXORUMMNQB0M8H4QYD.pcm
SwiftExplicitDependencyGeneratePcm arm64 /Users/admin/builder/spi-builder-workspace/.derivedData/SDKExplicitPrecompiledModules/AVFoundation-7AXUV20FGUWS4UKWN8IVZVM84.pcm
SwiftExplicitDependencyGeneratePcm arm64 /Users/admin/builder/spi-builder-workspace/.derivedData/SDKExplicitPrecompiledModules/MediaPlayer-1IME3BTM1372AI69P7FKPK4RI.pcm
SwiftExplicitDependencyGeneratePcm arm64 /Users/admin/builder/spi-builder-workspace/.derivedData/SDKExplicitPrecompiledModules/WebKit-BULFI2S46IKD55LJG2JRB0DL8.pcm
SwiftExplicitDependencyGeneratePcm arm64 /Users/admin/builder/spi-builder-workspace/.derivedData/SDKExplicitPrecompiledModules/SwiftUI-5IEOINZEJ69OCDVRMHPS5W4XI.pcm
SwiftEmitModule normal arm64 Emitting\ module\ for\ Stem (in target 'Stem' from project 'Stem')
SwiftCompile normal arm64 (in target 'Stem' from project 'Stem')
cd /Users/admin/builder/spi-builder-workspace/.swiftpm/xcode
/Users/admin/builder/spi-builder-workspace/Sources/Stem/CrossPlatform/AVKit/STAudioRecorder.swift:26:12: warning: class 'STAudioRecorder' must restate inherited '@unchecked Sendable' conformance
24 | import AVFoundation
25 |
26 | open class STAudioRecorder: AVAudioRecorder {
| `- warning: class 'STAudioRecorder' must restate inherited '@unchecked Sendable' conformance
27 |
28 | public struct Format {
/Users/admin/builder/spi-builder-workspace/Sources/Stem/CrossPlatform/Fundamentals/URL/URL.swift:48:1: warning: extension declares a conformance of imported type 'URL' to imported protocols 'ExpressibleByStringLiteral', 'ExpressibleByExtendedGraphemeClusterLiteral', 'ExpressibleByUnicodeScalarLiteral'; this will not behave correctly if the owners of 'Foundation' introduce this conformance in the future
46 |
47 | // MARK: - ExpressibleByStringLiteral
48 | extension URL: ExpressibleByStringLiteral {
| |- warning: extension declares a conformance of imported type 'URL' to imported protocols 'ExpressibleByStringLiteral', 'ExpressibleByExtendedGraphemeClusterLiteral', 'ExpressibleByUnicodeScalarLiteral'; this will not behave correctly if the owners of 'Foundation' introduce this conformance in the future
| `- note: add '@retroactive' to silence this warning
49 |
50 | public init(stringLiteral value: String) {
SwiftCompile normal arm64 Compiling\ KeyboardStateManager.swift,\ UIKeyCommand.swift,\ UILabel.swift,\ UIScrollView.swift,\ NSLayoutConstraint.swift,\ CALayer+Stem.swift,\ STLayerView.swift,\ STSwitch.swift,\ UIResponder.swift,\ UIStackView.swift,\ UIView.swift,\ STControllerPreview.swift,\ UINavigationController.swift,\ UIViewController.swift /Users/admin/builder/spi-builder-workspace/Sources/Stem/UIKit/Keyboard/KeyboardStateManager.swift /Users/admin/builder/spi-builder-workspace/Sources/Stem/UIKit/Keyboard/UIKeyCommand.swift /Users/admin/builder/spi-builder-workspace/Sources/Stem/UIKit/Label/UILabel.swift /Users/admin/builder/spi-builder-workspace/Sources/Stem/UIKit/ListView/UIScrollView.swift /Users/admin/builder/spi-builder-workspace/Sources/Stem/UIKit/NSLayoutConstraint/NSLayoutConstraint.swift /Users/admin/builder/spi-builder-workspace/Sources/Stem/UIKit/View/CALayer+Stem.swift /Users/admin/builder/spi-builder-workspace/Sources/Stem/UIKit/View/STLayerView.swift /Users/admin/builder/spi-builder-workspace/Sources/Stem/UIKit/View/STSwitch.swift /Users/admin/builder/spi-builder-workspace/Sources/Stem/UIKit/View/UIResponder.swift /Users/admin/builder/spi-builder-workspace/Sources/Stem/UIKit/View/UIStackView.swift /Users/admin/builder/spi-builder-workspace/Sources/Stem/UIKit/View/UIView.swift /Users/admin/builder/spi-builder-workspace/Sources/Stem/UIKit/ViewController/STControllerPreview.swift /Users/admin/builder/spi-builder-workspace/Sources/Stem/UIKit/ViewController/UINavigationController.swift /Users/admin/builder/spi-builder-workspace/Sources/Stem/UIKit/ViewController/UIViewController.swift (in target 'Stem' from project 'Stem')
SwiftCompile normal arm64 /Users/admin/builder/spi-builder-workspace/Sources/Stem/UIKit/Keyboard/KeyboardStateManager.swift (in target 'Stem' from project 'Stem')
cd /Users/admin/builder/spi-builder-workspace/.swiftpm/xcode
builtin-SwiftPerFileCompile KeyboardStateManager.swift
SwiftCompile normal arm64 /Users/admin/builder/spi-builder-workspace/Sources/Stem/UIKit/Keyboard/UIKeyCommand.swift (in target 'Stem' from project 'Stem')
cd /Users/admin/builder/spi-builder-workspace/.swiftpm/xcode
builtin-SwiftPerFileCompile UIKeyCommand.swift
SwiftCompile normal arm64 /Users/admin/builder/spi-builder-workspace/Sources/Stem/UIKit/Label/UILabel.swift (in target 'Stem' from project 'Stem')
cd /Users/admin/builder/spi-builder-workspace/.swiftpm/xcode
builtin-SwiftPerFileCompile UILabel.swift
SwiftCompile normal arm64 /Users/admin/builder/spi-builder-workspace/Sources/Stem/UIKit/ListView/UIScrollView.swift (in target 'Stem' from project 'Stem')
cd /Users/admin/builder/spi-builder-workspace/.swiftpm/xcode
builtin-SwiftPerFileCompile UIScrollView.swift
SwiftCompile normal arm64 /Users/admin/builder/spi-builder-workspace/Sources/Stem/UIKit/NSLayoutConstraint/NSLayoutConstraint.swift (in target 'Stem' from project 'Stem')
cd /Users/admin/builder/spi-builder-workspace/.swiftpm/xcode
builtin-SwiftPerFileCompile NSLayoutConstraint.swift
SwiftCompile normal arm64 /Users/admin/builder/spi-builder-workspace/Sources/Stem/UIKit/View/CALayer+Stem.swift (in target 'Stem' from project 'Stem')
cd /Users/admin/builder/spi-builder-workspace/.swiftpm/xcode
builtin-SwiftPerFileCompile CALayer+Stem.swift
SwiftCompile normal arm64 /Users/admin/builder/spi-builder-workspace/Sources/Stem/UIKit/View/STLayerView.swift (in target 'Stem' from project 'Stem')
cd /Users/admin/builder/spi-builder-workspace/.swiftpm/xcode
builtin-SwiftPerFileCompile STLayerView.swift
SwiftCompile normal arm64 /Users/admin/builder/spi-builder-workspace/Sources/Stem/UIKit/View/STSwitch.swift (in target 'Stem' from project 'Stem')
cd /Users/admin/builder/spi-builder-workspace/.swiftpm/xcode
builtin-SwiftPerFileCompile STSwitch.swift
SwiftCompile normal arm64 /Users/admin/builder/spi-builder-workspace/Sources/Stem/UIKit/View/UIResponder.swift (in target 'Stem' from project 'Stem')
cd /Users/admin/builder/spi-builder-workspace/.swiftpm/xcode
builtin-SwiftPerFileCompile UIResponder.swift
SwiftCompile normal arm64 /Users/admin/builder/spi-builder-workspace/Sources/Stem/UIKit/View/UIStackView.swift (in target 'Stem' from project 'Stem')
cd /Users/admin/builder/spi-builder-workspace/.swiftpm/xcode
builtin-SwiftPerFileCompile UIStackView.swift
SwiftCompile normal arm64 /Users/admin/builder/spi-builder-workspace/Sources/Stem/UIKit/View/UIView.swift (in target 'Stem' from project 'Stem')
cd /Users/admin/builder/spi-builder-workspace/.swiftpm/xcode
builtin-SwiftPerFileCompile UIView.swift
SwiftCompile normal arm64 /Users/admin/builder/spi-builder-workspace/Sources/Stem/UIKit/ViewController/STControllerPreview.swift (in target 'Stem' from project 'Stem')
cd /Users/admin/builder/spi-builder-workspace/.swiftpm/xcode
builtin-SwiftPerFileCompile STControllerPreview.swift
SwiftCompile normal arm64 /Users/admin/builder/spi-builder-workspace/Sources/Stem/UIKit/ViewController/UINavigationController.swift (in target 'Stem' from project 'Stem')
cd /Users/admin/builder/spi-builder-workspace/.swiftpm/xcode
builtin-SwiftPerFileCompile UINavigationController.swift
SwiftCompile normal arm64 /Users/admin/builder/spi-builder-workspace/Sources/Stem/UIKit/ViewController/UIViewController.swift (in target 'Stem' from project 'Stem')
cd /Users/admin/builder/spi-builder-workspace/.swiftpm/xcode
builtin-SwiftPerFileCompile UIViewController.swift
SwiftCompile normal arm64 Compiling\ StemSVG.swift,\ UIImage+Color.swift,\ UIImage+CoreImage.swift,\ UIImage+Edit.swift,\ UIImage+Format.swift,\ UIImage+info.swift,\ UIImage+size.swift,\ UImage+other.swift,\ UIImageView.swift,\ UISearchBar.swift,\ UITextField.swift,\ UITextView.swift,\ UINib.swift,\ UIStoryboard.swift /Users/admin/builder/spi-builder-workspace/Sources/Stem/UIKit/Image/SVG/StemSVG.swift /Users/admin/builder/spi-builder-workspace/Sources/Stem/UIKit/Image/UIImage/UIImage+Color.swift /Users/admin/builder/spi-builder-workspace/Sources/Stem/UIKit/Image/UIImage/UIImage+CoreImage.swift /Users/admin/builder/spi-builder-workspace/Sources/Stem/UIKit/Image/UIImage/UIImage+Edit.swift /Users/admin/builder/spi-builder-workspace/Sources/Stem/UIKit/Image/UIImage/UIImage+Format.swift /Users/admin/builder/spi-builder-workspace/Sources/Stem/UIKit/Image/UIImage/UIImage+info.swift /Users/admin/builder/spi-builder-workspace/Sources/Stem/UIKit/Image/UIImage/UIImage+size.swift /Users/admin/builder/spi-builder-workspace/Sources/Stem/UIKit/Image/UIImage/UImage+other.swift /Users/admin/builder/spi-builder-workspace/Sources/Stem/UIKit/ImageView/UIImageView.swift /Users/admin/builder/spi-builder-workspace/Sources/Stem/UIKit/InputView/UISearchBar.swift /Users/admin/builder/spi-builder-workspace/Sources/Stem/UIKit/InputView/UITextField.swift /Users/admin/builder/spi-builder-workspace/Sources/Stem/UIKit/InputView/UITextView.swift /Users/admin/builder/spi-builder-workspace/Sources/Stem/UIKit/Interface/UINib.swift /Users/admin/builder/spi-builder-workspace/Sources/Stem/UIKit/Interface/UIStoryboard.swift (in target 'Stem' from project 'Stem')
SwiftCompile normal arm64 /Users/admin/builder/spi-builder-workspace/Sources/Stem/UIKit/Image/SVG/StemSVG.swift (in target 'Stem' from project 'Stem')
cd /Users/admin/builder/spi-builder-workspace/.swiftpm/xcode
builtin-SwiftPerFileCompile StemSVG.swift
SwiftCompile normal arm64 /Users/admin/builder/spi-builder-workspace/Sources/Stem/UIKit/Image/UIImage/UIImage+Color.swift (in target 'Stem' from project 'Stem')
cd /Users/admin/builder/spi-builder-workspace/.swiftpm/xcode
builtin-SwiftPerFileCompile UIImage+Color.swift
SwiftCompile normal arm64 /Users/admin/builder/spi-builder-workspace/Sources/Stem/UIKit/Image/UIImage/UIImage+CoreImage.swift (in target 'Stem' from project 'Stem')
cd /Users/admin/builder/spi-builder-workspace/.swiftpm/xcode
builtin-SwiftPerFileCompile UIImage+CoreImage.swift
SwiftCompile normal arm64 /Users/admin/builder/spi-builder-workspace/Sources/Stem/UIKit/Image/UIImage/UIImage+Edit.swift (in target 'Stem' from project 'Stem')
cd /Users/admin/builder/spi-builder-workspace/.swiftpm/xcode
builtin-SwiftPerFileCompile UIImage+Edit.swift
SwiftCompile normal arm64 /Users/admin/builder/spi-builder-workspace/Sources/Stem/UIKit/Image/UIImage/UIImage+Format.swift (in target 'Stem' from project 'Stem')
cd /Users/admin/builder/spi-builder-workspace/.swiftpm/xcode
builtin-SwiftPerFileCompile UIImage+Format.swift
SwiftCompile normal arm64 /Users/admin/builder/spi-builder-workspace/Sources/Stem/UIKit/Image/UIImage/UIImage+info.swift (in target 'Stem' from project 'Stem')
cd /Users/admin/builder/spi-builder-workspace/.swiftpm/xcode
builtin-SwiftPerFileCompile UIImage+info.swift
SwiftCompile normal arm64 /Users/admin/builder/spi-builder-workspace/Sources/Stem/UIKit/Image/UIImage/UIImage+size.swift (in target 'Stem' from project 'Stem')
cd /Users/admin/builder/spi-builder-workspace/.swiftpm/xcode
builtin-SwiftPerFileCompile UIImage+size.swift
SwiftCompile normal arm64 /Users/admin/builder/spi-builder-workspace/Sources/Stem/UIKit/Image/UIImage/UImage+other.swift (in target 'Stem' from project 'Stem')
cd /Users/admin/builder/spi-builder-workspace/.swiftpm/xcode
builtin-SwiftPerFileCompile UImage+other.swift
SwiftCompile normal arm64 /Users/admin/builder/spi-builder-workspace/Sources/Stem/UIKit/ImageView/UIImageView.swift (in target 'Stem' from project 'Stem')
cd /Users/admin/builder/spi-builder-workspace/.swiftpm/xcode
builtin-SwiftPerFileCompile UIImageView.swift
SwiftCompile normal arm64 /Users/admin/builder/spi-builder-workspace/Sources/Stem/UIKit/InputView/UISearchBar.swift (in target 'Stem' from project 'Stem')
cd /Users/admin/builder/spi-builder-workspace/.swiftpm/xcode
builtin-SwiftPerFileCompile UISearchBar.swift
SwiftCompile normal arm64 /Users/admin/builder/spi-builder-workspace/Sources/Stem/UIKit/InputView/UITextField.swift (in target 'Stem' from project 'Stem')
cd /Users/admin/builder/spi-builder-workspace/.swiftpm/xcode
builtin-SwiftPerFileCompile UITextField.swift
SwiftCompile normal arm64 /Users/admin/builder/spi-builder-workspace/Sources/Stem/UIKit/InputView/UITextView.swift (in target 'Stem' from project 'Stem')
cd /Users/admin/builder/spi-builder-workspace/.swiftpm/xcode
builtin-SwiftPerFileCompile UITextView.swift
SwiftCompile normal arm64 /Users/admin/builder/spi-builder-workspace/Sources/Stem/UIKit/Interface/UINib.swift (in target 'Stem' from project 'Stem')
cd /Users/admin/builder/spi-builder-workspace/.swiftpm/xcode
builtin-SwiftPerFileCompile UINib.swift
SwiftCompile normal arm64 /Users/admin/builder/spi-builder-workspace/Sources/Stem/UIKit/Interface/UIStoryboard.swift (in target 'Stem' from project 'Stem')
cd /Users/admin/builder/spi-builder-workspace/.swiftpm/xcode
builtin-SwiftPerFileCompile UIStoryboard.swift
/Users/admin/builder/spi-builder-workspace/Sources/Stem/UIKit/Image/SVG/StemSVG.swift:59:28: warning: use of string literal for Objective-C selectors is deprecated; use '#selector' instead [#deprecation]
57 | if let ImageRep = (Self.SVGImageRep as AnyObject as? NSObjectProtocol),
58 | let rep = ImageRep
59 | .perform(.init("alloc"))
| `- warning: use of string literal for Objective-C selectors is deprecated; use '#selector' instead [#deprecation]
60 | .takeRetainedValue()
61 | .perform(.init("initWithData:"), with: data)
/Users/admin/builder/spi-builder-workspace/Sources/Stem/UIKit/Image/SVG/StemSVG.swift:61:28: warning: use of string literal for Objective-C selectors is deprecated; use '#selector' instead [#deprecation]
59 | .perform(.init("alloc"))
60 | .takeRetainedValue()
61 | .perform(.init("initWithData:"), with: data)
| `- warning: use of string literal for Objective-C selectors is deprecated; use '#selector' instead [#deprecation]
62 | .takeUnretainedValue() as? NSImageRep {
63 | self.imageRep = rep
SwiftCompile normal arm64 Compiling\ AttributedString.swift,\ MutableAttributedString.swift,\ UIButton.swift,\ UIControl.swift,\ STGestureRecognizer.swift,\ TapticEngine.swift,\ UIFont.swift,\ UIGestureRecognizer+State.swift,\ CGImage.swift,\ CIFilter+Generator.swift,\ CIFilter+enum.swift,\ CIFilter+protocol.swift,\ NSImage+Data.swift,\ NSImage+Resize.swift /Users/admin/builder/spi-builder-workspace/Sources/Stem/UIKit/AttributedString/AttributedString.swift /Users/admin/builder/spi-builder-workspace/Sources/Stem/UIKit/AttributedString/MutableAttributedString.swift /Users/admin/builder/spi-builder-workspace/Sources/Stem/UIKit/Control/UIButton.swift /Users/admin/builder/spi-builder-workspace/Sources/Stem/UIKit/Control/UIControl.swift /Users/admin/builder/spi-builder-workspace/Sources/Stem/UIKit/Custom/GestureRecognizer/STGestureRecognizer.swift /Users/admin/builder/spi-builder-workspace/Sources/Stem/UIKit/Custom/TapticEngine/TapticEngine.swift /Users/admin/builder/spi-builder-workspace/Sources/Stem/UIKit/Font/UIFont.swift /Users/admin/builder/spi-builder-workspace/Sources/Stem/UIKit/GestureRecognizer/UIGestureRecognizer+State.swift /Users/admin/builder/spi-builder-workspace/Sources/Stem/UIKit/Image/CGImage/CGImage.swift /Users/admin/builder/spi-builder-workspace/Sources/Stem/UIKit/Image/CoreImage/CIFilter+Generator.swift /Users/admin/builder/spi-builder-workspace/Sources/Stem/UIKit/Image/CoreImage/CIFilter+enum.swift /Users/admin/builder/spi-builder-workspace/Sources/Stem/UIKit/Image/CoreImage/CIFilter+protocol.swift /Users/admin/builder/spi-builder-workspace/Sources/Stem/UIKit/Image/NSImage/NSImage+Data.swift /Users/admin/builder/spi-builder-workspace/Sources/Stem/UIKit/Image/NSImage/NSImage+Resize.swift (in target 'Stem' from project 'Stem')
SwiftCompile normal arm64 /Users/admin/builder/spi-builder-workspace/Sources/Stem/UIKit/AttributedString/AttributedString.swift (in target 'Stem' from project 'Stem')
cd /Users/admin/builder/spi-builder-workspace/.swiftpm/xcode
builtin-SwiftPerFileCompile AttributedString.swift
SwiftCompile normal arm64 /Users/admin/builder/spi-builder-workspace/Sources/Stem/UIKit/AttributedString/MutableAttributedString.swift (in target 'Stem' from project 'Stem')
cd /Users/admin/builder/spi-builder-workspace/.swiftpm/xcode
builtin-SwiftPerFileCompile MutableAttributedString.swift
SwiftCompile normal arm64 /Users/admin/builder/spi-builder-workspace/Sources/Stem/UIKit/Control/UIButton.swift (in target 'Stem' from project 'Stem')
cd /Users/admin/builder/spi-builder-workspace/.swiftpm/xcode
builtin-SwiftPerFileCompile UIButton.swift
SwiftCompile normal arm64 /Users/admin/builder/spi-builder-workspace/Sources/Stem/UIKit/Control/UIControl.swift (in target 'Stem' from project 'Stem')
cd /Users/admin/builder/spi-builder-workspace/.swiftpm/xcode
builtin-SwiftPerFileCompile UIControl.swift
SwiftCompile normal arm64 /Users/admin/builder/spi-builder-workspace/Sources/Stem/UIKit/Custom/GestureRecognizer/STGestureRecognizer.swift (in target 'Stem' from project 'Stem')
cd /Users/admin/builder/spi-builder-workspace/.swiftpm/xcode
builtin-SwiftPerFileCompile STGestureRecognizer.swift
SwiftCompile normal arm64 /Users/admin/builder/spi-builder-workspace/Sources/Stem/UIKit/Custom/TapticEngine/TapticEngine.swift (in target 'Stem' from project 'Stem')
cd /Users/admin/builder/spi-builder-workspace/.swiftpm/xcode
builtin-SwiftPerFileCompile TapticEngine.swift
SwiftCompile normal arm64 /Users/admin/builder/spi-builder-workspace/Sources/Stem/UIKit/Font/UIFont.swift (in target 'Stem' from project 'Stem')
cd /Users/admin/builder/spi-builder-workspace/.swiftpm/xcode
builtin-SwiftPerFileCompile UIFont.swift
SwiftCompile normal arm64 /Users/admin/builder/spi-builder-workspace/Sources/Stem/UIKit/GestureRecognizer/UIGestureRecognizer+State.swift (in target 'Stem' from project 'Stem')
cd /Users/admin/builder/spi-builder-workspace/.swiftpm/xcode
builtin-SwiftPerFileCompile UIGestureRecognizer+State.swift
SwiftCompile normal arm64 /Users/admin/builder/spi-builder-workspace/Sources/Stem/UIKit/Image/CGImage/CGImage.swift (in target 'Stem' from project 'Stem')
cd /Users/admin/builder/spi-builder-workspace/.swiftpm/xcode
builtin-SwiftPerFileCompile CGImage.swift
SwiftCompile normal arm64 /Users/admin/builder/spi-builder-workspace/Sources/Stem/UIKit/Image/CoreImage/CIFilter+Generator.swift (in target 'Stem' from project 'Stem')
cd /Users/admin/builder/spi-builder-workspace/.swiftpm/xcode
builtin-SwiftPerFileCompile CIFilter+Generator.swift
SwiftCompile normal arm64 /Users/admin/builder/spi-builder-workspace/Sources/Stem/UIKit/Image/CoreImage/CIFilter+enum.swift (in target 'Stem' from project 'Stem')
cd /Users/admin/builder/spi-builder-workspace/.swiftpm/xcode
builtin-SwiftPerFileCompile CIFilter+enum.swift
SwiftCompile normal arm64 /Users/admin/builder/spi-builder-workspace/Sources/Stem/UIKit/Image/CoreImage/CIFilter+protocol.swift (in target 'Stem' from project 'Stem')
cd /Users/admin/builder/spi-builder-workspace/.swiftpm/xcode
builtin-SwiftPerFileCompile CIFilter+protocol.swift
SwiftCompile normal arm64 /Users/admin/builder/spi-builder-workspace/Sources/Stem/UIKit/Image/NSImage/NSImage+Data.swift (in target 'Stem' from project 'Stem')
cd /Users/admin/builder/spi-builder-workspace/.swiftpm/xcode
builtin-SwiftPerFileCompile NSImage+Data.swift
SwiftCompile normal arm64 /Users/admin/builder/spi-builder-workspace/Sources/Stem/UIKit/Image/NSImage/NSImage+Resize.swift (in target 'Stem' from project 'Stem')
cd /Users/admin/builder/spi-builder-workspace/.swiftpm/xcode
builtin-SwiftPerFileCompile NSImage+Resize.swift
/Users/admin/builder/spi-builder-workspace/Sources/Stem/UIKit/Image/CGImage/CGImage.swift:100:37: warning: 'kUTTypeJPEG' was deprecated in macOS 12.0: Use UTTypeJPEG or UTType.jpeg (swift) instead. [#DeprecatedDeclaration]
98 | var utType: CFString {
99 | switch self {
100 | case .jpeg: return kUTTypeJPEG
| `- warning: 'kUTTypeJPEG' was deprecated in macOS 12.0: Use UTTypeJPEG or UTType.jpeg (swift) instead. [#DeprecatedDeclaration]
101 | case .gif: return kUTTypeGIF
102 | case .tiff: return kUTTypeTIFF
/Users/admin/builder/spi-builder-workspace/Sources/Stem/UIKit/Image/CGImage/CGImage.swift:101:37: warning: 'kUTTypeGIF' was deprecated in macOS 12.0: Use UTTypeGIF or UTType.gif (swift) instead. [#DeprecatedDeclaration]
99 | switch self {
100 | case .jpeg: return kUTTypeJPEG
101 | case .gif: return kUTTypeGIF
| `- warning: 'kUTTypeGIF' was deprecated in macOS 12.0: Use UTTypeGIF or UTType.gif (swift) instead. [#DeprecatedDeclaration]
102 | case .tiff: return kUTTypeTIFF
103 | case .png: return kUTTypePNG
/Users/admin/builder/spi-builder-workspace/Sources/Stem/UIKit/Image/CGImage/CGImage.swift:102:37: warning: 'kUTTypeTIFF' was deprecated in macOS 12.0: Use UTTypeTIFF or UTType.tiff (swift) instead. [#DeprecatedDeclaration]
100 | case .jpeg: return kUTTypeJPEG
101 | case .gif: return kUTTypeGIF
102 | case .tiff: return kUTTypeTIFF
| `- warning: 'kUTTypeTIFF' was deprecated in macOS 12.0: Use UTTypeTIFF or UTType.tiff (swift) instead. [#DeprecatedDeclaration]
103 | case .png: return kUTTypePNG
104 | case .bmp: return kUTTypeBMP
/Users/admin/builder/spi-builder-workspace/Sources/Stem/UIKit/Image/CGImage/CGImage.swift:103:37: warning: 'kUTTypePNG' was deprecated in macOS 12.0: Use UTTypePNG or UTType.png (swift) instead. [#DeprecatedDeclaration]
101 | case .gif: return kUTTypeGIF
102 | case .tiff: return kUTTypeTIFF
103 | case .png: return kUTTypePNG
| `- warning: 'kUTTypePNG' was deprecated in macOS 12.0: Use UTTypePNG or UTType.png (swift) instead. [#DeprecatedDeclaration]
104 | case .bmp: return kUTTypeBMP
105 | case .ico: return kUTTypeICO
/Users/admin/builder/spi-builder-workspace/Sources/Stem/UIKit/Image/CGImage/CGImage.swift:104:37: warning: 'kUTTypeBMP' was deprecated in macOS 12.0: Use UTTypeBMP or UTType.bmp (swift) instead. [#DeprecatedDeclaration]
102 | case .tiff: return kUTTypeTIFF
103 | case .png: return kUTTypePNG
104 | case .bmp: return kUTTypeBMP
| `- warning: 'kUTTypeBMP' was deprecated in macOS 12.0: Use UTTypeBMP or UTType.bmp (swift) instead. [#DeprecatedDeclaration]
105 | case .ico: return kUTTypeICO
106 | case .rawImage: return kUTTypeRawImage
/Users/admin/builder/spi-builder-workspace/Sources/Stem/UIKit/Image/CGImage/CGImage.swift:105:37: warning: 'kUTTypeICO' was deprecated in macOS 12.0: Use UTTypeICO or UTType.ico (swift) instead. [#DeprecatedDeclaration]
103 | case .png: return kUTTypePNG
104 | case .bmp: return kUTTypeBMP
105 | case .ico: return kUTTypeICO
| `- warning: 'kUTTypeICO' was deprecated in macOS 12.0: Use UTTypeICO or UTType.ico (swift) instead. [#DeprecatedDeclaration]
106 | case .rawImage: return kUTTypeRawImage
107 | }
/Users/admin/builder/spi-builder-workspace/Sources/Stem/UIKit/Image/CGImage/CGImage.swift:106:37: warning: 'kUTTypeRawImage' was deprecated in macOS 12.0: Use UTTypeRAWImage or UTType.rawImage (swift) instead. [#DeprecatedDeclaration]
104 | case .bmp: return kUTTypeBMP
105 | case .ico: return kUTTypeICO
106 | case .rawImage: return kUTTypeRawImage
| `- warning: 'kUTTypeRawImage' was deprecated in macOS 12.0: Use UTTypeRAWImage or UTType.rawImage (swift) instead. [#DeprecatedDeclaration]
107 | }
108 | }
[#DeprecatedDeclaration]: <https://docs.swift.org/compiler/documentation/diagnostics/deprecated-declaration>
SwiftCompile normal arm64 Compiling\ Data+MimeType.swift,\ Data+crypto.swift,\ Data.swift,\ CGFloat.swift,\ CGPoint.swift,\ CGRect.swift,\ CGSize.swift,\ CGVector.swift,\ Bool.swift,\ Decimal.swift,\ Double.swift,\ Character.swift,\ String+Emoji.swift,\ String+Header.swift,\ String+Map.swift /Users/admin/builder/spi-builder-workspace/Sources/Stem/CrossPlatform/Fundamentals/Data/Data+MimeType.swift /Users/admin/builder/spi-builder-workspace/Sources/Stem/CrossPlatform/Fundamentals/Data/Data+crypto.swift /Users/admin/builder/spi-builder-workspace/Sources/Stem/CrossPlatform/Fundamentals/Data/Data.swift /Users/admin/builder/spi-builder-workspace/Sources/Stem/CrossPlatform/Fundamentals/Geometry/CGFloat.swift /Users/admin/builder/spi-builder-workspace/Sources/Stem/CrossPlatform/Fundamentals/Geometry/CGPoint.swift /Users/admin/builder/spi-builder-workspace/Sources/Stem/CrossPlatform/Fundamentals/Geometry/CGRect.swift /Users/admin/builder/spi-builder-workspace/Sources/Stem/CrossPlatform/Fundamentals/Geometry/CGSize.swift /Users/admin/builder/spi-builder-workspace/Sources/Stem/CrossPlatform/Fundamentals/Geometry/CGVector.swift /Users/admin/builder/spi-builder-workspace/Sources/Stem/CrossPlatform/Fundamentals/Number/Bool.swift /Users/admin/builder/spi-builder-workspace/Sources/Stem/CrossPlatform/Fundamentals/Number/Decimal.swift /Users/admin/builder/spi-builder-workspace/Sources/Stem/CrossPlatform/Fundamentals/Number/Double.swift /Users/admin/builder/spi-builder-workspace/Sources/Stem/CrossPlatform/Fundamentals/String/Character/Character.swift /Users/admin/builder/spi-builder-workspace/Sources/Stem/CrossPlatform/Fundamentals/String/String+Emoji.swift /Users/admin/builder/spi-builder-workspace/Sources/Stem/CrossPlatform/Fundamentals/String/String+Header.swift /Users/admin/builder/spi-builder-workspace/Sources/Stem/CrossPlatform/Fundamentals/String/String+Map.swift (in target 'Stem' from project 'Stem')
SwiftCompile normal arm64 /Users/admin/builder/spi-builder-workspace/Sources/Stem/CrossPlatform/Fundamentals/Data/Data+MimeType.swift (in target 'Stem' from project 'Stem')
cd /Users/admin/builder/spi-builder-workspace/.swiftpm/xcode
builtin-SwiftPerFileCompile Data+MimeType.swift
SwiftCompile normal arm64 /Users/admin/builder/spi-builder-workspace/Sources/Stem/CrossPlatform/Fundamentals/Data/Data+crypto.swift (in target 'Stem' from project 'Stem')
cd /Users/admin/builder/spi-builder-workspace/.swiftpm/xcode
builtin-SwiftPerFileCompile Data+crypto.swift
SwiftCompile normal arm64 /Users/admin/builder/spi-builder-workspace/Sources/Stem/CrossPlatform/Fundamentals/Data/Data.swift (in target 'Stem' from project 'Stem')
cd /Users/admin/builder/spi-builder-workspace/.swiftpm/xcode
builtin-SwiftPerFileCompile Data.swift
SwiftCompile normal arm64 /Users/admin/builder/spi-builder-workspace/Sources/Stem/CrossPlatform/Fundamentals/Geometry/CGFloat.swift (in target 'Stem' from project 'Stem')
cd /Users/admin/builder/spi-builder-workspace/.swiftpm/xcode
builtin-SwiftPerFileCompile CGFloat.swift
SwiftCompile normal arm64 /Users/admin/builder/spi-builder-workspace/Sources/Stem/CrossPlatform/Fundamentals/Geometry/CGPoint.swift (in target 'Stem' from project 'Stem')
cd /Users/admin/builder/spi-builder-workspace/.swiftpm/xcode
builtin-SwiftPerFileCompile CGPoint.swift
SwiftCompile normal arm64 /Users/admin/builder/spi-builder-workspace/Sources/Stem/CrossPlatform/Fundamentals/Geometry/CGRect.swift (in target 'Stem' from project 'Stem')
cd /Users/admin/builder/spi-builder-workspace/.swiftpm/xcode
builtin-SwiftPerFileCompile CGRect.swift
SwiftCompile normal arm64 /Users/admin/builder/spi-builder-workspace/Sources/Stem/CrossPlatform/Fundamentals/Geometry/CGSize.swift (in target 'Stem' from project 'Stem')
cd /Users/admin/builder/spi-builder-workspace/.swiftpm/xcode
builtin-SwiftPerFileCompile CGSize.swift
SwiftCompile normal arm64 /Users/admin/builder/spi-builder-workspace/Sources/Stem/CrossPlatform/Fundamentals/Geometry/CGVector.swift (in target 'Stem' from project 'Stem')
cd /Users/admin/builder/spi-builder-workspace/.swiftpm/xcode
builtin-SwiftPerFileCompile CGVector.swift
SwiftCompile normal arm64 /Users/admin/builder/spi-builder-workspace/Sources/Stem/CrossPlatform/Fundamentals/Number/Bool.swift (in target 'Stem' from project 'Stem')
cd /Users/admin/builder/spi-builder-workspace/.swiftpm/xcode
builtin-SwiftPerFileCompile Bool.swift
SwiftCompile normal arm64 /Users/admin/builder/spi-builder-workspace/Sources/Stem/CrossPlatform/Fundamentals/Number/Decimal.swift (in target 'Stem' from project 'Stem')
cd /Users/admin/builder/spi-builder-workspace/.swiftpm/xcode
builtin-SwiftPerFileCompile Decimal.swift
SwiftCompile normal arm64 /Users/admin/builder/spi-builder-workspace/Sources/Stem/CrossPlatform/Fundamentals/Number/Double.swift (in target 'Stem' from project 'Stem')
cd /Users/admin/builder/spi-builder-workspace/.swiftpm/xcode
builtin-SwiftPerFileCompile Double.swift
SwiftCompile normal arm64 /Users/admin/builder/spi-builder-workspace/Sources/Stem/CrossPlatform/Fundamentals/String/Character/Character.swift (in target 'Stem' from project 'Stem')
cd /Users/admin/builder/spi-builder-workspace/.swiftpm/xcode
builtin-SwiftPerFileCompile Character.swift
SwiftCompile normal arm64 /Users/admin/builder/spi-builder-workspace/Sources/Stem/CrossPlatform/Fundamentals/String/String+Emoji.swift (in target 'Stem' from project 'Stem')
cd /Users/admin/builder/spi-builder-workspace/.swiftpm/xcode
builtin-SwiftPerFileCompile String+Emoji.swift
SwiftCompile normal arm64 /Users/admin/builder/spi-builder-workspace/Sources/Stem/CrossPlatform/Fundamentals/String/String+Header.swift (in target 'Stem' from project 'Stem')
cd /Users/admin/builder/spi-builder-workspace/.swiftpm/xcode
builtin-SwiftPerFileCompile String+Header.swift
SwiftCompile normal arm64 /Users/admin/builder/spi-builder-workspace/Sources/Stem/CrossPlatform/Fundamentals/String/String+Map.swift (in target 'Stem' from project 'Stem')
cd /Users/admin/builder/spi-builder-workspace/.swiftpm/xcode
builtin-SwiftPerFileCompile String+Map.swift
SwiftCompile normal arm64 Compiling\ NoticeToken.swift,\ NoticeType.swift,\ STLRUCache.swift,\ UserDefaults.swift,\ STVersion.swift,\ Version+StringLiteralConvertible.swift,\ LocationTransformer.swift,\ StemArrayResultBuilder.swift,\ StemError.swift,\ StemFont.swift,\ StemShell.swift,\ StringMarker.swift,\ StringRender+Marker.swift,\ StringRender.swift,\ Coder.swift /Users/admin/builder/spi-builder-workspace/Sources/Stem/CrossPlatform/Custom/Foundation/Notice/NoticeToken.swift /Users/admin/builder/spi-builder-workspace/Sources/Stem/CrossPlatform/Custom/Foundation/Notice/NoticeType.swift /Users/admin/builder/spi-builder-workspace/Sources/Stem/CrossPlatform/Custom/Foundation/STLRUCache.swift /Users/admin/builder/spi-builder-workspace/Sources/Stem/CrossPlatform/Custom/Foundation/UserDefaults.swift /Users/admin/builder/spi-builder-workspace/Sources/Stem/CrossPlatform/Custom/Foundation/Version/STVersion.swift /Users/admin/builder/spi-builder-workspace/Sources/Stem/CrossPlatform/Custom/Foundation/Version/Version+StringLiteralConvertible.swift /Users/admin/builder/spi-builder-workspace/Sources/Stem/CrossPlatform/Custom/Location/LocationTransformer.swift /Users/admin/builder/spi-builder-workspace/Sources/Stem/CrossPlatform/Custom/StemArrayResultBuilder.swift /Users/admin/builder/spi-builder-workspace/Sources/Stem/CrossPlatform/Custom/StemError.swift /Users/admin/builder/spi-builder-workspace/Sources/Stem/CrossPlatform/Custom/StemFont.swift /Users/admin/builder/spi-builder-workspace/Sources/Stem/CrossPlatform/Custom/StemShell.swift /Users/admin/builder/spi-builder-workspace/Sources/Stem/CrossPlatform/Custom/StringMarker/StringMarker.swift /Users/admin/builder/spi-builder-workspace/Sources/Stem/CrossPlatform/Custom/StringMarker/StringRender+Marker.swift /Users/admin/builder/spi-builder-workspace/Sources/Stem/CrossPlatform/Custom/StringMarker/StringRender.swift /Users/admin/builder/spi-builder-workspace/Sources/Stem/CrossPlatform/Foundation/Coder/Coder.swift (in target 'Stem' from project 'Stem')
SwiftCompile normal arm64 /Users/admin/builder/spi-builder-workspace/Sources/Stem/CrossPlatform/Custom/Foundation/Notice/NoticeToken.swift (in target 'Stem' from project 'Stem')
cd /Users/admin/builder/spi-builder-workspace/.swiftpm/xcode
builtin-SwiftPerFileCompile NoticeToken.swift
SwiftCompile normal arm64 /Users/admin/builder/spi-builder-workspace/Sources/Stem/CrossPlatform/Custom/Foundation/Notice/NoticeType.swift (in target 'Stem' from project 'Stem')
cd /Users/admin/builder/spi-builder-workspace/.swiftpm/xcode
builtin-SwiftPerFileCompile NoticeType.swift
SwiftCompile normal arm64 /Users/admin/builder/spi-builder-workspace/Sources/Stem/CrossPlatform/Custom/Foundation/STLRUCache.swift (in target 'Stem' from project 'Stem')
cd /Users/admin/builder/spi-builder-workspace/.swiftpm/xcode
builtin-SwiftPerFileCompile STLRUCache.swift
SwiftCompile normal arm64 /Users/admin/builder/spi-builder-workspace/Sources/Stem/CrossPlatform/Custom/Foundation/UserDefaults.swift (in target 'Stem' from project 'Stem')
cd /Users/admin/builder/spi-builder-workspace/.swiftpm/xcode
builtin-SwiftPerFileCompile UserDefaults.swift
SwiftCompile normal arm64 /Users/admin/builder/spi-builder-workspace/Sources/Stem/CrossPlatform/Custom/Foundation/Version/STVersion.swift (in target 'Stem' from project 'Stem')
cd /Users/admin/builder/spi-builder-workspace/.swiftpm/xcode
builtin-SwiftPerFileCompile STVersion.swift
SwiftCompile normal arm64 /Users/admin/builder/spi-builder-workspace/Sources/Stem/CrossPlatform/Custom/Foundation/Version/Version+StringLiteralConvertible.swift (in target 'Stem' from project 'Stem')
cd /Users/admin/builder/spi-builder-workspace/.swiftpm/xcode
builtin-SwiftPerFileCompile Version+StringLiteralConvertible.swift
SwiftCompile normal arm64 /Users/admin/builder/spi-builder-workspace/Sources/Stem/CrossPlatform/Custom/Location/LocationTransformer.swift (in target 'Stem' from project 'Stem')
cd /Users/admin/builder/spi-builder-workspace/.swiftpm/xcode
builtin-SwiftPerFileCompile LocationTransformer.swift
SwiftCompile normal arm64 /Users/admin/builder/spi-builder-workspace/Sources/Stem/CrossPlatform/Custom/StemArrayResultBuilder.swift (in target 'Stem' from project 'Stem')
cd /Users/admin/builder/spi-builder-workspace/.swiftpm/xcode
builtin-SwiftPerFileCompile StemArrayResultBuilder.swift
SwiftCompile normal arm64 /Users/admin/builder/spi-builder-workspace/Sources/Stem/CrossPlatform/Custom/StemError.swift (in target 'Stem' from project 'Stem')
cd /Users/admin/builder/spi-builder-workspace/.swiftpm/xcode
builtin-SwiftPerFileCompile StemError.swift
SwiftCompile normal arm64 /Users/admin/builder/spi-builder-workspace/Sources/Stem/CrossPlatform/Custom/StemFont.swift (in target 'Stem' from project 'Stem')
cd /Users/admin/builder/spi-builder-workspace/.swiftpm/xcode
builtin-SwiftPerFileCompile StemFont.swift
SwiftCompile normal arm64 /Users/admin/builder/spi-builder-workspace/Sources/Stem/CrossPlatform/Custom/StemShell.swift (in target 'Stem' from project 'Stem')
cd /Users/admin/builder/spi-builder-workspace/.swiftpm/xcode
builtin-SwiftPerFileCompile StemShell.swift
SwiftCompile normal arm64 /Users/admin/builder/spi-builder-workspace/Sources/Stem/CrossPlatform/Custom/StringMarker/StringMarker.swift (in target 'Stem' from project 'Stem')
cd /Users/admin/builder/spi-builder-workspace/.swiftpm/xcode
builtin-SwiftPerFileCompile StringMarker.swift
SwiftCompile normal arm64 /Users/admin/builder/spi-builder-workspace/Sources/Stem/CrossPlatform/Custom/StringMarker/StringRender+Marker.swift (in target 'Stem' from project 'Stem')
cd /Users/admin/builder/spi-builder-workspace/.swiftpm/xcode
builtin-SwiftPerFileCompile StringRender+Marker.swift
SwiftCompile normal arm64 /Users/admin/builder/spi-builder-workspace/Sources/Stem/CrossPlatform/Custom/StringMarker/StringRender.swift (in target 'Stem' from project 'Stem')
cd /Users/admin/builder/spi-builder-workspace/.swiftpm/xcode
builtin-SwiftPerFileCompile StringRender.swift
SwiftCompile normal arm64 /Users/admin/builder/spi-builder-workspace/Sources/Stem/CrossPlatform/Foundation/Coder/Coder.swift (in target 'Stem' from project 'Stem')
cd /Users/admin/builder/spi-builder-workspace/.swiftpm/xcode
builtin-SwiftPerFileCompile Coder.swift
SwiftCompile normal arm64 Compiling\ Stem.swift,\ AVAsset.swift,\ AudioFileService.swift,\ CoreAudioTypes.swift,\ STAudioPlayer.swift,\ STAudioQueueService.swift,\ STAudioRecorder.swift,\ STAVMetadataObjectKind.swift,\ STMetadataFaceObject.swift,\ STMetadataMachineReadableCodeObject.swift,\ STMetadataObject.swift,\ UIDevice+AVFoundation.swift,\ UIImage+video.swift,\ Color+darkMode.swift,\ STWrapperColor+typealias.swift /Users/admin/builder/spi-builder-workspace/Sources/Stem/Core/Stem.swift /Users/admin/builder/spi-builder-workspace/Sources/Stem/CrossPlatform/AVKit/AVAsset.swift /Users/admin/builder/spi-builder-workspace/Sources/Stem/CrossPlatform/AVKit/AudioFileService.swift /Users/admin/builder/spi-builder-workspace/Sources/Stem/CrossPlatform/AVKit/CoreAudioTypes.swift /Users/admin/builder/spi-builder-workspace/Sources/Stem/CrossPlatform/AVKit/STAudioPlayer.swift /Users/admin/builder/spi-builder-workspace/Sources/Stem/CrossPlatform/AVKit/STAudioQueueService.swift /Users/admin/builder/spi-builder-workspace/Sources/Stem/CrossPlatform/AVKit/STAudioRecorder.swift /Users/admin/builder/spi-builder-workspace/Sources/Stem/CrossPlatform/AVKit/STMetadataObject/STAVMetadataObjectKind.swift /Users/admin/builder/spi-builder-workspace/Sources/Stem/CrossPlatform/AVKit/STMetadataObject/STMetadataFaceObject.swift /Users/admin/builder/spi-builder-workspace/Sources/Stem/CrossPlatform/AVKit/STMetadataObject/STMetadataMachineReadableCodeObject.swift /Users/admin/builder/spi-builder-workspace/Sources/Stem/CrossPlatform/AVKit/STMetadataObject/STMetadataObject.swift /Users/admin/builder/spi-builder-workspace/Sources/Stem/CrossPlatform/AVKit/UIDevice+AVFoundation.swift /Users/admin/builder/spi-builder-workspace/Sources/Stem/CrossPlatform/AVKit/UIImage+video.swift /Users/admin/builder/spi-builder-workspace/Sources/Stem/CrossPlatform/Color/Color+darkMode.swift /Users/admin/builder/spi-builder-workspace/Sources/Stem/CrossPlatform/Color/STWrapperColor+typealias.swift (in target 'Stem' from project 'Stem')
/Users/admin/builder/spi-builder-workspace/Sources/Stem/CrossPlatform/AVKit/STAudioRecorder.swift:26:12: warning: class 'STAudioRecorder' must restate inherited '@unchecked Sendable' conformance
24 | import AVFoundation
25 |
26 | open class STAudioRecorder: AVAudioRecorder {
| `- warning: class 'STAudioRecorder' must restate inherited '@unchecked Sendable' conformance
27 |
28 | public struct Format {
/Users/admin/builder/spi-builder-workspace/Sources/Stem/CrossPlatform/AVKit/AudioFileService.swift:117:67: warning: forming 'UnsafeMutableRawPointer' to a variable of type 'Optional<OutputType>'; this is likely incorrect because 'Optional<OutputType>' may contain an object reference.
115 | var property = property
116 | var (size, _) = try self.propertyInfo(property.id)
117 | let status = AudioFileGetProperty(fd, property.id, &size, &property.value)
| `- warning: forming 'UnsafeMutableRawPointer' to a variable of type 'Optional<OutputType>'; this is likely incorrect because 'Optional<OutputType>' may contain an object reference.
118 | if status != noErr {
119 | throw error(status: status)
/Users/admin/builder/spi-builder-workspace/Sources/Stem/CrossPlatform/AVKit/AudioFileService.swift:127:66: warning: forming 'UnsafeRawPointer' to a variable of type 'Optional<OutputType>'; this is likely incorrect because 'Optional<OutputType>' may contain an object reference.
125 | var property = property
126 | let (size, _) = try self.propertyInfo(property.id)
127 | let status = AudioFileSetProperty(fd, property.id, size, &property.value)
| `- warning: forming 'UnsafeRawPointer' to a variable of type 'Optional<OutputType>'; this is likely incorrect because 'Optional<OutputType>' may contain an object reference.
128 | if status != noErr {
129 | throw error(status: status)
SwiftCompile normal arm64 /Users/admin/builder/spi-builder-workspace/Sources/Stem/Core/Stem.swift (in target 'Stem' from project 'Stem')
cd /Users/admin/builder/spi-builder-workspace/.swiftpm/xcode
builtin-SwiftPerFileCompile Stem.swift
SwiftCompile normal arm64 /Users/admin/builder/spi-builder-workspace/Sources/Stem/CrossPlatform/AVKit/AVAsset.swift (in target 'Stem' from project 'Stem')
cd /Users/admin/builder/spi-builder-workspace/.swiftpm/xcode
builtin-SwiftPerFileCompile AVAsset.swift
SwiftCompile normal arm64 /Users/admin/builder/spi-builder-workspace/Sources/Stem/CrossPlatform/AVKit/AudioFileService.swift (in target 'Stem' from project 'Stem')
cd /Users/admin/builder/spi-builder-workspace/.swiftpm/xcode
builtin-SwiftPerFileCompile AudioFileService.swift
SwiftCompile normal arm64 /Users/admin/builder/spi-builder-workspace/Sources/Stem/CrossPlatform/AVKit/CoreAudioTypes.swift (in target 'Stem' from project 'Stem')
cd /Users/admin/builder/spi-builder-workspace/.swiftpm/xcode
builtin-SwiftPerFileCompile CoreAudioTypes.swift
SwiftCompile normal arm64 /Users/admin/builder/spi-builder-workspace/Sources/Stem/CrossPlatform/AVKit/STAudioPlayer.swift (in target 'Stem' from project 'Stem')
cd /Users/admin/builder/spi-builder-workspace/.swiftpm/xcode
builtin-SwiftPerFileCompile STAudioPlayer.swift
SwiftCompile normal arm64 /Users/admin/builder/spi-builder-workspace/Sources/Stem/CrossPlatform/AVKit/STAudioQueueService.swift (in target 'Stem' from project 'Stem')
cd /Users/admin/builder/spi-builder-workspace/.swiftpm/xcode
builtin-SwiftPerFileCompile STAudioQueueService.swift
SwiftCompile normal arm64 /Users/admin/builder/spi-builder-workspace/Sources/Stem/CrossPlatform/AVKit/STAudioRecorder.swift (in target 'Stem' from project 'Stem')
cd /Users/admin/builder/spi-builder-workspace/.swiftpm/xcode
builtin-SwiftPerFileCompile STAudioRecorder.swift
SwiftCompile normal arm64 /Users/admin/builder/spi-builder-workspace/Sources/Stem/CrossPlatform/AVKit/STMetadataObject/STAVMetadataObjectKind.swift (in target 'Stem' from project 'Stem')
cd /Users/admin/builder/spi-builder-workspace/.swiftpm/xcode
builtin-SwiftPerFileCompile STAVMetadataObjectKind.swift
SwiftCompile normal arm64 /Users/admin/builder/spi-builder-workspace/Sources/Stem/CrossPlatform/AVKit/STMetadataObject/STMetadataFaceObject.swift (in target 'Stem' from project 'Stem')
cd /Users/admin/builder/spi-builder-workspace/.swiftpm/xcode
builtin-SwiftPerFileCompile STMetadataFaceObject.swift
SwiftCompile normal arm64 /Users/admin/builder/spi-builder-workspace/Sources/Stem/CrossPlatform/AVKit/STMetadataObject/STMetadataMachineReadableCodeObject.swift (in target 'Stem' from project 'Stem')
cd /Users/admin/builder/spi-builder-workspace/.swiftpm/xcode
builtin-SwiftPerFileCompile STMetadataMachineReadableCodeObject.swift
SwiftCompile normal arm64 /Users/admin/builder/spi-builder-workspace/Sources/Stem/CrossPlatform/AVKit/STMetadataObject/STMetadataObject.swift (in target 'Stem' from project 'Stem')
cd /Users/admin/builder/spi-builder-workspace/.swiftpm/xcode
builtin-SwiftPerFileCompile STMetadataObject.swift
SwiftCompile normal arm64 /Users/admin/builder/spi-builder-workspace/Sources/Stem/CrossPlatform/AVKit/UIDevice+AVFoundation.swift (in target 'Stem' from project 'Stem')
cd /Users/admin/builder/spi-builder-workspace/.swiftpm/xcode
builtin-SwiftPerFileCompile UIDevice+AVFoundation.swift
SwiftCompile normal arm64 /Users/admin/builder/spi-builder-workspace/Sources/Stem/CrossPlatform/AVKit/UIImage+video.swift (in target 'Stem' from project 'Stem')
cd /Users/admin/builder/spi-builder-workspace/.swiftpm/xcode
builtin-SwiftPerFileCompile UIImage+video.swift
SwiftCompile normal arm64 /Users/admin/builder/spi-builder-workspace/Sources/Stem/CrossPlatform/Color/Color+darkMode.swift (in target 'Stem' from project 'Stem')
cd /Users/admin/builder/spi-builder-workspace/.swiftpm/xcode
builtin-SwiftPerFileCompile Color+darkMode.swift
SwiftCompile normal arm64 /Users/admin/builder/spi-builder-workspace/Sources/Stem/CrossPlatform/Color/STWrapperColor+typealias.swift (in target 'Stem' from project 'Stem')
cd /Users/admin/builder/spi-builder-workspace/.swiftpm/xcode
builtin-SwiftPerFileCompile STWrapperColor+typealias.swift
SwiftCompile normal arm64 Compiling\ Date.swift,\ Timer.swift,\ DispatchQueue.swift,\ ByteCountFormatter.swift,\ NumberFormatter.swift,\ NSItemProvider.swift,\ CharacterSet.swift,\ StringProtocol.swift,\ Then.swift,\ Array.swift,\ CollectionConcurrencyKit.swift,\ Dictionary.swift,\ IndexPath.swift,\ STCountedSet.swift,\ Sequence.swift /Users/admin/builder/spi-builder-workspace/Sources/Stem/CrossPlatform/Foundation/Date/Date.swift /Users/admin/builder/spi-builder-workspace/Sources/Stem/CrossPlatform/Foundation/Date/Timer.swift /Users/admin/builder/spi-builder-workspace/Sources/Stem/CrossPlatform/Foundation/Dispatch/DispatchQueue.swift /Users/admin/builder/spi-builder-workspace/Sources/Stem/CrossPlatform/Foundation/Fundamentals/Formatter/ByteCountFormatter.swift /Users/admin/builder/spi-builder-workspace/Sources/Stem/CrossPlatform/Foundation/Fundamentals/Formatter/NumberFormatter.swift /Users/admin/builder/spi-builder-workspace/Sources/Stem/CrossPlatform/Foundation/NSItemProvider/NSItemProvider.swift /Users/admin/builder/spi-builder-workspace/Sources/Stem/CrossPlatform/Foundation/StringProtocol/CharacterSet.swift /Users/admin/builder/spi-builder-workspace/Sources/Stem/CrossPlatform/Foundation/StringProtocol/StringProtocol.swift /Users/admin/builder/spi-builder-workspace/Sources/Stem/CrossPlatform/Foundation/Then.swift /Users/admin/builder/spi-builder-workspace/Sources/Stem/CrossPlatform/Fundamentals/Collections/Array.swift /Users/admin/builder/spi-builder-workspace/Sources/Stem/CrossPlatform/Fundamentals/Collections/CollectionConcurrencyKit.swift /Users/admin/builder/spi-builder-workspace/Sources/Stem/CrossPlatform/Fundamentals/Collections/Dictionary.swift /Users/admin/builder/spi-builder-workspace/Sources/Stem/CrossPlatform/Fundamentals/Collections/IndexPath.swift /Users/admin/builder/spi-builder-workspace/Sources/Stem/CrossPlatform/Fundamentals/Collections/STCountedSet.swift /Users/admin/builder/spi-builder-workspace/Sources/Stem/CrossPlatform/Fundamentals/Collections/Sequence.swift (in target 'Stem' from project 'Stem')
SwiftCompile normal arm64 /Users/admin/builder/spi-builder-workspace/Sources/Stem/CrossPlatform/Foundation/Date/Date.swift (in target 'Stem' from project 'Stem')
cd /Users/admin/builder/spi-builder-workspace/.swiftpm/xcode
builtin-SwiftPerFileCompile Date.swift
SwiftCompile normal arm64 /Users/admin/builder/spi-builder-workspace/Sources/Stem/CrossPlatform/Foundation/Date/Timer.swift (in target 'Stem' from project 'Stem')
cd /Users/admin/builder/spi-builder-workspace/.swiftpm/xcode
builtin-SwiftPerFileCompile Timer.swift
SwiftCompile normal arm64 /Users/admin/builder/spi-builder-workspace/Sources/Stem/CrossPlatform/Foundation/Dispatch/DispatchQueue.swift (in target 'Stem' from project 'Stem')
cd /Users/admin/builder/spi-builder-workspace/.swiftpm/xcode
builtin-SwiftPerFileCompile DispatchQueue.swift
SwiftCompile normal arm64 /Users/admin/builder/spi-builder-workspace/Sources/Stem/CrossPlatform/Foundation/Fundamentals/Formatter/ByteCountFormatter.swift (in target 'Stem' from project 'Stem')
cd /Users/admin/builder/spi-builder-workspace/.swiftpm/xcode
builtin-SwiftPerFileCompile ByteCountFormatter.swift
SwiftCompile normal arm64 /Users/admin/builder/spi-builder-workspace/Sources/Stem/CrossPlatform/Foundation/Fundamentals/Formatter/NumberFormatter.swift (in target 'Stem' from project 'Stem')
cd /Users/admin/builder/spi-builder-workspace/.swiftpm/xcode
builtin-SwiftPerFileCompile NumberFormatter.swift
SwiftCompile normal arm64 /Users/admin/builder/spi-builder-workspace/Sources/Stem/CrossPlatform/Foundation/NSItemProvider/NSItemProvider.swift (in target 'Stem' from project 'Stem')
cd /Users/admin/builder/spi-builder-workspace/.swiftpm/xcode
builtin-SwiftPerFileCompile NSItemProvider.swift
SwiftCompile normal arm64 /Users/admin/builder/spi-builder-workspace/Sources/Stem/CrossPlatform/Foundation/StringProtocol/CharacterSet.swift (in target 'Stem' from project 'Stem')
cd /Users/admin/builder/spi-builder-workspace/.swiftpm/xcode
builtin-SwiftPerFileCompile CharacterSet.swift
SwiftCompile normal arm64 /Users/admin/builder/spi-builder-workspace/Sources/Stem/CrossPlatform/Foundation/StringProtocol/StringProtocol.swift (in target 'Stem' from project 'Stem')
cd /Users/admin/builder/spi-builder-workspace/.swiftpm/xcode
builtin-SwiftPerFileCompile StringProtocol.swift
SwiftCompile normal arm64 /Users/admin/builder/spi-builder-workspace/Sources/Stem/CrossPlatform/Foundation/Then.swift (in target 'Stem' from project 'Stem')
cd /Users/admin/builder/spi-builder-workspace/.swiftpm/xcode
builtin-SwiftPerFileCompile Then.swift
SwiftCompile normal arm64 /Users/admin/builder/spi-builder-workspace/Sources/Stem/CrossPlatform/Fundamentals/Collections/Array.swift (in target 'Stem' from project 'Stem')
cd /Users/admin/builder/spi-builder-workspace/.swiftpm/xcode
builtin-SwiftPerFileCompile Array.swift
SwiftCompile normal arm64 /Users/admin/builder/spi-builder-workspace/Sources/Stem/CrossPlatform/Fundamentals/Collections/CollectionConcurrencyKit.swift (in target 'Stem' from project 'Stem')
cd /Users/admin/builder/spi-builder-workspace/.swiftpm/xcode
builtin-SwiftPerFileCompile CollectionConcurrencyKit.swift
SwiftCompile normal arm64 /Users/admin/builder/spi-builder-workspace/Sources/Stem/CrossPlatform/Fundamentals/Collections/Dictionary.swift (in target 'Stem' from project 'Stem')
cd /Users/admin/builder/spi-builder-workspace/.swiftpm/xcode
builtin-SwiftPerFileCompile Dictionary.swift
SwiftCompile normal arm64 /Users/admin/builder/spi-builder-workspace/Sources/Stem/CrossPlatform/Fundamentals/Collections/IndexPath.swift (in target 'Stem' from project 'Stem')
cd /Users/admin/builder/spi-builder-workspace/.swiftpm/xcode
builtin-SwiftPerFileCompile IndexPath.swift
SwiftCompile normal arm64 /Users/admin/builder/spi-builder-workspace/Sources/Stem/CrossPlatform/Fundamentals/Collections/STCountedSet.swift (in target 'Stem' from project 'Stem')
cd /Users/admin/builder/spi-builder-workspace/.swiftpm/xcode
builtin-SwiftPerFileCompile STCountedSet.swift
SwiftCompile normal arm64 /Users/admin/builder/spi-builder-workspace/Sources/Stem/CrossPlatform/Fundamentals/Collections/Sequence.swift (in target 'Stem' from project 'Stem')
cd /Users/admin/builder/spi-builder-workspace/.swiftpm/xcode
builtin-SwiftPerFileCompile Sequence.swift
SwiftCompile normal arm64 Compiling\ String+random.swift,\ String+substring.swift,\ String+tokenize.swift,\ URL.swift,\ ISO_3166-1_alpha-2.swift,\ CLGeocoder.swift,\ NSObject.swift,\ NSObjectObserver.swift,\ STWeak.swift,\ NetworkMonitor.swift,\ StemXML.swift,\ Invocation.swift,\ RunTime+Exchange.swift,\ RunTime+ObjectType.swift,\ RunTime+Print.swift /Users/admin/builder/spi-builder-workspace/Sources/Stem/CrossPlatform/Fundamentals/String/String+random.swift /Users/admin/builder/spi-builder-workspace/Sources/Stem/CrossPlatform/Fundamentals/String/String+substring.swift /Users/admin/builder/spi-builder-workspace/Sources/Stem/CrossPlatform/Fundamentals/String/String+tokenize.swift /Users/admin/builder/spi-builder-workspace/Sources/Stem/CrossPlatform/Fundamentals/URL/URL.swift /Users/admin/builder/spi-builder-workspace/Sources/Stem/CrossPlatform/ISO/ISO_3166-1_alpha-2.swift /Users/admin/builder/spi-builder-workspace/Sources/Stem/CrossPlatform/MapKit/CLGeocoder.swift /Users/admin/builder/spi-builder-workspace/Sources/Stem/CrossPlatform/NSObject/NSObject.swift /Users/admin/builder/spi-builder-workspace/Sources/Stem/CrossPlatform/NSObject/NSObjectObserver.swift /Users/admin/builder/spi-builder-workspace/Sources/Stem/CrossPlatform/NSObject/STWeak.swift /Users/admin/builder/spi-builder-workspace/Sources/Stem/CrossPlatform/Network/NetworkMonitor.swift /Users/admin/builder/spi-builder-workspace/Sources/Stem/CrossPlatform/Parser/JSON/StemXML.swift /Users/admin/builder/spi-builder-workspace/Sources/Stem/CrossPlatform/Runtime/Invocation.swift /Users/admin/builder/spi-builder-workspace/Sources/Stem/CrossPlatform/Runtime/RunTime+Exchange.swift /Users/admin/builder/spi-builder-workspace/Sources/Stem/CrossPlatform/Runtime/RunTime+ObjectType.swift /Users/admin/builder/spi-builder-workspace/Sources/Stem/CrossPlatform/Runtime/RunTime+Print.swift (in target 'Stem' from project 'Stem')
/Users/admin/builder/spi-builder-workspace/Sources/Stem/CrossPlatform/Fundamentals/URL/URL.swift:48:1: warning: extension declares a conformance of imported type 'URL' to imported protocols 'ExpressibleByStringLiteral', 'ExpressibleByExtendedGraphemeClusterLiteral', 'ExpressibleByUnicodeScalarLiteral'; this will not behave correctly if the owners of 'Foundation' introduce this conformance in the future
46 |
47 | // MARK: - ExpressibleByStringLiteral
48 | extension URL: ExpressibleByStringLiteral {
| |- warning: extension declares a conformance of imported type 'URL' to imported protocols 'ExpressibleByStringLiteral', 'ExpressibleByExtendedGraphemeClusterLiteral', 'ExpressibleByUnicodeScalarLiteral'; this will not behave correctly if the owners of 'Foundation' introduce this conformance in the future
| `- note: add '@retroactive' to silence this warning
49 |
50 | public init(stringLiteral value: String) {
SwiftCompile normal arm64 /Users/admin/builder/spi-builder-workspace/Sources/Stem/CrossPlatform/Fundamentals/String/String+random.swift (in target 'Stem' from project 'Stem')
cd /Users/admin/builder/spi-builder-workspace/.swiftpm/xcode
builtin-SwiftPerFileCompile String+random.swift
SwiftCompile normal arm64 /Users/admin/builder/spi-builder-workspace/Sources/Stem/CrossPlatform/Fundamentals/String/String+substring.swift (in target 'Stem' from project 'Stem')
cd /Users/admin/builder/spi-builder-workspace/.swiftpm/xcode
builtin-SwiftPerFileCompile String+substring.swift
SwiftCompile normal arm64 /Users/admin/builder/spi-builder-workspace/Sources/Stem/CrossPlatform/Fundamentals/String/String+tokenize.swift (in target 'Stem' from project 'Stem')
cd /Users/admin/builder/spi-builder-workspace/.swiftpm/xcode
builtin-SwiftPerFileCompile String+tokenize.swift
SwiftCompile normal arm64 /Users/admin/builder/spi-builder-workspace/Sources/Stem/CrossPlatform/Fundamentals/URL/URL.swift (in target 'Stem' from project 'Stem')
cd /Users/admin/builder/spi-builder-workspace/.swiftpm/xcode
builtin-SwiftPerFileCompile URL.swift
SwiftCompile normal arm64 /Users/admin/builder/spi-builder-workspace/Sources/Stem/CrossPlatform/ISO/ISO_3166-1_alpha-2.swift (in target 'Stem' from project 'Stem')
cd /Users/admin/builder/spi-builder-workspace/.swiftpm/xcode
builtin-SwiftPerFileCompile ISO_3166-1_alpha-2.swift
SwiftCompile normal arm64 /Users/admin/builder/spi-builder-workspace/Sources/Stem/CrossPlatform/MapKit/CLGeocoder.swift (in target 'Stem' from project 'Stem')
cd /Users/admin/builder/spi-builder-workspace/.swiftpm/xcode
builtin-SwiftPerFileCompile CLGeocoder.swift
SwiftCompile normal arm64 /Users/admin/builder/spi-builder-workspace/Sources/Stem/CrossPlatform/NSObject/NSObject.swift (in target 'Stem' from project 'Stem')
cd /Users/admin/builder/spi-builder-workspace/.swiftpm/xcode
builtin-SwiftPerFileCompile NSObject.swift
SwiftCompile normal arm64 /Users/admin/builder/spi-builder-workspace/Sources/Stem/CrossPlatform/NSObject/NSObjectObserver.swift (in target 'Stem' from project 'Stem')
cd /Users/admin/builder/spi-builder-workspace/.swiftpm/xcode
builtin-SwiftPerFileCompile NSObjectObserver.swift
SwiftCompile normal arm64 /Users/admin/builder/spi-builder-workspace/Sources/Stem/CrossPlatform/NSObject/STWeak.swift (in target 'Stem' from project 'Stem')
cd /Users/admin/builder/spi-builder-workspace/.swiftpm/xcode
builtin-SwiftPerFileCompile STWeak.swift
SwiftCompile normal arm64 /Users/admin/builder/spi-builder-workspace/Sources/Stem/CrossPlatform/Network/NetworkMonitor.swift (in target 'Stem' from project 'Stem')
cd /Users/admin/builder/spi-builder-workspace/.swiftpm/xcode
builtin-SwiftPerFileCompile NetworkMonitor.swift
SwiftCompile normal arm64 /Users/admin/builder/spi-builder-workspace/Sources/Stem/CrossPlatform/Parser/JSON/StemXML.swift (in target 'Stem' from project 'Stem')
cd /Users/admin/builder/spi-builder-workspace/.swiftpm/xcode
builtin-SwiftPerFileCompile StemXML.swift
SwiftCompile normal arm64 /Users/admin/builder/spi-builder-workspace/Sources/Stem/CrossPlatform/Runtime/Invocation.swift (in target 'Stem' from project 'Stem')
cd /Users/admin/builder/spi-builder-workspace/.swiftpm/xcode
builtin-SwiftPerFileCompile Invocation.swift
SwiftCompile normal arm64 /Users/admin/builder/spi-builder-workspace/Sources/Stem/CrossPlatform/Runtime/RunTime+Exchange.swift (in target 'Stem' from project 'Stem')
cd /Users/admin/builder/spi-builder-workspace/.swiftpm/xcode
builtin-SwiftPerFileCompile RunTime+Exchange.swift
SwiftCompile normal arm64 /Users/admin/builder/spi-builder-workspace/Sources/Stem/CrossPlatform/Runtime/RunTime+ObjectType.swift (in target 'Stem' from project 'Stem')
cd /Users/admin/builder/spi-builder-workspace/.swiftpm/xcode
builtin-SwiftPerFileCompile RunTime+ObjectType.swift
SwiftCompile normal arm64 /Users/admin/builder/spi-builder-workspace/Sources/Stem/CrossPlatform/Runtime/RunTime+Print.swift (in target 'Stem' from project 'Stem')
cd /Users/admin/builder/spi-builder-workspace/.swiftpm/xcode
builtin-SwiftPerFileCompile RunTime+Print.swift
SwiftCompile normal arm64 Compiling\ STWrapperColor.swift,\ Bundle.swift,\ Combine+Async.swift,\ Combine+NSObject.swift,\ Combine+Publisher.swift,\ Device+cpu.swift,\ Device+information.swift,\ Device+network.swift,\ Device+other.swift,\ Device+space.swift,\ Device.swift,\ Delegate.swift,\ Gcd.swift,\ Notice.swift,\ NoticeParsable.swift /Users/admin/builder/spi-builder-workspace/Sources/Stem/CrossPlatform/Color/STWrapperColor.swift /Users/admin/builder/spi-builder-workspace/Sources/Stem/CrossPlatform/Custom/Bundle/Bundle.swift /Users/admin/builder/spi-builder-workspace/Sources/Stem/CrossPlatform/Custom/Combine/Combine+Async.swift /Users/admin/builder/spi-builder-workspace/Sources/Stem/CrossPlatform/Custom/Combine/Combine+NSObject.swift /Users/admin/builder/spi-builder-workspace/Sources/Stem/CrossPlatform/Custom/Combine/Combine+Publisher.swift /Users/admin/builder/spi-builder-workspace/Sources/Stem/CrossPlatform/Custom/Device/Device+cpu.swift /Users/admin/builder/spi-builder-workspace/Sources/Stem/CrossPlatform/Custom/Device/Device+information.swift /Users/admin/builder/spi-builder-workspace/Sources/Stem/CrossPlatform/Custom/Device/Device+network.swift /Users/admin/builder/spi-builder-workspace/Sources/Stem/CrossPlatform/Custom/Device/Device+other.swift /Users/admin/builder/spi-builder-workspace/Sources/Stem/CrossPlatform/Custom/Device/Device+space.swift /Users/admin/builder/spi-builder-workspace/Sources/Stem/CrossPlatform/Custom/Device/Device.swift /Users/admin/builder/spi-builder-workspace/Sources/Stem/CrossPlatform/Custom/Foundation/Delegate.swift /Users/admin/builder/spi-builder-workspace/Sources/Stem/CrossPlatform/Custom/Foundation/Gcd.swift /Users/admin/builder/spi-builder-workspace/Sources/Stem/CrossPlatform/Custom/Foundation/Notice/Notice.swift /Users/admin/builder/spi-builder-workspace/Sources/Stem/CrossPlatform/Custom/Foundation/Notice/NoticeParsable.swift (in target 'Stem' from project 'Stem')
SwiftCompile normal arm64 /Users/admin/builder/spi-builder-workspace/Sources/Stem/CrossPlatform/Color/STWrapperColor.swift (in target 'Stem' from project 'Stem')
cd /Users/admin/builder/spi-builder-workspace/.swiftpm/xcode
builtin-SwiftPerFileCompile STWrapperColor.swift
SwiftCompile normal arm64 /Users/admin/builder/spi-builder-workspace/Sources/Stem/CrossPlatform/Custom/Bundle/Bundle.swift (in target 'Stem' from project 'Stem')
cd /Users/admin/builder/spi-builder-workspace/.swiftpm/xcode
builtin-SwiftPerFileCompile Bundle.swift
SwiftCompile normal arm64 /Users/admin/builder/spi-builder-workspace/Sources/Stem/CrossPlatform/Custom/Combine/Combine+Async.swift (in target 'Stem' from project 'Stem')
cd /Users/admin/builder/spi-builder-workspace/.swiftpm/xcode
builtin-SwiftPerFileCompile Combine+Async.swift
SwiftCompile normal arm64 /Users/admin/builder/spi-builder-workspace/Sources/Stem/CrossPlatform/Custom/Combine/Combine+NSObject.swift (in target 'Stem' from project 'Stem')
cd /Users/admin/builder/spi-builder-workspace/.swiftpm/xcode
builtin-SwiftPerFileCompile Combine+NSObject.swift
SwiftCompile normal arm64 /Users/admin/builder/spi-builder-workspace/Sources/Stem/CrossPlatform/Custom/Combine/Combine+Publisher.swift (in target 'Stem' from project 'Stem')
cd /Users/admin/builder/spi-builder-workspace/.swiftpm/xcode
builtin-SwiftPerFileCompile Combine+Publisher.swift
SwiftCompile normal arm64 /Users/admin/builder/spi-builder-workspace/Sources/Stem/CrossPlatform/Custom/Device/Device+cpu.swift (in target 'Stem' from project 'Stem')
cd /Users/admin/builder/spi-builder-workspace/.swiftpm/xcode
builtin-SwiftPerFileCompile Device+cpu.swift
SwiftCompile normal arm64 /Users/admin/builder/spi-builder-workspace/Sources/Stem/CrossPlatform/Custom/Device/Device+information.swift (in target 'Stem' from project 'Stem')
cd /Users/admin/builder/spi-builder-workspace/.swiftpm/xcode
builtin-SwiftPerFileCompile Device+information.swift
SwiftCompile normal arm64 /Users/admin/builder/spi-builder-workspace/Sources/Stem/CrossPlatform/Custom/Device/Device+network.swift (in target 'Stem' from project 'Stem')
cd /Users/admin/builder/spi-builder-workspace/.swiftpm/xcode
builtin-SwiftPerFileCompile Device+network.swift
SwiftCompile normal arm64 /Users/admin/builder/spi-builder-workspace/Sources/Stem/CrossPlatform/Custom/Device/Device+other.swift (in target 'Stem' from project 'Stem')
cd /Users/admin/builder/spi-builder-workspace/.swiftpm/xcode
builtin-SwiftPerFileCompile Device+other.swift
SwiftCompile normal arm64 /Users/admin/builder/spi-builder-workspace/Sources/Stem/CrossPlatform/Custom/Device/Device+space.swift (in target 'Stem' from project 'Stem')
cd /Users/admin/builder/spi-builder-workspace/.swiftpm/xcode
builtin-SwiftPerFileCompile Device+space.swift
SwiftCompile normal arm64 /Users/admin/builder/spi-builder-workspace/Sources/Stem/CrossPlatform/Custom/Device/Device.swift (in target 'Stem' from project 'Stem')
cd /Users/admin/builder/spi-builder-workspace/.swiftpm/xcode
builtin-SwiftPerFileCompile Device.swift
SwiftCompile normal arm64 /Users/admin/builder/spi-builder-workspace/Sources/Stem/CrossPlatform/Custom/Foundation/Delegate.swift (in target 'Stem' from project 'Stem')
cd /Users/admin/builder/spi-builder-workspace/.swiftpm/xcode
builtin-SwiftPerFileCompile Delegate.swift
SwiftCompile normal arm64 /Users/admin/builder/spi-builder-workspace/Sources/Stem/CrossPlatform/Custom/Foundation/Gcd.swift (in target 'Stem' from project 'Stem')
cd /Users/admin/builder/spi-builder-workspace/.swiftpm/xcode
builtin-SwiftPerFileCompile Gcd.swift
SwiftCompile normal arm64 /Users/admin/builder/spi-builder-workspace/Sources/Stem/CrossPlatform/Custom/Foundation/Notice/Notice.swift (in target 'Stem' from project 'Stem')
cd /Users/admin/builder/spi-builder-workspace/.swiftpm/xcode
builtin-SwiftPerFileCompile Notice.swift
SwiftCompile normal arm64 /Users/admin/builder/spi-builder-workspace/Sources/Stem/CrossPlatform/Custom/Foundation/Notice/NoticeParsable.swift (in target 'Stem' from project 'Stem')
cd /Users/admin/builder/spi-builder-workspace/.swiftpm/xcode
builtin-SwiftPerFileCompile NoticeParsable.swift
SwiftCompile normal arm64 Compiling\ RunTime.swift,\ SFSymbol+Image.swift,\ SFSymbol+NSImage.swift,\ SFSymbol+UIImage.swift,\ SFSymbol.swift,\ STImage.swift,\ STLyric.swift,\ STLazyView.swift,\ UNUserNotificationCenter.swift,\ HybridCookieStorage.swift,\ WebKit+WKWebView.swift,\ RecoverNavigationProtocol.swift,\ UIApplication.swift,\ UIWindow.swift,\ AttributedString+Attribute.swift /Users/admin/builder/spi-builder-workspace/Sources/Stem/CrossPlatform/Runtime/RunTime.swift /Users/admin/builder/spi-builder-workspace/Sources/Stem/CrossPlatform/SFSymbol/SFSymbol+Image.swift /Users/admin/builder/spi-builder-workspace/Sources/Stem/CrossPlatform/SFSymbol/SFSymbol+NSImage.swift /Users/admin/builder/spi-builder-workspace/Sources/Stem/CrossPlatform/SFSymbol/SFSymbol+UIImage.swift /Users/admin/builder/spi-builder-workspace/Sources/Stem/CrossPlatform/SFSymbol/SFSymbol.swift /Users/admin/builder/spi-builder-workspace/Sources/Stem/CrossPlatform/STImage.swift /Users/admin/builder/spi-builder-workspace/Sources/Stem/CrossPlatform/STLyric.swift /Users/admin/builder/spi-builder-workspace/Sources/Stem/CrossPlatform/SwiftUI/STLazyView.swift /Users/admin/builder/spi-builder-workspace/Sources/Stem/CrossPlatform/UserNotifications/UNUserNotificationCenter.swift /Users/admin/builder/spi-builder-workspace/Sources/Stem/CrossPlatform/WebKit/HybridCookieStorage.swift /Users/admin/builder/spi-builder-workspace/Sources/Stem/CrossPlatform/WebKit/WebKit+WKWebView.swift /Users/admin/builder/spi-builder-workspace/Sources/Stem/STUIKit/RecoverNavigationProtocol/RecoverNavigationProtocol.swift /Users/admin/builder/spi-builder-workspace/Sources/Stem/UIKit/Application/UIApplication.swift /Users/admin/builder/spi-builder-workspace/Sources/Stem/UIKit/Application/UIWindow.swift /Users/admin/builder/spi-builder-workspace/Sources/Stem/UIKit/AttributedString/AttributedString+Attribute.swift (in target 'Stem' from project 'Stem')
SwiftCompile normal arm64 /Users/admin/builder/spi-builder-workspace/Sources/Stem/CrossPlatform/Runtime/RunTime.swift (in target 'Stem' from project 'Stem')
cd /Users/admin/builder/spi-builder-workspace/.swiftpm/xcode
builtin-SwiftPerFileCompile RunTime.swift
SwiftCompile normal arm64 /Users/admin/builder/spi-builder-workspace/Sources/Stem/CrossPlatform/SFSymbol/SFSymbol+Image.swift (in target 'Stem' from project 'Stem')
cd /Users/admin/builder/spi-builder-workspace/.swiftpm/xcode
builtin-SwiftPerFileCompile SFSymbol+Image.swift
SwiftCompile normal arm64 /Users/admin/builder/spi-builder-workspace/Sources/Stem/CrossPlatform/SFSymbol/SFSymbol+NSImage.swift (in target 'Stem' from project 'Stem')
cd /Users/admin/builder/spi-builder-workspace/.swiftpm/xcode
builtin-SwiftPerFileCompile SFSymbol+NSImage.swift
SwiftCompile normal arm64 /Users/admin/builder/spi-builder-workspace/Sources/Stem/CrossPlatform/SFSymbol/SFSymbol+UIImage.swift (in target 'Stem' from project 'Stem')
cd /Users/admin/builder/spi-builder-workspace/.swiftpm/xcode
builtin-SwiftPerFileCompile SFSymbol+UIImage.swift
SwiftCompile normal arm64 /Users/admin/builder/spi-builder-workspace/Sources/Stem/CrossPlatform/SFSymbol/SFSymbol.swift (in target 'Stem' from project 'Stem')
cd /Users/admin/builder/spi-builder-workspace/.swiftpm/xcode
builtin-SwiftPerFileCompile SFSymbol.swift
SwiftCompile normal arm64 /Users/admin/builder/spi-builder-workspace/Sources/Stem/CrossPlatform/STImage.swift (in target 'Stem' from project 'Stem')
cd /Users/admin/builder/spi-builder-workspace/.swiftpm/xcode
builtin-SwiftPerFileCompile STImage.swift
SwiftCompile normal arm64 /Users/admin/builder/spi-builder-workspace/Sources/Stem/CrossPlatform/STLyric.swift (in target 'Stem' from project 'Stem')
cd /Users/admin/builder/spi-builder-workspace/.swiftpm/xcode
builtin-SwiftPerFileCompile STLyric.swift
SwiftCompile normal arm64 /Users/admin/builder/spi-builder-workspace/Sources/Stem/CrossPlatform/SwiftUI/STLazyView.swift (in target 'Stem' from project 'Stem')
cd /Users/admin/builder/spi-builder-workspace/.swiftpm/xcode
builtin-SwiftPerFileCompile STLazyView.swift
SwiftCompile normal arm64 /Users/admin/builder/spi-builder-workspace/Sources/Stem/CrossPlatform/UserNotifications/UNUserNotificationCenter.swift (in target 'Stem' from project 'Stem')
cd /Users/admin/builder/spi-builder-workspace/.swiftpm/xcode
builtin-SwiftPerFileCompile UNUserNotificationCenter.swift
SwiftCompile normal arm64 /Users/admin/builder/spi-builder-workspace/Sources/Stem/CrossPlatform/WebKit/HybridCookieStorage.swift (in target 'Stem' from project 'Stem')
cd /Users/admin/builder/spi-builder-workspace/.swiftpm/xcode
builtin-SwiftPerFileCompile HybridCookieStorage.swift
SwiftCompile normal arm64 /Users/admin/builder/spi-builder-workspace/Sources/Stem/CrossPlatform/WebKit/WebKit+WKWebView.swift (in target 'Stem' from project 'Stem')
cd /Users/admin/builder/spi-builder-workspace/.swiftpm/xcode
builtin-SwiftPerFileCompile WebKit+WKWebView.swift
SwiftCompile normal arm64 /Users/admin/builder/spi-builder-workspace/Sources/Stem/STUIKit/RecoverNavigationProtocol/RecoverNavigationProtocol.swift (in target 'Stem' from project 'Stem')
cd /Users/admin/builder/spi-builder-workspace/.swiftpm/xcode
builtin-SwiftPerFileCompile RecoverNavigationProtocol.swift
SwiftCompile normal arm64 /Users/admin/builder/spi-builder-workspace/Sources/Stem/UIKit/Application/UIApplication.swift (in target 'Stem' from project 'Stem')
cd /Users/admin/builder/spi-builder-workspace/.swiftpm/xcode
builtin-SwiftPerFileCompile UIApplication.swift
SwiftCompile normal arm64 /Users/admin/builder/spi-builder-workspace/Sources/Stem/UIKit/Application/UIWindow.swift (in target 'Stem' from project 'Stem')
cd /Users/admin/builder/spi-builder-workspace/.swiftpm/xcode
builtin-SwiftPerFileCompile UIWindow.swift
SwiftCompile normal arm64 /Users/admin/builder/spi-builder-workspace/Sources/Stem/UIKit/AttributedString/AttributedString+Attribute.swift (in target 'Stem' from project 'Stem')
cd /Users/admin/builder/spi-builder-workspace/.swiftpm/xcode
builtin-SwiftPerFileCompile AttributedString+Attribute.swift
SwiftDriverJobDiscovery normal arm64 Compiling KeyboardStateManager.swift, UIKeyCommand.swift, UILabel.swift, UIScrollView.swift, NSLayoutConstraint.swift, CALayer+Stem.swift, STLayerView.swift, STSwitch.swift, UIResponder.swift, UIStackView.swift, UIView.swift, STControllerPreview.swift, UINavigationController.swift, UIViewController.swift (in target 'Stem' from project 'Stem')
SwiftDriverJobDiscovery normal arm64 Compiling Data+MimeType.swift, Data+crypto.swift, Data.swift, CGFloat.swift, CGPoint.swift, CGRect.swift, CGSize.swift, CGVector.swift, Bool.swift, Decimal.swift, Double.swift, Character.swift, String+Emoji.swift, String+Header.swift, String+Map.swift (in target 'Stem' from project 'Stem')
SwiftDriverJobDiscovery normal arm64 Compiling Date.swift, Timer.swift, DispatchQueue.swift, ByteCountFormatter.swift, NumberFormatter.swift, NSItemProvider.swift, CharacterSet.swift, StringProtocol.swift, Then.swift, Array.swift, CollectionConcurrencyKit.swift, Dictionary.swift, IndexPath.swift, STCountedSet.swift, Sequence.swift (in target 'Stem' from project 'Stem')
SwiftDriverJobDiscovery normal arm64 Compiling String+random.swift, String+substring.swift, String+tokenize.swift, URL.swift, ISO_3166-1_alpha-2.swift, CLGeocoder.swift, NSObject.swift, NSObjectObserver.swift, STWeak.swift, NetworkMonitor.swift, StemXML.swift, Invocation.swift, RunTime+Exchange.swift, RunTime+ObjectType.swift, RunTime+Print.swift (in target 'Stem' from project 'Stem')
SwiftDriverJobDiscovery normal arm64 Emitting module for Stem (in target 'Stem' from project 'Stem')
SwiftDriver\ Compilation\ Requirements Stem normal arm64 com.apple.xcode.tools.swift.compiler (in target 'Stem' from project 'Stem')
cd /Users/admin/builder/spi-builder-workspace/.swiftpm/xcode
builtin-Swift-Compilation-Requirements -- /Applications/Xcode-27.0.0-Release.Candidate.app/Contents/Developer/Toolchains/XcodeDefault.xctoolchain/usr/bin/swiftc -parse-as-library -module-name Stem -Onone @/Users/admin/builder/spi-builder-workspace/.derivedData/Build/Intermediates.noindex/Stem.build/Debug/Stem-t.build/Objects-normal/arm64/Stem.SwiftFileList -DSWIFT_PACKAGE -DDEBUG -DSWIFT_MODULE_RESOURCE_BUNDLE_UNAVAILABLE -DXcode -plugin-path /Applications/Xcode-27.0.0-Release.Candidate.app/Contents/Developer/Toolchains/XcodeDefault.xctoolchain/usr/lib/swift/host/plugins/testing -enable-experimental-feature DebugDescriptionMacro -sdk /Applications/Xcode-27.0.0-Release.Candidate.app/Contents/Developer/Platforms/MacOSX.platform/Developer/SDKs/MacOSX27.0.sdk -target arm64-apple-macos12.0 -g -module-cache-path /Users/admin/builder/spi-builder-workspace/.derivedData/ModuleCache.noindex -Xfrontend -serialize-debugging-options -profile-coverage-mapping -profile-generate -enable-testing -index-store-path /Users/admin/builder/spi-builder-workspace/.derivedData/Index.noindex/DataStore -Xcc -D_LIBCPP_HARDENING_MODE\=_LIBCPP_HARDENING_MODE_DEBUG -swift-version 5 -I /Users/admin/builder/spi-builder-workspace/.derivedData/Build/Products/Debug -Isystem /Applications/Xcode-27.0.0-Release.Candidate.app/Contents/Developer/Platforms/MacOSX.platform/Developer/usr/lib -F /Users/admin/builder/spi-builder-workspace/.derivedData/Build/Products/Debug -F /Applications/Xcode-27.0.0-Release.Candidate.app/Contents/Developer/Platforms/MacOSX.platform/Developer/Library/Frameworks -c -j10 -enable-batch-mode -incremental -Xcc -ivfsstatcache -Xcc /Users/admin/builder/spi-builder-workspace/.derivedData/SDKStatCaches.noindex/macosx27.0-26A425-e829b21a6f8c9b70876ba0858053c0446a22442a12e9d48fe1a705f55a1adfc4.sdkstatcache -output-file-map /Users/admin/builder/spi-builder-workspace/.derivedData/Build/Intermediates.noindex/Stem.build/Debug/Stem-t.build/Objects-normal/arm64/Stem-OutputFileMap.json -save-temps -no-color-diagnostics -explicit-module-build -module-cache-path /Users/admin/builder/spi-builder-workspace/.derivedData/Build/Intermediates.noindex/SwiftExplicitPrecompiledModules -clang-scanner-module-cache-path /Users/admin/builder/spi-builder-workspace/.derivedData/ModuleCache.noindex -sdk-module-cache-path /Users/admin/builder/spi-builder-workspace/.derivedData/SDKExplicitPrecompiledModules -emit-dependencies -emit-module -emit-module-path /Users/admin/builder/spi-builder-workspace/.derivedData/Build/Intermediates.noindex/Stem.build/Debug/Stem-t.build/Objects-normal/arm64/Stem.swiftmodule -serialize-diagnostics -dependency-scan-serialize-diagnostics-path /Users/admin/builder/spi-builder-workspace/.derivedData/Build/Intermediates.noindex/Stem.build/Debug/Stem-t.build/Objects-normal/arm64/Stem-dependency-scan.dia -validate-clang-modules-once -clang-build-session-file /Users/admin/builder/spi-builder-workspace/.derivedData/ModuleCache.noindex/Session.modulevalidation -Xcc -fmodules-prune-interval\=86400 -Xcc -fmodules-prune-after\=345600 -emit-const-values -const-gather-protocols-list /Users/admin/builder/spi-builder-workspace/.derivedData/Build/Intermediates.noindex/Stem.build/Debug/Stem-t.build/Objects-normal/arm64/Stem_const_extract_protocols.json -Xcc -I/Users/admin/builder/spi-builder-workspace/.derivedData/Build/Products/Debug/include -Xcc -I/Users/admin/builder/spi-builder-workspace/.derivedData/Build/Intermediates.noindex/Stem.build/Debug/Stem-t.build/DerivedSources-normal/arm64 -Xcc -I/Users/admin/builder/spi-builder-workspace/.derivedData/Build/Intermediates.noindex/Stem.build/Debug/Stem-t.build/DerivedSources/arm64 -Xcc -I/Users/admin/builder/spi-builder-workspace/.derivedData/Build/Intermediates.noindex/Stem.build/Debug/Stem-t.build/DerivedSources -Xcc -DSWIFT_PACKAGE -Xcc -DDEBUG\=1 -emit-objc-header -emit-objc-header-path /Users/admin/builder/spi-builder-workspace/.derivedData/Build/Intermediates.noindex/Stem.build/Debug/Stem-t.build/Objects-normal/arm64/Stem-Swift.h -working-directory /Users/admin/builder/spi-builder-workspace/.swiftpm/xcode -experimental-emit-module-separately -disable-cmo
SwiftMergeGeneratedHeaders /Users/admin/builder/spi-builder-workspace/.derivedData/Build/Intermediates.noindex/GeneratedModuleMaps/Stem-Swift.h /Users/admin/builder/spi-builder-workspace/.derivedData/Build/Intermediates.noindex/Stem.build/Debug/Stem-t.build/Objects-normal/arm64/Stem-Swift.h (in target 'Stem' from project 'Stem')
cd /Users/admin/builder/spi-builder-workspace
builtin-swiftHeaderTool -arch arm64 /Users/admin/builder/spi-builder-workspace/.derivedData/Build/Intermediates.noindex/Stem.build/Debug/Stem-t.build/Objects-normal/arm64/Stem-Swift.h -o /Users/admin/builder/spi-builder-workspace/.derivedData/Build/Intermediates.noindex/GeneratedModuleMaps/Stem-Swift.h
Copy /Users/admin/builder/spi-builder-workspace/.derivedData/Build/Products/Debug/Stem.swiftmodule/arm64-apple-macos.swiftmodule /Users/admin/builder/spi-builder-workspace/.derivedData/Build/Intermediates.noindex/Stem.build/Debug/Stem-t.build/Objects-normal/arm64/Stem.swiftmodule (in target 'Stem' from project 'Stem')
cd /Users/admin/builder/spi-builder-workspace
builtin-copy -exclude .DS_Store -exclude CVS -exclude .svn -exclude .git -exclude .hg -resolve-src-symlinks -rename /Users/admin/builder/spi-builder-workspace/.derivedData/Build/Intermediates.noindex/Stem.build/Debug/Stem-t.build/Objects-normal/arm64/Stem.swiftmodule /Users/admin/builder/spi-builder-workspace/.derivedData/Build/Products/Debug/Stem.swiftmodule/arm64-apple-macos.swiftmodule
Copy /Users/admin/builder/spi-builder-workspace/.derivedData/Build/Products/Debug/Stem.swiftmodule/arm64-apple-macos.swiftdoc /Users/admin/builder/spi-builder-workspace/.derivedData/Build/Intermediates.noindex/Stem.build/Debug/Stem-t.build/Objects-normal/arm64/Stem.swiftdoc (in target 'Stem' from project 'Stem')
cd /Users/admin/builder/spi-builder-workspace
builtin-copy -exclude .DS_Store -exclude CVS -exclude .svn -exclude .git -exclude .hg -resolve-src-symlinks -rename /Users/admin/builder/spi-builder-workspace/.derivedData/Build/Intermediates.noindex/Stem.build/Debug/Stem-t.build/Objects-normal/arm64/Stem.swiftdoc /Users/admin/builder/spi-builder-workspace/.derivedData/Build/Products/Debug/Stem.swiftmodule/arm64-apple-macos.swiftdoc
Copy /Users/admin/builder/spi-builder-workspace/.derivedData/Build/Products/Debug/Stem.swiftmodule/arm64-apple-macos.abi.json /Users/admin/builder/spi-builder-workspace/.derivedData/Build/Intermediates.noindex/Stem.build/Debug/Stem-t.build/Objects-normal/arm64/Stem.abi.json (in target 'Stem' from project 'Stem')
cd /Users/admin/builder/spi-builder-workspace
builtin-copy -exclude .DS_Store -exclude CVS -exclude .svn -exclude .git -exclude .hg -resolve-src-symlinks -rename /Users/admin/builder/spi-builder-workspace/.derivedData/Build/Intermediates.noindex/Stem.build/Debug/Stem-t.build/Objects-normal/arm64/Stem.abi.json /Users/admin/builder/spi-builder-workspace/.derivedData/Build/Products/Debug/Stem.swiftmodule/arm64-apple-macos.abi.json
Copy /Users/admin/builder/spi-builder-workspace/.derivedData/Build/Products/Debug/Stem.swiftmodule/Project/arm64-apple-macos.swiftsourceinfo /Users/admin/builder/spi-builder-workspace/.derivedData/Build/Intermediates.noindex/Stem.build/Debug/Stem-t.build/Objects-normal/arm64/Stem.swiftsourceinfo (in target 'Stem' from project 'Stem')
cd /Users/admin/builder/spi-builder-workspace
builtin-copy -exclude .DS_Store -exclude CVS -exclude .svn -exclude .git -exclude .hg -resolve-src-symlinks -rename /Users/admin/builder/spi-builder-workspace/.derivedData/Build/Intermediates.noindex/Stem.build/Debug/Stem-t.build/Objects-normal/arm64/Stem.swiftsourceinfo /Users/admin/builder/spi-builder-workspace/.derivedData/Build/Products/Debug/Stem.swiftmodule/Project/arm64-apple-macos.swiftsourceinfo
GenerateAssetSymbols /Users/admin/builder/spi-builder-workspace/Tests/StemTests/Resource/fixture.xcassets (in target 'StemTests-product' from project 'Stem')
cd /Users/admin/builder/spi-builder-workspace
/Applications/Xcode-27.0.0-Release.Candidate.app/Contents/Developer/usr/bin/actool /Users/admin/builder/spi-builder-workspace/Tests/StemTests/Resource/fixture.xcassets --compile /Users/admin/builder/spi-builder-workspace/.derivedData/Build/Products/Debug/StemTests.xctest/Contents/Resources --output-format human-readable-text --notices --warnings --export-dependency-info /Users/admin/builder/spi-builder-workspace/.derivedData/Build/Intermediates.noindex/Stem.build/Debug/StemTests-p.build/assetcatalog_dependencies --output-partial-info-plist /Users/admin/builder/spi-builder-workspace/.derivedData/Build/Intermediates.noindex/Stem.build/Debug/StemTests-p.build/assetcatalog_generated_info.plist --enable-on-demand-resources NO --development-region en --target-device mac --minimum-deployment-target 14.0 --platform macosx --bundle-identifier spi-builder-workspace.StemTests --generate-swift-asset-symbol-extensions NO --generate-swift-asset-symbols /Users/admin/builder/spi-builder-workspace/.derivedData/Build/Intermediates.noindex/Stem.build/Debug/StemTests-p.build/DerivedSources/GeneratedAssetSymbols.swift --generate-objc-asset-symbols /Users/admin/builder/spi-builder-workspace/.derivedData/Build/Intermediates.noindex/Stem.build/Debug/StemTests-p.build/DerivedSources/GeneratedAssetSymbols.h --generate-asset-symbol-index /Users/admin/builder/spi-builder-workspace/.derivedData/Build/Intermediates.noindex/Stem.build/Debug/StemTests-p.build/DerivedSources/GeneratedAssetSymbols-Index.plist
/* com.apple.actool.document.warnings */
/Users/admin/builder/spi-builder-workspace/Tests/StemTests/Resource/fixture.xcassets:./fixture.dmg.dataset/[universal][][][][]: warning: The file "fixture.dmg" for the image set "fixture.dmg" does not exist.
/Users/admin/builder/spi-builder-workspace/Tests/StemTests/Resource/fixture.xcassets:./fixture.dmg.dataset/[universal][][][][]: warning: The file "fixture.dmg" for the image set "fixture.dmg" does not exist.
/* com.apple.actool.compilation-results */
/Users/admin/builder/spi-builder-workspace/.derivedData/Build/Intermediates.noindex/Stem.build/Debug/StemTests-p.build/DerivedSources/GeneratedAssetSymbols-Index.plist
/Users/admin/builder/spi-builder-workspace/.derivedData/Build/Intermediates.noindex/Stem.build/Debug/StemTests-p.build/DerivedSources/GeneratedAssetSymbols.h
/Users/admin/builder/spi-builder-workspace/.derivedData/Build/Intermediates.noindex/Stem.build/Debug/StemTests-p.build/DerivedSources/GeneratedAssetSymbols.swift
SwiftDriver StemTests normal arm64 com.apple.xcode.tools.swift.compiler (in target 'StemTests-product' from project 'Stem')
cd /Users/admin/builder/spi-builder-workspace/.swiftpm/xcode
builtin-SwiftDriver -- /Applications/Xcode-27.0.0-Release.Candidate.app/Contents/Developer/Toolchains/XcodeDefault.xctoolchain/usr/bin/swiftc -parse-as-library -module-name StemTests -Onone @/Users/admin/builder/spi-builder-workspace/.derivedData/Build/Intermediates.noindex/Stem.build/Debug/StemTests-p.build/Objects-normal/arm64/StemTests.SwiftFileList -DSWIFT_PACKAGE -DDEBUG -DSWIFT_MODULE_RESOURCE_BUNDLE_AVAILABLE -DXcode -plugin-path /Applications/Xcode-27.0.0-Release.Candidate.app/Contents/Developer/Toolchains/XcodeDefault.xctoolchain/usr/lib/swift/host/plugins/testing -enable-experimental-feature DebugDescriptionMacro -sdk /Applications/Xcode-27.0.0-Release.Candidate.app/Contents/Developer/Platforms/MacOSX.platform/Developer/SDKs/MacOSX27.0.sdk -target arm64-apple-macos14.0 -g -module-cache-path /Users/admin/builder/spi-builder-workspace/.derivedData/ModuleCache.noindex -Xfrontend -serialize-debugging-options -profile-coverage-mapping -profile-generate -enable-testing -index-store-path /Users/admin/builder/spi-builder-workspace/.derivedData/Index.noindex/DataStore -Xcc -D_LIBCPP_HARDENING_MODE\=_LIBCPP_HARDENING_MODE_DEBUG -swift-version 5 -I /Users/admin/builder/spi-builder-workspace/.derivedData/Build/Products/Debug -Isystem /Applications/Xcode-27.0.0-Release.Candidate.app/Contents/Developer/Platforms/MacOSX.platform/Developer/usr/lib -F /Users/admin/builder/spi-builder-workspace/.derivedData/Build/Products/Debug/PackageFrameworks -F /Users/admin/builder/spi-builder-workspace/.derivedData/Build/Products/Debug -F /Applications/Xcode-27.0.0-Release.Candidate.app/Contents/Developer/Platforms/MacOSX.platform/Developer/Library/Frameworks -c -j10 -enable-batch-mode -incremental -Xcc -ivfsstatcache -Xcc /Users/admin/builder/spi-builder-workspace/.derivedData/SDKStatCaches.noindex/macosx27.0-26A425-e829b21a6f8c9b70876ba0858053c0446a22442a12e9d48fe1a705f55a1adfc4.sdkstatcache -output-file-map /Users/admin/builder/spi-builder-workspace/.derivedData/Build/Intermediates.noindex/Stem.build/Debug/StemTests-p.build/Objects-normal/arm64/StemTests-OutputFileMap.json -save-temps -no-color-diagnostics -explicit-module-build -module-cache-path /Users/admin/builder/spi-builder-workspace/.derivedData/Build/Intermediates.noindex/SwiftExplicitPrecompiledModules -clang-scanner-module-cache-path /Users/admin/builder/spi-builder-workspace/.derivedData/ModuleCache.noindex -sdk-module-cache-path /Users/admin/builder/spi-builder-workspace/.derivedData/SDKExplicitPrecompiledModules -emit-dependencies -emit-module -emit-module-path /Users/admin/builder/spi-builder-workspace/.derivedData/Build/Intermediates.noindex/Stem.build/Debug/StemTests-p.build/Objects-normal/arm64/StemTests.swiftmodule -serialize-diagnostics -dependency-scan-serialize-diagnostics-path /Users/admin/builder/spi-builder-workspace/.derivedData/Build/Intermediates.noindex/Stem.build/Debug/StemTests-p.build/Objects-normal/arm64/StemTests-dependency-scan.dia -validate-clang-modules-once -clang-build-session-file /Users/admin/builder/spi-builder-workspace/.derivedData/ModuleCache.noindex/Session.modulevalidation -Xcc -fmodules-prune-interval\=86400 -Xcc -fmodules-prune-after\=345600 -emit-const-values -const-gather-protocols-list /Users/admin/builder/spi-builder-workspace/.derivedData/Build/Intermediates.noindex/Stem.build/Debug/StemTests-p.build/Objects-normal/arm64/StemTests_const_extract_protocols.json -Xcc -I/Users/admin/builder/spi-builder-workspace/.derivedData/Build/Products/Debug/include -Xcc -I/Users/admin/builder/spi-builder-workspace/.derivedData/Build/Intermediates.noindex/Stem.build/Debug/StemTests-p.build/DerivedSources-normal/arm64 -Xcc -I/Users/admin/builder/spi-builder-workspace/.derivedData/Build/Intermediates.noindex/Stem.build/Debug/StemTests-p.build/DerivedSources/arm64 -Xcc -I/Users/admin/builder/spi-builder-workspace/.derivedData/Build/Intermediates.noindex/Stem.build/Debug/StemTests-p.build/DerivedSources -Xcc -DSWIFT_PACKAGE -Xcc -DDEBUG\=1 -working-directory /Users/admin/builder/spi-builder-workspace/.swiftpm/xcode -experimental-emit-module-separately -disable-cmo
SwiftDriverJobDiscovery normal arm64 Compiling StemSVG.swift, UIImage+Color.swift, UIImage+CoreImage.swift, UIImage+Edit.swift, UIImage+Format.swift, UIImage+info.swift, UIImage+size.swift, UImage+other.swift, UIImageView.swift, UISearchBar.swift, UITextField.swift, UITextView.swift, UINib.swift, UIStoryboard.swift (in target 'Stem' from project 'Stem')
SwiftDriverJobDiscovery normal arm64 Compiling STWrapperColor.swift, Bundle.swift, Combine+Async.swift, Combine+NSObject.swift, Combine+Publisher.swift, Device+cpu.swift, Device+information.swift, Device+network.swift, Device+other.swift, Device+space.swift, Device.swift, Delegate.swift, Gcd.swift, Notice.swift, NoticeParsable.swift (in target 'Stem' from project 'Stem')
SwiftDriverJobDiscovery normal arm64 Compiling NoticeToken.swift, NoticeType.swift, STLRUCache.swift, UserDefaults.swift, STVersion.swift, Version+StringLiteralConvertible.swift, LocationTransformer.swift, StemArrayResultBuilder.swift, StemError.swift, StemFont.swift, StemShell.swift, StringMarker.swift, StringRender+Marker.swift, StringRender.swift, Coder.swift (in target 'Stem' from project 'Stem')
SwiftDriverJobDiscovery normal arm64 Compiling Stem.swift, AVAsset.swift, AudioFileService.swift, CoreAudioTypes.swift, STAudioPlayer.swift, STAudioQueueService.swift, STAudioRecorder.swift, STAVMetadataObjectKind.swift, STMetadataFaceObject.swift, STMetadataMachineReadableCodeObject.swift, STMetadataObject.swift, UIDevice+AVFoundation.swift, UIImage+video.swift, Color+darkMode.swift, STWrapperColor+typealias.swift (in target 'Stem' from project 'Stem')
SwiftExplicitDependencyGeneratePcm arm64 /Users/admin/builder/spi-builder-workspace/.derivedData/SDKExplicitPrecompiledModules/Compression-2DZD87RTJLFM2S6FYWEXGHYOX.pcm
SwiftExplicitDependencyGeneratePcm arm64 /Users/admin/builder/spi-builder-workspace/.derivedData/Build/Intermediates.noindex/SwiftExplicitPrecompiledModules/XCUIAutomation-AEHNBFPZWHEC82B6NF57SIW2S.pcm
SwiftExplicitDependencyGeneratePcm arm64 /Users/admin/builder/spi-builder-workspace/.derivedData/SDKExplicitPrecompiledModules/Accelerate-C31DIK9XBRPKENZFJWLP9MNL2.pcm
SwiftExplicitDependencyGeneratePcm arm64 /Users/admin/builder/spi-builder-workspace/.derivedData/SDKExplicitPrecompiledModules/CoreML-1ON8MCJSVF5EQJJBRRFLYBI2S.pcm
SwiftExplicitDependencyGeneratePcm arm64 /Users/admin/builder/spi-builder-workspace/.derivedData/Build/Intermediates.noindex/SwiftExplicitPrecompiledModules/XCTest-C9YAGYQVOUPXZ7FEDN89Z7HVX.pcm
SwiftExplicitDependencyCompileModuleFromInterface arm64 /Users/admin/builder/spi-builder-workspace/.derivedData/Build/Intermediates.noindex/SwiftExplicitPrecompiledModules/XCUIAutomation-20XSIP2TUJ15D.swiftmodule
SwiftExplicitDependencyGeneratePcm arm64 /Users/admin/builder/spi-builder-workspace/.derivedData/SDKExplicitPrecompiledModules/Vision-2LMITOAG64S0RBU88QX0RSD9K.pcm
SwiftExplicitDependencyCompileModuleFromInterface arm64 /Users/admin/builder/spi-builder-workspace/.derivedData/Build/Intermediates.noindex/SwiftExplicitPrecompiledModules/XCTest-IW28ATHHIMAZ.swiftmodule
SwiftDriverJobDiscovery normal arm64 Compiling AttributedString.swift, MutableAttributedString.swift, UIButton.swift, UIControl.swift, STGestureRecognizer.swift, TapticEngine.swift, UIFont.swift, UIGestureRecognizer+State.swift, CGImage.swift, CIFilter+Generator.swift, CIFilter+enum.swift, CIFilter+protocol.swift, NSImage+Data.swift, NSImage+Resize.swift (in target 'Stem' from project 'Stem')
SwiftEmitModule normal arm64 Emitting\ module\ for\ StemTests (in target 'StemTests-product' from project 'Stem')
SwiftCompile normal arm64 (in target 'StemTests-product' from project 'Stem')
cd /Users/admin/builder/spi-builder-workspace/.swiftpm/xcode
/Users/admin/builder/spi-builder-workspace/Tests/StemTests/MimeType/MimeTypeTest.swift:17:46: error: 'FileType' is not a member type of struct 'Foundation.Data'
15 | }
16 |
17 | func Assert(_ name: String, _ type: Data.FileType) {
| `- error: 'FileType' is not a member type of struct 'Foundation.Data'
18 | guard let mimeType = data(name)?.st.mimeType else {
19 | XCTAssert(false, "not found: \(name) \(type)")
Foundation.Data:2:23: note: 'Data' declared here
1 | @available(macOS 10.10, iOS 8.0, watchOS 2.0, tvOS 9.0, *)
2 | @frozen public struct Data : RandomAccessCollection, MutableCollection, RangeReplaceableCollection, Sendable, Hashable {
| `- note: 'Data' declared here
3 | public typealias Index = Int
4 | public typealias Indices = Range<Int>
Failed frontend command:
/Applications/Xcode-27.0.0-Release.Candidate.app/Contents/Developer/Toolchains/XcodeDefault.xctoolchain/usr/bin/swift-frontend -frontend -emit-module -experimental-skip-non-inlinable-function-bodies-without-types /Users/admin/builder/spi-builder-workspace/.derivedData/Build/Intermediates.noindex/Stem.build/Debug/StemTests-p.build/DerivedSources/resource_bundle_accessor.swift /Users/admin/builder/spi-builder-workspace/Tests/StemTests/AttributedString+HTML.swift /Users/admin/builder/spi-builder-workspace/Tests/StemTests/LyricTests.swift /Users/admin/builder/spi-builder-workspace/Tests/StemTests/MimeType/CGFloatExtensionTests.swift /Users/admin/builder/spi-builder-workspace/Tests/StemTests/MimeType/MimeTypeTest.swift /Users/admin/builder/spi-builder-workspace/Tests/StemTests/MimeType/StringExtensionTests.swift /Users/admin/builder/spi-builder-workspace/Tests/StemTests/MimeType/Tests.swift /Users/admin/builder/spi-builder-workspace/Tests/StemTests/Test-Combine.swift /Users/admin/builder/spi-builder-workspace/Tests/StemTests/XMLTest.swift /Users/admin/builder/spi-builder-workspace/.derivedData/Build/Intermediates.noindex/Stem.build/Debug/StemTests-p.build/DerivedSources/GeneratedAssetSymbols.swift -target arm64-apple-macos14.0 -module-can-import-version DeveloperToolsSupport 24.0.24 24.0.24 -disable-cross-import-overlay-search -swift-module-cross-import Vision /Applications/Xcode-27.0.0-Release.Candidate.app/Contents/Developer/Platforms/MacOSX.platform/Developer/SDKs/MacOSX.sdk/System/Library/Frameworks/Vision.framework/Modules/Vision.swiftcrossimport/FoundationModels.swiftoverlay -swift-module-cross-import Vision /Applications/Xcode-27.0.0-Release.Candidate.app/Contents/Developer/Platforms/MacOSX.platform/Developer/SDKs/MacOSX27.0.sdk/System/Library/Frameworks/Vision.framework/Modules/Vision.swiftcrossimport/FoundationModels.swiftoverlay -swift-module-cross-import WebKit /Applications/Xcode-27.0.0-Release.Candidate.app/Contents/Developer/Platforms/MacOSX.platform/Developer/SDKs/MacOSX.sdk/System/Cryptexes/OS/System/Library/Frameworks/WebKit.framework/Modules/WebKit.swiftcrossimport/SwiftUI.swiftoverlay -swift-module-cross-import WebKit /Applications/Xcode-27.0.0-Release.Candidate.app/Contents/Developer/Platforms/MacOSX.platform/Developer/SDKs/MacOSX27.0.sdk/System/Library/Frameworks/WebKit.framework/Modules/WebKit.swiftcrossimport/SwiftUI.swiftoverlay -load-resolved-plugin /Applications/Xcode-27.0.0-Release.Candidate.app/Contents/Developer/Platforms/MacOSX.platform/Developer/usr/lib/swift/host/plugins/libFoundationMacros.dylib\#/Applications/Xcode-27.0.0-Release.Candidate.app/Contents/Developer/Platforms/MacOSX.platform/Developer/usr/bin/swift-plugin-server\#FoundationMacros -load-resolved-plugin /Applications/Xcode-27.0.0-Release.Candidate.app/Contents/Developer/Platforms/MacOSX.platform/Developer/usr/lib/swift/host/plugins/libObservationMacros.dylib\#/Applications/Xcode-27.0.0-Release.Candidate.app/Contents/Developer/Platforms/MacOSX.platform/Developer/usr/bin/swift-plugin-server\#ObservationMacros -load-resolved-plugin /Applications/Xcode-27.0.0-Release.Candidate.app/Contents/Developer/Platforms/MacOSX.platform/Developer/usr/lib/swift/host/plugins/libPreviewsMacros.dylib\#/Applications/Xcode-27.0.0-Release.Candidate.app/Contents/Developer/Platforms/MacOSX.platform/Developer/usr/bin/swift-plugin-server\#PreviewsMacros -load-resolved-plugin /Applications/Xcode-27.0.0-Release.Candidate.app/Contents/Developer/Platforms/MacOSX.platform/Developer/usr/lib/swift/host/plugins/libSwiftMacros.dylib\#/Applications/Xcode-27.0.0-Release.Candidate.app/Contents/Developer/Platforms/MacOSX.platform/Developer/usr/bin/swift-plugin-server\#SwiftMacros -load-resolved-plugin /Applications/Xcode-27.0.0-Release.Candidate.app/Contents/Developer/Platforms/MacOSX.platform/Developer/usr/lib/swift/host/plugins/libSwiftUIMacros.dylib\#/Applications/Xcode-27.0.0-Release.Candidate.app/Contents/Developer/Platforms/MacOSX.platform/Developer/usr/bin/swift-plugin-server\#SwiftUIMacros -disable-implicit-swift-modules -Xcc -fno-implicit-modules -Xcc -fno-implicit-module-maps -explicit-swift-module-map-file /Users/admin/builder/spi-builder-workspace/.derivedData/Build/Intermediates.noindex/Stem.build/Debug/StemTests-p.build/Objects-normal/arm64/StemTests-dependencies-1.json -Xllvm -aarch64-use-tbi -enable-objc-interop -stack-check -sdk /Applications/Xcode-27.0.0-Release.Candidate.app/Contents/Developer/Platforms/MacOSX.platform/Developer/SDKs/MacOSX27.0.sdk -I /Users/admin/builder/spi-builder-workspace/.derivedData/Build/Products/Debug -Isystem /Applications/Xcode-27.0.0-Release.Candidate.app/Contents/Developer/Platforms/MacOSX.platform/Developer/usr/lib -F /Users/admin/builder/spi-builder-workspace/.derivedData/Build/Products/Debug/PackageFrameworks -F /Users/admin/builder/spi-builder-workspace/.derivedData/Build/Products/Debug -F /Applications/Xcode-27.0.0-Release.Candidate.app/Contents/Developer/Platforms/MacOSX.platform/Developer/Library/Frameworks -module-cache-path /Users/admin/builder/spi-builder-workspace/.derivedData/Build/Intermediates.noindex/SwiftExplicitPrecompiledModules -no-color-diagnostics -Xcc -fno-color-diagnostics -enable-testing -g -debug-info-format\=dwarf -dwarf-version\=4 -profile-generate -profile-coverage-mapping -swift-version 5 -Onone -D SWIFT_PACKAGE -D DEBUG -D SWIFT_MODULE_RESOURCE_BUNDLE_AVAILABLE -D Xcode -serialize-debugging-options -enable-experimental-feature DebugDescriptionMacro -empty-abi-descriptor -validate-clang-modules-once -clang-build-session-file /Users/admin/builder/spi-builder-workspace/.derivedData/ModuleCache.noindex/Session.modulevalidation -Xcc -working-directory -Xcc /Users/admin/builder/spi-builder-workspace/.swiftpm/xcode -enable-anonymous-context-mangled-names -file-compilation-dir /Users/admin/builder/spi-builder-workspace/.swiftpm/xcode -Xcc -D_LIBCPP_HARDENING_MODE\=_LIBCPP_HARDENING_MODE_DEBUG -Xcc -ivfsstatcache -Xcc /Users/admin/builder/spi-builder-workspace/.derivedData/SDKStatCaches.noindex/macosx27.0-26A425-e829b21a6f8c9b70876ba0858053c0446a22442a12e9d48fe1a705f55a1adfc4.sdkstatcache -Xcc -fmodules-prune-interval\=86400 -Xcc -fmodules-prune-after\=345600 -Xcc -I/Users/admin/builder/spi-builder-workspace/.derivedData/Build/Products/Debug/include -Xcc -I/Users/admin/builder/spi-builder-workspace/.derivedData/Build/Intermediates.noindex/Stem.build/Debug/StemTests-p.build/DerivedSources-normal/arm64 -Xcc -I/Users/admin/builder/spi-builder-workspace/.derivedData/Build/Intermediates.noindex/Stem.build/Debug/StemTests-p.build/DerivedSources/arm64 -Xcc -I/Users/admin/builder/spi-builder-workspace/.derivedData/Build/Intermediates.noindex/Stem.build/Debug/StemTests-p.build/DerivedSources -Xcc -DSWIFT_PACKAGE -Xcc -DDEBUG\=1 -no-auto-bridging-header-chaining -module-name StemTests -const-gather-protocols-file /Users/admin/builder/spi-builder-workspace/.derivedData/Build/Intermediates.noindex/Stem.build/Debug/StemTests-p.build/Objects-normal/arm64/StemTests_const_extract_protocols.json -disable-clang-spi -clang-target arm64-apple-macos27.0 -target-sdk-version 27.0 -target-sdk-name macosx27.0 -in-process-plugin-server-path /Applications/Xcode-27.0.0-Release.Candidate.app/Contents/Developer/Toolchains/XcodeDefault.xctoolchain/usr/lib/swift/host/libSwiftInProcPluginServer.dylib -emit-module-doc-path /Users/admin/builder/spi-builder-workspace/.derivedData/Build/Intermediates.noindex/Stem.build/Debug/StemTests-p.build/Objects-normal/arm64/StemTests.swiftdoc -emit-module-source-info-path /Users/admin/builder/spi-builder-workspace/.derivedData/Build/Intermediates.noindex/Stem.build/Debug/StemTests-p.build/Objects-normal/arm64/StemTests.swiftsourceinfo -serialize-diagnostics-path /Users/admin/builder/spi-builder-workspace/.derivedData/Build/Intermediates.noindex/Stem.build/Debug/StemTests-p.build/Objects-normal/arm64/StemTests-primary-emit-module.dia -emit-dependencies-path /Users/admin/builder/spi-builder-workspace/.derivedData/Build/Intermediates.noindex/Stem.build/Debug/StemTests-p.build/Objects-normal/arm64/StemTests-primary-emit-module.d -parse-as-library -o /Users/admin/builder/spi-builder-workspace/.derivedData/Build/Intermediates.noindex/Stem.build/Debug/StemTests-p.build/Objects-normal/arm64/StemTests.swiftmodule -emit-abi-descriptor-path /Users/admin/builder/spi-builder-workspace/.derivedData/Build/Intermediates.noindex/Stem.build/Debug/StemTests-p.build/Objects-normal/arm64/StemTests.abi.json
SwiftCompile normal arm64 Compiling\ XMLTest.swift /Users/admin/builder/spi-builder-workspace/Tests/StemTests/XMLTest.swift (in target 'StemTests-product' from project 'Stem')
SwiftCompile normal arm64 /Users/admin/builder/spi-builder-workspace/Tests/StemTests/XMLTest.swift (in target 'StemTests-product' from project 'Stem')
cd /Users/admin/builder/spi-builder-workspace/.swiftpm/xcode
builtin-SwiftPerFileCompile XMLTest.swift
/Users/admin/builder/spi-builder-workspace/Tests/StemTests/XMLTest.swift:22:46: warning: left side of nil coalescing operator '??' has non-optional type 'String?', so the right side is never used
20 |
21 | init(ximalaya xml: StemXML.Item) {
22 | url = (xml.attributes["url"] ?? "").flatMap(URL.init(string:))
| `- warning: left side of nil coalescing operator '??' has non-optional type 'String?', so the right side is never used
23 | type = xml.attributes["type"] ?? ""
24 | length = Int(xml.attributes["length"] ?? "") ?? 0
SwiftCompile normal arm64 Compiling\ MimeTypeTest.swift /Users/admin/builder/spi-builder-workspace/Tests/StemTests/MimeType/MimeTypeTest.swift (in target 'StemTests-product' from project 'Stem')
SwiftCompile normal arm64 /Users/admin/builder/spi-builder-workspace/Tests/StemTests/MimeType/MimeTypeTest.swift (in target 'StemTests-product' from project 'Stem')
cd /Users/admin/builder/spi-builder-workspace/.swiftpm/xcode
builtin-SwiftPerFileCompile MimeTypeTest.swift
SwiftCompile normal arm64 Compiling\ AttributedString+HTML.swift /Users/admin/builder/spi-builder-workspace/Tests/StemTests/AttributedString+HTML.swift (in target 'StemTests-product' from project 'Stem')
SwiftCompile normal arm64 /Users/admin/builder/spi-builder-workspace/Tests/StemTests/AttributedString+HTML.swift (in target 'StemTests-product' from project 'Stem')
cd /Users/admin/builder/spi-builder-workspace/.swiftpm/xcode
builtin-SwiftPerFileCompile AttributedString+HTML.swift
SwiftCompile normal arm64 Compiling\ resource_bundle_accessor.swift /Users/admin/builder/spi-builder-workspace/.derivedData/Build/Intermediates.noindex/Stem.build/Debug/StemTests-p.build/DerivedSources/resource_bundle_accessor.swift (in target 'StemTests-product' from project 'Stem')
SwiftCompile normal arm64 /Users/admin/builder/spi-builder-workspace/.derivedData/Build/Intermediates.noindex/Stem.build/Debug/StemTests-p.build/DerivedSources/resource_bundle_accessor.swift (in target 'StemTests-product' from project 'Stem')
cd /Users/admin/builder/spi-builder-workspace/.swiftpm/xcode
builtin-SwiftPerFileCompile resource_bundle_accessor.swift
SwiftCompile normal arm64 Compiling\ LyricTests.swift /Users/admin/builder/spi-builder-workspace/Tests/StemTests/LyricTests.swift (in target 'StemTests-product' from project 'Stem')
SwiftCompile normal arm64 /Users/admin/builder/spi-builder-workspace/Tests/StemTests/LyricTests.swift (in target 'StemTests-product' from project 'Stem')
cd /Users/admin/builder/spi-builder-workspace/.swiftpm/xcode
builtin-SwiftPerFileCompile LyricTests.swift
SwiftCompile normal arm64 Compiling\ Tests.swift /Users/admin/builder/spi-builder-workspace/Tests/StemTests/MimeType/Tests.swift (in target 'StemTests-product' from project 'Stem')
SwiftCompile normal arm64 /Users/admin/builder/spi-builder-workspace/Tests/StemTests/MimeType/Tests.swift (in target 'StemTests-product' from project 'Stem')
cd /Users/admin/builder/spi-builder-workspace/.swiftpm/xcode
builtin-SwiftPerFileCompile Tests.swift
SwiftCompile normal arm64 Compiling\ GeneratedAssetSymbols.swift /Users/admin/builder/spi-builder-workspace/.derivedData/Build/Intermediates.noindex/Stem.build/Debug/StemTests-p.build/DerivedSources/GeneratedAssetSymbols.swift (in target 'StemTests-product' from project 'Stem')
SwiftCompile normal arm64 /Users/admin/builder/spi-builder-workspace/.derivedData/Build/Intermediates.noindex/Stem.build/Debug/StemTests-p.build/DerivedSources/GeneratedAssetSymbols.swift (in target 'StemTests-product' from project 'Stem')
cd /Users/admin/builder/spi-builder-workspace/.swiftpm/xcode
builtin-SwiftPerFileCompile GeneratedAssetSymbols.swift
SwiftCompile normal arm64 Compiling\ Test-Combine.swift /Users/admin/builder/spi-builder-workspace/Tests/StemTests/Test-Combine.swift (in target 'StemTests-product' from project 'Stem')
SwiftCompile normal arm64 /Users/admin/builder/spi-builder-workspace/Tests/StemTests/Test-Combine.swift (in target 'StemTests-product' from project 'Stem')
cd /Users/admin/builder/spi-builder-workspace/.swiftpm/xcode
builtin-SwiftPerFileCompile Test-Combine.swift
SwiftCompile normal arm64 Compiling\ CGFloatExtensionTests.swift /Users/admin/builder/spi-builder-workspace/Tests/StemTests/MimeType/CGFloatExtensionTests.swift (in target 'StemTests-product' from project 'Stem')
SwiftCompile normal arm64 /Users/admin/builder/spi-builder-workspace/Tests/StemTests/MimeType/CGFloatExtensionTests.swift (in target 'StemTests-product' from project 'Stem')
cd /Users/admin/builder/spi-builder-workspace/.swiftpm/xcode
builtin-SwiftPerFileCompile CGFloatExtensionTests.swift
SwiftDriverJobDiscovery normal arm64 Compiling RunTime.swift, SFSymbol+Image.swift, SFSymbol+NSImage.swift, SFSymbol+UIImage.swift, SFSymbol.swift, STImage.swift, STLyric.swift, STLazyView.swift, UNUserNotificationCenter.swift, HybridCookieStorage.swift, WebKit+WKWebView.swift, RecoverNavigationProtocol.swift, UIApplication.swift, UIWindow.swift, AttributedString+Attribute.swift (in target 'Stem' from project 'Stem')
SwiftCompile normal arm64 Compiling\ StringExtensionTests.swift /Users/admin/builder/spi-builder-workspace/Tests/StemTests/MimeType/StringExtensionTests.swift (in target 'StemTests-product' from project 'Stem')
SwiftCompile normal arm64 /Users/admin/builder/spi-builder-workspace/Tests/StemTests/MimeType/StringExtensionTests.swift (in target 'StemTests-product' from project 'Stem')
cd /Users/admin/builder/spi-builder-workspace/.swiftpm/xcode
builtin-SwiftPerFileCompile StringExtensionTests.swift
SwiftDriverJobDiscovery normal arm64 Compiling GeneratedAssetSymbols.swift (in target 'StemTests-product' from project 'Stem')
SwiftDriver\ Compilation Stem normal arm64 com.apple.xcode.tools.swift.compiler (in target 'Stem' from project 'Stem')
cd /Users/admin/builder/spi-builder-workspace/.swiftpm/xcode
builtin-Swift-Compilation -- /Applications/Xcode-27.0.0-Release.Candidate.app/Contents/Developer/Toolchains/XcodeDefault.xctoolchain/usr/bin/swiftc -parse-as-library -module-name Stem -Onone @/Users/admin/builder/spi-builder-workspace/.derivedData/Build/Intermediates.noindex/Stem.build/Debug/Stem-t.build/Objects-normal/arm64/Stem.SwiftFileList -DSWIFT_PACKAGE -DDEBUG -DSWIFT_MODULE_RESOURCE_BUNDLE_UNAVAILABLE -DXcode -plugin-path /Applications/Xcode-27.0.0-Release.Candidate.app/Contents/Developer/Toolchains/XcodeDefault.xctoolchain/usr/lib/swift/host/plugins/testing -enable-experimental-feature DebugDescriptionMacro -sdk /Applications/Xcode-27.0.0-Release.Candidate.app/Contents/Developer/Platforms/MacOSX.platform/Developer/SDKs/MacOSX27.0.sdk -target arm64-apple-macos12.0 -g -module-cache-path /Users/admin/builder/spi-builder-workspace/.derivedData/ModuleCache.noindex -Xfrontend -serialize-debugging-options -profile-coverage-mapping -profile-generate -enable-testing -index-store-path /Users/admin/builder/spi-builder-workspace/.derivedData/Index.noindex/DataStore -Xcc -D_LIBCPP_HARDENING_MODE\=_LIBCPP_HARDENING_MODE_DEBUG -swift-version 5 -I /Users/admin/builder/spi-builder-workspace/.derivedData/Build/Products/Debug -Isystem /Applications/Xcode-27.0.0-Release.Candidate.app/Contents/Developer/Platforms/MacOSX.platform/Developer/usr/lib -F /Users/admin/builder/spi-builder-workspace/.derivedData/Build/Products/Debug -F /Applications/Xcode-27.0.0-Release.Candidate.app/Contents/Developer/Platforms/MacOSX.platform/Developer/Library/Frameworks -c -j10 -enable-batch-mode -incremental -Xcc -ivfsstatcache -Xcc /Users/admin/builder/spi-builder-workspace/.derivedData/SDKStatCaches.noindex/macosx27.0-26A425-e829b21a6f8c9b70876ba0858053c0446a22442a12e9d48fe1a705f55a1adfc4.sdkstatcache -output-file-map /Users/admin/builder/spi-builder-workspace/.derivedData/Build/Intermediates.noindex/Stem.build/Debug/Stem-t.build/Objects-normal/arm64/Stem-OutputFileMap.json -save-temps -no-color-diagnostics -explicit-module-build -module-cache-path /Users/admin/builder/spi-builder-workspace/.derivedData/Build/Intermediates.noindex/SwiftExplicitPrecompiledModules -clang-scanner-module-cache-path /Users/admin/builder/spi-builder-workspace/.derivedData/ModuleCache.noindex -sdk-module-cache-path /Users/admin/builder/spi-builder-workspace/.derivedData/SDKExplicitPrecompiledModules -emit-dependencies -emit-module -emit-module-path /Users/admin/builder/spi-builder-workspace/.derivedData/Build/Intermediates.noindex/Stem.build/Debug/Stem-t.build/Objects-normal/arm64/Stem.swiftmodule -serialize-diagnostics -dependency-scan-serialize-diagnostics-path /Users/admin/builder/spi-builder-workspace/.derivedData/Build/Intermediates.noindex/Stem.build/Debug/Stem-t.build/Objects-normal/arm64/Stem-dependency-scan.dia -validate-clang-modules-once -clang-build-session-file /Users/admin/builder/spi-builder-workspace/.derivedData/ModuleCache.noindex/Session.modulevalidation -Xcc -fmodules-prune-interval\=86400 -Xcc -fmodules-prune-after\=345600 -emit-const-values -const-gather-protocols-list /Users/admin/builder/spi-builder-workspace/.derivedData/Build/Intermediates.noindex/Stem.build/Debug/Stem-t.build/Objects-normal/arm64/Stem_const_extract_protocols.json -Xcc -I/Users/admin/builder/spi-builder-workspace/.derivedData/Build/Products/Debug/include -Xcc -I/Users/admin/builder/spi-builder-workspace/.derivedData/Build/Intermediates.noindex/Stem.build/Debug/Stem-t.build/DerivedSources-normal/arm64 -Xcc -I/Users/admin/builder/spi-builder-workspace/.derivedData/Build/Intermediates.noindex/Stem.build/Debug/Stem-t.build/DerivedSources/arm64 -Xcc -I/Users/admin/builder/spi-builder-workspace/.derivedData/Build/Intermediates.noindex/Stem.build/Debug/Stem-t.build/DerivedSources -Xcc -DSWIFT_PACKAGE -Xcc -DDEBUG\=1 -emit-objc-header -emit-objc-header-path /Users/admin/builder/spi-builder-workspace/.derivedData/Build/Intermediates.noindex/Stem.build/Debug/Stem-t.build/Objects-normal/arm64/Stem-Swift.h -working-directory /Users/admin/builder/spi-builder-workspace/.swiftpm/xcode -experimental-emit-module-separately -disable-cmo
PruneExplicitPrecompiledModules /Users/admin/builder/spi-builder-workspace/.derivedData/Build/Intermediates.noindex/ExplicitPrecompiledModules
PruneExplicitPrecompiledModules /Users/admin/builder/spi-builder-workspace/.derivedData/Build/Intermediates.noindex/SwiftExplicitPrecompiledModules
PruneExplicitPrecompiledModules /Users/admin/builder/spi-builder-workspace/.derivedData/SDKExplicitPrecompiledModules
2026-09-21 11:39:23.985 xcodebuild[766:4899] [MT] IDERunDestination: Supported platforms for the buildables in the current scheme is empty.
2026-09-21 11:39:24.087 xcodebuild[766:4899] [MT] IDERunDestination: Supported platforms for the buildables in the current scheme is empty.
--- xcodebuild: WARNING: Using the first of multiple matching destinations:
{ platform:macOS, arch:arm64, id:11622659d88e7a86fe8b97fba0f6831c28ff07f8, name:My Mac }
{ platform:macOS, arch:arm64, variant:Mac Catalyst, id:11622659d88e7a86fe8b97fba0f6831c28ff07f8, name:My Mac }
{ platform:macOS, arch:arm64, variant:DriverKit, id:11622659d88e7a86fe8b97fba0f6831c28ff07f8, name:My Mac }
{ platform:macOS, arch:arm64, variant:Designed for [iPad,iPhone], id:11622659d88e7a86fe8b97fba0f6831c28ff07f8, name:My Mac }
** BUILD FAILED **
The following build commands failed:
SwiftCompile normal arm64 (in target 'StemTests-product' from project 'Stem')
SwiftEmitModule normal arm64 Emitting\ module\ for\ StemTests (in target 'StemTests-product' from project 'Stem')
Building workspace Stem with scheme Stem-Package
(3 failures)
Command line invocation:
/Applications/Xcode-27.0.0-Release.Candidate.app/Contents/Developer/usr/bin/xcodebuild -IDEClonedSourcePackagesDirPathOverride=/Users/admin/builder/spi-builder-workspace/.dependencies -resolvePackageDependencies
Resolve Package Graph
Resolved source packages:
Stem: /Users/admin/builder/spi-builder-workspace
resolved source packages: Stem
2026-09-21 11:39:40.330 xcodebuild[901:5682] [MT] IDERunDestination: Supported platforms for the buildables in the current scheme is empty.
2026-09-21 11:39:40.433 xcodebuild[901:5682] [MT] IDERunDestination: Supported platforms for the buildables in the current scheme is empty.
{
"dependencies" : [
],
"manifest_display_name" : "Stem",
"name" : "Stem",
"path" : "/Users/admin/builder/spi-builder-workspace",
"platforms" : [
{
"name" : "ios",
"version" : "13.0"
},
{
"name" : "macos",
"version" : "11.0"
},
{
"name" : "tvos",
"version" : "13.0"
},
{
"name" : "watchos",
"version" : "6.0"
}
],
"products" : [
{
"name" : "Stem",
"targets" : [
"Stem"
],
"type" : {
"library" : [
"automatic"
]
}
}
],
"targets" : [
{
"c99name" : "StemTests",
"module_type" : "SwiftTarget",
"name" : "StemTests",
"path" : "Tests/StemTests",
"sources" : [
"AttributedString+HTML.swift",
"LyricTests.swift",
"MimeType/CGFloatExtensionTests.swift",
"MimeType/MimeTypeTest.swift",
"MimeType/StringExtensionTests.swift",
"MimeType/Tests.swift",
"Test-Combine.swift",
"XMLTest.swift"
],
"target_dependencies" : [
"Stem"
],
"type" : "test"
},
{
"c99name" : "Stem",
"module_type" : "SwiftTarget",
"name" : "Stem",
"path" : "Sources/Stem",
"product_memberships" : [
"Stem"
],
"sources" : [
"Core/Stem.swift",
"CrossPlatform/AVKit/AVAsset.swift",
"CrossPlatform/AVKit/AudioFileService.swift",
"CrossPlatform/AVKit/CoreAudioTypes.swift",
"CrossPlatform/AVKit/STAudioPlayer.swift",
"CrossPlatform/AVKit/STAudioQueueService.swift",
"CrossPlatform/AVKit/STAudioRecorder.swift",
"CrossPlatform/AVKit/STMetadataObject/STAVMetadataObjectKind.swift",
"CrossPlatform/AVKit/STMetadataObject/STMetadataFaceObject.swift",
"CrossPlatform/AVKit/STMetadataObject/STMetadataMachineReadableCodeObject.swift",
"CrossPlatform/AVKit/STMetadataObject/STMetadataObject.swift",
"CrossPlatform/AVKit/UIDevice+AVFoundation.swift",
"CrossPlatform/AVKit/UIImage+video.swift",
"CrossPlatform/Color/Color+darkMode.swift",
"CrossPlatform/Color/STWrapperColor+typealias.swift",
"CrossPlatform/Color/STWrapperColor.swift",
"CrossPlatform/Custom/Bundle/Bundle.swift",
"CrossPlatform/Custom/Combine/Combine+Async.swift",
"CrossPlatform/Custom/Combine/Combine+NSObject.swift",
"CrossPlatform/Custom/Combine/Combine+Publisher.swift",
"CrossPlatform/Custom/Device/Device+cpu.swift",
"CrossPlatform/Custom/Device/Device+information.swift",
"CrossPlatform/Custom/Device/Device+network.swift",
"CrossPlatform/Custom/Device/Device+other.swift",
"CrossPlatform/Custom/Device/Device+space.swift",
"CrossPlatform/Custom/Device/Device.swift",
"CrossPlatform/Custom/Foundation/Delegate.swift",
"CrossPlatform/Custom/Foundation/Gcd.swift",
"CrossPlatform/Custom/Foundation/Notice/Notice.swift",
"CrossPlatform/Custom/Foundation/Notice/NoticeParsable.swift",
"CrossPlatform/Custom/Foundation/Notice/NoticeToken.swift",
"CrossPlatform/Custom/Foundation/Notice/NoticeType.swift",
"CrossPlatform/Custom/Foundation/STLRUCache.swift",
"CrossPlatform/Custom/Foundation/UserDefaults.swift",
"CrossPlatform/Custom/Foundation/Version/STVersion.swift",
"CrossPlatform/Custom/Foundation/Version/Version+StringLiteralConvertible.swift",
"CrossPlatform/Custom/Location/LocationTransformer.swift",
"CrossPlatform/Custom/StemArrayResultBuilder.swift",
"CrossPlatform/Custom/StemError.swift",
"CrossPlatform/Custom/StemFont.swift",
"CrossPlatform/Custom/StemShell.swift",
"CrossPlatform/Custom/StringMarker/StringMarker.swift",
"CrossPlatform/Custom/StringMarker/StringRender+Marker.swift",
"CrossPlatform/Custom/StringMarker/StringRender.swift",
"CrossPlatform/Foundation/Coder/Coder.swift",
"CrossPlatform/Foundation/Date/Date.swift",
"CrossPlatform/Foundation/Date/Timer.swift",
"CrossPlatform/Foundation/Dispatch/DispatchQueue.swift",
"CrossPlatform/Foundation/Fundamentals/Formatter/ByteCountFormatter.swift",
"CrossPlatform/Foundation/Fundamentals/Formatter/NumberFormatter.swift",
"CrossPlatform/Foundation/NSItemProvider/NSItemProvider.swift",
"CrossPlatform/Foundation/StringProtocol/CharacterSet.swift",
"CrossPlatform/Foundation/StringProtocol/StringProtocol.swift",
"CrossPlatform/Foundation/Then.swift",
"CrossPlatform/Fundamentals/Collections/Array.swift",
"CrossPlatform/Fundamentals/Collections/CollectionConcurrencyKit.swift",
"CrossPlatform/Fundamentals/Collections/Dictionary.swift",
"CrossPlatform/Fundamentals/Collections/IndexPath.swift",
"CrossPlatform/Fundamentals/Collections/STCountedSet.swift",
"CrossPlatform/Fundamentals/Collections/Sequence.swift",
"CrossPlatform/Fundamentals/Data/Data+MimeType.swift",
"CrossPlatform/Fundamentals/Data/Data+crypto.swift",
"CrossPlatform/Fundamentals/Data/Data.swift",
"CrossPlatform/Fundamentals/Geometry/CGFloat.swift",
"CrossPlatform/Fundamentals/Geometry/CGPoint.swift",
"CrossPlatform/Fundamentals/Geometry/CGRect.swift",
"CrossPlatform/Fundamentals/Geometry/CGSize.swift",
"CrossPlatform/Fundamentals/Geometry/CGVector.swift",
"CrossPlatform/Fundamentals/Number/Bool.swift",
"CrossPlatform/Fundamentals/Number/Decimal.swift",
"CrossPlatform/Fundamentals/Number/Double.swift",
"CrossPlatform/Fundamentals/String/Character/Character.swift",
"CrossPlatform/Fundamentals/String/String+Emoji.swift",
"CrossPlatform/Fundamentals/String/String+Header.swift",
"CrossPlatform/Fundamentals/String/String+Map.swift",
"CrossPlatform/Fundamentals/String/String+random.swift",
"CrossPlatform/Fundamentals/String/String+substring.swift",
"CrossPlatform/Fundamentals/String/String+tokenize.swift",
"CrossPlatform/Fundamentals/URL/URL.swift",
"CrossPlatform/ISO/ISO_3166-1_alpha-2.swift",
"CrossPlatform/MapKit/CLGeocoder.swift",
"CrossPlatform/NSObject/NSObject.swift",
"CrossPlatform/NSObject/NSObjectObserver.swift",
"CrossPlatform/NSObject/STWeak.swift",
"CrossPlatform/Network/NetworkMonitor.swift",
"CrossPlatform/Parser/JSON/StemXML.swift",
"CrossPlatform/Runtime/Invocation.swift",
"CrossPlatform/Runtime/RunTime+Exchange.swift",
"CrossPlatform/Runtime/RunTime+ObjectType.swift",
"CrossPlatform/Runtime/RunTime+Print.swift",
"CrossPlatform/Runtime/RunTime.swift",
"CrossPlatform/SFSymbol/SFSymbol+Image.swift",
"CrossPlatform/SFSymbol/SFSymbol+NSImage.swift",
"CrossPlatform/SFSymbol/SFSymbol+UIImage.swift",
"CrossPlatform/SFSymbol/SFSymbol.swift",
"CrossPlatform/STImage.swift",
"CrossPlatform/STLyric.swift",
"CrossPlatform/SwiftUI/STLazyView.swift",
"CrossPlatform/UserNotifications/UNUserNotificationCenter.swift",
"CrossPlatform/WebKit/HybridCookieStorage.swift",
"CrossPlatform/WebKit/WebKit+WKWebView.swift",
"STUIKit/RecoverNavigationProtocol/RecoverNavigationProtocol.swift",
"UIKit/Application/UIApplication.swift",
"UIKit/Application/UIWindow.swift",
"UIKit/AttributedString/AttributedString+Attribute.swift",
"UIKit/AttributedString/AttributedString.swift",
"UIKit/AttributedString/MutableAttributedString.swift",
"UIKit/Control/UIButton.swift",
"UIKit/Control/UIControl.swift",
"UIKit/Custom/GestureRecognizer/STGestureRecognizer.swift",
"UIKit/Custom/TapticEngine/TapticEngine.swift",
"UIKit/Font/UIFont.swift",
"UIKit/GestureRecognizer/UIGestureRecognizer+State.swift",
"UIKit/Image/CGImage/CGImage.swift",
"UIKit/Image/CoreImage/CIFilter+Generator.swift",
"UIKit/Image/CoreImage/CIFilter+enum.swift",
"UIKit/Image/CoreImage/CIFilter+protocol.swift",
"UIKit/Image/NSImage/NSImage+Data.swift",
"UIKit/Image/NSImage/NSImage+Resize.swift",
"UIKit/Image/SVG/StemSVG.swift",
"UIKit/Image/UIImage/UIImage+Color.swift",
"UIKit/Image/UIImage/UIImage+CoreImage.swift",
"UIKit/Image/UIImage/UIImage+Edit.swift",
"UIKit/Image/UIImage/UIImage+Format.swift",
"UIKit/Image/UIImage/UIImage+info.swift",
"UIKit/Image/UIImage/UIImage+size.swift",
"UIKit/Image/UIImage/UImage+other.swift",
"UIKit/ImageView/UIImageView.swift",
"UIKit/InputView/UISearchBar.swift",
"UIKit/InputView/UITextField.swift",
"UIKit/InputView/UITextView.swift",
"UIKit/Interface/UINib.swift",
"UIKit/Interface/UIStoryboard.swift",
"UIKit/Keyboard/KeyboardStateManager.swift",
"UIKit/Keyboard/UIKeyCommand.swift",
"UIKit/Label/UILabel.swift",
"UIKit/ListView/UIScrollView.swift",
"UIKit/NSLayoutConstraint/NSLayoutConstraint.swift",
"UIKit/View/CALayer+Stem.swift",
"UIKit/View/STLayerView.swift",
"UIKit/View/STSwitch.swift",
"UIKit/View/UIResponder.swift",
"UIKit/View/UIStackView.swift",
"UIKit/View/UIView.swift",
"UIKit/ViewController/STControllerPreview.swift",
"UIKit/ViewController/UINavigationController.swift",
"UIKit/ViewController/UIViewController.swift"
],
"type" : "library"
}
],
"tools_version" : "5.7"
}
{
"workspace" : {
"name" : "Stem",
"schemes" : [
"Stem",
"Stem-Package",
"StemColor",
"StemFilePath"
]
}
}
2026-09-21 11:39:41.575 xcodebuild[909:5750] [MT] IDERunDestination: Supported platforms for the buildables in the current scheme is empty.
2026-09-21 11:39:41.676 xcodebuild[909:5750] [MT] IDERunDestination: Supported platforms for the buildables in the current scheme is empty.
Running build ...
env DEVELOPER_DIR=/Applications/Xcode-27.0.0-Release.Candidate.app xcrun xcodebuild -IDEClonedSourcePackagesDirPathOverride=$PWD/.dependencies -skipMacroValidation -skipPackagePluginValidation -derivedDataPath $PWD/.derivedData build -scheme Stem-Package -destination platform=macOS,arch=arm64
Command line invocation:
/Applications/Xcode-27.0.0-Release.Candidate.app/Contents/Developer/usr/bin/xcodebuild -IDEClonedSourcePackagesDirPathOverride=/Users/admin/builder/spi-builder-workspace/.dependencies -skipMacroValidation -skipPackagePluginValidation -derivedDataPath /Users/admin/builder/spi-builder-workspace/.derivedData build -scheme Stem-Package -destination platform=macOS,arch=arm64
Resolve Package Graph
Resolved source packages:
Stem: /Users/admin/builder/spi-builder-workspace
ComputePackagePrebuildTargetDependencyGraph
Prepare packages
CreateBuildRequest
SendProjectDescription
CreateBuildOperation
ComputeTargetDependencyGraph
note: Building targets in dependency order
note: Target dependency graph (4 targets)
Target 'StemTests-product' in project 'Stem'
➜ Explicit dependency on target 'Stem_StemTests' in project 'Stem'
➜ Explicit dependency on target 'Stem' in project 'Stem'
Target 'Stem-product' in project 'Stem'
➜ Explicit dependency on target 'Stem' in project 'Stem'
Target 'Stem' in project 'Stem' (no dependencies)
Target 'Stem_StemTests' in project 'Stem' (no dependencies)
GatherProvisioningInputs
CreateBuildDescription
ClangStatCache /Applications/Xcode-27.0.0-Release.Candidate.app/Contents/Developer/Toolchains/XcodeDefault.xctoolchain/usr/bin/clang-stat-cache /Applications/Xcode-27.0.0-Release.Candidate.app/Contents/Developer/Platforms/MacOSX.platform/Developer/SDKs/MacOSX27.0.sdk /Users/admin/builder/spi-builder-workspace/.derivedData/SDKStatCaches.noindex/macosx27.0-26A425-e829b21a6f8c9b70876ba0858053c0446a22442a12e9d48fe1a705f55a1adfc4.sdkstatcache
cd /Users/admin/builder/spi-builder-workspace/.swiftpm/xcode
/Applications/Xcode-27.0.0-Release.Candidate.app/Contents/Developer/Toolchains/XcodeDefault.xctoolchain/usr/bin/clang-stat-cache /Applications/Xcode-27.0.0-Release.Candidate.app/Contents/Developer/Platforms/MacOSX.platform/Developer/SDKs/MacOSX27.0.sdk -o /Users/admin/builder/spi-builder-workspace/.derivedData/SDKStatCaches.noindex/macosx27.0-26A425-e829b21a6f8c9b70876ba0858053c0446a22442a12e9d48fe1a705f55a1adfc4.sdkstatcache
SwiftDriver Stem normal arm64 com.apple.xcode.tools.swift.compiler (in target 'Stem' from project 'Stem')
cd /Users/admin/builder/spi-builder-workspace/.swiftpm/xcode
builtin-SwiftDriver -- /Applications/Xcode-27.0.0-Release.Candidate.app/Contents/Developer/Toolchains/XcodeDefault.xctoolchain/usr/bin/swiftc -parse-as-library -module-name Stem -Onone @/Users/admin/builder/spi-builder-workspace/.derivedData/Build/Intermediates.noindex/Stem.build/Debug/Stem-t.build/Objects-normal/arm64/Stem.SwiftFileList -DSWIFT_PACKAGE -DDEBUG -DSWIFT_MODULE_RESOURCE_BUNDLE_UNAVAILABLE -DXcode -plugin-path /Applications/Xcode-27.0.0-Release.Candidate.app/Contents/Developer/Toolchains/XcodeDefault.xctoolchain/usr/lib/swift/host/plugins/testing -enable-experimental-feature DebugDescriptionMacro -sdk /Applications/Xcode-27.0.0-Release.Candidate.app/Contents/Developer/Platforms/MacOSX.platform/Developer/SDKs/MacOSX27.0.sdk -target arm64-apple-macos12.0 -g -module-cache-path /Users/admin/builder/spi-builder-workspace/.derivedData/ModuleCache.noindex -Xfrontend -serialize-debugging-options -profile-coverage-mapping -profile-generate -enable-testing -index-store-path /Users/admin/builder/spi-builder-workspace/.derivedData/Index.noindex/DataStore -Xcc -D_LIBCPP_HARDENING_MODE\=_LIBCPP_HARDENING_MODE_DEBUG -swift-version 5 -I /Users/admin/builder/spi-builder-workspace/.derivedData/Build/Products/Debug -Isystem /Applications/Xcode-27.0.0-Release.Candidate.app/Contents/Developer/Platforms/MacOSX.platform/Developer/usr/lib -F /Users/admin/builder/spi-builder-workspace/.derivedData/Build/Products/Debug -F /Applications/Xcode-27.0.0-Release.Candidate.app/Contents/Developer/Platforms/MacOSX.platform/Developer/Library/Frameworks -c -j10 -enable-batch-mode -incremental -Xcc -ivfsstatcache -Xcc /Users/admin/builder/spi-builder-workspace/.derivedData/SDKStatCaches.noindex/macosx27.0-26A425-e829b21a6f8c9b70876ba0858053c0446a22442a12e9d48fe1a705f55a1adfc4.sdkstatcache -output-file-map /Users/admin/builder/spi-builder-workspace/.derivedData/Build/Intermediates.noindex/Stem.build/Debug/Stem-t.build/Objects-normal/arm64/Stem-OutputFileMap.json -save-temps -no-color-diagnostics -explicit-module-build -module-cache-path /Users/admin/builder/spi-builder-workspace/.derivedData/Build/Intermediates.noindex/SwiftExplicitPrecompiledModules -clang-scanner-module-cache-path /Users/admin/builder/spi-builder-workspace/.derivedData/ModuleCache.noindex -sdk-module-cache-path /Users/admin/builder/spi-builder-workspace/.derivedData/SDKExplicitPrecompiledModules -emit-dependencies -emit-module -emit-module-path /Users/admin/builder/spi-builder-workspace/.derivedData/Build/Intermediates.noindex/Stem.build/Debug/Stem-t.build/Objects-normal/arm64/Stem.swiftmodule -serialize-diagnostics -dependency-scan-serialize-diagnostics-path /Users/admin/builder/spi-builder-workspace/.derivedData/Build/Intermediates.noindex/Stem.build/Debug/Stem-t.build/Objects-normal/arm64/Stem-dependency-scan.dia -validate-clang-modules-once -clang-build-session-file /Users/admin/builder/spi-builder-workspace/.derivedData/ModuleCache.noindex/Session.modulevalidation -Xcc -fmodules-prune-interval\=86400 -Xcc -fmodules-prune-after\=345600 -emit-const-values -const-gather-protocols-list /Users/admin/builder/spi-builder-workspace/.derivedData/Build/Intermediates.noindex/Stem.build/Debug/Stem-t.build/Objects-normal/arm64/Stem_const_extract_protocols.json -Xcc -I/Users/admin/builder/spi-builder-workspace/.derivedData/Build/Products/Debug/include -Xcc -I/Users/admin/builder/spi-builder-workspace/.derivedData/Build/Intermediates.noindex/Stem.build/Debug/Stem-t.build/DerivedSources-normal/arm64 -Xcc -I/Users/admin/builder/spi-builder-workspace/.derivedData/Build/Intermediates.noindex/Stem.build/Debug/Stem-t.build/DerivedSources/arm64 -Xcc -I/Users/admin/builder/spi-builder-workspace/.derivedData/Build/Intermediates.noindex/Stem.build/Debug/Stem-t.build/DerivedSources -Xcc -DSWIFT_PACKAGE -Xcc -DDEBUG\=1 -emit-objc-header -emit-objc-header-path /Users/admin/builder/spi-builder-workspace/.derivedData/Build/Intermediates.noindex/Stem.build/Debug/Stem-t.build/Objects-normal/arm64/Stem-Swift.h -working-directory /Users/admin/builder/spi-builder-workspace/.swiftpm/xcode -experimental-emit-module-separately -disable-cmo
SwiftDriver StemTests normal arm64 com.apple.xcode.tools.swift.compiler (in target 'StemTests-product' from project 'Stem')
cd /Users/admin/builder/spi-builder-workspace/.swiftpm/xcode
builtin-SwiftDriver -- /Applications/Xcode-27.0.0-Release.Candidate.app/Contents/Developer/Toolchains/XcodeDefault.xctoolchain/usr/bin/swiftc -parse-as-library -module-name StemTests -Onone @/Users/admin/builder/spi-builder-workspace/.derivedData/Build/Intermediates.noindex/Stem.build/Debug/StemTests-p.build/Objects-normal/arm64/StemTests.SwiftFileList -DSWIFT_PACKAGE -DDEBUG -DSWIFT_MODULE_RESOURCE_BUNDLE_AVAILABLE -DXcode -plugin-path /Applications/Xcode-27.0.0-Release.Candidate.app/Contents/Developer/Toolchains/XcodeDefault.xctoolchain/usr/lib/swift/host/plugins/testing -enable-experimental-feature DebugDescriptionMacro -sdk /Applications/Xcode-27.0.0-Release.Candidate.app/Contents/Developer/Platforms/MacOSX.platform/Developer/SDKs/MacOSX27.0.sdk -target arm64-apple-macos14.0 -g -module-cache-path /Users/admin/builder/spi-builder-workspace/.derivedData/ModuleCache.noindex -Xfrontend -serialize-debugging-options -profile-coverage-mapping -profile-generate -enable-testing -index-store-path /Users/admin/builder/spi-builder-workspace/.derivedData/Index.noindex/DataStore -Xcc -D_LIBCPP_HARDENING_MODE\=_LIBCPP_HARDENING_MODE_DEBUG -swift-version 5 -I /Users/admin/builder/spi-builder-workspace/.derivedData/Build/Products/Debug -Isystem /Applications/Xcode-27.0.0-Release.Candidate.app/Contents/Developer/Platforms/MacOSX.platform/Developer/usr/lib -F /Users/admin/builder/spi-builder-workspace/.derivedData/Build/Products/Debug/PackageFrameworks -F /Users/admin/builder/spi-builder-workspace/.derivedData/Build/Products/Debug -F /Applications/Xcode-27.0.0-Release.Candidate.app/Contents/Developer/Platforms/MacOSX.platform/Developer/Library/Frameworks -c -j10 -enable-batch-mode -incremental -Xcc -ivfsstatcache -Xcc /Users/admin/builder/spi-builder-workspace/.derivedData/SDKStatCaches.noindex/macosx27.0-26A425-e829b21a6f8c9b70876ba0858053c0446a22442a12e9d48fe1a705f55a1adfc4.sdkstatcache -output-file-map /Users/admin/builder/spi-builder-workspace/.derivedData/Build/Intermediates.noindex/Stem.build/Debug/StemTests-p.build/Objects-normal/arm64/StemTests-OutputFileMap.json -save-temps -no-color-diagnostics -explicit-module-build -module-cache-path /Users/admin/builder/spi-builder-workspace/.derivedData/Build/Intermediates.noindex/SwiftExplicitPrecompiledModules -clang-scanner-module-cache-path /Users/admin/builder/spi-builder-workspace/.derivedData/ModuleCache.noindex -sdk-module-cache-path /Users/admin/builder/spi-builder-workspace/.derivedData/SDKExplicitPrecompiledModules -emit-dependencies -emit-module -emit-module-path /Users/admin/builder/spi-builder-workspace/.derivedData/Build/Intermediates.noindex/Stem.build/Debug/StemTests-p.build/Objects-normal/arm64/StemTests.swiftmodule -serialize-diagnostics -dependency-scan-serialize-diagnostics-path /Users/admin/builder/spi-builder-workspace/.derivedData/Build/Intermediates.noindex/Stem.build/Debug/StemTests-p.build/Objects-normal/arm64/StemTests-dependency-scan.dia -validate-clang-modules-once -clang-build-session-file /Users/admin/builder/spi-builder-workspace/.derivedData/ModuleCache.noindex/Session.modulevalidation -Xcc -fmodules-prune-interval\=86400 -Xcc -fmodules-prune-after\=345600 -emit-const-values -const-gather-protocols-list /Users/admin/builder/spi-builder-workspace/.derivedData/Build/Intermediates.noindex/Stem.build/Debug/StemTests-p.build/Objects-normal/arm64/StemTests_const_extract_protocols.json -Xcc -I/Users/admin/builder/spi-builder-workspace/.derivedData/Build/Products/Debug/include -Xcc -I/Users/admin/builder/spi-builder-workspace/.derivedData/Build/Intermediates.noindex/Stem.build/Debug/StemTests-p.build/DerivedSources-normal/arm64 -Xcc -I/Users/admin/builder/spi-builder-workspace/.derivedData/Build/Intermediates.noindex/Stem.build/Debug/StemTests-p.build/DerivedSources/arm64 -Xcc -I/Users/admin/builder/spi-builder-workspace/.derivedData/Build/Intermediates.noindex/Stem.build/Debug/StemTests-p.build/DerivedSources -Xcc -DSWIFT_PACKAGE -Xcc -DDEBUG\=1 -working-directory /Users/admin/builder/spi-builder-workspace/.swiftpm/xcode -experimental-emit-module-separately -disable-cmo
SwiftCompile normal arm64 Compiling\ AttributedString+HTML.swift /Users/admin/builder/spi-builder-workspace/Tests/StemTests/AttributedString+HTML.swift (in target 'StemTests-product' from project 'Stem')
SwiftCompile normal arm64 /Users/admin/builder/spi-builder-workspace/Tests/StemTests/AttributedString+HTML.swift (in target 'StemTests-product' from project 'Stem')
cd /Users/admin/builder/spi-builder-workspace/.swiftpm/xcode
builtin-SwiftPerFileCompile AttributedString+HTML.swift
SwiftCompile normal arm64 Compiling\ resource_bundle_accessor.swift /Users/admin/builder/spi-builder-workspace/.derivedData/Build/Intermediates.noindex/Stem.build/Debug/StemTests-p.build/DerivedSources/resource_bundle_accessor.swift (in target 'StemTests-product' from project 'Stem')
SwiftCompile normal arm64 /Users/admin/builder/spi-builder-workspace/.derivedData/Build/Intermediates.noindex/Stem.build/Debug/StemTests-p.build/DerivedSources/resource_bundle_accessor.swift (in target 'StemTests-product' from project 'Stem')
cd /Users/admin/builder/spi-builder-workspace/.swiftpm/xcode
builtin-SwiftPerFileCompile resource_bundle_accessor.swift
SwiftCompile normal arm64 Compiling\ CGFloatExtensionTests.swift /Users/admin/builder/spi-builder-workspace/Tests/StemTests/MimeType/CGFloatExtensionTests.swift (in target 'StemTests-product' from project 'Stem')
SwiftCompile normal arm64 /Users/admin/builder/spi-builder-workspace/Tests/StemTests/MimeType/CGFloatExtensionTests.swift (in target 'StemTests-product' from project 'Stem')
cd /Users/admin/builder/spi-builder-workspace/.swiftpm/xcode
builtin-SwiftPerFileCompile CGFloatExtensionTests.swift
SwiftCompile normal arm64 Compiling\ MimeTypeTest.swift /Users/admin/builder/spi-builder-workspace/Tests/StemTests/MimeType/MimeTypeTest.swift (in target 'StemTests-product' from project 'Stem')
SwiftCompile normal arm64 /Users/admin/builder/spi-builder-workspace/Tests/StemTests/MimeType/MimeTypeTest.swift (in target 'StemTests-product' from project 'Stem')
cd /Users/admin/builder/spi-builder-workspace/.swiftpm/xcode
builtin-SwiftPerFileCompile MimeTypeTest.swift
SwiftCompile normal arm64 Compiling\ LyricTests.swift /Users/admin/builder/spi-builder-workspace/Tests/StemTests/LyricTests.swift (in target 'StemTests-product' from project 'Stem')
SwiftCompile normal arm64 /Users/admin/builder/spi-builder-workspace/Tests/StemTests/LyricTests.swift (in target 'StemTests-product' from project 'Stem')
cd /Users/admin/builder/spi-builder-workspace/.swiftpm/xcode
builtin-SwiftPerFileCompile LyricTests.swift
SwiftCompile normal arm64 Compiling\ Tests.swift /Users/admin/builder/spi-builder-workspace/Tests/StemTests/MimeType/Tests.swift (in target 'StemTests-product' from project 'Stem')
SwiftCompile normal arm64 /Users/admin/builder/spi-builder-workspace/Tests/StemTests/MimeType/Tests.swift (in target 'StemTests-product' from project 'Stem')
cd /Users/admin/builder/spi-builder-workspace/.swiftpm/xcode
builtin-SwiftPerFileCompile Tests.swift
SwiftCompile normal arm64 Compiling\ Test-Combine.swift /Users/admin/builder/spi-builder-workspace/Tests/StemTests/Test-Combine.swift (in target 'StemTests-product' from project 'Stem')
SwiftCompile normal arm64 /Users/admin/builder/spi-builder-workspace/Tests/StemTests/Test-Combine.swift (in target 'StemTests-product' from project 'Stem')
cd /Users/admin/builder/spi-builder-workspace/.swiftpm/xcode
builtin-SwiftPerFileCompile Test-Combine.swift
SwiftCompile normal arm64 Compiling\ XMLTest.swift /Users/admin/builder/spi-builder-workspace/Tests/StemTests/XMLTest.swift (in target 'StemTests-product' from project 'Stem')
/Users/admin/builder/spi-builder-workspace/Tests/StemTests/XMLTest.swift:22:46: warning: left side of nil coalescing operator '??' has non-optional type 'String?', so the right side is never used
20 |
21 | init(ximalaya xml: StemXML.Item) {
22 | url = (xml.attributes["url"] ?? "").flatMap(URL.init(string:))
| `- warning: left side of nil coalescing operator '??' has non-optional type 'String?', so the right side is never used
23 | type = xml.attributes["type"] ?? ""
24 | length = Int(xml.attributes["length"] ?? "") ?? 0
SwiftCompile normal arm64 /Users/admin/builder/spi-builder-workspace/Tests/StemTests/XMLTest.swift (in target 'StemTests-product' from project 'Stem')
cd /Users/admin/builder/spi-builder-workspace/.swiftpm/xcode
builtin-SwiftPerFileCompile XMLTest.swift
SwiftEmitModule normal arm64 Emitting\ module\ for\ StemTests (in target 'StemTests-product' from project 'Stem')
/Users/admin/builder/spi-builder-workspace/Tests/StemTests/MimeType/MimeTypeTest.swift:17:46: error: 'FileType' is not a member type of struct 'Foundation.Data'
15 | }
16 |
17 | func Assert(_ name: String, _ type: Data.FileType) {
| `- error: 'FileType' is not a member type of struct 'Foundation.Data'
18 | guard let mimeType = data(name)?.st.mimeType else {
19 | XCTAssert(false, "not found: \(name) \(type)")
Foundation.Data:2:23: note: 'Data' declared here
1 | @available(macOS 10.10, iOS 8.0, watchOS 2.0, tvOS 9.0, *)
2 | @frozen public struct Data : RandomAccessCollection, MutableCollection, RangeReplaceableCollection, Sendable, Hashable {
| `- note: 'Data' declared here
3 | public typealias Index = Int
4 | public typealias Indices = Range<Int>
Failed frontend command:
/Applications/Xcode-27.0.0-Release.Candidate.app/Contents/Developer/Toolchains/XcodeDefault.xctoolchain/usr/bin/swift-frontend -frontend -emit-module -experimental-skip-non-inlinable-function-bodies-without-types /Users/admin/builder/spi-builder-workspace/.derivedData/Build/Intermediates.noindex/Stem.build/Debug/StemTests-p.build/DerivedSources/resource_bundle_accessor.swift /Users/admin/builder/spi-builder-workspace/Tests/StemTests/AttributedString+HTML.swift /Users/admin/builder/spi-builder-workspace/Tests/StemTests/LyricTests.swift /Users/admin/builder/spi-builder-workspace/Tests/StemTests/MimeType/CGFloatExtensionTests.swift /Users/admin/builder/spi-builder-workspace/Tests/StemTests/MimeType/MimeTypeTest.swift /Users/admin/builder/spi-builder-workspace/Tests/StemTests/MimeType/StringExtensionTests.swift /Users/admin/builder/spi-builder-workspace/Tests/StemTests/MimeType/Tests.swift /Users/admin/builder/spi-builder-workspace/Tests/StemTests/Test-Combine.swift /Users/admin/builder/spi-builder-workspace/Tests/StemTests/XMLTest.swift /Users/admin/builder/spi-builder-workspace/.derivedData/Build/Intermediates.noindex/Stem.build/Debug/StemTests-p.build/DerivedSources/GeneratedAssetSymbols.swift -target arm64-apple-macos14.0 -module-can-import-version DeveloperToolsSupport 24.0.24 24.0.24 -disable-cross-import-overlay-search -swift-module-cross-import Vision /Applications/Xcode-27.0.0-Release.Candidate.app/Contents/Developer/Platforms/MacOSX.platform/Developer/SDKs/MacOSX.sdk/System/Library/Frameworks/Vision.framework/Modules/Vision.swiftcrossimport/FoundationModels.swiftoverlay -swift-module-cross-import Vision /Applications/Xcode-27.0.0-Release.Candidate.app/Contents/Developer/Platforms/MacOSX.platform/Developer/SDKs/MacOSX27.0.sdk/System/Library/Frameworks/Vision.framework/Modules/Vision.swiftcrossimport/FoundationModels.swiftoverlay -swift-module-cross-import WebKit /Applications/Xcode-27.0.0-Release.Candidate.app/Contents/Developer/Platforms/MacOSX.platform/Developer/SDKs/MacOSX.sdk/System/Cryptexes/OS/System/Library/Frameworks/WebKit.framework/Modules/WebKit.swiftcrossimport/SwiftUI.swiftoverlay -swift-module-cross-import WebKit /Applications/Xcode-27.0.0-Release.Candidate.app/Contents/Developer/Platforms/MacOSX.platform/Developer/SDKs/MacOSX27.0.sdk/System/Library/Frameworks/WebKit.framework/Modules/WebKit.swiftcrossimport/SwiftUI.swiftoverlay -load-resolved-plugin /Applications/Xcode-27.0.0-Release.Candidate.app/Contents/Developer/Platforms/MacOSX.platform/Developer/usr/lib/swift/host/plugins/libFoundationMacros.dylib\#/Applications/Xcode-27.0.0-Release.Candidate.app/Contents/Developer/Platforms/MacOSX.platform/Developer/usr/bin/swift-plugin-server\#FoundationMacros -load-resolved-plugin /Applications/Xcode-27.0.0-Release.Candidate.app/Contents/Developer/Platforms/MacOSX.platform/Developer/usr/lib/swift/host/plugins/libObservationMacros.dylib\#/Applications/Xcode-27.0.0-Release.Candidate.app/Contents/Developer/Platforms/MacOSX.platform/Developer/usr/bin/swift-plugin-server\#ObservationMacros -load-resolved-plugin /Applications/Xcode-27.0.0-Release.Candidate.app/Contents/Developer/Platforms/MacOSX.platform/Developer/usr/lib/swift/host/plugins/libPreviewsMacros.dylib\#/Applications/Xcode-27.0.0-Release.Candidate.app/Contents/Developer/Platforms/MacOSX.platform/Developer/usr/bin/swift-plugin-server\#PreviewsMacros -load-resolved-plugin /Applications/Xcode-27.0.0-Release.Candidate.app/Contents/Developer/Platforms/MacOSX.platform/Developer/usr/lib/swift/host/plugins/libSwiftMacros.dylib\#/Applications/Xcode-27.0.0-Release.Candidate.app/Contents/Developer/Platforms/MacOSX.platform/Developer/usr/bin/swift-plugin-server\#SwiftMacros -load-resolved-plugin /Applications/Xcode-27.0.0-Release.Candidate.app/Contents/Developer/Platforms/MacOSX.platform/Developer/usr/lib/swift/host/plugins/libSwiftUIMacros.dylib\#/Applications/Xcode-27.0.0-Release.Candidate.app/Contents/Developer/Platforms/MacOSX.platform/Developer/usr/bin/swift-plugin-server\#SwiftUIMacros -disable-implicit-swift-modules -Xcc -fno-implicit-modules -Xcc -fno-implicit-module-maps -explicit-swift-module-map-file /Users/admin/builder/spi-builder-workspace/.derivedData/Build/Intermediates.noindex/Stem.build/Debug/StemTests-p.build/Objects-normal/arm64/StemTests-dependencies-1.json -Xllvm -aarch64-use-tbi -enable-objc-interop -stack-check -sdk /Applications/Xcode-27.0.0-Release.Candidate.app/Contents/Developer/Platforms/MacOSX.platform/Developer/SDKs/MacOSX27.0.sdk -I /Users/admin/builder/spi-builder-workspace/.derivedData/Build/Products/Debug -Isystem /Applications/Xcode-27.0.0-Release.Candidate.app/Contents/Developer/Platforms/MacOSX.platform/Developer/usr/lib -F /Users/admin/builder/spi-builder-workspace/.derivedData/Build/Products/Debug/PackageFrameworks -F /Users/admin/builder/spi-builder-workspace/.derivedData/Build/Products/Debug -F /Applications/Xcode-27.0.0-Release.Candidate.app/Contents/Developer/Platforms/MacOSX.platform/Developer/Library/Frameworks -module-cache-path /Users/admin/builder/spi-builder-workspace/.derivedData/Build/Intermediates.noindex/SwiftExplicitPrecompiledModules -no-color-diagnostics -Xcc -fno-color-diagnostics -enable-testing -g -debug-info-format\=dwarf -dwarf-version\=4 -profile-generate -profile-coverage-mapping -swift-version 5 -Onone -D SWIFT_PACKAGE -D DEBUG -D SWIFT_MODULE_RESOURCE_BUNDLE_AVAILABLE -D Xcode -serialize-debugging-options -enable-experimental-feature DebugDescriptionMacro -empty-abi-descriptor -validate-clang-modules-once -clang-build-session-file /Users/admin/builder/spi-builder-workspace/.derivedData/ModuleCache.noindex/Session.modulevalidation -Xcc -working-directory -Xcc /Users/admin/builder/spi-builder-workspace/.swiftpm/xcode -enable-anonymous-context-mangled-names -file-compilation-dir /Users/admin/builder/spi-builder-workspace/.swiftpm/xcode -Xcc -D_LIBCPP_HARDENING_MODE\=_LIBCPP_HARDENING_MODE_DEBUG -Xcc -ivfsstatcache -Xcc /Users/admin/builder/spi-builder-workspace/.derivedData/SDKStatCaches.noindex/macosx27.0-26A425-e829b21a6f8c9b70876ba0858053c0446a22442a12e9d48fe1a705f55a1adfc4.sdkstatcache -Xcc -fmodules-prune-interval\=86400 -Xcc -fmodules-prune-after\=345600 -Xcc -I/Users/admin/builder/spi-builder-workspace/.derivedData/Build/Products/Debug/include -Xcc -I/Users/admin/builder/spi-builder-workspace/.derivedData/Build/Intermediates.noindex/Stem.build/Debug/StemTests-p.build/DerivedSources-normal/arm64 -Xcc -I/Users/admin/builder/spi-builder-workspace/.derivedData/Build/Intermediates.noindex/Stem.build/Debug/StemTests-p.build/DerivedSources/arm64 -Xcc -I/Users/admin/builder/spi-builder-workspace/.derivedData/Build/Intermediates.noindex/Stem.build/Debug/StemTests-p.build/DerivedSources -Xcc -DSWIFT_PACKAGE -Xcc -DDEBUG\=1 -no-auto-bridging-header-chaining -module-name StemTests -const-gather-protocols-file /Users/admin/builder/spi-builder-workspace/.derivedData/Build/Intermediates.noindex/Stem.build/Debug/StemTests-p.build/Objects-normal/arm64/StemTests_const_extract_protocols.json -disable-clang-spi -clang-target arm64-apple-macos27.0 -target-sdk-version 27.0 -target-sdk-name macosx27.0 -in-process-plugin-server-path /Applications/Xcode-27.0.0-Release.Candidate.app/Contents/Developer/Toolchains/XcodeDefault.xctoolchain/usr/lib/swift/host/libSwiftInProcPluginServer.dylib -emit-module-doc-path /Users/admin/builder/spi-builder-workspace/.derivedData/Build/Intermediates.noindex/Stem.build/Debug/StemTests-p.build/Objects-normal/arm64/StemTests.swiftdoc -emit-module-source-info-path /Users/admin/builder/spi-builder-workspace/.derivedData/Build/Intermediates.noindex/Stem.build/Debug/StemTests-p.build/Objects-normal/arm64/StemTests.swiftsourceinfo -serialize-diagnostics-path /Users/admin/builder/spi-builder-workspace/.derivedData/Build/Intermediates.noindex/Stem.build/Debug/StemTests-p.build/Objects-normal/arm64/StemTests-primary-emit-module.dia -emit-dependencies-path /Users/admin/builder/spi-builder-workspace/.derivedData/Build/Intermediates.noindex/Stem.build/Debug/StemTests-p.build/Objects-normal/arm64/StemTests-primary-emit-module.d -parse-as-library -o /Users/admin/builder/spi-builder-workspace/.derivedData/Build/Intermediates.noindex/Stem.build/Debug/StemTests-p.build/Objects-normal/arm64/StemTests.swiftmodule -emit-abi-descriptor-path /Users/admin/builder/spi-builder-workspace/.derivedData/Build/Intermediates.noindex/Stem.build/Debug/StemTests-p.build/Objects-normal/arm64/StemTests.abi.json
SwiftCompile normal arm64 (in target 'StemTests-product' from project 'Stem')
cd /Users/admin/builder/spi-builder-workspace/.swiftpm/xcode
SwiftCompile normal arm64 Compiling\ GeneratedAssetSymbols.swift /Users/admin/builder/spi-builder-workspace/.derivedData/Build/Intermediates.noindex/Stem.build/Debug/StemTests-p.build/DerivedSources/GeneratedAssetSymbols.swift (in target 'StemTests-product' from project 'Stem')
SwiftCompile normal arm64 /Users/admin/builder/spi-builder-workspace/.derivedData/Build/Intermediates.noindex/Stem.build/Debug/StemTests-p.build/DerivedSources/GeneratedAssetSymbols.swift (in target 'StemTests-product' from project 'Stem')
cd /Users/admin/builder/spi-builder-workspace/.swiftpm/xcode
builtin-SwiftPerFileCompile GeneratedAssetSymbols.swift
SwiftEmitModule normal arm64 Emitting\ module\ for\ Stem (in target 'Stem' from project 'Stem')
SwiftCompile normal arm64 (in target 'Stem' from project 'Stem')
cd /Users/admin/builder/spi-builder-workspace/.swiftpm/xcode
SwiftDriverJobDiscovery normal arm64 Compiling resource_bundle_accessor.swift (in target 'StemTests-product' from project 'Stem')
SwiftCompile normal arm64 Compiling\ StringExtensionTests.swift /Users/admin/builder/spi-builder-workspace/Tests/StemTests/MimeType/StringExtensionTests.swift (in target 'StemTests-product' from project 'Stem')
SwiftCompile normal arm64 /Users/admin/builder/spi-builder-workspace/Tests/StemTests/MimeType/StringExtensionTests.swift (in target 'StemTests-product' from project 'Stem')
cd /Users/admin/builder/spi-builder-workspace/.swiftpm/xcode
builtin-SwiftPerFileCompile StringExtensionTests.swift
PruneExplicitPrecompiledModules /Users/admin/builder/spi-builder-workspace/.derivedData/SDKExplicitPrecompiledModules
PruneExplicitPrecompiledModules /Users/admin/builder/spi-builder-workspace/.derivedData/Build/Intermediates.noindex/ExplicitPrecompiledModules
PruneExplicitPrecompiledModules /Users/admin/builder/spi-builder-workspace/.derivedData/Build/Intermediates.noindex/SwiftExplicitPrecompiledModules
2026-09-21 11:39:42.558 xcodebuild[910:5775] [MT] IDERunDestination: Supported platforms for the buildables in the current scheme is empty.
2026-09-21 11:39:42.659 xcodebuild[910:5775] [MT] IDERunDestination: Supported platforms for the buildables in the current scheme is empty.
--- xcodebuild: WARNING: Using the first of multiple matching destinations:
{ platform:macOS, arch:arm64, id:11622659d88e7a86fe8b97fba0f6831c28ff07f8, name:My Mac }
{ platform:macOS, arch:arm64, variant:Mac Catalyst, id:11622659d88e7a86fe8b97fba0f6831c28ff07f8, name:My Mac }
{ platform:macOS, arch:arm64, variant:DriverKit, id:11622659d88e7a86fe8b97fba0f6831c28ff07f8, name:My Mac }
{ platform:macOS, arch:arm64, variant:Designed for [iPad,iPhone], id:11622659d88e7a86fe8b97fba0f6831c28ff07f8, name:My Mac }
** BUILD FAILED **
The following build commands failed:
SwiftEmitModule normal arm64 Emitting\ module\ for\ StemTests (in target 'StemTests-product' from project 'Stem')
SwiftCompile normal arm64 (in target 'StemTests-product' from project 'Stem')
Building workspace Stem with scheme Stem-Package
(3 failures)
BUILD FAILURE 6.4 macosXcodebuild