Build Information
Failed to build Instructions, reference 2.3.0 (54f50e), with Swift 6.4 for visionOS using Xcode 27.0 on 19 Sep 2026 16:38:28 UTC.
Build Command
env DEVELOPER_DIR=/Applications/Xcode-27.0.0-Release.Candidate.app xcrun xcodebuild -IDEClonedSourcePackagesDirPathOverride=$PWD/.dependencies -skipMacroValidation -skipPackagePluginValidation -derivedDataPath $PWD/.derivedData build -scheme Instructions -destination generic/platform=xrOSBuild Log
========================================
RunAll
========================================
Builder version: 5.1.0
Interrupt handler set up.
========================================
Checkout
========================================
Clone URL: https://github.com/ephread/Instructions.git
Reference: 2.3.0
Initialized empty Git repository in /Users/admin/builder/spi-builder-workspace/.git/
From https://github.com/ephread/Instructions
* tag 2.3.0 -> FETCH_HEAD
HEAD is now at 54f50ec Bump to 2.3.0 and update tests
Cloned https://github.com/ephread/Instructions.git
Revision (git rev-parse @):
54f50ec058a118107178f641f7475db353080c6d
SUCCESS checkout https://github.com/ephread/Instructions.git at 2.3.0
========================================
Build
========================================
Selected platform: visionOS
Swift version: 6.4
Building package at path: $PWD
https://github.com/ephread/Instructions.git
Command line invocation:
/Applications/Xcode-27.0.0-Release.Candidate.app/Contents/Developer/usr/bin/xcodebuild -IDEClonedSourcePackagesDirPathOverride=/Users/admin/builder/spi-builder-workspace/.dependencies -resolvePackageDependencies
resolved source packages:
{
"dependencies" : [
],
"manifest_display_name" : "Instructions",
"name" : "Instructions",
"path" : "/Users/admin/builder/spi-builder-workspace",
"platforms" : [
{
"name" : "ios",
"version" : "9.0"
}
],
"products" : [
{
"name" : "Instructions",
"targets" : [
"Instructions"
],
"type" : {
"library" : [
"automatic"
]
}
}
],
"targets" : [
{
"c99name" : "Instructions",
"module_type" : "SwiftTarget",
"name" : "Instructions",
"path" : "Sources/Instructions",
"product_memberships" : [
"Instructions"
],
"sources" : [
"Core/Internal/CoachMarksViewController.swift",
"Core/Public/CoachMark.swift",
"Core/Public/CoachMarksController.swift",
"Core/Public/Extensions/CoachMarksController+Proxy.swift",
"Extra/Default Views/CoachMarkArrowDefaultView.swift",
"Extra/Default Views/CoachMarkBackgroundStyle.swift",
"Extra/Default Views/CoachMarkBodyDefaultView.swift",
"Extra/Default Views/CoachMarkSkipDefaultView.swift",
"Extra/Internal/CoachMarkBodyBackgroundView.swift",
"Extra/Internal/CoachMarkComponent.swift",
"Helpers/Internal/AccessibilityIdentifiers.swift",
"Helpers/Internal/CoachMarkInnerLayoutHelper.swift",
"Helpers/Internal/CoachMarkLayoutHelper.swift",
"Helpers/Internal/Enums/CoachMarkPosition.swift",
"Helpers/Internal/ErrorMessage.swift",
"Helpers/Internal/Extensions/UIApplication+WindowScene.swift",
"Helpers/Internal/Extensions/UIView+Layout.swift",
"Helpers/Public/CoachMark Animation/CoachMarkAnimationManagement.swift",
"Helpers/Public/CoachMark Animation/CoachMarkAnimationManager.swift",
"Helpers/Public/CoachMark Animation/CoachMarkTransitionManager.swift",
"Helpers/Public/CoachMarkCoordinateConverter.swift",
"Helpers/Public/CoachMarkHelper.swift",
"Helpers/Public/Enums/CoachMarkArrowOrientation.swift",
"Helpers/Public/Enums/CoachMarkNextLabelPosition.swift",
"Instructions.swift",
"Managers/Internal/CoachMarkDisplayManager.swift",
"Managers/Internal/OverlayStyleManager/BlurringOverlayStyleManager.swift",
"Managers/Internal/OverlayStyleManager/OverlayStyleManager.swift",
"Managers/Internal/OverlayStyleManager/TranslucentOverlayStyleManager.swift",
"Managers/Internal/SkipViewDisplayManager.swift",
"Managers/Public/FlowManager.swift",
"Managers/Public/OverlayManager.swift",
"Protocols and Enums/Internal/CoachMarkViewControllerDelegate.swift",
"Protocols and Enums/Public/CoachMarkArrowView.swift",
"Protocols and Enums/Public/CoachMarkBodyHighlightArrowDelegate.swift",
"Protocols and Enums/Public/CoachMarkBodyView.swift",
"Protocols and Enums/Public/CoachMarkSkipView.swift",
"Protocols and Enums/Public/CoachMarksControllerDataSource.swift",
"Protocols and Enums/Public/Delegates/CoachMarksControllerAnimationDelegate.swift",
"Protocols and Enums/Public/Delegates/CoachMarksControllerDelegate.swift",
"Protocols and Enums/Public/Enums/ConfigurationChange.swift",
"Protocols and Enums/Public/Enums/PauseStyle.swift",
"Protocols and Enums/Public/Enums/PresentationContext.swift",
"Protocols and Enums/Public/Enums/ViewControllerConfiguration.swift",
"Views/CoachMarkView.swift",
"Views/MaskView.swift",
"Views/OverlaySnapshotView.swift",
"Views/OverlayView.swift",
"Views/PassthroughViews.swift"
],
"type" : "library"
}
],
"tools_version" : "5.2"
}
{
"project" : {
"configurations" : [
"Debug",
"Release"
],
"name" : "Instructions",
"schemes" : [
"Instructions",
"Instructions App Extensions"
],
"targets" : [
"Instructions",
"InstructionsAppExtensions"
]
}
}
{
"workspace" : {
"name" : "Instructions",
"schemes" : [
"Instructions"
]
}
}
2026-09-19 12:38:11.091 xcodebuild[707:4303] [MT] IDERunDestination: Supported platforms for the buildables in the current scheme is empty.
Running build ...
env DEVELOPER_DIR=/Applications/Xcode-27.0.0-Release.Candidate.app xcrun xcodebuild -IDEClonedSourcePackagesDirPathOverride=$PWD/.dependencies -skipMacroValidation -skipPackagePluginValidation -derivedDataPath $PWD/.derivedData build -scheme Instructions -destination generic/platform=xrOS
Command line invocation:
/Applications/Xcode-27.0.0-Release.Candidate.app/Contents/Developer/usr/bin/xcodebuild -IDEClonedSourcePackagesDirPathOverride=/Users/admin/builder/spi-builder-workspace/.dependencies -skipMacroValidation -skipPackagePluginValidation -derivedDataPath /Users/admin/builder/spi-builder-workspace/.derivedData build -scheme Instructions -destination generic/platform=xrOS
Resolve Package Graph
Resolved source packages:
Instructions: /Users/admin/builder/spi-builder-workspace
ComputePackagePrebuildTargetDependencyGraph
Prepare packages
CreateBuildRequest
SendProjectDescription
CreateBuildOperation
ComputeTargetDependencyGraph
note: Building targets in dependency order
note: Target dependency graph (2 targets)
Target 'Instructions-product' in project 'Instructions'
➜ Explicit dependency on target 'Instructions' in project 'Instructions'
Target 'Instructions' in project 'Instructions' (no dependencies)
GatherProvisioningInputs
CreateBuildDescription
ExecuteExternalTool /Applications/Xcode-27.0.0-Release.Candidate.app/Contents/Developer/Toolchains/XcodeDefault.xctoolchain/usr/bin/clang -v -E -dM -isysroot /Applications/Xcode-27.0.0-Release.Candidate.app/Contents/Developer/Platforms/XROS.platform/Developer/SDKs/XROS27.0.sdk -x c -c /dev/null
ExecuteExternalTool /Applications/Xcode-27.0.0-Release.Candidate.app/Contents/Developer/Toolchains/XcodeDefault.xctoolchain/usr/bin/swiftc --version
ExecuteExternalTool /Applications/Xcode-27.0.0-Release.Candidate.app/Contents/Developer/Toolchains/XcodeDefault.xctoolchain/usr/bin/ld -version_details
Build description signature: 293d941f6e0c72d23700bea0fd8898da
Build description path: /Users/admin/builder/spi-builder-workspace/.derivedData/Build/Intermediates.noindex/XCBuildData/293d941f6e0c72d23700bea0fd8898da.xcbuilddata
CreateBuildDirectory /Users/admin/builder/spi-builder-workspace/.derivedData/SDKExplicitPrecompiledModules
cd /Users/admin/builder/spi-builder-workspace/.swiftpm/xcode
builtin-create-build-directory /Users/admin/builder/spi-builder-workspace/.derivedData/SDKExplicitPrecompiledModules
CreateBuildDirectory /Users/admin/builder/spi-builder-workspace/.derivedData/ModuleCache.noindex
cd /Users/admin/builder/spi-builder-workspace/.swiftpm/xcode
builtin-create-build-directory /Users/admin/builder/spi-builder-workspace/.derivedData/ModuleCache.noindex
CreateBuildDirectory /Users/admin/builder/spi-builder-workspace/.derivedData/CompilationCache.noindex
cd /Users/admin/builder/spi-builder-workspace/.swiftpm/xcode
builtin-create-build-directory /Users/admin/builder/spi-builder-workspace/.derivedData/CompilationCache.noindex
ClangStatCache /Applications/Xcode-27.0.0-Release.Candidate.app/Contents/Developer/Toolchains/XcodeDefault.xctoolchain/usr/bin/clang-stat-cache /Applications/Xcode-27.0.0-Release.Candidate.app/Contents/Developer/Platforms/XROS.platform/Developer/SDKs/XROS27.0.sdk /Users/admin/builder/spi-builder-workspace/.derivedData/SDKStatCaches.noindex/xros27.0-24M361-e829b21a6f8c9b70876ba0858053c044735bd543db762f57723cac368afd1ce4.sdkstatcache
cd /Users/admin/builder/spi-builder-workspace/.swiftpm/xcode
/Applications/Xcode-27.0.0-Release.Candidate.app/Contents/Developer/Toolchains/XcodeDefault.xctoolchain/usr/bin/clang-stat-cache /Applications/Xcode-27.0.0-Release.Candidate.app/Contents/Developer/Platforms/XROS.platform/Developer/SDKs/XROS27.0.sdk -o /Users/admin/builder/spi-builder-workspace/.derivedData/SDKStatCaches.noindex/xros27.0-24M361-e829b21a6f8c9b70876ba0858053c044735bd543db762f57723cac368afd1ce4.sdkstatcache
CreateBuildDirectory /Users/admin/builder/spi-builder-workspace/.derivedData/Build/Intermediates.noindex
cd /Users/admin/builder/spi-builder-workspace/.swiftpm/xcode
builtin-create-build-directory /Users/admin/builder/spi-builder-workspace/.derivedData/Build/Intermediates.noindex
CreateBuildDirectory /Users/admin/builder/spi-builder-workspace/.derivedData/Build/Products
cd /Users/admin/builder/spi-builder-workspace/.swiftpm/xcode
builtin-create-build-directory /Users/admin/builder/spi-builder-workspace/.derivedData/Build/Products
CreateBuildDirectory /Users/admin/builder/spi-builder-workspace/.derivedData/Build/Intermediates.noindex/SwiftExplicitPrecompiledModules
cd /Users/admin/builder/spi-builder-workspace/.swiftpm/xcode
builtin-create-build-directory /Users/admin/builder/spi-builder-workspace/.derivedData/Build/Intermediates.noindex/SwiftExplicitPrecompiledModules
CreateBuildDirectory /Users/admin/builder/spi-builder-workspace/.derivedData/Build/Intermediates.noindex/PrecompiledHeaders
cd /Users/admin/builder/spi-builder-workspace/.swiftpm/xcode
builtin-create-build-directory /Users/admin/builder/spi-builder-workspace/.derivedData/Build/Intermediates.noindex/PrecompiledHeaders
CreateBuildDirectory /Users/admin/builder/spi-builder-workspace/.derivedData/Build/Intermediates.noindex/ExplicitPrecompiledModules
cd /Users/admin/builder/spi-builder-workspace/.swiftpm/xcode
builtin-create-build-directory /Users/admin/builder/spi-builder-workspace/.derivedData/Build/Intermediates.noindex/ExplicitPrecompiledModules
CreateBuildDirectory /Users/admin/builder/spi-builder-workspace/.derivedData/Build/Intermediates.noindex/EagerLinkingTBDs/Debug-xros
cd /Users/admin/builder/spi-builder-workspace/.swiftpm/xcode
builtin-create-build-directory /Users/admin/builder/spi-builder-workspace/.derivedData/Build/Intermediates.noindex/EagerLinkingTBDs/Debug-xros
CreateBuildDirectory /Users/admin/builder/spi-builder-workspace/.derivedData/Build/Products/Debug-xros
cd /Users/admin/builder/spi-builder-workspace/.swiftpm/xcode
builtin-create-build-directory /Users/admin/builder/spi-builder-workspace/.derivedData/Build/Products/Debug-xros
CreateBuildDirectory /Users/admin/builder/spi-builder-workspace/.derivedData/Build/Products/Debug-xros/PackageFrameworks
cd /Users/admin/builder/spi-builder-workspace/.swiftpm/xcode
builtin-create-build-directory /Users/admin/builder/spi-builder-workspace/.derivedData/Build/Products/Debug-xros/PackageFrameworks
WriteAuxiliaryFile /Users/admin/builder/spi-builder-workspace/.derivedData/Build/Intermediates.noindex/Instructions.build/Debug-xros/Instructions-t.build/Instructions.modulemap (in target 'Instructions' from project 'Instructions')
cd /Users/admin/builder/spi-builder-workspace
write-file /Users/admin/builder/spi-builder-workspace/.derivedData/Build/Intermediates.noindex/Instructions.build/Debug-xros/Instructions-t.build/Instructions.modulemap
WriteAuxiliaryFile /Users/admin/builder/spi-builder-workspace/.derivedData/Build/Intermediates.noindex/Instructions.build/Debug-xros/Instructions-t.build/Instructions.DependencyStaticMetadataFileList (in target 'Instructions' from project 'Instructions')
cd /Users/admin/builder/spi-builder-workspace
write-file /Users/admin/builder/spi-builder-workspace/.derivedData/Build/Intermediates.noindex/Instructions.build/Debug-xros/Instructions-t.build/Instructions.DependencyStaticMetadataFileList
WriteAuxiliaryFile /Users/admin/builder/spi-builder-workspace/.derivedData/Build/Intermediates.noindex/Instructions.build/Debug-xros/Instructions-t.build/Instructions.DependencyMetadataFileList (in target 'Instructions' from project 'Instructions')
cd /Users/admin/builder/spi-builder-workspace
write-file /Users/admin/builder/spi-builder-workspace/.derivedData/Build/Intermediates.noindex/Instructions.build/Debug-xros/Instructions-t.build/Instructions.DependencyMetadataFileList
WriteAuxiliaryFile /Users/admin/builder/spi-builder-workspace/.derivedData/Build/Intermediates.noindex/Instructions.build/Debug-xros/Instructions-t.build/Objects-normal/arm64/Instructions.LinkFileList (in target 'Instructions' from project 'Instructions')
cd /Users/admin/builder/spi-builder-workspace
write-file /Users/admin/builder/spi-builder-workspace/.derivedData/Build/Intermediates.noindex/Instructions.build/Debug-xros/Instructions-t.build/Objects-normal/arm64/Instructions.LinkFileList
WriteAuxiliaryFile /Users/admin/builder/spi-builder-workspace/.derivedData/Build/Intermediates.noindex/Instructions.build/Debug-xros/Instructions-t.build/Objects-normal/arm64/Instructions.SwiftConstValuesFileList (in target 'Instructions' from project 'Instructions')
cd /Users/admin/builder/spi-builder-workspace
write-file /Users/admin/builder/spi-builder-workspace/.derivedData/Build/Intermediates.noindex/Instructions.build/Debug-xros/Instructions-t.build/Objects-normal/arm64/Instructions.SwiftConstValuesFileList
WriteAuxiliaryFile /Users/admin/builder/spi-builder-workspace/.derivedData/Build/Intermediates.noindex/Instructions.build/Debug-xros/Instructions-t.build/Objects-normal/arm64/Instructions_const_extract_protocols.json (in target 'Instructions' from project 'Instructions')
cd /Users/admin/builder/spi-builder-workspace
write-file /Users/admin/builder/spi-builder-workspace/.derivedData/Build/Intermediates.noindex/Instructions.build/Debug-xros/Instructions-t.build/Objects-normal/arm64/Instructions_const_extract_protocols.json
WriteAuxiliaryFile /Users/admin/builder/spi-builder-workspace/.derivedData/Build/Intermediates.noindex/Instructions.build/Debug-xros/Instructions-t.build/Objects-normal/arm64/Instructions.SwiftFileList (in target 'Instructions' from project 'Instructions')
cd /Users/admin/builder/spi-builder-workspace
write-file /Users/admin/builder/spi-builder-workspace/.derivedData/Build/Intermediates.noindex/Instructions.build/Debug-xros/Instructions-t.build/Objects-normal/arm64/Instructions.SwiftFileList
WriteAuxiliaryFile /Users/admin/builder/spi-builder-workspace/.derivedData/Build/Intermediates.noindex/Instructions.build/Debug-xros/Instructions-t.build/Objects-normal/arm64/Instructions-OutputFileMap.json (in target 'Instructions' from project 'Instructions')
cd /Users/admin/builder/spi-builder-workspace
write-file /Users/admin/builder/spi-builder-workspace/.derivedData/Build/Intermediates.noindex/Instructions.build/Debug-xros/Instructions-t.build/Objects-normal/arm64/Instructions-OutputFileMap.json
Copy /Users/admin/builder/spi-builder-workspace/.derivedData/Build/Intermediates.noindex/GeneratedModuleMaps-xros/Instructions.modulemap /Users/admin/builder/spi-builder-workspace/.derivedData/Build/Intermediates.noindex/Instructions.build/Debug-xros/Instructions-t.build/Instructions.modulemap (in target 'Instructions' from project 'Instructions')
cd /Users/admin/builder/spi-builder-workspace
builtin-copy -exclude .DS_Store -exclude CVS -exclude .svn -exclude .git -exclude .hg -resolve-src-symlinks /Users/admin/builder/spi-builder-workspace/.derivedData/Build/Intermediates.noindex/Instructions.build/Debug-xros/Instructions-t.build/Instructions.modulemap /Users/admin/builder/spi-builder-workspace/.derivedData/Build/Intermediates.noindex/GeneratedModuleMaps-xros
SwiftDriver Instructions normal arm64 com.apple.xcode.tools.swift.compiler (in target 'Instructions' from project 'Instructions')
cd /Users/admin/builder/spi-builder-workspace/.swiftpm/xcode
builtin-SwiftDriver -- /Applications/Xcode-27.0.0-Release.Candidate.app/Contents/Developer/Toolchains/XcodeDefault.xctoolchain/usr/bin/swiftc -parse-as-library -module-name Instructions -Onone @/Users/admin/builder/spi-builder-workspace/.derivedData/Build/Intermediates.noindex/Instructions.build/Debug-xros/Instructions-t.build/Objects-normal/arm64/Instructions.SwiftFileList -DSWIFT_PACKAGE -DDEBUG -DSWIFT_MODULE_RESOURCE_BUNDLE_UNAVAILABLE -DXcode -plugin-path /Applications/Xcode-27.0.0-Release.Candidate.app/Contents/Developer/Toolchains/XcodeDefault.xctoolchain/usr/lib/swift/host/plugins/testing -enable-experimental-feature DebugDescriptionMacro -sdk /Applications/Xcode-27.0.0-Release.Candidate.app/Contents/Developer/Platforms/XROS.platform/Developer/SDKs/XROS27.0.sdk -target arm64-apple-xros1.0 -g -module-cache-path /Users/admin/builder/spi-builder-workspace/.derivedData/ModuleCache.noindex -Xfrontend -serialize-debugging-options -enable-testing -index-store-path /Users/admin/builder/spi-builder-workspace/.derivedData/Index.noindex/DataStore -Xcc -D_LIBCPP_HARDENING_MODE\=_LIBCPP_HARDENING_MODE_DEBUG -swift-version 5 -I /Users/admin/builder/spi-builder-workspace/.derivedData/Build/Products/Debug-xros -Isystem /Applications/Xcode-27.0.0-Release.Candidate.app/Contents/Developer/Platforms/XROS.platform/Developer/usr/lib -F /Users/admin/builder/spi-builder-workspace/.derivedData/Build/Products/Debug-xros -F /Applications/Xcode-27.0.0-Release.Candidate.app/Contents/Developer/Platforms/XROS.platform/Developer/Library/Frameworks -F /Applications/Xcode-27.0.0-Release.Candidate.app/Contents/Developer/Platforms/XROS.platform/Developer/SDKs/XROS27.0.sdk/Developer/Library/Frameworks -c -j10 -enable-batch-mode -incremental -Xcc -ivfsstatcache -Xcc /Users/admin/builder/spi-builder-workspace/.derivedData/SDKStatCaches.noindex/xros27.0-24M361-e829b21a6f8c9b70876ba0858053c044735bd543db762f57723cac368afd1ce4.sdkstatcache -output-file-map /Users/admin/builder/spi-builder-workspace/.derivedData/Build/Intermediates.noindex/Instructions.build/Debug-xros/Instructions-t.build/Objects-normal/arm64/Instructions-OutputFileMap.json -save-temps -no-color-diagnostics -explicit-module-build -module-cache-path /Users/admin/builder/spi-builder-workspace/.derivedData/Build/Intermediates.noindex/SwiftExplicitPrecompiledModules -clang-scanner-module-cache-path /Users/admin/builder/spi-builder-workspace/.derivedData/ModuleCache.noindex -sdk-module-cache-path /Users/admin/builder/spi-builder-workspace/.derivedData/SDKExplicitPrecompiledModules -emit-dependencies -emit-module -emit-module-path /Users/admin/builder/spi-builder-workspace/.derivedData/Build/Intermediates.noindex/Instructions.build/Debug-xros/Instructions-t.build/Objects-normal/arm64/Instructions.swiftmodule -serialize-diagnostics -dependency-scan-serialize-diagnostics-path /Users/admin/builder/spi-builder-workspace/.derivedData/Build/Intermediates.noindex/Instructions.build/Debug-xros/Instructions-t.build/Objects-normal/arm64/Instructions-dependency-scan.dia -validate-clang-modules-once -clang-build-session-file /Users/admin/builder/spi-builder-workspace/.derivedData/ModuleCache.noindex/Session.modulevalidation -Xcc -fmodules-prune-interval\=86400 -Xcc -fmodules-prune-after\=345600 -emit-const-values -const-gather-protocols-list /Users/admin/builder/spi-builder-workspace/.derivedData/Build/Intermediates.noindex/Instructions.build/Debug-xros/Instructions-t.build/Objects-normal/arm64/Instructions_const_extract_protocols.json -Xcc -I/Users/admin/builder/spi-builder-workspace/.derivedData/Build/Products/Debug-xros/include -Xcc -I/Users/admin/builder/spi-builder-workspace/.derivedData/Build/Intermediates.noindex/Instructions.build/Debug-xros/Instructions-t.build/DerivedSources-normal/arm64 -Xcc -I/Users/admin/builder/spi-builder-workspace/.derivedData/Build/Intermediates.noindex/Instructions.build/Debug-xros/Instructions-t.build/DerivedSources/arm64 -Xcc -I/Users/admin/builder/spi-builder-workspace/.derivedData/Build/Intermediates.noindex/Instructions.build/Debug-xros/Instructions-t.build/DerivedSources -Xcc -DSWIFT_PACKAGE -Xcc -DDEBUG\=1 -emit-objc-header -emit-objc-header-path /Users/admin/builder/spi-builder-workspace/.derivedData/Build/Intermediates.noindex/Instructions.build/Debug-xros/Instructions-t.build/Objects-normal/arm64/Instructions-Swift.h -working-directory /Users/admin/builder/spi-builder-workspace/.swiftpm/xcode -experimental-emit-module-separately -disable-cmo
SwiftExplicitDependencyGeneratePcm arm64 /Users/admin/builder/spi-builder-workspace/.derivedData/SDKExplicitPrecompiledModules/_Builtin_float-6WKHNW5S40U2QGHXXGETUDIRA.pcm
SwiftExplicitDependencyGeneratePcm arm64 /Users/admin/builder/spi-builder-workspace/.derivedData/SDKExplicitPrecompiledModules/_SwiftConcurrencyShims-C8XHKSHX96D5YYALNM4W70Z0O.pcm
SwiftExplicitDependencyGeneratePcm arm64 /Users/admin/builder/spi-builder-workspace/.derivedData/SDKExplicitPrecompiledModules/_AvailabilityInternal-1Q8IQP6M38UWSGZ95UCEY2M44.pcm
SwiftExplicitDependencyGeneratePcm arm64 /Users/admin/builder/spi-builder-workspace/.derivedData/SDKExplicitPrecompiledModules/SwiftShims-CI4H5RO9IYFFWQ2COB512Q2S9.pcm
SwiftExplicitDependencyGeneratePcm arm64 /Users/admin/builder/spi-builder-workspace/.derivedData/SDKExplicitPrecompiledModules/_Builtin_stdarg-CDA349K2K4US766844K8E0PVA.pcm
SwiftExplicitDependencyGeneratePcm arm64 /Users/admin/builder/spi-builder-workspace/.derivedData/SDKExplicitPrecompiledModules/ptrcheck-BXA97MNLI4BB0HF5I8MJE403D.pcm
SwiftExplicitDependencyGeneratePcm arm64 /Users/admin/builder/spi-builder-workspace/.derivedData/SDKExplicitPrecompiledModules/ptrauth-1WBA714DZSVUL5JQDJ08CLKZ.pcm
SwiftExplicitDependencyGeneratePcm arm64 /Users/admin/builder/spi-builder-workspace/.derivedData/SDKExplicitPrecompiledModules/_Builtin_stddef-5NQ9Z1GV07GBSRQGAQCGXGVRI.pcm
SwiftExplicitDependencyGeneratePcm arm64 /Users/admin/builder/spi-builder-workspace/.derivedData/SDKExplicitPrecompiledModules/DeveloperToolsSupport-46GOQP8J1QTHLYQSJW81T8UZ3.pcm
SwiftExplicitDependencyGeneratePcm arm64 /Users/admin/builder/spi-builder-workspace/.derivedData/SDKExplicitPrecompiledModules/_Builtin_stdbool-5BU2ADS7JXQMYENKQHW9X8XOU.pcm
SwiftExplicitDependencyGeneratePcm arm64 /Users/admin/builder/spi-builder-workspace/.derivedData/SDKExplicitPrecompiledModules/_DarwinFoundation1-5RGRVV2TZ6WC4WZW5IXF8NQ04.pcm
SwiftExplicitDependencyGeneratePcm arm64 /Users/admin/builder/spi-builder-workspace/.derivedData/SDKExplicitPrecompiledModules/_DarwinFoundation2-ENTECK156YEWITZRRBTOCE4KR.pcm
SwiftExplicitDependencyGeneratePcm arm64 /Users/admin/builder/spi-builder-workspace/.derivedData/SDKExplicitPrecompiledModules/_Builtin_limits-425JDMN5HPM3D0UEI8LEHP6NM.pcm
SwiftExplicitDependencyGeneratePcm arm64 /Users/admin/builder/spi-builder-workspace/.derivedData/SDKExplicitPrecompiledModules/string_h-2GT67HHHHK5CF1V1S31LH0PU2.pcm
SwiftExplicitDependencyGeneratePcm arm64 /Users/admin/builder/spi-builder-workspace/.derivedData/SDKExplicitPrecompiledModules/_Builtin_tgmath-BPYSMHWI520EQRL2HW519ZY7Z.pcm
SwiftExplicitDependencyGeneratePcm arm64 /Users/admin/builder/spi-builder-workspace/.derivedData/SDKExplicitPrecompiledModules/sys_types-AYM0BHR77VKMWZCO2T0XGV2HF.pcm
SwiftExplicitDependencyGeneratePcm arm64 /Users/admin/builder/spi-builder-workspace/.derivedData/SDKExplicitPrecompiledModules/_Builtin_stdint-8OR6T47OOYJA90ZBO3N1USDE.pcm
SwiftExplicitDependencyGeneratePcm arm64 /Users/admin/builder/spi-builder-workspace/.derivedData/SDKExplicitPrecompiledModules/_Builtin_intrinsics-BC5IJI3YI34RQ61ZNVDRDZ6RN.pcm
SwiftExplicitDependencyGeneratePcm arm64 /Users/admin/builder/spi-builder-workspace/.derivedData/SDKExplicitPrecompiledModules/_DarwinFoundation3-9ZHN6JKBS40BBA81RQMV8H0IC.pcm
SwiftExplicitDependencyGeneratePcm arm64 /Users/admin/builder/spi-builder-workspace/.derivedData/SDKExplicitPrecompiledModules/_Builtin_stdatomic-1VUZPM79PNCAHXVBERD53WRSF.pcm
SwiftExplicitDependencyGeneratePcm arm64 /Users/admin/builder/spi-builder-workspace/.derivedData/SDKExplicitPrecompiledModules/_Builtin_inttypes-11B64KJD36B3YOHBR1BBXBJY8.pcm
SwiftExplicitDependencyGeneratePcm arm64 /Users/admin/builder/spi-builder-workspace/.derivedData/SDKExplicitPrecompiledModules/Darwin-60P5LVNQO3ESRRM5DCJ05PFNK.pcm
SwiftExplicitDependencyGeneratePcm arm64 /Users/admin/builder/spi-builder-workspace/.derivedData/SDKExplicitPrecompiledModules/simd-9XXAB17Y6E4BBPQADD61NZ23.pcm
SwiftExplicitDependencyGeneratePcm arm64 /Users/admin/builder/spi-builder-workspace/.derivedData/SDKExplicitPrecompiledModules/MachO-3XTHY7HWV6RF3KXKYQVHUBUXK.pcm
SwiftExplicitDependencyGeneratePcm arm64 /Users/admin/builder/spi-builder-workspace/.derivedData/SDKExplicitPrecompiledModules/ObjectiveC-26TIBFYCEJZVP216ZZAU1X8KN.pcm
SwiftExplicitDependencyGeneratePcm arm64 /Users/admin/builder/spi-builder-workspace/.derivedData/SDKExplicitPrecompiledModules/os_object-692CJ8BG6RE5H04487EJJOVXW.pcm
SwiftExplicitDependencyGeneratePcm arm64 /Users/admin/builder/spi-builder-workspace/.derivedData/SDKExplicitPrecompiledModules/os_workgroup-4U1VXMWIZD80E7PRUQF2G7P9X.pcm
SwiftExplicitDependencyGeneratePcm arm64 /Users/admin/builder/spi-builder-workspace/.derivedData/SDKExplicitPrecompiledModules/Spatial-5E0I2846LO3ZE24CSVR2O57TI.pcm
SwiftExplicitDependencyGeneratePcm arm64 /Users/admin/builder/spi-builder-workspace/.derivedData/SDKExplicitPrecompiledModules/Dispatch-CLT3466HKC22GCKAWSCNG0H7T.pcm
SwiftExplicitDependencyGeneratePcm arm64 /Users/admin/builder/spi-builder-workspace/.derivedData/SDKExplicitPrecompiledModules/CoreFoundation-AVLTZVCXBU2TO75JCN4AGU8XJ.pcm
SwiftExplicitDependencyGeneratePcm arm64 /Users/admin/builder/spi-builder-workspace/.derivedData/SDKExplicitPrecompiledModules/XPC-EP5EU7FNGP4VOA3EDM18P1KHO.pcm
SwiftExplicitDependencyGeneratePcm arm64 /Users/admin/builder/spi-builder-workspace/.derivedData/SDKExplicitPrecompiledModules/os-1004XEJ3IXOOAU0KL58SM3D0K.pcm
SwiftExplicitDependencyGeneratePcm arm64 /Users/admin/builder/spi-builder-workspace/.derivedData/SDKExplicitPrecompiledModules/Security-8TH2M8WJIQMET4SADWX0N8372.pcm
SwiftExplicitDependencyGeneratePcm arm64 /Users/admin/builder/spi-builder-workspace/.derivedData/SDKExplicitPrecompiledModules/CoreGraphics-BFUJ177R223UT2ZI327ZTZY91.pcm
SwiftExplicitDependencyGeneratePcm arm64 /Users/admin/builder/spi-builder-workspace/.derivedData/SDKExplicitPrecompiledModules/CFNetwork-5MI70N1VLDQSWTX4COWLMSIRO.pcm
SwiftExplicitDependencyGeneratePcm arm64 /Users/admin/builder/spi-builder-workspace/.derivedData/SDKExplicitPrecompiledModules/Foundation-8GON1KVEKRN3NOQI8RETBRWJP.pcm
SwiftExplicitDependencyGeneratePcm arm64 /Users/admin/builder/spi-builder-workspace/.derivedData/SDKExplicitPrecompiledModules/CoreText-6F9TY5TEPCCZ1K2KYM4GMEGHD.pcm
SwiftExplicitDependencyGeneratePcm arm64 /Users/admin/builder/spi-builder-workspace/.derivedData/SDKExplicitPrecompiledModules/ImageIO-5CC6COR9KJYI1UBL7CSHLU2OG.pcm
SwiftExplicitDependencyGeneratePcm arm64 /Users/admin/builder/spi-builder-workspace/.derivedData/SDKExplicitPrecompiledModules/CoreTransferable-8TBYAKHCX6UC8QQSS7BD8GQK5.pcm
SwiftExplicitDependencyGeneratePcm arm64 /Users/admin/builder/spi-builder-workspace/.derivedData/SDKExplicitPrecompiledModules/Accessibility-1DR4J4YDVDGAYQTZ0FKZ1PU09.pcm
SwiftExplicitDependencyGeneratePcm arm64 /Users/admin/builder/spi-builder-workspace/.derivedData/SDKExplicitPrecompiledModules/IOSurface-5FE9U89GVFF9A7X7AGO2R8ENI.pcm
SwiftExplicitDependencyGeneratePcm arm64 /Users/admin/builder/spi-builder-workspace/.derivedData/SDKExplicitPrecompiledModules/DataDetection-BANTQ3WXXGKZJYC0LLB3MD9K0.pcm
SwiftExplicitDependencyGeneratePcm arm64 /Users/admin/builder/spi-builder-workspace/.derivedData/SDKExplicitPrecompiledModules/_LocationEssentials-8GQGFVARUE99D8VJX3TINY0VP.pcm
SwiftExplicitDependencyGeneratePcm arm64 /Users/admin/builder/spi-builder-workspace/.derivedData/SDKExplicitPrecompiledModules/FileProvider-C9I28SI56F2SEVH1BCWTKGODO.pcm
SwiftExplicitDependencyGeneratePcm arm64 /Users/admin/builder/spi-builder-workspace/.derivedData/SDKExplicitPrecompiledModules/UniformTypeIdentifiers-E5KMWDZEKS4QW9RO1KBRDEXV6.pcm
SwiftExplicitDependencyGeneratePcm arm64 /Users/admin/builder/spi-builder-workspace/.derivedData/SDKExplicitPrecompiledModules/OSLog-BNGT87TS0GMBFF7TY70HHB69.pcm
SwiftExplicitDependencyGeneratePcm arm64 /Users/admin/builder/spi-builder-workspace/.derivedData/SDKExplicitPrecompiledModules/UIUtilities-AOVGLUWEAN6CG2UZFNESGSP6C.pcm
SwiftExplicitDependencyGeneratePcm arm64 /Users/admin/builder/spi-builder-workspace/.derivedData/SDKExplicitPrecompiledModules/Symbols-8G2XC01RPQ5HYIZE6JNUT864I.pcm
SwiftExplicitDependencyGeneratePcm arm64 /Users/admin/builder/spi-builder-workspace/.derivedData/SDKExplicitPrecompiledModules/UserNotifications-8IIV1V1FPNAPA4LY1Y23LOM2N.pcm
SwiftExplicitDependencyGeneratePcm arm64 /Users/admin/builder/spi-builder-workspace/.derivedData/SDKExplicitPrecompiledModules/CoreLocation-1SN37095DAPVJ068LLP9TBDQX.pcm
SwiftExplicitDependencyGeneratePcm arm64 /Users/admin/builder/spi-builder-workspace/.derivedData/SDKExplicitPrecompiledModules/Metal-EKNUM9P3PRIBHZK1ZBD6BA2T7.pcm
SwiftExplicitDependencyGeneratePcm arm64 /Users/admin/builder/spi-builder-workspace/.derivedData/SDKExplicitPrecompiledModules/OpenGLES-56BKSYXNVAP91BYZRWAKQZKGI.pcm
SwiftExplicitDependencyGeneratePcm arm64 /Users/admin/builder/spi-builder-workspace/.derivedData/SDKExplicitPrecompiledModules/CoreMotion-10LV922UPGE28QX2SOIO7ALIZ.pcm
SwiftExplicitDependencyGeneratePcm arm64 /Users/admin/builder/spi-builder-workspace/.derivedData/SDKExplicitPrecompiledModules/CoreVideo-E12HJSJSLO0YKWYBES11UKJ02.pcm
SwiftExplicitDependencyGeneratePcm arm64 /Users/admin/builder/spi-builder-workspace/.derivedData/SDKExplicitPrecompiledModules/QuartzCore-12T8WVKUNCL1N7VXH87MM4YOB.pcm
SwiftExplicitDependencyGeneratePcm arm64 /Users/admin/builder/spi-builder-workspace/.derivedData/SDKExplicitPrecompiledModules/CoreImage-8WF1P230U10QM666EQMNV7OF1.pcm
SwiftExplicitDependencyGeneratePcm arm64 /Users/admin/builder/spi-builder-workspace/.derivedData/SDKExplicitPrecompiledModules/SwiftUICore-6OBBMA39VFD4CB6SG2PE41FAP.pcm
SwiftExplicitDependencyGeneratePcm arm64 /Users/admin/builder/spi-builder-workspace/.derivedData/SDKExplicitPrecompiledModules/UIKit-2D2PMAAE45TMO6S28UCGCO5BR.pcm
SwiftCompile normal arm64 Compiling\ MaskView.swift,\ OverlaySnapshotView.swift,\ OverlayView.swift,\ PassthroughViews.swift /Users/admin/builder/spi-builder-workspace/Sources/Instructions/Views/MaskView.swift /Users/admin/builder/spi-builder-workspace/Sources/Instructions/Views/OverlaySnapshotView.swift /Users/admin/builder/spi-builder-workspace/Sources/Instructions/Views/OverlayView.swift /Users/admin/builder/spi-builder-workspace/Sources/Instructions/Views/PassthroughViews.swift (in target 'Instructions' from project 'Instructions')
SwiftCompile normal arm64 /Users/admin/builder/spi-builder-workspace/Sources/Instructions/Views/MaskView.swift (in target 'Instructions' from project 'Instructions')
cd /Users/admin/builder/spi-builder-workspace/.swiftpm/xcode
builtin-SwiftPerFileCompile MaskView.swift
SwiftCompile normal arm64 /Users/admin/builder/spi-builder-workspace/Sources/Instructions/Views/OverlaySnapshotView.swift (in target 'Instructions' from project 'Instructions')
cd /Users/admin/builder/spi-builder-workspace/.swiftpm/xcode
builtin-SwiftPerFileCompile OverlaySnapshotView.swift
SwiftCompile normal arm64 /Users/admin/builder/spi-builder-workspace/Sources/Instructions/Views/OverlayView.swift (in target 'Instructions' from project 'Instructions')
cd /Users/admin/builder/spi-builder-workspace/.swiftpm/xcode
builtin-SwiftPerFileCompile OverlayView.swift
SwiftCompile normal arm64 /Users/admin/builder/spi-builder-workspace/Sources/Instructions/Views/PassthroughViews.swift (in target 'Instructions' from project 'Instructions')
cd /Users/admin/builder/spi-builder-workspace/.swiftpm/xcode
builtin-SwiftPerFileCompile PassthroughViews.swift
SwiftEmitModule normal arm64 Emitting\ module\ for\ Instructions (in target 'Instructions' from project 'Instructions')
SwiftCompile normal arm64 (in target 'Instructions' from project 'Instructions')
cd /Users/admin/builder/spi-builder-workspace/.swiftpm/xcode
SwiftCompile normal arm64 Compiling\ FlowManager.swift,\ OverlayManager.swift,\ CoachMarkViewControllerDelegate.swift,\ CoachMarkArrowView.swift,\ CoachMarkBodyHighlightArrowDelegate.swift /Users/admin/builder/spi-builder-workspace/Sources/Instructions/Managers/Public/FlowManager.swift /Users/admin/builder/spi-builder-workspace/Sources/Instructions/Managers/Public/OverlayManager.swift /Users/admin/builder/spi-builder-workspace/Sources/Instructions/Protocols\ and\ Enums/Internal/CoachMarkViewControllerDelegate.swift /Users/admin/builder/spi-builder-workspace/Sources/Instructions/Protocols\ and\ Enums/Public/CoachMarkArrowView.swift /Users/admin/builder/spi-builder-workspace/Sources/Instructions/Protocols\ and\ Enums/Public/CoachMarkBodyHighlightArrowDelegate.swift (in target 'Instructions' from project 'Instructions')
SwiftCompile normal arm64 /Users/admin/builder/spi-builder-workspace/Sources/Instructions/Managers/Public/FlowManager.swift (in target 'Instructions' from project 'Instructions')
cd /Users/admin/builder/spi-builder-workspace/.swiftpm/xcode
builtin-SwiftPerFileCompile FlowManager.swift
SwiftCompile normal arm64 /Users/admin/builder/spi-builder-workspace/Sources/Instructions/Managers/Public/OverlayManager.swift (in target 'Instructions' from project 'Instructions')
cd /Users/admin/builder/spi-builder-workspace/.swiftpm/xcode
builtin-SwiftPerFileCompile OverlayManager.swift
SwiftCompile normal arm64 /Users/admin/builder/spi-builder-workspace/Sources/Instructions/Protocols\ and\ Enums/Internal/CoachMarkViewControllerDelegate.swift (in target 'Instructions' from project 'Instructions')
cd /Users/admin/builder/spi-builder-workspace/.swiftpm/xcode
builtin-SwiftPerFileCompile CoachMarkViewControllerDelegate.swift
SwiftCompile normal arm64 /Users/admin/builder/spi-builder-workspace/Sources/Instructions/Protocols\ and\ Enums/Public/CoachMarkArrowView.swift (in target 'Instructions' from project 'Instructions')
cd /Users/admin/builder/spi-builder-workspace/.swiftpm/xcode
builtin-SwiftPerFileCompile CoachMarkArrowView.swift
SwiftCompile normal arm64 /Users/admin/builder/spi-builder-workspace/Sources/Instructions/Protocols\ and\ Enums/Public/CoachMarkBodyHighlightArrowDelegate.swift (in target 'Instructions' from project 'Instructions')
cd /Users/admin/builder/spi-builder-workspace/.swiftpm/xcode
builtin-SwiftPerFileCompile CoachMarkBodyHighlightArrowDelegate.swift
SwiftCompile normal arm64 Compiling\ ConfigurationChange.swift,\ PauseStyle.swift,\ PresentationContext.swift,\ ViewControllerConfiguration.swift,\ CoachMarkView.swift /Users/admin/builder/spi-builder-workspace/Sources/Instructions/Protocols\ and\ Enums/Public/Enums/ConfigurationChange.swift /Users/admin/builder/spi-builder-workspace/Sources/Instructions/Protocols\ and\ Enums/Public/Enums/PauseStyle.swift /Users/admin/builder/spi-builder-workspace/Sources/Instructions/Protocols\ and\ Enums/Public/Enums/PresentationContext.swift /Users/admin/builder/spi-builder-workspace/Sources/Instructions/Protocols\ and\ Enums/Public/Enums/ViewControllerConfiguration.swift /Users/admin/builder/spi-builder-workspace/Sources/Instructions/Views/CoachMarkView.swift (in target 'Instructions' from project 'Instructions')
SwiftCompile normal arm64 /Users/admin/builder/spi-builder-workspace/Sources/Instructions/Protocols\ and\ Enums/Public/Enums/ConfigurationChange.swift (in target 'Instructions' from project 'Instructions')
cd /Users/admin/builder/spi-builder-workspace/.swiftpm/xcode
builtin-SwiftPerFileCompile ConfigurationChange.swift
SwiftCompile normal arm64 /Users/admin/builder/spi-builder-workspace/Sources/Instructions/Protocols\ and\ Enums/Public/Enums/PauseStyle.swift (in target 'Instructions' from project 'Instructions')
cd /Users/admin/builder/spi-builder-workspace/.swiftpm/xcode
builtin-SwiftPerFileCompile PauseStyle.swift
SwiftCompile normal arm64 /Users/admin/builder/spi-builder-workspace/Sources/Instructions/Protocols\ and\ Enums/Public/Enums/PresentationContext.swift (in target 'Instructions' from project 'Instructions')
cd /Users/admin/builder/spi-builder-workspace/.swiftpm/xcode
builtin-SwiftPerFileCompile PresentationContext.swift
SwiftCompile normal arm64 /Users/admin/builder/spi-builder-workspace/Sources/Instructions/Protocols\ and\ Enums/Public/Enums/ViewControllerConfiguration.swift (in target 'Instructions' from project 'Instructions')
cd /Users/admin/builder/spi-builder-workspace/.swiftpm/xcode
builtin-SwiftPerFileCompile ViewControllerConfiguration.swift
SwiftCompile normal arm64 /Users/admin/builder/spi-builder-workspace/Sources/Instructions/Views/CoachMarkView.swift (in target 'Instructions' from project 'Instructions')
cd /Users/admin/builder/spi-builder-workspace/.swiftpm/xcode
builtin-SwiftPerFileCompile CoachMarkView.swift
SwiftCompile normal arm64 Compiling\ UIApplication+WindowScene.swift,\ UIView+Layout.swift,\ CoachMarkAnimationManagement.swift,\ CoachMarkAnimationManager.swift,\ CoachMarkTransitionManager.swift /Users/admin/builder/spi-builder-workspace/Sources/Instructions/Helpers/Internal/Extensions/UIApplication+WindowScene.swift /Users/admin/builder/spi-builder-workspace/Sources/Instructions/Helpers/Internal/Extensions/UIView+Layout.swift /Users/admin/builder/spi-builder-workspace/Sources/Instructions/Helpers/Public/CoachMark\ Animation/CoachMarkAnimationManagement.swift /Users/admin/builder/spi-builder-workspace/Sources/Instructions/Helpers/Public/CoachMark\ Animation/CoachMarkAnimationManager.swift /Users/admin/builder/spi-builder-workspace/Sources/Instructions/Helpers/Public/CoachMark\ Animation/CoachMarkTransitionManager.swift (in target 'Instructions' from project 'Instructions')
SwiftCompile normal arm64 /Users/admin/builder/spi-builder-workspace/Sources/Instructions/Helpers/Internal/Extensions/UIApplication+WindowScene.swift (in target 'Instructions' from project 'Instructions')
cd /Users/admin/builder/spi-builder-workspace/.swiftpm/xcode
builtin-SwiftPerFileCompile UIApplication+WindowScene.swift
SwiftCompile normal arm64 /Users/admin/builder/spi-builder-workspace/Sources/Instructions/Helpers/Internal/Extensions/UIView+Layout.swift (in target 'Instructions' from project 'Instructions')
cd /Users/admin/builder/spi-builder-workspace/.swiftpm/xcode
builtin-SwiftPerFileCompile UIView+Layout.swift
SwiftCompile normal arm64 /Users/admin/builder/spi-builder-workspace/Sources/Instructions/Helpers/Public/CoachMark\ Animation/CoachMarkAnimationManagement.swift (in target 'Instructions' from project 'Instructions')
cd /Users/admin/builder/spi-builder-workspace/.swiftpm/xcode
builtin-SwiftPerFileCompile CoachMarkAnimationManagement.swift
SwiftCompile normal arm64 /Users/admin/builder/spi-builder-workspace/Sources/Instructions/Helpers/Public/CoachMark\ Animation/CoachMarkAnimationManager.swift (in target 'Instructions' from project 'Instructions')
cd /Users/admin/builder/spi-builder-workspace/.swiftpm/xcode
builtin-SwiftPerFileCompile CoachMarkAnimationManager.swift
SwiftCompile normal arm64 /Users/admin/builder/spi-builder-workspace/Sources/Instructions/Helpers/Public/CoachMark\ Animation/CoachMarkTransitionManager.swift (in target 'Instructions' from project 'Instructions')
cd /Users/admin/builder/spi-builder-workspace/.swiftpm/xcode
builtin-SwiftPerFileCompile CoachMarkTransitionManager.swift
SwiftCompile normal arm64 Compiling\ CoachMarksViewController.swift,\ CoachMark.swift,\ CoachMarksController.swift,\ CoachMarksController+Proxy.swift,\ CoachMarkArrowDefaultView.swift /Users/admin/builder/spi-builder-workspace/Sources/Instructions/Core/Internal/CoachMarksViewController.swift /Users/admin/builder/spi-builder-workspace/Sources/Instructions/Core/Public/CoachMark.swift /Users/admin/builder/spi-builder-workspace/Sources/Instructions/Core/Public/CoachMarksController.swift /Users/admin/builder/spi-builder-workspace/Sources/Instructions/Core/Public/Extensions/CoachMarksController+Proxy.swift /Users/admin/builder/spi-builder-workspace/Sources/Instructions/Extra/Default\ Views/CoachMarkArrowDefaultView.swift (in target 'Instructions' from project 'Instructions')
/Users/admin/builder/spi-builder-workspace/Sources/Instructions/Core/Internal/CoachMarksViewController.swift:72:26: warning: 'preferredStatusBarStyle' was deprecated in visionOS 1.0: Has no effect on visionOS [#DeprecatedDeclaration]
70 | return statusBarStyle
71 | } else if overlayManager.backgroundColor == .clear {
72 | return super.preferredStatusBarStyle
| `- warning: 'preferredStatusBarStyle' was deprecated in visionOS 1.0: Has no effect on visionOS [#DeprecatedDeclaration]
73 | } else {
74 | return overlayManager.statusBarStyle
/Users/admin/builder/spi-builder-workspace/Sources/Instructions/Core/Internal/CoachMarksViewController.swift:80:43: warning: 'shouldAutorotate' was deprecated in visionOS 1.0: Update supported interface orientations and call setNeedsUpdateOfSupportedInterfaceOrientations to indicate a change. [#DeprecatedDeclaration]
78 | override var shouldAutorotate: Bool {
79 | switch rotationStyle {
80 | case .systemDefined: return super.shouldAutorotate
| `- warning: 'shouldAutorotate' was deprecated in visionOS 1.0: Update supported interface orientations and call setNeedsUpdateOfSupportedInterfaceOrientations to indicate a change. [#DeprecatedDeclaration]
81 | case .automatic: return true
82 | case .manual: return false
/Users/admin/builder/spi-builder-workspace/Sources/Instructions/Core/Internal/CoachMarksViewController.swift:88:43: warning: 'prefersStatusBarHidden' was deprecated in visionOS 1.0: Has no effect on visionOS [#DeprecatedDeclaration]
86 | override var prefersStatusBarHidden: Bool {
87 | switch statusBarVisibility {
88 | case .systemDefined: return super.prefersStatusBarHidden
| `- warning: 'prefersStatusBarHidden' was deprecated in visionOS 1.0: Has no effect on visionOS [#DeprecatedDeclaration]
89 | case .hidden: return true
90 | case .visible: return false
/Users/admin/builder/spi-builder-workspace/Sources/Instructions/Core/Internal/CoachMarksViewController.swift:123:15: warning: 'traitCollectionDidChange' was deprecated in visionOS 1.0: Use the trait change registration APIs declared in the UITraitChangeObservable protocol [#DeprecatedDeclaration]
121 |
122 | override func traitCollectionDidChange(_ previousTraitCollection: UITraitCollection?) {
123 | super.traitCollectionDidChange(previousTraitCollection)
| `- warning: 'traitCollectionDidChange' was deprecated in visionOS 1.0: Use the trait change registration APIs declared in the UITraitChangeObservable protocol [#DeprecatedDeclaration]
124 | overlayManager.updateStyle(with: traitCollection)
125 | }
/Users/admin/builder/spi-builder-workspace/Sources/Instructions/Core/Internal/CoachMarksViewController.swift:379:52: error: 'willChangeStatusBarFrameNotification' is unavailable in visionOS
377 | let center = NotificationCenter.default
378 | center.addObserver(self, selector: #selector(prepareForChange),
379 | name: UIApplication.willChangeStatusBarFrameNotification, object: nil)
| `- error: 'willChangeStatusBarFrameNotification' is unavailable in visionOS
380 | center.addObserver(self, selector: #selector(restoreAfterChangeDidComplete),
381 | name: UIApplication.didChangeStatusBarFrameNotification, object: nil)
/Applications/Xcode-27.0.0-Release.Candidate.app/Contents/Developer/Platforms/XROS.platform/Developer/SDKs/XROS27.0.sdk/System/Library/Frameworks/UIKit.framework/Headers/UIApplication.h:581:39: note: 'willChangeStatusBarFrameNotification' has been explicitly marked unavailable here
579 | UIKIT_EXTERN NSNotificationName const UIApplicationDidChangeStatusBarOrientationNotification API_DEPRECATED("Use viewWillTransitionToSize:withTransitionCoordinator: instead.", ios(2.0, 13.0)) API_UNAVAILABLE(tvos) API_UNAVAILABLE(visionos, watchos) NS_SWIFT_NONISOLATED; // userInfo contains NSNumber with old orientation
580 | UIKIT_EXTERN NSString *const UIApplicationStatusBarOrientationUserInfoKey API_DEPRECATED("Use viewWillTransitionToSize:withTransitionCoordinator: instead.", ios(2.0, 13.0)) API_UNAVAILABLE(tvos) API_UNAVAILABLE(visionos, watchos) NS_SWIFT_NONISOLATED; // userInfo dictionary key for status bar orientation
581 | UIKIT_EXTERN NSNotificationName const UIApplicationWillChangeStatusBarFrameNotification API_DEPRECATED("Use viewWillTransitionToSize:withTransitionCoordinator: instead.", ios(2.0, 13.0)) API_UNAVAILABLE(tvos) API_UNAVAILABLE(visionos, watchos) NS_SWIFT_NONISOLATED; // userInfo contains NSValue with new frame
| `- note: 'willChangeStatusBarFrameNotification' has been explicitly marked unavailable here
582 | UIKIT_EXTERN NSNotificationName const UIApplicationDidChangeStatusBarFrameNotification API_DEPRECATED("Use viewWillTransitionToSize:withTransitionCoordinator: instead.", ios(2.0, 13.0)) API_UNAVAILABLE(tvos) API_UNAVAILABLE(visionos, watchos) NS_SWIFT_NONISOLATED; // userInfo contains NSValue with old frame
583 | UIKIT_EXTERN NSString *const UIApplicationStatusBarFrameUserInfoKey API_DEPRECATED("Use viewWillTransitionToSize:withTransitionCoordinator: instead.", ios(2.0, 13.0)) API_UNAVAILABLE(tvos) API_UNAVAILABLE(visionos, watchos) NS_SWIFT_NONISOLATED; // userInfo dictionary key for status bar frame
/Users/admin/builder/spi-builder-workspace/Sources/Instructions/Core/Internal/CoachMarksViewController.swift:381:52: error: 'didChangeStatusBarFrameNotification' is unavailable in visionOS
379 | name: UIApplication.willChangeStatusBarFrameNotification, object: nil)
380 | center.addObserver(self, selector: #selector(restoreAfterChangeDidComplete),
381 | name: UIApplication.didChangeStatusBarFrameNotification, object: nil)
| `- error: 'didChangeStatusBarFrameNotification' is unavailable in visionOS
382 | }
383 | }
/Applications/Xcode-27.0.0-Release.Candidate.app/Contents/Developer/Platforms/XROS.platform/Developer/SDKs/XROS27.0.sdk/System/Library/Frameworks/UIKit.framework/Headers/UIApplication.h:582:39: note: 'didChangeStatusBarFrameNotification' has been explicitly marked unavailable here
580 | UIKIT_EXTERN NSString *const UIApplicationStatusBarOrientationUserInfoKey API_DEPRECATED("Use viewWillTransitionToSize:withTransitionCoordinator: instead.", ios(2.0, 13.0)) API_UNAVAILABLE(tvos) API_UNAVAILABLE(visionos, watchos) NS_SWIFT_NONISOLATED; // userInfo dictionary key for status bar orientation
581 | UIKIT_EXTERN NSNotificationName const UIApplicationWillChangeStatusBarFrameNotification API_DEPRECATED("Use viewWillTransitionToSize:withTransitionCoordinator: instead.", ios(2.0, 13.0)) API_UNAVAILABLE(tvos) API_UNAVAILABLE(visionos, watchos) NS_SWIFT_NONISOLATED; // userInfo contains NSValue with new frame
582 | UIKIT_EXTERN NSNotificationName const UIApplicationDidChangeStatusBarFrameNotification API_DEPRECATED("Use viewWillTransitionToSize:withTransitionCoordinator: instead.", ios(2.0, 13.0)) API_UNAVAILABLE(tvos) API_UNAVAILABLE(visionos, watchos) NS_SWIFT_NONISOLATED; // userInfo contains NSValue with old frame
| `- note: 'didChangeStatusBarFrameNotification' has been explicitly marked unavailable here
583 | UIKIT_EXTERN NSString *const UIApplicationStatusBarFrameUserInfoKey API_DEPRECATED("Use viewWillTransitionToSize:withTransitionCoordinator: instead.", ios(2.0, 13.0)) API_UNAVAILABLE(tvos) API_UNAVAILABLE(visionos, watchos) NS_SWIFT_NONISOLATED; // userInfo dictionary key for status bar frame
584 | UIKIT_EXTERN NSNotificationName const UIApplicationBackgroundRefreshStatusDidChangeNotification API_AVAILABLE(ios(7.0), tvos(11.0)) API_UNAVAILABLE(watchos) NS_SWIFT_NONISOLATED;
/Users/admin/builder/spi-builder-workspace/Sources/Instructions/Core/Public/CoachMarksController.swift:34:38: error: 'setNeedsStatusBarAppearanceUpdate()' is unavailable in visionOS
32 | set {
33 | coachMarksViewController.customStatusBarStyle = newValue
34 | coachMarksViewController.setNeedsStatusBarAppearanceUpdate()
| `- error: 'setNeedsStatusBarAppearanceUpdate()' is unavailable in visionOS
35 | }
36 | }
/Applications/Xcode-27.0.0-Release.Candidate.app/Contents/Developer/Platforms/XROS.platform/Developer/SDKs/XROS27.0.sdk/System/Library/Frameworks/UIKit.framework/Headers/UIViewController.h:334:1: note: 'setNeedsStatusBarAppearanceUpdate()' has been explicitly marked unavailable here
332 |
333 | // This should be called whenever the return values for the view controller's status bar attributes have changed. If it is called from within an animation block, the changes will be animated along with the rest of the animation block.
334 | - (void)setNeedsStatusBarAppearanceUpdate API_AVAILABLE(ios(7.0)) API_UNAVAILABLE(tvos, visionos);
| `- note: 'setNeedsStatusBarAppearanceUpdate()' has been explicitly marked unavailable here
335 |
336 | /* This method returns either itself or the nearest ancestor that can perform the given action and, if applicable, has overridden UIViewController's default implementation of the action method. View controllers can return NO from canPerformAction:withSender: to opt out of being a target for a given action. */
/Users/admin/builder/spi-builder-workspace/Sources/Instructions/Core/Public/CoachMarksController.swift:244:53: error: 'UIScreen' is unavailable in visionOS
242 | let keyWindow = windowScene.windows.first { $0.isKeyWindow }
243 |
244 | window.frame = keyWindow?.bounds ?? UIScreen.main.bounds
| `- error: 'UIScreen' is unavailable in visionOS
245 |
246 | return window
/Applications/Xcode-27.0.0-Release.Candidate.app/Contents/Developer/Platforms/XROS.platform/Developer/SDKs/XROS27.0.sdk/System/Library/Frameworks/UIKit.framework/Headers/UIScreen.h:54:12: note: 'UIScreen' has been explicitly marked unavailable here
52 |
53 | UIKIT_EXTERN API_AVAILABLE(ios(2.0)) API_UNAVAILABLE(visionos, watchos) NS_SWIFT_UI_ACTOR
54 | @interface UIScreen : NSObject <UITraitEnvironment>
| `- note: 'UIScreen' has been explicitly marked unavailable here
55 |
56 | @property(class, nonatomic, readonly) NSArray<UIScreen *> *screens API_DEPRECATED("Use UIApplication.shared.openSessions to find open sessions with scenes from other screens", ios(3.2, 16.0), visionos(1.0, 1.0)) API_UNAVAILABLE(watchos); // all screens currently attached to the device
/Users/admin/builder/spi-builder-workspace/Sources/Instructions/Core/Public/CoachMarksController.swift:249:47: error: 'keyWindow' is unavailable in visionOS
247 | }
248 | } else {
249 | let bounds = UIApplication.shared.keyWindow?.bounds ?? UIScreen.main.bounds
| `- error: 'keyWindow' is unavailable in visionOS
250 | return InstructionsWindow(frame: bounds)
251 | }
/Applications/Xcode-27.0.0-Release.Candidate.app/Contents/Developer/Platforms/XROS.platform/Developer/SDKs/XROS27.0.sdk/System/Library/Frameworks/UIKit.framework/Headers/UIApplication.h:108:51: note: 'keyWindow' has been explicitly marked unavailable here
106 | - (void)sendEvent:(UIEvent *)event;
107 |
108 | @property(nullable, nonatomic,readonly) UIWindow *keyWindow API_DEPRECATED("Should not be used for applications that support multiple scenes as it returns a key window across all connected scenes", ios(2.0, 13.0)) API_UNAVAILABLE(visionos, watchos);
| `- note: 'keyWindow' has been explicitly marked unavailable here
109 | @property(nonatomic,readonly) NSArray<__kindof UIWindow *> *windows API_DEPRECATED("Use UIWindowScene.windows on a relevant window scene instead", ios(2.0, 15.0), visionos(1.0, 1.0)) API_UNAVAILABLE(watchos);
110 |
/Users/admin/builder/spi-builder-workspace/Sources/Instructions/Core/Public/CoachMarksController.swift:249:68: error: 'UIScreen' is unavailable in visionOS
247 | }
248 | } else {
249 | let bounds = UIApplication.shared.keyWindow?.bounds ?? UIScreen.main.bounds
| `- error: 'UIScreen' is unavailable in visionOS
250 | return InstructionsWindow(frame: bounds)
251 | }
/Applications/Xcode-27.0.0-Release.Candidate.app/Contents/Developer/Platforms/XROS.platform/Developer/SDKs/XROS27.0.sdk/System/Library/Frameworks/UIKit.framework/Headers/UIScreen.h:54:12: note: 'UIScreen' has been explicitly marked unavailable here
52 |
53 | UIKIT_EXTERN API_AVAILABLE(ios(2.0)) API_UNAVAILABLE(visionos, watchos) NS_SWIFT_UI_ACTOR
54 | @interface UIScreen : NSObject <UITraitEnvironment>
| `- note: 'UIScreen' has been explicitly marked unavailable here
55 |
56 | @property(class, nonatomic, readonly) NSArray<UIScreen *> *screens API_DEPRECATED("Use UIApplication.shared.openSessions to find open sessions with scenes from other screens", ios(3.2, 16.0), visionos(1.0, 1.0)) API_UNAVAILABLE(watchos); // all screens currently attached to the device
/Users/admin/builder/spi-builder-workspace/Sources/Instructions/Core/Public/CoachMarksController.swift:253:42: error: 'UIScreen' is unavailable in visionOS
251 | }
252 | #endif
253 | return InstructionsWindow(frame: UIScreen.main.bounds)
| `- error: 'UIScreen' is unavailable in visionOS
254 | }
255 | }
/Applications/Xcode-27.0.0-Release.Candidate.app/Contents/Developer/Platforms/XROS.platform/Developer/SDKs/XROS27.0.sdk/System/Library/Frameworks/UIKit.framework/Headers/UIScreen.h:54:12: note: 'UIScreen' has been explicitly marked unavailable here
52 |
53 | UIKIT_EXTERN API_AVAILABLE(ios(2.0)) API_UNAVAILABLE(visionos, watchos) NS_SWIFT_UI_ACTOR
54 | @interface UIScreen : NSObject <UITraitEnvironment>
| `- note: 'UIScreen' has been explicitly marked unavailable here
55 |
56 | @property(class, nonatomic, readonly) NSArray<UIScreen *> *screens API_DEPRECATED("Use UIApplication.shared.openSessions to find open sessions with scenes from other screens", ios(3.2, 16.0), visionos(1.0, 1.0)) API_UNAVAILABLE(watchos); // all screens currently attached to the device
[#DeprecatedDeclaration]: <https://docs.swift.org/compiler/documentation/diagnostics/deprecated-declaration>
SwiftCompile normal arm64 /Users/admin/builder/spi-builder-workspace/Sources/Instructions/Core/Internal/CoachMarksViewController.swift (in target 'Instructions' from project 'Instructions')
cd /Users/admin/builder/spi-builder-workspace/.swiftpm/xcode
builtin-SwiftPerFileCompile CoachMarksViewController.swift
SwiftCompile normal arm64 /Users/admin/builder/spi-builder-workspace/Sources/Instructions/Core/Public/CoachMark.swift (in target 'Instructions' from project 'Instructions')
cd /Users/admin/builder/spi-builder-workspace/.swiftpm/xcode
builtin-SwiftPerFileCompile CoachMark.swift
SwiftCompile normal arm64 /Users/admin/builder/spi-builder-workspace/Sources/Instructions/Core/Public/CoachMarksController.swift (in target 'Instructions' from project 'Instructions')
cd /Users/admin/builder/spi-builder-workspace/.swiftpm/xcode
builtin-SwiftPerFileCompile CoachMarksController.swift
SwiftCompile normal arm64 /Users/admin/builder/spi-builder-workspace/Sources/Instructions/Core/Public/Extensions/CoachMarksController+Proxy.swift (in target 'Instructions' from project 'Instructions')
cd /Users/admin/builder/spi-builder-workspace/.swiftpm/xcode
builtin-SwiftPerFileCompile CoachMarksController+Proxy.swift
SwiftCompile normal arm64 /Users/admin/builder/spi-builder-workspace/Sources/Instructions/Extra/Default\ Views/CoachMarkArrowDefaultView.swift (in target 'Instructions' from project 'Instructions')
cd /Users/admin/builder/spi-builder-workspace/.swiftpm/xcode
builtin-SwiftPerFileCompile CoachMarkArrowDefaultView.swift
SwiftCompile normal arm64 Compiling\ CoachMarkBodyView.swift,\ CoachMarkSkipView.swift,\ CoachMarksControllerDataSource.swift,\ CoachMarksControllerAnimationDelegate.swift,\ CoachMarksControllerDelegate.swift /Users/admin/builder/spi-builder-workspace/Sources/Instructions/Protocols\ and\ Enums/Public/CoachMarkBodyView.swift /Users/admin/builder/spi-builder-workspace/Sources/Instructions/Protocols\ and\ Enums/Public/CoachMarkSkipView.swift /Users/admin/builder/spi-builder-workspace/Sources/Instructions/Protocols\ and\ Enums/Public/CoachMarksControllerDataSource.swift /Users/admin/builder/spi-builder-workspace/Sources/Instructions/Protocols\ and\ Enums/Public/Delegates/CoachMarksControllerAnimationDelegate.swift /Users/admin/builder/spi-builder-workspace/Sources/Instructions/Protocols\ and\ Enums/Public/Delegates/CoachMarksControllerDelegate.swift (in target 'Instructions' from project 'Instructions')
SwiftCompile normal arm64 /Users/admin/builder/spi-builder-workspace/Sources/Instructions/Protocols\ and\ Enums/Public/CoachMarkBodyView.swift (in target 'Instructions' from project 'Instructions')
cd /Users/admin/builder/spi-builder-workspace/.swiftpm/xcode
builtin-SwiftPerFileCompile CoachMarkBodyView.swift
SwiftCompile normal arm64 /Users/admin/builder/spi-builder-workspace/Sources/Instructions/Protocols\ and\ Enums/Public/CoachMarkSkipView.swift (in target 'Instructions' from project 'Instructions')
cd /Users/admin/builder/spi-builder-workspace/.swiftpm/xcode
builtin-SwiftPerFileCompile CoachMarkSkipView.swift
SwiftCompile normal arm64 /Users/admin/builder/spi-builder-workspace/Sources/Instructions/Protocols\ and\ Enums/Public/CoachMarksControllerDataSource.swift (in target 'Instructions' from project 'Instructions')
cd /Users/admin/builder/spi-builder-workspace/.swiftpm/xcode
builtin-SwiftPerFileCompile CoachMarksControllerDataSource.swift
SwiftCompile normal arm64 /Users/admin/builder/spi-builder-workspace/Sources/Instructions/Protocols\ and\ Enums/Public/Delegates/CoachMarksControllerAnimationDelegate.swift (in target 'Instructions' from project 'Instructions')
cd /Users/admin/builder/spi-builder-workspace/.swiftpm/xcode
builtin-SwiftPerFileCompile CoachMarksControllerAnimationDelegate.swift
SwiftCompile normal arm64 /Users/admin/builder/spi-builder-workspace/Sources/Instructions/Protocols\ and\ Enums/Public/Delegates/CoachMarksControllerDelegate.swift (in target 'Instructions' from project 'Instructions')
cd /Users/admin/builder/spi-builder-workspace/.swiftpm/xcode
builtin-SwiftPerFileCompile CoachMarksControllerDelegate.swift
SwiftCompile normal arm64 Compiling\ AccessibilityIdentifiers.swift,\ CoachMarkInnerLayoutHelper.swift,\ CoachMarkLayoutHelper.swift,\ CoachMarkPosition.swift,\ ErrorMessage.swift /Users/admin/builder/spi-builder-workspace/Sources/Instructions/Helpers/Internal/AccessibilityIdentifiers.swift /Users/admin/builder/spi-builder-workspace/Sources/Instructions/Helpers/Internal/CoachMarkInnerLayoutHelper.swift /Users/admin/builder/spi-builder-workspace/Sources/Instructions/Helpers/Internal/CoachMarkLayoutHelper.swift /Users/admin/builder/spi-builder-workspace/Sources/Instructions/Helpers/Internal/Enums/CoachMarkPosition.swift /Users/admin/builder/spi-builder-workspace/Sources/Instructions/Helpers/Internal/ErrorMessage.swift (in target 'Instructions' from project 'Instructions')
SwiftCompile normal arm64 /Users/admin/builder/spi-builder-workspace/Sources/Instructions/Helpers/Internal/AccessibilityIdentifiers.swift (in target 'Instructions' from project 'Instructions')
cd /Users/admin/builder/spi-builder-workspace/.swiftpm/xcode
builtin-SwiftPerFileCompile AccessibilityIdentifiers.swift
SwiftCompile normal arm64 /Users/admin/builder/spi-builder-workspace/Sources/Instructions/Helpers/Internal/CoachMarkInnerLayoutHelper.swift (in target 'Instructions' from project 'Instructions')
cd /Users/admin/builder/spi-builder-workspace/.swiftpm/xcode
builtin-SwiftPerFileCompile CoachMarkInnerLayoutHelper.swift
SwiftCompile normal arm64 /Users/admin/builder/spi-builder-workspace/Sources/Instructions/Helpers/Internal/CoachMarkLayoutHelper.swift (in target 'Instructions' from project 'Instructions')
cd /Users/admin/builder/spi-builder-workspace/.swiftpm/xcode
builtin-SwiftPerFileCompile CoachMarkLayoutHelper.swift
SwiftCompile normal arm64 /Users/admin/builder/spi-builder-workspace/Sources/Instructions/Helpers/Internal/Enums/CoachMarkPosition.swift (in target 'Instructions' from project 'Instructions')
cd /Users/admin/builder/spi-builder-workspace/.swiftpm/xcode
builtin-SwiftPerFileCompile CoachMarkPosition.swift
SwiftCompile normal arm64 /Users/admin/builder/spi-builder-workspace/Sources/Instructions/Helpers/Internal/ErrorMessage.swift (in target 'Instructions' from project 'Instructions')
cd /Users/admin/builder/spi-builder-workspace/.swiftpm/xcode
builtin-SwiftPerFileCompile ErrorMessage.swift
SwiftCompile normal arm64 Compiling\ CoachMarkCoordinateConverter.swift,\ CoachMarkHelper.swift,\ CoachMarkArrowOrientation.swift,\ CoachMarkNextLabelPosition.swift,\ Instructions.swift /Users/admin/builder/spi-builder-workspace/Sources/Instructions/Helpers/Public/CoachMarkCoordinateConverter.swift /Users/admin/builder/spi-builder-workspace/Sources/Instructions/Helpers/Public/CoachMarkHelper.swift /Users/admin/builder/spi-builder-workspace/Sources/Instructions/Helpers/Public/Enums/CoachMarkArrowOrientation.swift /Users/admin/builder/spi-builder-workspace/Sources/Instructions/Helpers/Public/Enums/CoachMarkNextLabelPosition.swift /Users/admin/builder/spi-builder-workspace/Sources/Instructions/Instructions.swift (in target 'Instructions' from project 'Instructions')
SwiftCompile normal arm64 /Users/admin/builder/spi-builder-workspace/Sources/Instructions/Helpers/Public/CoachMarkCoordinateConverter.swift (in target 'Instructions' from project 'Instructions')
cd /Users/admin/builder/spi-builder-workspace/.swiftpm/xcode
builtin-SwiftPerFileCompile CoachMarkCoordinateConverter.swift
SwiftCompile normal arm64 /Users/admin/builder/spi-builder-workspace/Sources/Instructions/Helpers/Public/CoachMarkHelper.swift (in target 'Instructions' from project 'Instructions')
cd /Users/admin/builder/spi-builder-workspace/.swiftpm/xcode
builtin-SwiftPerFileCompile CoachMarkHelper.swift
SwiftCompile normal arm64 /Users/admin/builder/spi-builder-workspace/Sources/Instructions/Helpers/Public/Enums/CoachMarkArrowOrientation.swift (in target 'Instructions' from project 'Instructions')
cd /Users/admin/builder/spi-builder-workspace/.swiftpm/xcode
builtin-SwiftPerFileCompile CoachMarkArrowOrientation.swift
SwiftCompile normal arm64 /Users/admin/builder/spi-builder-workspace/Sources/Instructions/Helpers/Public/Enums/CoachMarkNextLabelPosition.swift (in target 'Instructions' from project 'Instructions')
cd /Users/admin/builder/spi-builder-workspace/.swiftpm/xcode
builtin-SwiftPerFileCompile CoachMarkNextLabelPosition.swift
SwiftCompile normal arm64 /Users/admin/builder/spi-builder-workspace/Sources/Instructions/Instructions.swift (in target 'Instructions' from project 'Instructions')
cd /Users/admin/builder/spi-builder-workspace/.swiftpm/xcode
builtin-SwiftPerFileCompile Instructions.swift
SwiftCompile normal arm64 Compiling\ CoachMarkBackgroundStyle.swift,\ CoachMarkBodyDefaultView.swift,\ CoachMarkSkipDefaultView.swift,\ CoachMarkBodyBackgroundView.swift,\ CoachMarkComponent.swift /Users/admin/builder/spi-builder-workspace/Sources/Instructions/Extra/Default\ Views/CoachMarkBackgroundStyle.swift /Users/admin/builder/spi-builder-workspace/Sources/Instructions/Extra/Default\ Views/CoachMarkBodyDefaultView.swift /Users/admin/builder/spi-builder-workspace/Sources/Instructions/Extra/Default\ Views/CoachMarkSkipDefaultView.swift /Users/admin/builder/spi-builder-workspace/Sources/Instructions/Extra/Internal/CoachMarkBodyBackgroundView.swift /Users/admin/builder/spi-builder-workspace/Sources/Instructions/Extra/Internal/CoachMarkComponent.swift (in target 'Instructions' from project 'Instructions')
SwiftCompile normal arm64 /Users/admin/builder/spi-builder-workspace/Sources/Instructions/Extra/Default\ Views/CoachMarkBackgroundStyle.swift (in target 'Instructions' from project 'Instructions')
cd /Users/admin/builder/spi-builder-workspace/.swiftpm/xcode
builtin-SwiftPerFileCompile CoachMarkBackgroundStyle.swift
SwiftCompile normal arm64 /Users/admin/builder/spi-builder-workspace/Sources/Instructions/Extra/Default\ Views/CoachMarkBodyDefaultView.swift (in target 'Instructions' from project 'Instructions')
cd /Users/admin/builder/spi-builder-workspace/.swiftpm/xcode
builtin-SwiftPerFileCompile CoachMarkBodyDefaultView.swift
SwiftCompile normal arm64 /Users/admin/builder/spi-builder-workspace/Sources/Instructions/Extra/Default\ Views/CoachMarkSkipDefaultView.swift (in target 'Instructions' from project 'Instructions')
cd /Users/admin/builder/spi-builder-workspace/.swiftpm/xcode
builtin-SwiftPerFileCompile CoachMarkSkipDefaultView.swift
SwiftCompile normal arm64 /Users/admin/builder/spi-builder-workspace/Sources/Instructions/Extra/Internal/CoachMarkBodyBackgroundView.swift (in target 'Instructions' from project 'Instructions')
cd /Users/admin/builder/spi-builder-workspace/.swiftpm/xcode
builtin-SwiftPerFileCompile CoachMarkBodyBackgroundView.swift
SwiftCompile normal arm64 /Users/admin/builder/spi-builder-workspace/Sources/Instructions/Extra/Internal/CoachMarkComponent.swift (in target 'Instructions' from project 'Instructions')
cd /Users/admin/builder/spi-builder-workspace/.swiftpm/xcode
builtin-SwiftPerFileCompile CoachMarkComponent.swift
SwiftCompile normal arm64 Compiling\ CoachMarkDisplayManager.swift,\ BlurringOverlayStyleManager.swift,\ OverlayStyleManager.swift,\ TranslucentOverlayStyleManager.swift,\ SkipViewDisplayManager.swift /Users/admin/builder/spi-builder-workspace/Sources/Instructions/Managers/Internal/CoachMarkDisplayManager.swift /Users/admin/builder/spi-builder-workspace/Sources/Instructions/Managers/Internal/OverlayStyleManager/BlurringOverlayStyleManager.swift /Users/admin/builder/spi-builder-workspace/Sources/Instructions/Managers/Internal/OverlayStyleManager/OverlayStyleManager.swift /Users/admin/builder/spi-builder-workspace/Sources/Instructions/Managers/Internal/OverlayStyleManager/TranslucentOverlayStyleManager.swift /Users/admin/builder/spi-builder-workspace/Sources/Instructions/Managers/Internal/SkipViewDisplayManager.swift (in target 'Instructions' from project 'Instructions')
/Users/admin/builder/spi-builder-workspace/Sources/Instructions/Managers/Internal/SkipViewDisplayManager.swift:146:38: error: 'isStatusBarHidden' is unavailable in visionOS
144 | }
145 | } else {
146 | if !UIApplication.shared.isStatusBarHidden {
| `- error: 'isStatusBarHidden' is unavailable in visionOS
147 | return UIApplication.shared.statusBarFrame.size.height
148 | }
/Applications/Xcode-27.0.0-Release.Candidate.app/Contents/Developer/Platforms/XROS.platform/Developer/SDKs/XROS27.0.sdk/System/Library/Frameworks/UIKit.framework/Headers/UIApplication.h:117:62: note: 'isStatusBarHidden' has been explicitly marked unavailable here
115 | @property(readonly, nonatomic) UIStatusBarStyle statusBarStyle API_UNAVAILABLE(tvos) API_DEPRECATED("Use the statusBarManager property of the window scene instead.", ios(2.0, 13.0)) API_UNAVAILABLE(visionos); // default is UIStatusBarStyleDefault
116 |
117 | @property(readonly, nonatomic,getter=isStatusBarHidden) BOOL statusBarHidden API_UNAVAILABLE(tvos) API_DEPRECATED("Use the statusBarManager property of the window scene instead.", ios(2.0, 13.0)) API_UNAVAILABLE(visionos);
| `- note: 'isStatusBarHidden' has been explicitly marked unavailable here
118 |
119 | @property(readonly, nonatomic) UIInterfaceOrientation statusBarOrientation API_UNAVAILABLE(tvos) API_DEPRECATED("Use the interfaceOrientation property of the window scene instead.", ios(2.0, 13.0)) API_UNAVAILABLE(visionos);
/Users/admin/builder/spi-builder-workspace/Sources/Instructions/Managers/Internal/SkipViewDisplayManager.swift:147:45: error: 'statusBarFrame' is unavailable in visionOS
145 | } else {
146 | if !UIApplication.shared.isStatusBarHidden {
147 | return UIApplication.shared.statusBarFrame.size.height
| `- error: 'statusBarFrame' is unavailable in visionOS
148 | }
149 | }
/Applications/Xcode-27.0.0-Release.Candidate.app/Contents/Developer/Platforms/XROS.platform/Developer/SDKs/XROS27.0.sdk/System/Library/Frameworks/UIKit.framework/Headers/UIApplication.h:131:38: note: 'statusBarFrame' has been explicitly marked unavailable here
129 |
130 | @property(nonatomic,readonly) NSTimeInterval statusBarOrientationAnimationDuration API_DEPRECATED("Use viewWillTransitionToSize:withTransitionCoordinator: instead.", ios(2.0, 13.0)) API_UNAVAILABLE(tvos) API_UNAVAILABLE(visionos, watchos); // Returns the animation duration for the status bar during a 90 degree orientation change. It should be doubled for a 180 degree orientation change.
131 | @property(nonatomic,readonly) CGRect statusBarFrame API_DEPRECATED("Use the statusBarManager property of the window scene instead.", ios(2.0, 13.0)) API_UNAVAILABLE(tvos) API_UNAVAILABLE(visionos, watchos); // returns CGRectZero if the status bar is hidden
| `- note: 'statusBarFrame' has been explicitly marked unavailable here
132 |
133 | @property(nonatomic) NSInteger applicationIconBadgeNumber API_DEPRECATED("Use -[UNUserNotificationCenter setBadgeCount:withCompletionHandler:] instead.", ios(2.0, 17.0)) API_UNAVAILABLE(watchos);
Failed frontend command:
/Applications/Xcode-27.0.0-Release.Candidate.app/Contents/Developer/Toolchains/XcodeDefault.xctoolchain/usr/bin/swift-frontend -frontend -c /Users/admin/builder/spi-builder-workspace/Sources/Instructions/Core/Internal/CoachMarksViewController.swift /Users/admin/builder/spi-builder-workspace/Sources/Instructions/Core/Public/CoachMark.swift /Users/admin/builder/spi-builder-workspace/Sources/Instructions/Core/Public/CoachMarksController.swift /Users/admin/builder/spi-builder-workspace/Sources/Instructions/Core/Public/Extensions/CoachMarksController+Proxy.swift /Users/admin/builder/spi-builder-workspace/Sources/Instructions/Extra/Default\ Views/CoachMarkArrowDefaultView.swift /Users/admin/builder/spi-builder-workspace/Sources/Instructions/Extra/Default\ Views/CoachMarkBackgroundStyle.swift /Users/admin/builder/spi-builder-workspace/Sources/Instructions/Extra/Default\ Views/CoachMarkBodyDefaultView.swift /Users/admin/builder/spi-builder-workspace/Sources/Instructions/Extra/Default\ Views/CoachMarkSkipDefaultView.swift /Users/admin/builder/spi-builder-workspace/Sources/Instructions/Extra/Internal/CoachMarkBodyBackgroundView.swift /Users/admin/builder/spi-builder-workspace/Sources/Instructions/Extra/Internal/CoachMarkComponent.swift /Users/admin/builder/spi-builder-workspace/Sources/Instructions/Helpers/Internal/AccessibilityIdentifiers.swift /Users/admin/builder/spi-builder-workspace/Sources/Instructions/Helpers/Internal/CoachMarkInnerLayoutHelper.swift /Users/admin/builder/spi-builder-workspace/Sources/Instructions/Helpers/Internal/CoachMarkLayoutHelper.swift /Users/admin/builder/spi-builder-workspace/Sources/Instructions/Helpers/Internal/Enums/CoachMarkPosition.swift /Users/admin/builder/spi-builder-workspace/Sources/Instructions/Helpers/Internal/ErrorMessage.swift /Users/admin/builder/spi-builder-workspace/Sources/Instructions/Helpers/Internal/Extensions/UIApplication+WindowScene.swift /Users/admin/builder/spi-builder-workspace/Sources/Instructions/Helpers/Internal/Extensions/UIView+Layout.swift /Users/admin/builder/spi-builder-workspace/Sources/Instructions/Helpers/Public/CoachMark\ Animation/CoachMarkAnimationManagement.swift /Users/admin/builder/spi-builder-workspace/Sources/Instructions/Helpers/Public/CoachMark\ Animation/CoachMarkAnimationManager.swift /Users/admin/builder/spi-builder-workspace/Sources/Instructions/Helpers/Public/CoachMark\ Animation/CoachMarkTransitionManager.swift /Users/admin/builder/spi-builder-workspace/Sources/Instructions/Helpers/Public/CoachMarkCoordinateConverter.swift /Users/admin/builder/spi-builder-workspace/Sources/Instructions/Helpers/Public/CoachMarkHelper.swift /Users/admin/builder/spi-builder-workspace/Sources/Instructions/Helpers/Public/Enums/CoachMarkArrowOrientation.swift /Users/admin/builder/spi-builder-workspace/Sources/Instructions/Helpers/Public/Enums/CoachMarkNextLabelPosition.swift /Users/admin/builder/spi-builder-workspace/Sources/Instructions/Instructions.swift -primary-file /Users/admin/builder/spi-builder-workspace/Sources/Instructions/Managers/Internal/CoachMarkDisplayManager.swift -primary-file /Users/admin/builder/spi-builder-workspace/Sources/Instructions/Managers/Internal/OverlayStyleManager/BlurringOverlayStyleManager.swift -primary-file /Users/admin/builder/spi-builder-workspace/Sources/Instructions/Managers/Internal/OverlayStyleManager/OverlayStyleManager.swift -primary-file /Users/admin/builder/spi-builder-workspace/Sources/Instructions/Managers/Internal/OverlayStyleManager/TranslucentOverlayStyleManager.swift -primary-file /Users/admin/builder/spi-builder-workspace/Sources/Instructions/Managers/Internal/SkipViewDisplayManager.swift /Users/admin/builder/spi-builder-workspace/Sources/Instructions/Managers/Public/FlowManager.swift /Users/admin/builder/spi-builder-workspace/Sources/Instructions/Managers/Public/OverlayManager.swift /Users/admin/builder/spi-builder-workspace/Sources/Instructions/Protocols\ and\ Enums/Internal/CoachMarkViewControllerDelegate.swift /Users/admin/builder/spi-builder-workspace/Sources/Instructions/Protocols\ and\ Enums/Public/CoachMarkArrowView.swift /Users/admin/builder/spi-builder-workspace/Sources/Instructions/Protocols\ and\ Enums/Public/CoachMarkBodyHighlightArrowDelegate.swift /Users/admin/builder/spi-builder-workspace/Sources/Instructions/Protocols\ and\ Enums/Public/CoachMarkBodyView.swift /Users/admin/builder/spi-builder-workspace/Sources/Instructions/Protocols\ and\ Enums/Public/CoachMarkSkipView.swift /Users/admin/builder/spi-builder-workspace/Sources/Instructions/Protocols\ and\ Enums/Public/CoachMarksControllerDataSource.swift /Users/admin/builder/spi-builder-workspace/Sources/Instructions/Protocols\ and\ Enums/Public/Delegates/CoachMarksControllerAnimationDelegate.swift /Users/admin/builder/spi-builder-workspace/Sources/Instructions/Protocols\ and\ Enums/Public/Delegates/CoachMarksControllerDelegate.swift /Users/admin/builder/spi-builder-workspace/Sources/Instructions/Protocols\ and\ Enums/Public/Enums/ConfigurationChange.swift /Users/admin/builder/spi-builder-workspace/Sources/Instructions/Protocols\ and\ Enums/Public/Enums/PauseStyle.swift /Users/admin/builder/spi-builder-workspace/Sources/Instructions/Protocols\ and\ Enums/Public/Enums/PresentationContext.swift /Users/admin/builder/spi-builder-workspace/Sources/Instructions/Protocols\ and\ Enums/Public/Enums/ViewControllerConfiguration.swift /Users/admin/builder/spi-builder-workspace/Sources/Instructions/Views/CoachMarkView.swift /Users/admin/builder/spi-builder-workspace/Sources/Instructions/Views/MaskView.swift /Users/admin/builder/spi-builder-workspace/Sources/Instructions/Views/OverlaySnapshotView.swift /Users/admin/builder/spi-builder-workspace/Sources/Instructions/Views/OverlayView.swift /Users/admin/builder/spi-builder-workspace/Sources/Instructions/Views/PassthroughViews.swift -supplementary-output-file-map /Users/admin/builder/spi-builder-workspace/.derivedData/Build/Intermediates.noindex/Instructions.build/Debug-xros/Instructions-t.build/Objects-normal/arm64/supplementaryOutputs-6 -target arm64-apple-xros1.0 -disable-cross-import-overlay-search -load-resolved-plugin /Applications/Xcode-27.0.0-Release.Candidate.app/Contents/Developer/Platforms/XROS.platform/Developer/usr/lib/swift/host/plugins/libFoundationMacros.dylib\#/Applications/Xcode-27.0.0-Release.Candidate.app/Contents/Developer/Platforms/XROS.platform/Developer/usr/bin/swift-plugin-server\#FoundationMacros -load-resolved-plugin /Applications/Xcode-27.0.0-Release.Candidate.app/Contents/Developer/Platforms/XROS.platform/Developer/usr/lib/swift/host/plugins/libObservationMacros.dylib\#/Applications/Xcode-27.0.0-Release.Candidate.app/Contents/Developer/Platforms/XROS.platform/Developer/usr/bin/swift-plugin-server\#ObservationMacros -load-resolved-plugin /Applications/Xcode-27.0.0-Release.Candidate.app/Contents/Developer/Platforms/XROS.platform/Developer/usr/lib/swift/host/plugins/libPreviewsMacros.dylib\#/Applications/Xcode-27.0.0-Release.Candidate.app/Contents/Developer/Platforms/XROS.platform/Developer/usr/bin/swift-plugin-server\#PreviewsMacros -load-resolved-plugin /Applications/Xcode-27.0.0-Release.Candidate.app/Contents/Developer/Platforms/XROS.platform/Developer/usr/lib/swift/host/plugins/libSwiftMacros.dylib\#/Applications/Xcode-27.0.0-Release.Candidate.app/Contents/Developer/Platforms/XROS.platform/Developer/usr/bin/swift-plugin-server\#SwiftMacros -load-resolved-plugin /Applications/Xcode-27.0.0-Release.Candidate.app/Contents/Developer/Platforms/XROS.platform/Developer/usr/lib/swift/host/plugins/libSwiftUIMacros.dylib\#/Applications/Xcode-27.0.0-Release.Candidate.app/Contents/Developer/Platforms/XROS.platform/Developer/usr/bin/swift-plugin-server\#SwiftUIMacros -disable-implicit-swift-modules -Xcc -fno-implicit-modules -Xcc -fno-implicit-module-maps -explicit-swift-module-map-file /Users/admin/builder/spi-builder-workspace/.derivedData/Build/Intermediates.noindex/Instructions.build/Debug-xros/Instructions-t.build/Objects-normal/arm64/Instructions-dependencies-1.json -Xllvm -aarch64-use-tbi -enable-objc-interop -stack-check -sdk /Applications/Xcode-27.0.0-Release.Candidate.app/Contents/Developer/Platforms/XROS.platform/Developer/SDKs/XROS27.0.sdk -I /Users/admin/builder/spi-builder-workspace/.derivedData/Build/Products/Debug-xros -Isystem /Applications/Xcode-27.0.0-Release.Candidate.app/Contents/Developer/Platforms/XROS.platform/Developer/usr/lib -F /Users/admin/builder/spi-builder-workspace/.derivedData/Build/Products/Debug-xros -F /Applications/Xcode-27.0.0-Release.Candidate.app/Contents/Developer/Platforms/XROS.platform/Developer/Library/Frameworks -F /Applications/Xcode-27.0.0-Release.Candidate.app/Contents/Developer/Platforms/XROS.platform/Developer/SDKs/XROS27.0.sdk/Developer/Library/Frameworks -module-cache-path /Users/admin/builder/spi-builder-workspace/.derivedData/Build/Intermediates.noindex/SwiftExplicitPrecompiledModules -no-color-diagnostics -Xcc -fno-color-diagnostics -enable-testing -g -debug-info-format\=dwarf -dwarf-version\=4 -swift-version 5 -Onone -D SWIFT_PACKAGE -D DEBUG -D SWIFT_MODULE_RESOURCE_BUNDLE_UNAVAILABLE -D Xcode -serialize-debugging-options -enable-experimental-feature DebugDescriptionMacro -empty-abi-descriptor -validate-clang-modules-once -clang-build-session-file /Users/admin/builder/spi-builder-workspace/.derivedData/ModuleCache.noindex/Session.modulevalidation -Xcc -working-directory -Xcc /Users/admin/builder/spi-builder-workspace/.swiftpm/xcode -enable-anonymous-context-mangled-names -file-compilation-dir /Users/admin/builder/spi-builder-workspace/.swiftpm/xcode -Xcc -D_LIBCPP_HARDENING_MODE\=_LIBCPP_HARDENING_MODE_DEBUG -Xcc -ivfsstatcache -Xcc /Users/admin/builder/spi-builder-workspace/.derivedData/SDKStatCaches.noindex/xros27.0-24M361-e829b21a6f8c9b70876ba0858053c044735bd543db762f57723cac368afd1ce4.sdkstatcache -Xcc -fmodules-prune-interval\=86400 -Xcc -fmodules-prune-after\=345600 -Xcc -I/Users/admin/builder/spi-builder-workspace/.derivedData/Build/Products/Debug-xros/include -Xcc -I/Users/admin/builder/spi-builder-workspace/.derivedData/Build/Intermediates.noindex/Instructions.build/Debug-xros/Instructions-t.build/DerivedSources-normal/arm64 -Xcc -I/Users/admin/builder/spi-builder-workspace/.derivedData/Build/Intermediates.noindex/Instructions.build/Debug-xros/Instructions-t.build/DerivedSources/arm64 -Xcc -I/Users/admin/builder/spi-builder-workspace/.derivedData/Build/Intermediates.noindex/Instructions.build/Debug-xros/Instructions-t.build/DerivedSources -Xcc -DSWIFT_PACKAGE -Xcc -DDEBUG\=1 -no-auto-bridging-header-chaining -module-name Instructions -const-gather-protocols-file /Users/admin/builder/spi-builder-workspace/.derivedData/Build/Intermediates.noindex/Instructions.build/Debug-xros/Instructions-t.build/Objects-normal/arm64/Instructions_const_extract_protocols.json -disable-clang-spi -clang-target arm64-apple-xros27.0 -target-sdk-version 27.0 -target-sdk-name xros27.0 -in-process-plugin-server-path /Applications/Xcode-27.0.0-Release.Candidate.app/Contents/Developer/Toolchains/XcodeDefault.xctoolchain/usr/lib/swift/host/libSwiftInProcPluginServer.dylib -parse-as-library -o /Users/admin/builder/spi-builder-workspace/.derivedData/Build/Intermediates.noindex/Instructions.build/Debug-xros/Instructions-t.build/Objects-normal/arm64/CoachMarkDisplayManager.o -o /Users/admin/builder/spi-builder-workspace/.derivedData/Build/Intermediates.noindex/Instructions.build/Debug-xros/Instructions-t.build/Objects-normal/arm64/BlurringOverlayStyleManager.o -o /Users/admin/builder/spi-builder-workspace/.derivedData/Build/Intermediates.noindex/Instructions.build/Debug-xros/Instructions-t.build/Objects-normal/arm64/OverlayStyleManager.o -o /Users/admin/builder/spi-builder-workspace/.derivedData/Build/Intermediates.noindex/Instructions.build/Debug-xros/Instructions-t.build/Objects-normal/arm64/TranslucentOverlayStyleManager.o -o /Users/admin/builder/spi-builder-workspace/.derivedData/Build/Intermediates.noindex/Instructions.build/Debug-xros/Instructions-t.build/Objects-normal/arm64/SkipViewDisplayManager.o -debug-module-path /Users/admin/builder/spi-builder-workspace/.derivedData/Build/Intermediates.noindex/Instructions.build/Debug-xros/Instructions-t.build/Objects-normal/arm64/Instructions.swiftmodule -index-unit-output-path /Instructions.build/Debug-xros/Instructions-t.build/Objects-normal/arm64/CoachMarkDisplayManager.o -index-unit-output-path /Instructions.build/Debug-xros/Instructions-t.build/Objects-normal/arm64/BlurringOverlayStyleManager.o -index-unit-output-path /Instructions.build/Debug-xros/Instructions-t.build/Objects-normal/arm64/OverlayStyleManager.o -index-unit-output-path /Instructions.build/Debug-xros/Instructions-t.build/Objects-normal/arm64/TranslucentOverlayStyleManager.o -index-unit-output-path /Instructions.build/Debug-xros/Instructions-t.build/Objects-normal/arm64/SkipViewDisplayManager.o -index-store-path /Users/admin/builder/spi-builder-workspace/.derivedData/Index.noindex/DataStore -index-system-modules
SwiftCompile normal arm64 /Users/admin/builder/spi-builder-workspace/Sources/Instructions/Managers/Internal/CoachMarkDisplayManager.swift (in target 'Instructions' from project 'Instructions')
cd /Users/admin/builder/spi-builder-workspace/.swiftpm/xcode
builtin-SwiftPerFileCompile CoachMarkDisplayManager.swift
SwiftCompile normal arm64 /Users/admin/builder/spi-builder-workspace/Sources/Instructions/Managers/Internal/OverlayStyleManager/BlurringOverlayStyleManager.swift (in target 'Instructions' from project 'Instructions')
cd /Users/admin/builder/spi-builder-workspace/.swiftpm/xcode
builtin-SwiftPerFileCompile BlurringOverlayStyleManager.swift
SwiftCompile normal arm64 /Users/admin/builder/spi-builder-workspace/Sources/Instructions/Managers/Internal/OverlayStyleManager/OverlayStyleManager.swift (in target 'Instructions' from project 'Instructions')
cd /Users/admin/builder/spi-builder-workspace/.swiftpm/xcode
builtin-SwiftPerFileCompile OverlayStyleManager.swift
SwiftCompile normal arm64 /Users/admin/builder/spi-builder-workspace/Sources/Instructions/Managers/Internal/OverlayStyleManager/TranslucentOverlayStyleManager.swift (in target 'Instructions' from project 'Instructions')
cd /Users/admin/builder/spi-builder-workspace/.swiftpm/xcode
builtin-SwiftPerFileCompile TranslucentOverlayStyleManager.swift
SwiftCompile normal arm64 /Users/admin/builder/spi-builder-workspace/Sources/Instructions/Managers/Internal/SkipViewDisplayManager.swift (in target 'Instructions' from project 'Instructions')
cd /Users/admin/builder/spi-builder-workspace/.swiftpm/xcode
builtin-SwiftPerFileCompile SkipViewDisplayManager.swift
SwiftDriverJobDiscovery normal arm64 Emitting module for Instructions (in target 'Instructions' from project 'Instructions')
SwiftDriver\ Compilation\ Requirements Instructions normal arm64 com.apple.xcode.tools.swift.compiler (in target 'Instructions' from project 'Instructions')
cd /Users/admin/builder/spi-builder-workspace/.swiftpm/xcode
builtin-Swift-Compilation-Requirements -- /Applications/Xcode-27.0.0-Release.Candidate.app/Contents/Developer/Toolchains/XcodeDefault.xctoolchain/usr/bin/swiftc -parse-as-library -module-name Instructions -Onone @/Users/admin/builder/spi-builder-workspace/.derivedData/Build/Intermediates.noindex/Instructions.build/Debug-xros/Instructions-t.build/Objects-normal/arm64/Instructions.SwiftFileList -DSWIFT_PACKAGE -DDEBUG -DSWIFT_MODULE_RESOURCE_BUNDLE_UNAVAILABLE -DXcode -plugin-path /Applications/Xcode-27.0.0-Release.Candidate.app/Contents/Developer/Toolchains/XcodeDefault.xctoolchain/usr/lib/swift/host/plugins/testing -enable-experimental-feature DebugDescriptionMacro -sdk /Applications/Xcode-27.0.0-Release.Candidate.app/Contents/Developer/Platforms/XROS.platform/Developer/SDKs/XROS27.0.sdk -target arm64-apple-xros1.0 -g -module-cache-path /Users/admin/builder/spi-builder-workspace/.derivedData/ModuleCache.noindex -Xfrontend -serialize-debugging-options -enable-testing -index-store-path /Users/admin/builder/spi-builder-workspace/.derivedData/Index.noindex/DataStore -Xcc -D_LIBCPP_HARDENING_MODE\=_LIBCPP_HARDENING_MODE_DEBUG -swift-version 5 -I /Users/admin/builder/spi-builder-workspace/.derivedData/Build/Products/Debug-xros -Isystem /Applications/Xcode-27.0.0-Release.Candidate.app/Contents/Developer/Platforms/XROS.platform/Developer/usr/lib -F /Users/admin/builder/spi-builder-workspace/.derivedData/Build/Products/Debug-xros -F /Applications/Xcode-27.0.0-Release.Candidate.app/Contents/Developer/Platforms/XROS.platform/Developer/Library/Frameworks -F /Applications/Xcode-27.0.0-Release.Candidate.app/Contents/Developer/Platforms/XROS.platform/Developer/SDKs/XROS27.0.sdk/Developer/Library/Frameworks -c -j10 -enable-batch-mode -incremental -Xcc -ivfsstatcache -Xcc /Users/admin/builder/spi-builder-workspace/.derivedData/SDKStatCaches.noindex/xros27.0-24M361-e829b21a6f8c9b70876ba0858053c044735bd543db762f57723cac368afd1ce4.sdkstatcache -output-file-map /Users/admin/builder/spi-builder-workspace/.derivedData/Build/Intermediates.noindex/Instructions.build/Debug-xros/Instructions-t.build/Objects-normal/arm64/Instructions-OutputFileMap.json -save-temps -no-color-diagnostics -explicit-module-build -module-cache-path /Users/admin/builder/spi-builder-workspace/.derivedData/Build/Intermediates.noindex/SwiftExplicitPrecompiledModules -clang-scanner-module-cache-path /Users/admin/builder/spi-builder-workspace/.derivedData/ModuleCache.noindex -sdk-module-cache-path /Users/admin/builder/spi-builder-workspace/.derivedData/SDKExplicitPrecompiledModules -emit-dependencies -emit-module -emit-module-path /Users/admin/builder/spi-builder-workspace/.derivedData/Build/Intermediates.noindex/Instructions.build/Debug-xros/Instructions-t.build/Objects-normal/arm64/Instructions.swiftmodule -serialize-diagnostics -dependency-scan-serialize-diagnostics-path /Users/admin/builder/spi-builder-workspace/.derivedData/Build/Intermediates.noindex/Instructions.build/Debug-xros/Instructions-t.build/Objects-normal/arm64/Instructions-dependency-scan.dia -validate-clang-modules-once -clang-build-session-file /Users/admin/builder/spi-builder-workspace/.derivedData/ModuleCache.noindex/Session.modulevalidation -Xcc -fmodules-prune-interval\=86400 -Xcc -fmodules-prune-after\=345600 -emit-const-values -const-gather-protocols-list /Users/admin/builder/spi-builder-workspace/.derivedData/Build/Intermediates.noindex/Instructions.build/Debug-xros/Instructions-t.build/Objects-normal/arm64/Instructions_const_extract_protocols.json -Xcc -I/Users/admin/builder/spi-builder-workspace/.derivedData/Build/Products/Debug-xros/include -Xcc -I/Users/admin/builder/spi-builder-workspace/.derivedData/Build/Intermediates.noindex/Instructions.build/Debug-xros/Instructions-t.build/DerivedSources-normal/arm64 -Xcc -I/Users/admin/builder/spi-builder-workspace/.derivedData/Build/Intermediates.noindex/Instructions.build/Debug-xros/Instructions-t.build/DerivedSources/arm64 -Xcc -I/Users/admin/builder/spi-builder-workspace/.derivedData/Build/Intermediates.noindex/Instructions.build/Debug-xros/Instructions-t.build/DerivedSources -Xcc -DSWIFT_PACKAGE -Xcc -DDEBUG\=1 -emit-objc-header -emit-objc-header-path /Users/admin/builder/spi-builder-workspace/.derivedData/Build/Intermediates.noindex/Instructions.build/Debug-xros/Instructions-t.build/Objects-normal/arm64/Instructions-Swift.h -working-directory /Users/admin/builder/spi-builder-workspace/.swiftpm/xcode -experimental-emit-module-separately -disable-cmo
PruneExplicitPrecompiledModules /Users/admin/builder/spi-builder-workspace/.derivedData/Build/Intermediates.noindex/ExplicitPrecompiledModules
PruneExplicitPrecompiledModules /Users/admin/builder/spi-builder-workspace/.derivedData/SDKExplicitPrecompiledModules
PruneExplicitPrecompiledModules /Users/admin/builder/spi-builder-workspace/.derivedData/Build/Intermediates.noindex/SwiftExplicitPrecompiledModules
2026-09-19 12:38:12.853 xcodebuild[722:4526] [MT] IDERunDestination: Supported platforms for the buildables in the current scheme is empty.
** BUILD FAILED **
The following build commands failed:
SwiftCompile normal arm64 Compiling\ CoachMarkDisplayManager.swift,\ BlurringOverlayStyleManager.swift,\ OverlayStyleManager.swift,\ TranslucentOverlayStyleManager.swift,\ SkipViewDisplayManager.swift /Users/admin/builder/spi-builder-workspace/Sources/Instructions/Managers/Internal/CoachMarkDisplayManager.swift /Users/admin/builder/spi-builder-workspace/Sources/Instructions/Managers/Internal/OverlayStyleManager/BlurringOverlayStyleManager.swift /Users/admin/builder/spi-builder-workspace/Sources/Instructions/Managers/Internal/OverlayStyleManager/OverlayStyleManager.swift /Users/admin/builder/spi-builder-workspace/Sources/Instructions/Managers/Internal/OverlayStyleManager/TranslucentOverlayStyleManager.swift /Users/admin/builder/spi-builder-workspace/Sources/Instructions/Managers/Internal/SkipViewDisplayManager.swift (in target 'Instructions' from project 'Instructions')
SwiftCompile normal arm64 /Users/admin/builder/spi-builder-workspace/Sources/Instructions/Managers/Internal/SkipViewDisplayManager.swift (in target 'Instructions' from project 'Instructions')
Building workspace Instructions with scheme Instructions
(3 failures)
Command line invocation:
/Applications/Xcode-27.0.0-Release.Candidate.app/Contents/Developer/usr/bin/xcodebuild -IDEClonedSourcePackagesDirPathOverride=/Users/admin/builder/spi-builder-workspace/.dependencies -resolvePackageDependencies
Resolve Package Graph
Resolved source packages:
Instructions: /Users/admin/builder/spi-builder-workspace
resolved source packages: Instructions
2026-09-19 12:38:24.882 xcodebuild[815:4949] [MT] IDERunDestination: Supported platforms for the buildables in the current scheme is empty.
{
"dependencies" : [
],
"manifest_display_name" : "Instructions",
"name" : "Instructions",
"path" : "/Users/admin/builder/spi-builder-workspace",
"platforms" : [
{
"name" : "ios",
"version" : "9.0"
}
],
"products" : [
{
"name" : "Instructions",
"targets" : [
"Instructions"
],
"type" : {
"library" : [
"automatic"
]
}
}
],
"targets" : [
{
"c99name" : "Instructions",
"module_type" : "SwiftTarget",
"name" : "Instructions",
"path" : "Sources/Instructions",
"product_memberships" : [
"Instructions"
],
"sources" : [
"Core/Internal/CoachMarksViewController.swift",
"Core/Public/CoachMark.swift",
"Core/Public/CoachMarksController.swift",
"Core/Public/Extensions/CoachMarksController+Proxy.swift",
"Extra/Default Views/CoachMarkArrowDefaultView.swift",
"Extra/Default Views/CoachMarkBackgroundStyle.swift",
"Extra/Default Views/CoachMarkBodyDefaultView.swift",
"Extra/Default Views/CoachMarkSkipDefaultView.swift",
"Extra/Internal/CoachMarkBodyBackgroundView.swift",
"Extra/Internal/CoachMarkComponent.swift",
"Helpers/Internal/AccessibilityIdentifiers.swift",
"Helpers/Internal/CoachMarkInnerLayoutHelper.swift",
"Helpers/Internal/CoachMarkLayoutHelper.swift",
"Helpers/Internal/Enums/CoachMarkPosition.swift",
"Helpers/Internal/ErrorMessage.swift",
"Helpers/Internal/Extensions/UIApplication+WindowScene.swift",
"Helpers/Internal/Extensions/UIView+Layout.swift",
"Helpers/Public/CoachMark Animation/CoachMarkAnimationManagement.swift",
"Helpers/Public/CoachMark Animation/CoachMarkAnimationManager.swift",
"Helpers/Public/CoachMark Animation/CoachMarkTransitionManager.swift",
"Helpers/Public/CoachMarkCoordinateConverter.swift",
"Helpers/Public/CoachMarkHelper.swift",
"Helpers/Public/Enums/CoachMarkArrowOrientation.swift",
"Helpers/Public/Enums/CoachMarkNextLabelPosition.swift",
"Instructions.swift",
"Managers/Internal/CoachMarkDisplayManager.swift",
"Managers/Internal/OverlayStyleManager/BlurringOverlayStyleManager.swift",
"Managers/Internal/OverlayStyleManager/OverlayStyleManager.swift",
"Managers/Internal/OverlayStyleManager/TranslucentOverlayStyleManager.swift",
"Managers/Internal/SkipViewDisplayManager.swift",
"Managers/Public/FlowManager.swift",
"Managers/Public/OverlayManager.swift",
"Protocols and Enums/Internal/CoachMarkViewControllerDelegate.swift",
"Protocols and Enums/Public/CoachMarkArrowView.swift",
"Protocols and Enums/Public/CoachMarkBodyHighlightArrowDelegate.swift",
"Protocols and Enums/Public/CoachMarkBodyView.swift",
"Protocols and Enums/Public/CoachMarkSkipView.swift",
"Protocols and Enums/Public/CoachMarksControllerDataSource.swift",
"Protocols and Enums/Public/Delegates/CoachMarksControllerAnimationDelegate.swift",
"Protocols and Enums/Public/Delegates/CoachMarksControllerDelegate.swift",
"Protocols and Enums/Public/Enums/ConfigurationChange.swift",
"Protocols and Enums/Public/Enums/PauseStyle.swift",
"Protocols and Enums/Public/Enums/PresentationContext.swift",
"Protocols and Enums/Public/Enums/ViewControllerConfiguration.swift",
"Views/CoachMarkView.swift",
"Views/MaskView.swift",
"Views/OverlaySnapshotView.swift",
"Views/OverlayView.swift",
"Views/PassthroughViews.swift"
],
"type" : "library"
}
],
"tools_version" : "5.2"
}
{
"workspace" : {
"name" : "Instructions",
"schemes" : [
"Instructions"
]
}
}
2026-09-19 12:38:26.114 xcodebuild[823:5025] [MT] IDERunDestination: Supported platforms for the buildables in the current scheme is empty.
Running build ...
env DEVELOPER_DIR=/Applications/Xcode-27.0.0-Release.Candidate.app xcrun xcodebuild -IDEClonedSourcePackagesDirPathOverride=$PWD/.dependencies -skipMacroValidation -skipPackagePluginValidation -derivedDataPath $PWD/.derivedData build -scheme Instructions -destination generic/platform=xrOS
Command line invocation:
/Applications/Xcode-27.0.0-Release.Candidate.app/Contents/Developer/usr/bin/xcodebuild -IDEClonedSourcePackagesDirPathOverride=/Users/admin/builder/spi-builder-workspace/.dependencies -skipMacroValidation -skipPackagePluginValidation -derivedDataPath /Users/admin/builder/spi-builder-workspace/.derivedData build -scheme Instructions -destination generic/platform=xrOS
Resolve Package Graph
Resolved source packages:
Instructions: /Users/admin/builder/spi-builder-workspace
ComputePackagePrebuildTargetDependencyGraph
Prepare packages
CreateBuildRequest
SendProjectDescription
CreateBuildOperation
ComputeTargetDependencyGraph
note: Building targets in dependency order
note: Target dependency graph (2 targets)
Target 'Instructions-product' in project 'Instructions'
➜ Explicit dependency on target 'Instructions' in project 'Instructions'
Target 'Instructions' in project 'Instructions' (no dependencies)
GatherProvisioningInputs
CreateBuildDescription
ClangStatCache /Applications/Xcode-27.0.0-Release.Candidate.app/Contents/Developer/Toolchains/XcodeDefault.xctoolchain/usr/bin/clang-stat-cache /Applications/Xcode-27.0.0-Release.Candidate.app/Contents/Developer/Platforms/XROS.platform/Developer/SDKs/XROS27.0.sdk /Users/admin/builder/spi-builder-workspace/.derivedData/SDKStatCaches.noindex/xros27.0-24M361-e829b21a6f8c9b70876ba0858053c044735bd543db762f57723cac368afd1ce4.sdkstatcache
cd /Users/admin/builder/spi-builder-workspace/.swiftpm/xcode
/Applications/Xcode-27.0.0-Release.Candidate.app/Contents/Developer/Toolchains/XcodeDefault.xctoolchain/usr/bin/clang-stat-cache /Applications/Xcode-27.0.0-Release.Candidate.app/Contents/Developer/Platforms/XROS.platform/Developer/SDKs/XROS27.0.sdk -o /Users/admin/builder/spi-builder-workspace/.derivedData/SDKStatCaches.noindex/xros27.0-24M361-e829b21a6f8c9b70876ba0858053c044735bd543db762f57723cac368afd1ce4.sdkstatcache
SwiftDriver Instructions normal arm64 com.apple.xcode.tools.swift.compiler (in target 'Instructions' from project 'Instructions')
cd /Users/admin/builder/spi-builder-workspace/.swiftpm/xcode
builtin-SwiftDriver -- /Applications/Xcode-27.0.0-Release.Candidate.app/Contents/Developer/Toolchains/XcodeDefault.xctoolchain/usr/bin/swiftc -parse-as-library -module-name Instructions -Onone @/Users/admin/builder/spi-builder-workspace/.derivedData/Build/Intermediates.noindex/Instructions.build/Debug-xros/Instructions-t.build/Objects-normal/arm64/Instructions.SwiftFileList -DSWIFT_PACKAGE -DDEBUG -DSWIFT_MODULE_RESOURCE_BUNDLE_UNAVAILABLE -DXcode -plugin-path /Applications/Xcode-27.0.0-Release.Candidate.app/Contents/Developer/Toolchains/XcodeDefault.xctoolchain/usr/lib/swift/host/plugins/testing -enable-experimental-feature DebugDescriptionMacro -sdk /Applications/Xcode-27.0.0-Release.Candidate.app/Contents/Developer/Platforms/XROS.platform/Developer/SDKs/XROS27.0.sdk -target arm64-apple-xros1.0 -g -module-cache-path /Users/admin/builder/spi-builder-workspace/.derivedData/ModuleCache.noindex -Xfrontend -serialize-debugging-options -enable-testing -index-store-path /Users/admin/builder/spi-builder-workspace/.derivedData/Index.noindex/DataStore -Xcc -D_LIBCPP_HARDENING_MODE\=_LIBCPP_HARDENING_MODE_DEBUG -swift-version 5 -I /Users/admin/builder/spi-builder-workspace/.derivedData/Build/Products/Debug-xros -Isystem /Applications/Xcode-27.0.0-Release.Candidate.app/Contents/Developer/Platforms/XROS.platform/Developer/usr/lib -F /Users/admin/builder/spi-builder-workspace/.derivedData/Build/Products/Debug-xros -F /Applications/Xcode-27.0.0-Release.Candidate.app/Contents/Developer/Platforms/XROS.platform/Developer/Library/Frameworks -F /Applications/Xcode-27.0.0-Release.Candidate.app/Contents/Developer/Platforms/XROS.platform/Developer/SDKs/XROS27.0.sdk/Developer/Library/Frameworks -c -j10 -enable-batch-mode -incremental -Xcc -ivfsstatcache -Xcc /Users/admin/builder/spi-builder-workspace/.derivedData/SDKStatCaches.noindex/xros27.0-24M361-e829b21a6f8c9b70876ba0858053c044735bd543db762f57723cac368afd1ce4.sdkstatcache -output-file-map /Users/admin/builder/spi-builder-workspace/.derivedData/Build/Intermediates.noindex/Instructions.build/Debug-xros/Instructions-t.build/Objects-normal/arm64/Instructions-OutputFileMap.json -save-temps -no-color-diagnostics -explicit-module-build -module-cache-path /Users/admin/builder/spi-builder-workspace/.derivedData/Build/Intermediates.noindex/SwiftExplicitPrecompiledModules -clang-scanner-module-cache-path /Users/admin/builder/spi-builder-workspace/.derivedData/ModuleCache.noindex -sdk-module-cache-path /Users/admin/builder/spi-builder-workspace/.derivedData/SDKExplicitPrecompiledModules -emit-dependencies -emit-module -emit-module-path /Users/admin/builder/spi-builder-workspace/.derivedData/Build/Intermediates.noindex/Instructions.build/Debug-xros/Instructions-t.build/Objects-normal/arm64/Instructions.swiftmodule -serialize-diagnostics -dependency-scan-serialize-diagnostics-path /Users/admin/builder/spi-builder-workspace/.derivedData/Build/Intermediates.noindex/Instructions.build/Debug-xros/Instructions-t.build/Objects-normal/arm64/Instructions-dependency-scan.dia -validate-clang-modules-once -clang-build-session-file /Users/admin/builder/spi-builder-workspace/.derivedData/ModuleCache.noindex/Session.modulevalidation -Xcc -fmodules-prune-interval\=86400 -Xcc -fmodules-prune-after\=345600 -emit-const-values -const-gather-protocols-list /Users/admin/builder/spi-builder-workspace/.derivedData/Build/Intermediates.noindex/Instructions.build/Debug-xros/Instructions-t.build/Objects-normal/arm64/Instructions_const_extract_protocols.json -Xcc -I/Users/admin/builder/spi-builder-workspace/.derivedData/Build/Products/Debug-xros/include -Xcc -I/Users/admin/builder/spi-builder-workspace/.derivedData/Build/Intermediates.noindex/Instructions.build/Debug-xros/Instructions-t.build/DerivedSources-normal/arm64 -Xcc -I/Users/admin/builder/spi-builder-workspace/.derivedData/Build/Intermediates.noindex/Instructions.build/Debug-xros/Instructions-t.build/DerivedSources/arm64 -Xcc -I/Users/admin/builder/spi-builder-workspace/.derivedData/Build/Intermediates.noindex/Instructions.build/Debug-xros/Instructions-t.build/DerivedSources -Xcc -DSWIFT_PACKAGE -Xcc -DDEBUG\=1 -emit-objc-header -emit-objc-header-path /Users/admin/builder/spi-builder-workspace/.derivedData/Build/Intermediates.noindex/Instructions.build/Debug-xros/Instructions-t.build/Objects-normal/arm64/Instructions-Swift.h -working-directory /Users/admin/builder/spi-builder-workspace/.swiftpm/xcode -experimental-emit-module-separately -disable-cmo
SwiftCompile normal arm64 Compiling\ CoachMarkBackgroundStyle.swift,\ CoachMarkBodyDefaultView.swift,\ CoachMarkSkipDefaultView.swift,\ CoachMarkBodyBackgroundView.swift,\ CoachMarkComponent.swift /Users/admin/builder/spi-builder-workspace/Sources/Instructions/Extra/Default\ Views/CoachMarkBackgroundStyle.swift /Users/admin/builder/spi-builder-workspace/Sources/Instructions/Extra/Default\ Views/CoachMarkBodyDefaultView.swift /Users/admin/builder/spi-builder-workspace/Sources/Instructions/Extra/Default\ Views/CoachMarkSkipDefaultView.swift /Users/admin/builder/spi-builder-workspace/Sources/Instructions/Extra/Internal/CoachMarkBodyBackgroundView.swift /Users/admin/builder/spi-builder-workspace/Sources/Instructions/Extra/Internal/CoachMarkComponent.swift (in target 'Instructions' from project 'Instructions')
SwiftCompile normal arm64 /Users/admin/builder/spi-builder-workspace/Sources/Instructions/Extra/Default\ Views/CoachMarkBackgroundStyle.swift (in target 'Instructions' from project 'Instructions')
cd /Users/admin/builder/spi-builder-workspace/.swiftpm/xcode
builtin-SwiftPerFileCompile CoachMarkBackgroundStyle.swift
SwiftCompile normal arm64 /Users/admin/builder/spi-builder-workspace/Sources/Instructions/Extra/Default\ Views/CoachMarkBodyDefaultView.swift (in target 'Instructions' from project 'Instructions')
cd /Users/admin/builder/spi-builder-workspace/.swiftpm/xcode
builtin-SwiftPerFileCompile CoachMarkBodyDefaultView.swift
SwiftCompile normal arm64 /Users/admin/builder/spi-builder-workspace/Sources/Instructions/Extra/Default\ Views/CoachMarkSkipDefaultView.swift (in target 'Instructions' from project 'Instructions')
cd /Users/admin/builder/spi-builder-workspace/.swiftpm/xcode
builtin-SwiftPerFileCompile CoachMarkSkipDefaultView.swift
SwiftCompile normal arm64 /Users/admin/builder/spi-builder-workspace/Sources/Instructions/Extra/Internal/CoachMarkBodyBackgroundView.swift (in target 'Instructions' from project 'Instructions')
cd /Users/admin/builder/spi-builder-workspace/.swiftpm/xcode
builtin-SwiftPerFileCompile CoachMarkBodyBackgroundView.swift
SwiftCompile normal arm64 /Users/admin/builder/spi-builder-workspace/Sources/Instructions/Extra/Internal/CoachMarkComponent.swift (in target 'Instructions' from project 'Instructions')
cd /Users/admin/builder/spi-builder-workspace/.swiftpm/xcode
builtin-SwiftPerFileCompile CoachMarkComponent.swift
SwiftCompile normal arm64 Compiling\ UIApplication+WindowScene.swift,\ UIView+Layout.swift,\ CoachMarkAnimationManagement.swift,\ CoachMarkAnimationManager.swift,\ CoachMarkTransitionManager.swift /Users/admin/builder/spi-builder-workspace/Sources/Instructions/Helpers/Internal/Extensions/UIApplication+WindowScene.swift /Users/admin/builder/spi-builder-workspace/Sources/Instructions/Helpers/Internal/Extensions/UIView+Layout.swift /Users/admin/builder/spi-builder-workspace/Sources/Instructions/Helpers/Public/CoachMark\ Animation/CoachMarkAnimationManagement.swift /Users/admin/builder/spi-builder-workspace/Sources/Instructions/Helpers/Public/CoachMark\ Animation/CoachMarkAnimationManager.swift /Users/admin/builder/spi-builder-workspace/Sources/Instructions/Helpers/Public/CoachMark\ Animation/CoachMarkTransitionManager.swift (in target 'Instructions' from project 'Instructions')
SwiftCompile normal arm64 /Users/admin/builder/spi-builder-workspace/Sources/Instructions/Helpers/Internal/Extensions/UIApplication+WindowScene.swift (in target 'Instructions' from project 'Instructions')
cd /Users/admin/builder/spi-builder-workspace/.swiftpm/xcode
builtin-SwiftPerFileCompile UIApplication+WindowScene.swift
SwiftCompile normal arm64 /Users/admin/builder/spi-builder-workspace/Sources/Instructions/Helpers/Internal/Extensions/UIView+Layout.swift (in target 'Instructions' from project 'Instructions')
cd /Users/admin/builder/spi-builder-workspace/.swiftpm/xcode
builtin-SwiftPerFileCompile UIView+Layout.swift
SwiftCompile normal arm64 /Users/admin/builder/spi-builder-workspace/Sources/Instructions/Helpers/Public/CoachMark\ Animation/CoachMarkAnimationManagement.swift (in target 'Instructions' from project 'Instructions')
cd /Users/admin/builder/spi-builder-workspace/.swiftpm/xcode
builtin-SwiftPerFileCompile CoachMarkAnimationManagement.swift
SwiftCompile normal arm64 /Users/admin/builder/spi-builder-workspace/Sources/Instructions/Helpers/Public/CoachMark\ Animation/CoachMarkAnimationManager.swift (in target 'Instructions' from project 'Instructions')
cd /Users/admin/builder/spi-builder-workspace/.swiftpm/xcode
builtin-SwiftPerFileCompile CoachMarkAnimationManager.swift
SwiftCompile normal arm64 /Users/admin/builder/spi-builder-workspace/Sources/Instructions/Helpers/Public/CoachMark\ Animation/CoachMarkTransitionManager.swift (in target 'Instructions' from project 'Instructions')
cd /Users/admin/builder/spi-builder-workspace/.swiftpm/xcode
builtin-SwiftPerFileCompile CoachMarkTransitionManager.swift
SwiftCompile normal arm64 Compiling\ CoachMarkDisplayManager.swift,\ BlurringOverlayStyleManager.swift,\ OverlayStyleManager.swift,\ TranslucentOverlayStyleManager.swift,\ SkipViewDisplayManager.swift /Users/admin/builder/spi-builder-workspace/Sources/Instructions/Managers/Internal/CoachMarkDisplayManager.swift /Users/admin/builder/spi-builder-workspace/Sources/Instructions/Managers/Internal/OverlayStyleManager/BlurringOverlayStyleManager.swift /Users/admin/builder/spi-builder-workspace/Sources/Instructions/Managers/Internal/OverlayStyleManager/OverlayStyleManager.swift /Users/admin/builder/spi-builder-workspace/Sources/Instructions/Managers/Internal/OverlayStyleManager/TranslucentOverlayStyleManager.swift /Users/admin/builder/spi-builder-workspace/Sources/Instructions/Managers/Internal/SkipViewDisplayManager.swift (in target 'Instructions' from project 'Instructions')
/Users/admin/builder/spi-builder-workspace/Sources/Instructions/Managers/Internal/SkipViewDisplayManager.swift:146:38: error: 'isStatusBarHidden' is unavailable in visionOS
144 | }
145 | } else {
146 | if !UIApplication.shared.isStatusBarHidden {
| `- error: 'isStatusBarHidden' is unavailable in visionOS
147 | return UIApplication.shared.statusBarFrame.size.height
148 | }
/Applications/Xcode-27.0.0-Release.Candidate.app/Contents/Developer/Platforms/XROS.platform/Developer/SDKs/XROS27.0.sdk/System/Library/Frameworks/UIKit.framework/Headers/UIApplication.h:117:62: note: 'isStatusBarHidden' has been explicitly marked unavailable here
115 | @property(readonly, nonatomic) UIStatusBarStyle statusBarStyle API_UNAVAILABLE(tvos) API_DEPRECATED("Use the statusBarManager property of the window scene instead.", ios(2.0, 13.0)) API_UNAVAILABLE(visionos); // default is UIStatusBarStyleDefault
116 |
117 | @property(readonly, nonatomic,getter=isStatusBarHidden) BOOL statusBarHidden API_UNAVAILABLE(tvos) API_DEPRECATED("Use the statusBarManager property of the window scene instead.", ios(2.0, 13.0)) API_UNAVAILABLE(visionos);
| `- note: 'isStatusBarHidden' has been explicitly marked unavailable here
118 |
119 | @property(readonly, nonatomic) UIInterfaceOrientation statusBarOrientation API_UNAVAILABLE(tvos) API_DEPRECATED("Use the interfaceOrientation property of the window scene instead.", ios(2.0, 13.0)) API_UNAVAILABLE(visionos);
/Users/admin/builder/spi-builder-workspace/Sources/Instructions/Managers/Internal/SkipViewDisplayManager.swift:147:45: error: 'statusBarFrame' is unavailable in visionOS
145 | } else {
146 | if !UIApplication.shared.isStatusBarHidden {
147 | return UIApplication.shared.statusBarFrame.size.height
| `- error: 'statusBarFrame' is unavailable in visionOS
148 | }
149 | }
/Applications/Xcode-27.0.0-Release.Candidate.app/Contents/Developer/Platforms/XROS.platform/Developer/SDKs/XROS27.0.sdk/System/Library/Frameworks/UIKit.framework/Headers/UIApplication.h:131:38: note: 'statusBarFrame' has been explicitly marked unavailable here
129 |
130 | @property(nonatomic,readonly) NSTimeInterval statusBarOrientationAnimationDuration API_DEPRECATED("Use viewWillTransitionToSize:withTransitionCoordinator: instead.", ios(2.0, 13.0)) API_UNAVAILABLE(tvos) API_UNAVAILABLE(visionos, watchos); // Returns the animation duration for the status bar during a 90 degree orientation change. It should be doubled for a 180 degree orientation change.
131 | @property(nonatomic,readonly) CGRect statusBarFrame API_DEPRECATED("Use the statusBarManager property of the window scene instead.", ios(2.0, 13.0)) API_UNAVAILABLE(tvos) API_UNAVAILABLE(visionos, watchos); // returns CGRectZero if the status bar is hidden
| `- note: 'statusBarFrame' has been explicitly marked unavailable here
132 |
133 | @property(nonatomic) NSInteger applicationIconBadgeNumber API_DEPRECATED("Use -[UNUserNotificationCenter setBadgeCount:withCompletionHandler:] instead.", ios(2.0, 17.0)) API_UNAVAILABLE(watchos);
Failed frontend command:
/Applications/Xcode-27.0.0-Release.Candidate.app/Contents/Developer/Toolchains/XcodeDefault.xctoolchain/usr/bin/swift-frontend -frontend -c /Users/admin/builder/spi-builder-workspace/Sources/Instructions/Core/Internal/CoachMarksViewController.swift /Users/admin/builder/spi-builder-workspace/Sources/Instructions/Core/Public/CoachMark.swift /Users/admin/builder/spi-builder-workspace/Sources/Instructions/Core/Public/CoachMarksController.swift /Users/admin/builder/spi-builder-workspace/Sources/Instructions/Core/Public/Extensions/CoachMarksController+Proxy.swift /Users/admin/builder/spi-builder-workspace/Sources/Instructions/Extra/Default\ Views/CoachMarkArrowDefaultView.swift /Users/admin/builder/spi-builder-workspace/Sources/Instructions/Extra/Default\ Views/CoachMarkBackgroundStyle.swift /Users/admin/builder/spi-builder-workspace/Sources/Instructions/Extra/Default\ Views/CoachMarkBodyDefaultView.swift /Users/admin/builder/spi-builder-workspace/Sources/Instructions/Extra/Default\ Views/CoachMarkSkipDefaultView.swift /Users/admin/builder/spi-builder-workspace/Sources/Instructions/Extra/Internal/CoachMarkBodyBackgroundView.swift /Users/admin/builder/spi-builder-workspace/Sources/Instructions/Extra/Internal/CoachMarkComponent.swift /Users/admin/builder/spi-builder-workspace/Sources/Instructions/Helpers/Internal/AccessibilityIdentifiers.swift /Users/admin/builder/spi-builder-workspace/Sources/Instructions/Helpers/Internal/CoachMarkInnerLayoutHelper.swift /Users/admin/builder/spi-builder-workspace/Sources/Instructions/Helpers/Internal/CoachMarkLayoutHelper.swift /Users/admin/builder/spi-builder-workspace/Sources/Instructions/Helpers/Internal/Enums/CoachMarkPosition.swift /Users/admin/builder/spi-builder-workspace/Sources/Instructions/Helpers/Internal/ErrorMessage.swift /Users/admin/builder/spi-builder-workspace/Sources/Instructions/Helpers/Internal/Extensions/UIApplication+WindowScene.swift /Users/admin/builder/spi-builder-workspace/Sources/Instructions/Helpers/Internal/Extensions/UIView+Layout.swift /Users/admin/builder/spi-builder-workspace/Sources/Instructions/Helpers/Public/CoachMark\ Animation/CoachMarkAnimationManagement.swift /Users/admin/builder/spi-builder-workspace/Sources/Instructions/Helpers/Public/CoachMark\ Animation/CoachMarkAnimationManager.swift /Users/admin/builder/spi-builder-workspace/Sources/Instructions/Helpers/Public/CoachMark\ Animation/CoachMarkTransitionManager.swift /Users/admin/builder/spi-builder-workspace/Sources/Instructions/Helpers/Public/CoachMarkCoordinateConverter.swift /Users/admin/builder/spi-builder-workspace/Sources/Instructions/Helpers/Public/CoachMarkHelper.swift /Users/admin/builder/spi-builder-workspace/Sources/Instructions/Helpers/Public/Enums/CoachMarkArrowOrientation.swift /Users/admin/builder/spi-builder-workspace/Sources/Instructions/Helpers/Public/Enums/CoachMarkNextLabelPosition.swift /Users/admin/builder/spi-builder-workspace/Sources/Instructions/Instructions.swift -primary-file /Users/admin/builder/spi-builder-workspace/Sources/Instructions/Managers/Internal/CoachMarkDisplayManager.swift -primary-file /Users/admin/builder/spi-builder-workspace/Sources/Instructions/Managers/Internal/OverlayStyleManager/BlurringOverlayStyleManager.swift -primary-file /Users/admin/builder/spi-builder-workspace/Sources/Instructions/Managers/Internal/OverlayStyleManager/OverlayStyleManager.swift -primary-file /Users/admin/builder/spi-builder-workspace/Sources/Instructions/Managers/Internal/OverlayStyleManager/TranslucentOverlayStyleManager.swift -primary-file /Users/admin/builder/spi-builder-workspace/Sources/Instructions/Managers/Internal/SkipViewDisplayManager.swift /Users/admin/builder/spi-builder-workspace/Sources/Instructions/Managers/Public/FlowManager.swift /Users/admin/builder/spi-builder-workspace/Sources/Instructions/Managers/Public/OverlayManager.swift /Users/admin/builder/spi-builder-workspace/Sources/Instructions/Protocols\ and\ Enums/Internal/CoachMarkViewControllerDelegate.swift /Users/admin/builder/spi-builder-workspace/Sources/Instructions/Protocols\ and\ Enums/Public/CoachMarkArrowView.swift /Users/admin/builder/spi-builder-workspace/Sources/Instructions/Protocols\ and\ Enums/Public/CoachMarkBodyHighlightArrowDelegate.swift /Users/admin/builder/spi-builder-workspace/Sources/Instructions/Protocols\ and\ Enums/Public/CoachMarkBodyView.swift /Users/admin/builder/spi-builder-workspace/Sources/Instructions/Protocols\ and\ Enums/Public/CoachMarkSkipView.swift /Users/admin/builder/spi-builder-workspace/Sources/Instructions/Protocols\ and\ Enums/Public/CoachMarksControllerDataSource.swift /Users/admin/builder/spi-builder-workspace/Sources/Instructions/Protocols\ and\ Enums/Public/Delegates/CoachMarksControllerAnimationDelegate.swift /Users/admin/builder/spi-builder-workspace/Sources/Instructions/Protocols\ and\ Enums/Public/Delegates/CoachMarksControllerDelegate.swift /Users/admin/builder/spi-builder-workspace/Sources/Instructions/Protocols\ and\ Enums/Public/Enums/ConfigurationChange.swift /Users/admin/builder/spi-builder-workspace/Sources/Instructions/Protocols\ and\ Enums/Public/Enums/PauseStyle.swift /Users/admin/builder/spi-builder-workspace/Sources/Instructions/Protocols\ and\ Enums/Public/Enums/PresentationContext.swift /Users/admin/builder/spi-builder-workspace/Sources/Instructions/Protocols\ and\ Enums/Public/Enums/ViewControllerConfiguration.swift /Users/admin/builder/spi-builder-workspace/Sources/Instructions/Views/CoachMarkView.swift /Users/admin/builder/spi-builder-workspace/Sources/Instructions/Views/MaskView.swift /Users/admin/builder/spi-builder-workspace/Sources/Instructions/Views/OverlaySnapshotView.swift /Users/admin/builder/spi-builder-workspace/Sources/Instructions/Views/OverlayView.swift /Users/admin/builder/spi-builder-workspace/Sources/Instructions/Views/PassthroughViews.swift -supplementary-output-file-map /Users/admin/builder/spi-builder-workspace/.derivedData/Build/Intermediates.noindex/Instructions.build/Debug-xros/Instructions-t.build/Objects-normal/arm64/supplementaryOutputs-6 -target arm64-apple-xros1.0 -disable-cross-import-overlay-search -load-resolved-plugin /Applications/Xcode-27.0.0-Release.Candidate.app/Contents/Developer/Platforms/XROS.platform/Developer/usr/lib/swift/host/plugins/libFoundationMacros.dylib\#/Applications/Xcode-27.0.0-Release.Candidate.app/Contents/Developer/Platforms/XROS.platform/Developer/usr/bin/swift-plugin-server\#FoundationMacros -load-resolved-plugin /Applications/Xcode-27.0.0-Release.Candidate.app/Contents/Developer/Platforms/XROS.platform/Developer/usr/lib/swift/host/plugins/libObservationMacros.dylib\#/Applications/Xcode-27.0.0-Release.Candidate.app/Contents/Developer/Platforms/XROS.platform/Developer/usr/bin/swift-plugin-server\#ObservationMacros -load-resolved-plugin /Applications/Xcode-27.0.0-Release.Candidate.app/Contents/Developer/Platforms/XROS.platform/Developer/usr/lib/swift/host/plugins/libPreviewsMacros.dylib\#/Applications/Xcode-27.0.0-Release.Candidate.app/Contents/Developer/Platforms/XROS.platform/Developer/usr/bin/swift-plugin-server\#PreviewsMacros -load-resolved-plugin /Applications/Xcode-27.0.0-Release.Candidate.app/Contents/Developer/Platforms/XROS.platform/Developer/usr/lib/swift/host/plugins/libSwiftMacros.dylib\#/Applications/Xcode-27.0.0-Release.Candidate.app/Contents/Developer/Platforms/XROS.platform/Developer/usr/bin/swift-plugin-server\#SwiftMacros -load-resolved-plugin /Applications/Xcode-27.0.0-Release.Candidate.app/Contents/Developer/Platforms/XROS.platform/Developer/usr/lib/swift/host/plugins/libSwiftUIMacros.dylib\#/Applications/Xcode-27.0.0-Release.Candidate.app/Contents/Developer/Platforms/XROS.platform/Developer/usr/bin/swift-plugin-server\#SwiftUIMacros -disable-implicit-swift-modules -Xcc -fno-implicit-modules -Xcc -fno-implicit-module-maps -explicit-swift-module-map-file /Users/admin/builder/spi-builder-workspace/.derivedData/Build/Intermediates.noindex/Instructions.build/Debug-xros/Instructions-t.build/Objects-normal/arm64/Instructions-dependencies-1.json -Xllvm -aarch64-use-tbi -enable-objc-interop -stack-check -sdk /Applications/Xcode-27.0.0-Release.Candidate.app/Contents/Developer/Platforms/XROS.platform/Developer/SDKs/XROS27.0.sdk -I /Users/admin/builder/spi-builder-workspace/.derivedData/Build/Products/Debug-xros -Isystem /Applications/Xcode-27.0.0-Release.Candidate.app/Contents/Developer/Platforms/XROS.platform/Developer/usr/lib -F /Users/admin/builder/spi-builder-workspace/.derivedData/Build/Products/Debug-xros -F /Applications/Xcode-27.0.0-Release.Candidate.app/Contents/Developer/Platforms/XROS.platform/Developer/Library/Frameworks -F /Applications/Xcode-27.0.0-Release.Candidate.app/Contents/Developer/Platforms/XROS.platform/Developer/SDKs/XROS27.0.sdk/Developer/Library/Frameworks -module-cache-path /Users/admin/builder/spi-builder-workspace/.derivedData/Build/Intermediates.noindex/SwiftExplicitPrecompiledModules -no-color-diagnostics -Xcc -fno-color-diagnostics -enable-testing -g -debug-info-format\=dwarf -dwarf-version\=4 -swift-version 5 -Onone -D SWIFT_PACKAGE -D DEBUG -D SWIFT_MODULE_RESOURCE_BUNDLE_UNAVAILABLE -D Xcode -serialize-debugging-options -enable-experimental-feature DebugDescriptionMacro -empty-abi-descriptor -validate-clang-modules-once -clang-build-session-file /Users/admin/builder/spi-builder-workspace/.derivedData/ModuleCache.noindex/Session.modulevalidation -Xcc -working-directory -Xcc /Users/admin/builder/spi-builder-workspace/.swiftpm/xcode -enable-anonymous-context-mangled-names -file-compilation-dir /Users/admin/builder/spi-builder-workspace/.swiftpm/xcode -Xcc -D_LIBCPP_HARDENING_MODE\=_LIBCPP_HARDENING_MODE_DEBUG -Xcc -ivfsstatcache -Xcc /Users/admin/builder/spi-builder-workspace/.derivedData/SDKStatCaches.noindex/xros27.0-24M361-e829b21a6f8c9b70876ba0858053c044735bd543db762f57723cac368afd1ce4.sdkstatcache -Xcc -fmodules-prune-interval\=86400 -Xcc -fmodules-prune-after\=345600 -Xcc -I/Users/admin/builder/spi-builder-workspace/.derivedData/Build/Products/Debug-xros/include -Xcc -I/Users/admin/builder/spi-builder-workspace/.derivedData/Build/Intermediates.noindex/Instructions.build/Debug-xros/Instructions-t.build/DerivedSources-normal/arm64 -Xcc -I/Users/admin/builder/spi-builder-workspace/.derivedData/Build/Intermediates.noindex/Instructions.build/Debug-xros/Instructions-t.build/DerivedSources/arm64 -Xcc -I/Users/admin/builder/spi-builder-workspace/.derivedData/Build/Intermediates.noindex/Instructions.build/Debug-xros/Instructions-t.build/DerivedSources -Xcc -DSWIFT_PACKAGE -Xcc -DDEBUG\=1 -no-auto-bridging-header-chaining -module-name Instructions -const-gather-protocols-file /Users/admin/builder/spi-builder-workspace/.derivedData/Build/Intermediates.noindex/Instructions.build/Debug-xros/Instructions-t.build/Objects-normal/arm64/Instructions_const_extract_protocols.json -disable-clang-spi -clang-target arm64-apple-xros27.0 -target-sdk-version 27.0 -target-sdk-name xros27.0 -in-process-plugin-server-path /Applications/Xcode-27.0.0-Release.Candidate.app/Contents/Developer/Toolchains/XcodeDefault.xctoolchain/usr/lib/swift/host/libSwiftInProcPluginServer.dylib -parse-as-library -o /Users/admin/builder/spi-builder-workspace/.derivedData/Build/Intermediates.noindex/Instructions.build/Debug-xros/Instructions-t.build/Objects-normal/arm64/CoachMarkDisplayManager.o -o /Users/admin/builder/spi-builder-workspace/.derivedData/Build/Intermediates.noindex/Instructions.build/Debug-xros/Instructions-t.build/Objects-normal/arm64/BlurringOverlayStyleManager.o -o /Users/admin/builder/spi-builder-workspace/.derivedData/Build/Intermediates.noindex/Instructions.build/Debug-xros/Instructions-t.build/Objects-normal/arm64/OverlayStyleManager.o -o /Users/admin/builder/spi-builder-workspace/.derivedData/Build/Intermediates.noindex/Instructions.build/Debug-xros/Instructions-t.build/Objects-normal/arm64/TranslucentOverlayStyleManager.o -o /Users/admin/builder/spi-builder-workspace/.derivedData/Build/Intermediates.noindex/Instructions.build/Debug-xros/Instructions-t.build/Objects-normal/arm64/SkipViewDisplayManager.o -debug-module-path /Users/admin/builder/spi-builder-workspace/.derivedData/Build/Intermediates.noindex/Instructions.build/Debug-xros/Instructions-t.build/Objects-normal/arm64/Instructions.swiftmodule -index-unit-output-path /Instructions.build/Debug-xros/Instructions-t.build/Objects-normal/arm64/CoachMarkDisplayManager.o -index-unit-output-path /Instructions.build/Debug-xros/Instructions-t.build/Objects-normal/arm64/BlurringOverlayStyleManager.o -index-unit-output-path /Instructions.build/Debug-xros/Instructions-t.build/Objects-normal/arm64/OverlayStyleManager.o -index-unit-output-path /Instructions.build/Debug-xros/Instructions-t.build/Objects-normal/arm64/TranslucentOverlayStyleManager.o -index-unit-output-path /Instructions.build/Debug-xros/Instructions-t.build/Objects-normal/arm64/SkipViewDisplayManager.o -index-store-path /Users/admin/builder/spi-builder-workspace/.derivedData/Index.noindex/DataStore -index-system-modules
SwiftCompile normal arm64 /Users/admin/builder/spi-builder-workspace/Sources/Instructions/Managers/Internal/CoachMarkDisplayManager.swift (in target 'Instructions' from project 'Instructions')
cd /Users/admin/builder/spi-builder-workspace/.swiftpm/xcode
builtin-SwiftPerFileCompile CoachMarkDisplayManager.swift
SwiftCompile normal arm64 /Users/admin/builder/spi-builder-workspace/Sources/Instructions/Managers/Internal/OverlayStyleManager/BlurringOverlayStyleManager.swift (in target 'Instructions' from project 'Instructions')
cd /Users/admin/builder/spi-builder-workspace/.swiftpm/xcode
builtin-SwiftPerFileCompile BlurringOverlayStyleManager.swift
SwiftCompile normal arm64 /Users/admin/builder/spi-builder-workspace/Sources/Instructions/Managers/Internal/OverlayStyleManager/OverlayStyleManager.swift (in target 'Instructions' from project 'Instructions')
cd /Users/admin/builder/spi-builder-workspace/.swiftpm/xcode
builtin-SwiftPerFileCompile OverlayStyleManager.swift
SwiftCompile normal arm64 /Users/admin/builder/spi-builder-workspace/Sources/Instructions/Managers/Internal/OverlayStyleManager/TranslucentOverlayStyleManager.swift (in target 'Instructions' from project 'Instructions')
cd /Users/admin/builder/spi-builder-workspace/.swiftpm/xcode
builtin-SwiftPerFileCompile TranslucentOverlayStyleManager.swift
SwiftCompile normal arm64 /Users/admin/builder/spi-builder-workspace/Sources/Instructions/Managers/Internal/SkipViewDisplayManager.swift (in target 'Instructions' from project 'Instructions')
cd /Users/admin/builder/spi-builder-workspace/.swiftpm/xcode
builtin-SwiftPerFileCompile SkipViewDisplayManager.swift
SwiftCompile normal arm64 Compiling\ CoachMarkBodyView.swift,\ CoachMarkSkipView.swift,\ CoachMarksControllerDataSource.swift,\ CoachMarksControllerAnimationDelegate.swift,\ CoachMarksControllerDelegate.swift /Users/admin/builder/spi-builder-workspace/Sources/Instructions/Protocols\ and\ Enums/Public/CoachMarkBodyView.swift /Users/admin/builder/spi-builder-workspace/Sources/Instructions/Protocols\ and\ Enums/Public/CoachMarkSkipView.swift /Users/admin/builder/spi-builder-workspace/Sources/Instructions/Protocols\ and\ Enums/Public/CoachMarksControllerDataSource.swift /Users/admin/builder/spi-builder-workspace/Sources/Instructions/Protocols\ and\ Enums/Public/Delegates/CoachMarksControllerAnimationDelegate.swift /Users/admin/builder/spi-builder-workspace/Sources/Instructions/Protocols\ and\ Enums/Public/Delegates/CoachMarksControllerDelegate.swift (in target 'Instructions' from project 'Instructions')
SwiftCompile normal arm64 /Users/admin/builder/spi-builder-workspace/Sources/Instructions/Protocols\ and\ Enums/Public/CoachMarkBodyView.swift (in target 'Instructions' from project 'Instructions')
cd /Users/admin/builder/spi-builder-workspace/.swiftpm/xcode
builtin-SwiftPerFileCompile CoachMarkBodyView.swift
SwiftCompile normal arm64 /Users/admin/builder/spi-builder-workspace/Sources/Instructions/Protocols\ and\ Enums/Public/CoachMarkSkipView.swift (in target 'Instructions' from project 'Instructions')
cd /Users/admin/builder/spi-builder-workspace/.swiftpm/xcode
builtin-SwiftPerFileCompile CoachMarkSkipView.swift
SwiftCompile normal arm64 /Users/admin/builder/spi-builder-workspace/Sources/Instructions/Protocols\ and\ Enums/Public/CoachMarksControllerDataSource.swift (in target 'Instructions' from project 'Instructions')
cd /Users/admin/builder/spi-builder-workspace/.swiftpm/xcode
builtin-SwiftPerFileCompile CoachMarksControllerDataSource.swift
SwiftCompile normal arm64 /Users/admin/builder/spi-builder-workspace/Sources/Instructions/Protocols\ and\ Enums/Public/Delegates/CoachMarksControllerAnimationDelegate.swift (in target 'Instructions' from project 'Instructions')
cd /Users/admin/builder/spi-builder-workspace/.swiftpm/xcode
builtin-SwiftPerFileCompile CoachMarksControllerAnimationDelegate.swift
SwiftCompile normal arm64 /Users/admin/builder/spi-builder-workspace/Sources/Instructions/Protocols\ and\ Enums/Public/Delegates/CoachMarksControllerDelegate.swift (in target 'Instructions' from project 'Instructions')
cd /Users/admin/builder/spi-builder-workspace/.swiftpm/xcode
builtin-SwiftPerFileCompile CoachMarksControllerDelegate.swift
SwiftCompile normal arm64 Compiling\ FlowManager.swift,\ OverlayManager.swift,\ CoachMarkViewControllerDelegate.swift,\ CoachMarkArrowView.swift,\ CoachMarkBodyHighlightArrowDelegate.swift /Users/admin/builder/spi-builder-workspace/Sources/Instructions/Managers/Public/FlowManager.swift /Users/admin/builder/spi-builder-workspace/Sources/Instructions/Managers/Public/OverlayManager.swift /Users/admin/builder/spi-builder-workspace/Sources/Instructions/Protocols\ and\ Enums/Internal/CoachMarkViewControllerDelegate.swift /Users/admin/builder/spi-builder-workspace/Sources/Instructions/Protocols\ and\ Enums/Public/CoachMarkArrowView.swift /Users/admin/builder/spi-builder-workspace/Sources/Instructions/Protocols\ and\ Enums/Public/CoachMarkBodyHighlightArrowDelegate.swift (in target 'Instructions' from project 'Instructions')
SwiftCompile normal arm64 /Users/admin/builder/spi-builder-workspace/Sources/Instructions/Managers/Public/FlowManager.swift (in target 'Instructions' from project 'Instructions')
cd /Users/admin/builder/spi-builder-workspace/.swiftpm/xcode
builtin-SwiftPerFileCompile FlowManager.swift
SwiftCompile normal arm64 /Users/admin/builder/spi-builder-workspace/Sources/Instructions/Managers/Public/OverlayManager.swift (in target 'Instructions' from project 'Instructions')
cd /Users/admin/builder/spi-builder-workspace/.swiftpm/xcode
builtin-SwiftPerFileCompile OverlayManager.swift
SwiftCompile normal arm64 /Users/admin/builder/spi-builder-workspace/Sources/Instructions/Protocols\ and\ Enums/Internal/CoachMarkViewControllerDelegate.swift (in target 'Instructions' from project 'Instructions')
cd /Users/admin/builder/spi-builder-workspace/.swiftpm/xcode
builtin-SwiftPerFileCompile CoachMarkViewControllerDelegate.swift
SwiftCompile normal arm64 /Users/admin/builder/spi-builder-workspace/Sources/Instructions/Protocols\ and\ Enums/Public/CoachMarkArrowView.swift (in target 'Instructions' from project 'Instructions')
cd /Users/admin/builder/spi-builder-workspace/.swiftpm/xcode
builtin-SwiftPerFileCompile CoachMarkArrowView.swift
SwiftCompile normal arm64 /Users/admin/builder/spi-builder-workspace/Sources/Instructions/Protocols\ and\ Enums/Public/CoachMarkBodyHighlightArrowDelegate.swift (in target 'Instructions' from project 'Instructions')
cd /Users/admin/builder/spi-builder-workspace/.swiftpm/xcode
builtin-SwiftPerFileCompile CoachMarkBodyHighlightArrowDelegate.swift
SwiftCompile normal arm64 Compiling\ CoachMarkCoordinateConverter.swift,\ CoachMarkHelper.swift,\ CoachMarkArrowOrientation.swift,\ CoachMarkNextLabelPosition.swift,\ Instructions.swift /Users/admin/builder/spi-builder-workspace/Sources/Instructions/Helpers/Public/CoachMarkCoordinateConverter.swift /Users/admin/builder/spi-builder-workspace/Sources/Instructions/Helpers/Public/CoachMarkHelper.swift /Users/admin/builder/spi-builder-workspace/Sources/Instructions/Helpers/Public/Enums/CoachMarkArrowOrientation.swift /Users/admin/builder/spi-builder-workspace/Sources/Instructions/Helpers/Public/Enums/CoachMarkNextLabelPosition.swift /Users/admin/builder/spi-builder-workspace/Sources/Instructions/Instructions.swift (in target 'Instructions' from project 'Instructions')
SwiftCompile normal arm64 /Users/admin/builder/spi-builder-workspace/Sources/Instructions/Helpers/Public/CoachMarkCoordinateConverter.swift (in target 'Instructions' from project 'Instructions')
cd /Users/admin/builder/spi-builder-workspace/.swiftpm/xcode
builtin-SwiftPerFileCompile CoachMarkCoordinateConverter.swift
SwiftCompile normal arm64 /Users/admin/builder/spi-builder-workspace/Sources/Instructions/Helpers/Public/CoachMarkHelper.swift (in target 'Instructions' from project 'Instructions')
cd /Users/admin/builder/spi-builder-workspace/.swiftpm/xcode
builtin-SwiftPerFileCompile CoachMarkHelper.swift
SwiftCompile normal arm64 /Users/admin/builder/spi-builder-workspace/Sources/Instructions/Helpers/Public/Enums/CoachMarkArrowOrientation.swift (in target 'Instructions' from project 'Instructions')
cd /Users/admin/builder/spi-builder-workspace/.swiftpm/xcode
builtin-SwiftPerFileCompile CoachMarkArrowOrientation.swift
SwiftCompile normal arm64 /Users/admin/builder/spi-builder-workspace/Sources/Instructions/Helpers/Public/Enums/CoachMarkNextLabelPosition.swift (in target 'Instructions' from project 'Instructions')
cd /Users/admin/builder/spi-builder-workspace/.swiftpm/xcode
builtin-SwiftPerFileCompile CoachMarkNextLabelPosition.swift
SwiftCompile normal arm64 /Users/admin/builder/spi-builder-workspace/Sources/Instructions/Instructions.swift (in target 'Instructions' from project 'Instructions')
cd /Users/admin/builder/spi-builder-workspace/.swiftpm/xcode
builtin-SwiftPerFileCompile Instructions.swift
SwiftCompile normal arm64 Compiling\ CoachMarksViewController.swift,\ CoachMark.swift,\ CoachMarksController.swift,\ CoachMarksController+Proxy.swift,\ CoachMarkArrowDefaultView.swift /Users/admin/builder/spi-builder-workspace/Sources/Instructions/Core/Internal/CoachMarksViewController.swift /Users/admin/builder/spi-builder-workspace/Sources/Instructions/Core/Public/CoachMark.swift /Users/admin/builder/spi-builder-workspace/Sources/Instructions/Core/Public/CoachMarksController.swift /Users/admin/builder/spi-builder-workspace/Sources/Instructions/Core/Public/Extensions/CoachMarksController+Proxy.swift /Users/admin/builder/spi-builder-workspace/Sources/Instructions/Extra/Default\ Views/CoachMarkArrowDefaultView.swift (in target 'Instructions' from project 'Instructions')
SwiftCompile normal arm64 /Users/admin/builder/spi-builder-workspace/Sources/Instructions/Core/Internal/CoachMarksViewController.swift (in target 'Instructions' from project 'Instructions')
cd /Users/admin/builder/spi-builder-workspace/.swiftpm/xcode
builtin-SwiftPerFileCompile CoachMarksViewController.swift
SwiftCompile normal arm64 /Users/admin/builder/spi-builder-workspace/Sources/Instructions/Core/Public/CoachMark.swift (in target 'Instructions' from project 'Instructions')
cd /Users/admin/builder/spi-builder-workspace/.swiftpm/xcode
builtin-SwiftPerFileCompile CoachMark.swift
SwiftCompile normal arm64 /Users/admin/builder/spi-builder-workspace/Sources/Instructions/Core/Public/CoachMarksController.swift (in target 'Instructions' from project 'Instructions')
cd /Users/admin/builder/spi-builder-workspace/.swiftpm/xcode
builtin-SwiftPerFileCompile CoachMarksController.swift
SwiftCompile normal arm64 /Users/admin/builder/spi-builder-workspace/Sources/Instructions/Core/Public/Extensions/CoachMarksController+Proxy.swift (in target 'Instructions' from project 'Instructions')
cd /Users/admin/builder/spi-builder-workspace/.swiftpm/xcode
builtin-SwiftPerFileCompile CoachMarksController+Proxy.swift
SwiftCompile normal arm64 /Users/admin/builder/spi-builder-workspace/Sources/Instructions/Extra/Default\ Views/CoachMarkArrowDefaultView.swift (in target 'Instructions' from project 'Instructions')
cd /Users/admin/builder/spi-builder-workspace/.swiftpm/xcode
builtin-SwiftPerFileCompile CoachMarkArrowDefaultView.swift
/Users/admin/builder/spi-builder-workspace/Sources/Instructions/Core/Internal/CoachMarksViewController.swift:72:26: warning: 'preferredStatusBarStyle' was deprecated in visionOS 1.0: Has no effect on visionOS [#DeprecatedDeclaration]
70 | return statusBarStyle
71 | } else if overlayManager.backgroundColor == .clear {
72 | return super.preferredStatusBarStyle
| `- warning: 'preferredStatusBarStyle' was deprecated in visionOS 1.0: Has no effect on visionOS [#DeprecatedDeclaration]
73 | } else {
74 | return overlayManager.statusBarStyle
/Users/admin/builder/spi-builder-workspace/Sources/Instructions/Core/Internal/CoachMarksViewController.swift:80:43: warning: 'shouldAutorotate' was deprecated in visionOS 1.0: Update supported interface orientations and call setNeedsUpdateOfSupportedInterfaceOrientations to indicate a change. [#DeprecatedDeclaration]
78 | override var shouldAutorotate: Bool {
79 | switch rotationStyle {
80 | case .systemDefined: return super.shouldAutorotate
| `- warning: 'shouldAutorotate' was deprecated in visionOS 1.0: Update supported interface orientations and call setNeedsUpdateOfSupportedInterfaceOrientations to indicate a change. [#DeprecatedDeclaration]
81 | case .automatic: return true
82 | case .manual: return false
/Users/admin/builder/spi-builder-workspace/Sources/Instructions/Core/Internal/CoachMarksViewController.swift:88:43: warning: 'prefersStatusBarHidden' was deprecated in visionOS 1.0: Has no effect on visionOS [#DeprecatedDeclaration]
86 | override var prefersStatusBarHidden: Bool {
87 | switch statusBarVisibility {
88 | case .systemDefined: return super.prefersStatusBarHidden
| `- warning: 'prefersStatusBarHidden' was deprecated in visionOS 1.0: Has no effect on visionOS [#DeprecatedDeclaration]
89 | case .hidden: return true
90 | case .visible: return false
/Users/admin/builder/spi-builder-workspace/Sources/Instructions/Core/Internal/CoachMarksViewController.swift:123:15: warning: 'traitCollectionDidChange' was deprecated in visionOS 1.0: Use the trait change registration APIs declared in the UITraitChangeObservable protocol [#DeprecatedDeclaration]
121 |
122 | override func traitCollectionDidChange(_ previousTraitCollection: UITraitCollection?) {
123 | super.traitCollectionDidChange(previousTraitCollection)
| `- warning: 'traitCollectionDidChange' was deprecated in visionOS 1.0: Use the trait change registration APIs declared in the UITraitChangeObservable protocol [#DeprecatedDeclaration]
124 | overlayManager.updateStyle(with: traitCollection)
125 | }
/Users/admin/builder/spi-builder-workspace/Sources/Instructions/Core/Internal/CoachMarksViewController.swift:379:52: error: 'willChangeStatusBarFrameNotification' is unavailable in visionOS
377 | let center = NotificationCenter.default
378 | center.addObserver(self, selector: #selector(prepareForChange),
379 | name: UIApplication.willChangeStatusBarFrameNotification, object: nil)
| `- error: 'willChangeStatusBarFrameNotification' is unavailable in visionOS
380 | center.addObserver(self, selector: #selector(restoreAfterChangeDidComplete),
381 | name: UIApplication.didChangeStatusBarFrameNotification, object: nil)
/Applications/Xcode-27.0.0-Release.Candidate.app/Contents/Developer/Platforms/XROS.platform/Developer/SDKs/XROS27.0.sdk/System/Library/Frameworks/UIKit.framework/Headers/UIApplication.h:581:39: note: 'willChangeStatusBarFrameNotification' has been explicitly marked unavailable here
579 | UIKIT_EXTERN NSNotificationName const UIApplicationDidChangeStatusBarOrientationNotification API_DEPRECATED("Use viewWillTransitionToSize:withTransitionCoordinator: instead.", ios(2.0, 13.0)) API_UNAVAILABLE(tvos) API_UNAVAILABLE(visionos, watchos) NS_SWIFT_NONISOLATED; // userInfo contains NSNumber with old orientation
580 | UIKIT_EXTERN NSString *const UIApplicationStatusBarOrientationUserInfoKey API_DEPRECATED("Use viewWillTransitionToSize:withTransitionCoordinator: instead.", ios(2.0, 13.0)) API_UNAVAILABLE(tvos) API_UNAVAILABLE(visionos, watchos) NS_SWIFT_NONISOLATED; // userInfo dictionary key for status bar orientation
581 | UIKIT_EXTERN NSNotificationName const UIApplicationWillChangeStatusBarFrameNotification API_DEPRECATED("Use viewWillTransitionToSize:withTransitionCoordinator: instead.", ios(2.0, 13.0)) API_UNAVAILABLE(tvos) API_UNAVAILABLE(visionos, watchos) NS_SWIFT_NONISOLATED; // userInfo contains NSValue with new frame
| `- note: 'willChangeStatusBarFrameNotification' has been explicitly marked unavailable here
582 | UIKIT_EXTERN NSNotificationName const UIApplicationDidChangeStatusBarFrameNotification API_DEPRECATED("Use viewWillTransitionToSize:withTransitionCoordinator: instead.", ios(2.0, 13.0)) API_UNAVAILABLE(tvos) API_UNAVAILABLE(visionos, watchos) NS_SWIFT_NONISOLATED; // userInfo contains NSValue with old frame
583 | UIKIT_EXTERN NSString *const UIApplicationStatusBarFrameUserInfoKey API_DEPRECATED("Use viewWillTransitionToSize:withTransitionCoordinator: instead.", ios(2.0, 13.0)) API_UNAVAILABLE(tvos) API_UNAVAILABLE(visionos, watchos) NS_SWIFT_NONISOLATED; // userInfo dictionary key for status bar frame
/Users/admin/builder/spi-builder-workspace/Sources/Instructions/Core/Internal/CoachMarksViewController.swift:381:52: error: 'didChangeStatusBarFrameNotification' is unavailable in visionOS
379 | name: UIApplication.willChangeStatusBarFrameNotification, object: nil)
380 | center.addObserver(self, selector: #selector(restoreAfterChangeDidComplete),
381 | name: UIApplication.didChangeStatusBarFrameNotification, object: nil)
| `- error: 'didChangeStatusBarFrameNotification' is unavailable in visionOS
382 | }
383 | }
/Applications/Xcode-27.0.0-Release.Candidate.app/Contents/Developer/Platforms/XROS.platform/Developer/SDKs/XROS27.0.sdk/System/Library/Frameworks/UIKit.framework/Headers/UIApplication.h:582:39: note: 'didChangeStatusBarFrameNotification' has been explicitly marked unavailable here
580 | UIKIT_EXTERN NSString *const UIApplicationStatusBarOrientationUserInfoKey API_DEPRECATED("Use viewWillTransitionToSize:withTransitionCoordinator: instead.", ios(2.0, 13.0)) API_UNAVAILABLE(tvos) API_UNAVAILABLE(visionos, watchos) NS_SWIFT_NONISOLATED; // userInfo dictionary key for status bar orientation
581 | UIKIT_EXTERN NSNotificationName const UIApplicationWillChangeStatusBarFrameNotification API_DEPRECATED("Use viewWillTransitionToSize:withTransitionCoordinator: instead.", ios(2.0, 13.0)) API_UNAVAILABLE(tvos) API_UNAVAILABLE(visionos, watchos) NS_SWIFT_NONISOLATED; // userInfo contains NSValue with new frame
582 | UIKIT_EXTERN NSNotificationName const UIApplicationDidChangeStatusBarFrameNotification API_DEPRECATED("Use viewWillTransitionToSize:withTransitionCoordinator: instead.", ios(2.0, 13.0)) API_UNAVAILABLE(tvos) API_UNAVAILABLE(visionos, watchos) NS_SWIFT_NONISOLATED; // userInfo contains NSValue with old frame
| `- note: 'didChangeStatusBarFrameNotification' has been explicitly marked unavailable here
583 | UIKIT_EXTERN NSString *const UIApplicationStatusBarFrameUserInfoKey API_DEPRECATED("Use viewWillTransitionToSize:withTransitionCoordinator: instead.", ios(2.0, 13.0)) API_UNAVAILABLE(tvos) API_UNAVAILABLE(visionos, watchos) NS_SWIFT_NONISOLATED; // userInfo dictionary key for status bar frame
584 | UIKIT_EXTERN NSNotificationName const UIApplicationBackgroundRefreshStatusDidChangeNotification API_AVAILABLE(ios(7.0), tvos(11.0)) API_UNAVAILABLE(watchos) NS_SWIFT_NONISOLATED;
/Users/admin/builder/spi-builder-workspace/Sources/Instructions/Core/Public/CoachMarksController.swift:34:38: error: 'setNeedsStatusBarAppearanceUpdate()' is unavailable in visionOS
32 | set {
33 | coachMarksViewController.customStatusBarStyle = newValue
34 | coachMarksViewController.setNeedsStatusBarAppearanceUpdate()
| `- error: 'setNeedsStatusBarAppearanceUpdate()' is unavailable in visionOS
35 | }
36 | }
/Applications/Xcode-27.0.0-Release.Candidate.app/Contents/Developer/Platforms/XROS.platform/Developer/SDKs/XROS27.0.sdk/System/Library/Frameworks/UIKit.framework/Headers/UIViewController.h:334:1: note: 'setNeedsStatusBarAppearanceUpdate()' has been explicitly marked unavailable here
332 |
333 | // This should be called whenever the return values for the view controller's status bar attributes have changed. If it is called from within an animation block, the changes will be animated along with the rest of the animation block.
334 | - (void)setNeedsStatusBarAppearanceUpdate API_AVAILABLE(ios(7.0)) API_UNAVAILABLE(tvos, visionos);
| `- note: 'setNeedsStatusBarAppearanceUpdate()' has been explicitly marked unavailable here
335 |
336 | /* This method returns either itself or the nearest ancestor that can perform the given action and, if applicable, has overridden UIViewController's default implementation of the action method. View controllers can return NO from canPerformAction:withSender: to opt out of being a target for a given action. */
SwiftCompile normal arm64 Compiling\ ConfigurationChange.swift,\ PauseStyle.swift,\ PresentationContext.swift,\ ViewControllerConfiguration.swift,\ CoachMarkView.swift /Users/admin/builder/spi-builder-workspace/Sources/Instructions/Protocols\ and\ Enums/Public/Enums/ConfigurationChange.swift /Users/admin/builder/spi-builder-workspace/Sources/Instructions/Protocols\ and\ Enums/Public/Enums/PauseStyle.swift /Users/admin/builder/spi-builder-workspace/Sources/Instructions/Protocols\ and\ Enums/Public/Enums/PresentationContext.swift /Users/admin/builder/spi-builder-workspace/Sources/Instructions/Protocols\ and\ Enums/Public/Enums/ViewControllerConfiguration.swift /Users/admin/builder/spi-builder-workspace/Sources/Instructions/Views/CoachMarkView.swift (in target 'Instructions' from project 'Instructions')
SwiftCompile normal arm64 /Users/admin/builder/spi-builder-workspace/Sources/Instructions/Protocols\ and\ Enums/Public/Enums/ConfigurationChange.swift (in target 'Instructions' from project 'Instructions')
cd /Users/admin/builder/spi-builder-workspace/.swiftpm/xcode
builtin-SwiftPerFileCompile ConfigurationChange.swift
SwiftCompile normal arm64 /Users/admin/builder/spi-builder-workspace/Sources/Instructions/Protocols\ and\ Enums/Public/Enums/PauseStyle.swift (in target 'Instructions' from project 'Instructions')
cd /Users/admin/builder/spi-builder-workspace/.swiftpm/xcode
builtin-SwiftPerFileCompile PauseStyle.swift
SwiftCompile normal arm64 /Users/admin/builder/spi-builder-workspace/Sources/Instructions/Protocols\ and\ Enums/Public/Enums/PresentationContext.swift (in target 'Instructions' from project 'Instructions')
cd /Users/admin/builder/spi-builder-workspace/.swiftpm/xcode
builtin-SwiftPerFileCompile PresentationContext.swift
SwiftCompile normal arm64 /Users/admin/builder/spi-builder-workspace/Sources/Instructions/Protocols\ and\ Enums/Public/Enums/ViewControllerConfiguration.swift (in target 'Instructions' from project 'Instructions')
cd /Users/admin/builder/spi-builder-workspace/.swiftpm/xcode
builtin-SwiftPerFileCompile ViewControllerConfiguration.swift
SwiftCompile normal arm64 /Users/admin/builder/spi-builder-workspace/Sources/Instructions/Views/CoachMarkView.swift (in target 'Instructions' from project 'Instructions')
cd /Users/admin/builder/spi-builder-workspace/.swiftpm/xcode
builtin-SwiftPerFileCompile CoachMarkView.swift
SwiftCompile normal arm64 Compiling\ MaskView.swift,\ OverlaySnapshotView.swift,\ OverlayView.swift,\ PassthroughViews.swift /Users/admin/builder/spi-builder-workspace/Sources/Instructions/Views/MaskView.swift /Users/admin/builder/spi-builder-workspace/Sources/Instructions/Views/OverlaySnapshotView.swift /Users/admin/builder/spi-builder-workspace/Sources/Instructions/Views/OverlayView.swift /Users/admin/builder/spi-builder-workspace/Sources/Instructions/Views/PassthroughViews.swift (in target 'Instructions' from project 'Instructions')
SwiftCompile normal arm64 /Users/admin/builder/spi-builder-workspace/Sources/Instructions/Views/MaskView.swift (in target 'Instructions' from project 'Instructions')
cd /Users/admin/builder/spi-builder-workspace/.swiftpm/xcode
builtin-SwiftPerFileCompile MaskView.swift
SwiftCompile normal arm64 /Users/admin/builder/spi-builder-workspace/Sources/Instructions/Views/OverlaySnapshotView.swift (in target 'Instructions' from project 'Instructions')
cd /Users/admin/builder/spi-builder-workspace/.swiftpm/xcode
builtin-SwiftPerFileCompile OverlaySnapshotView.swift
SwiftCompile normal arm64 /Users/admin/builder/spi-builder-workspace/Sources/Instructions/Views/OverlayView.swift (in target 'Instructions' from project 'Instructions')
cd /Users/admin/builder/spi-builder-workspace/.swiftpm/xcode
builtin-SwiftPerFileCompile OverlayView.swift
SwiftCompile normal arm64 /Users/admin/builder/spi-builder-workspace/Sources/Instructions/Views/PassthroughViews.swift (in target 'Instructions' from project 'Instructions')
cd /Users/admin/builder/spi-builder-workspace/.swiftpm/xcode
builtin-SwiftPerFileCompile PassthroughViews.swift
SwiftEmitModule normal arm64 Emitting\ module\ for\ Instructions (in target 'Instructions' from project 'Instructions')
SwiftCompile normal arm64 (in target 'Instructions' from project 'Instructions')
cd /Users/admin/builder/spi-builder-workspace/.swiftpm/xcode
SwiftCompile normal arm64 Compiling\ AccessibilityIdentifiers.swift,\ CoachMarkInnerLayoutHelper.swift,\ CoachMarkLayoutHelper.swift,\ CoachMarkPosition.swift,\ ErrorMessage.swift /Users/admin/builder/spi-builder-workspace/Sources/Instructions/Helpers/Internal/AccessibilityIdentifiers.swift /Users/admin/builder/spi-builder-workspace/Sources/Instructions/Helpers/Internal/CoachMarkInnerLayoutHelper.swift /Users/admin/builder/spi-builder-workspace/Sources/Instructions/Helpers/Internal/CoachMarkLayoutHelper.swift /Users/admin/builder/spi-builder-workspace/Sources/Instructions/Helpers/Internal/Enums/CoachMarkPosition.swift /Users/admin/builder/spi-builder-workspace/Sources/Instructions/Helpers/Internal/ErrorMessage.swift (in target 'Instructions' from project 'Instructions')
SwiftCompile normal arm64 /Users/admin/builder/spi-builder-workspace/Sources/Instructions/Helpers/Internal/AccessibilityIdentifiers.swift (in target 'Instructions' from project 'Instructions')
cd /Users/admin/builder/spi-builder-workspace/.swiftpm/xcode
builtin-SwiftPerFileCompile AccessibilityIdentifiers.swift
SwiftCompile normal arm64 /Users/admin/builder/spi-builder-workspace/Sources/Instructions/Helpers/Internal/CoachMarkInnerLayoutHelper.swift (in target 'Instructions' from project 'Instructions')
cd /Users/admin/builder/spi-builder-workspace/.swiftpm/xcode
builtin-SwiftPerFileCompile CoachMarkInnerLayoutHelper.swift
SwiftCompile normal arm64 /Users/admin/builder/spi-builder-workspace/Sources/Instructions/Helpers/Internal/CoachMarkLayoutHelper.swift (in target 'Instructions' from project 'Instructions')
cd /Users/admin/builder/spi-builder-workspace/.swiftpm/xcode
builtin-SwiftPerFileCompile CoachMarkLayoutHelper.swift
SwiftCompile normal arm64 /Users/admin/builder/spi-builder-workspace/Sources/Instructions/Helpers/Internal/Enums/CoachMarkPosition.swift (in target 'Instructions' from project 'Instructions')
cd /Users/admin/builder/spi-builder-workspace/.swiftpm/xcode
builtin-SwiftPerFileCompile CoachMarkPosition.swift
SwiftCompile normal arm64 /Users/admin/builder/spi-builder-workspace/Sources/Instructions/Helpers/Internal/ErrorMessage.swift (in target 'Instructions' from project 'Instructions')
cd /Users/admin/builder/spi-builder-workspace/.swiftpm/xcode
builtin-SwiftPerFileCompile ErrorMessage.swift
SwiftDriverJobDiscovery normal arm64 Compiling CoachMarkBodyView.swift, CoachMarkSkipView.swift, CoachMarksControllerDataSource.swift, CoachMarksControllerAnimationDelegate.swift, CoachMarksControllerDelegate.swift (in target 'Instructions' from project 'Instructions')
SwiftDriverJobDiscovery normal arm64 Compiling ConfigurationChange.swift, PauseStyle.swift, PresentationContext.swift, ViewControllerConfiguration.swift, CoachMarkView.swift (in target 'Instructions' from project 'Instructions')
SwiftDriverJobDiscovery normal arm64 Compiling MaskView.swift, OverlaySnapshotView.swift, OverlayView.swift, PassthroughViews.swift (in target 'Instructions' from project 'Instructions')
SwiftDriverJobDiscovery normal arm64 Compiling UIApplication+WindowScene.swift, UIView+Layout.swift, CoachMarkAnimationManagement.swift, CoachMarkAnimationManager.swift, CoachMarkTransitionManager.swift (in target 'Instructions' from project 'Instructions')
SwiftDriverJobDiscovery normal arm64 Compiling CoachMarkCoordinateConverter.swift, CoachMarkHelper.swift, CoachMarkArrowOrientation.swift, CoachMarkNextLabelPosition.swift, Instructions.swift (in target 'Instructions' from project 'Instructions')
SwiftDriverJobDiscovery normal arm64 Compiling FlowManager.swift, OverlayManager.swift, CoachMarkViewControllerDelegate.swift, CoachMarkArrowView.swift, CoachMarkBodyHighlightArrowDelegate.swift (in target 'Instructions' from project 'Instructions')
PruneExplicitPrecompiledModules /Users/admin/builder/spi-builder-workspace/.derivedData/SDKExplicitPrecompiledModules
PruneExplicitPrecompiledModules /Users/admin/builder/spi-builder-workspace/.derivedData/Build/Intermediates.noindex/SwiftExplicitPrecompiledModules
PruneExplicitPrecompiledModules /Users/admin/builder/spi-builder-workspace/.derivedData/Build/Intermediates.noindex/ExplicitPrecompiledModules
2026-09-19 12:38:27.082 xcodebuild[824:5048] [MT] IDERunDestination: Supported platforms for the buildables in the current scheme is empty.
** BUILD FAILED **
The following build commands failed:
SwiftCompile normal arm64 Compiling\ CoachMarkDisplayManager.swift,\ BlurringOverlayStyleManager.swift,\ OverlayStyleManager.swift,\ TranslucentOverlayStyleManager.swift,\ SkipViewDisplayManager.swift /Users/admin/builder/spi-builder-workspace/Sources/Instructions/Managers/Internal/CoachMarkDisplayManager.swift /Users/admin/builder/spi-builder-workspace/Sources/Instructions/Managers/Internal/OverlayStyleManager/BlurringOverlayStyleManager.swift /Users/admin/builder/spi-builder-workspace/Sources/Instructions/Managers/Internal/OverlayStyleManager/OverlayStyleManager.swift /Users/admin/builder/spi-builder-workspace/Sources/Instructions/Managers/Internal/OverlayStyleManager/TranslucentOverlayStyleManager.swift /Users/admin/builder/spi-builder-workspace/Sources/Instructions/Managers/Internal/SkipViewDisplayManager.swift (in target 'Instructions' from project 'Instructions')
SwiftCompile normal arm64 /Users/admin/builder/spi-builder-workspace/Sources/Instructions/Managers/Internal/SkipViewDisplayManager.swift (in target 'Instructions' from project 'Instructions')
Building workspace Instructions with scheme Instructions
(3 failures)
BUILD FAILURE 6.4 visionOS