Build Information
Failed to build SwiftletBarcodes, reference 2.1.0 (537c4d), with Swift 6.3 for watchOS using Xcode 26.4 on 3 Sep 2026 11:12:14 UTC.
Build Command
No build command. This typically means the build failed at an early stage where we determine the build command.Build Log
========================================
RunAll
========================================
Builder version: 5.0.2
Interrupt handler set up.
========================================
Checkout
========================================
Clone URL: https://github.com/Appracatappra/SwiftletBarcodes.git
Reference: 2.1.0
Initialized empty Git repository in /Users/admin/builder/spi-builder-workspace/.git/
From https://github.com/Appracatappra/SwiftletBarcodes
* tag 2.1.0 -> FETCH_HEAD
HEAD is now at 537c4d0 Upgrade to OS 26
Cloned https://github.com/Appracatappra/SwiftletBarcodes.git
Revision (git rev-parse @):
537c4d0065c5fe3f435b427ea5619e4b63435c1a
SUCCESS checkout https://github.com/Appracatappra/SwiftletBarcodes.git at 2.1.0
========================================
Build
========================================
Selected platform: watchOS
Swift version: 6.3
Building package at path: $PWD
https://github.com/Appracatappra/SwiftletBarcodes.git
Command line invocation:
/Applications/Xcode-26.5.0.app/Contents/Developer/usr/bin/xcodebuild -IDEClonedSourcePackagesDirPathOverride=/Users/admin/builder/spi-builder-workspace/.dependencies -resolvePackageDependencies
Resolve Package Graph
package 'spi-builder-workspace' is using Swift tools version 6.4.0 but the installed version is 6.3.2
Resolved source packages:
spi-builder-workspace: (null)
2026-09-03 07:12:12.966 xcodebuild[540:3116] Writing error result bundle to /var/folders/xq/y_g06wb113726d38xsyx71_h0000gn/T/ResultBundle_2026-03-09_07-12-0012.xcresult
xcodebuild: error: Could not resolve package dependencies:
package 'spi-builder-workspace' is using Swift tools version 6.4.0 but the installed version is 6.3.2
Command line invocation:
/Applications/Xcode-26.5.0.app/Contents/Developer/usr/bin/xcodebuild -IDEClonedSourcePackagesDirPathOverride=/Users/admin/builder/spi-builder-workspace/.dependencies -resolvePackageDependencies
Resolve Package Graph
package 'spi-builder-workspace' is using Swift tools version 6.4.0 but the installed version is 6.3.2
Resolved source packages:
spi-builder-workspace: (null)
2026-09-03 07:12:14.399 xcodebuild[605:3611] Writing error result bundle to /var/folders/xq/y_g06wb113726d38xsyx71_h0000gn/T/ResultBundle_2026-03-09_07-12-0014.xcresult
xcodebuild: error: Could not resolve package dependencies:
package 'spi-builder-workspace' is using Swift tools version 6.4.0 but the installed version is 6.3.2
BUILD FAILURE 6.3 watchOS