The Swift Package Index logo.Swift Package Index

Build Information

Failed to build AppCenter, reference develop (307caa), with Swift 6.4 for Wasm on 21 Sep 2026 19:30:19 UTC.

Build Command

bash -c docker run --pull=always --rm -v "checkouts-54344843-2":/host -w "$PWD" -e JAVA_HOME="/root/.sdkman/candidates/java/current" -e SPI_BUILD="1" -e SPI_PROCESSING="1" registry.gitlab.com/saguaro1/spi-images:wasm-6.4-latest swift build --swift-sdk swift-6.4.x-DEVELOPMENT-SNAPSHOT-2026-09-04-a_wasm 2>&1

Build Log

========================================
RunAll
========================================
Builder version: 5.1.0
Interrupt handler set up.
========================================
Checkout
========================================
Clone URL: https://github.com/microsoft/appcenter-sdk-apple.git
Reference: develop
Initialized empty Git repository in /host/spi-builder-workspace/.git/
hint: Using 'master' as the name for the initial branch. This default branch name
hint: is subject to change. To configure the initial branch name to use in all
hint: of your new repositories, which will suppress this warning, call:
hint:
hint: 	git config --global init.defaultBranch <name>
hint:
hint: Names commonly chosen instead of 'master' are 'main', 'trunk' and
hint: 'development'. The just-created branch can be renamed via this command:
hint:
hint: 	git branch -m <name>
From https://github.com/microsoft/appcenter-sdk-apple
 * branch            develop    -> FETCH_HEAD
 * [new branch]      develop    -> origin/develop
HEAD is now at 307caac Merge pull request #2562 from microsoft/next-version-5.0.7
Submodule path 'Vendor/OCHamcrest': checked out '5f77cf33732dfa02e0b9f15e43d05a9110cc2ff0'
Submodule path 'Vendor/OCMock': checked out 'a8e58d45b47f0a8aca04dcba4980b7ee6ffc06dc'
Submodule path 'Vendor/OHHTTPStubs': checked out 'e92b5a5746ef16add2a1424f1fc19529d9a75cde'
Submodule path 'Vendor/PLCrashReporter': checked out '52d876d704750b0e17758d1a213a94ada5becc80'
Submodule 'Vendor/OCHamcrest' (https://github.com/hamcrest/OCHamcrest.git) registered for path 'Vendor/OCHamcrest'
Submodule 'Vendor/OCMock' (https://github.com/erikdoe/ocmock.git) registered for path 'Vendor/OCMock'
Submodule 'Vendor/OHHTTPStubs' (https://github.com/AliSoftware/OHHTTPStubs.git) registered for path 'Vendor/OHHTTPStubs'
Submodule 'Vendor/PLCrashReporter' (https://github.com/microsoft/plcrashreporter) registered for path 'Vendor/PLCrashReporter'
Cloning into '/host/spi-builder-workspace/Vendor/OCHamcrest'...
Cloning into '/host/spi-builder-workspace/Vendor/OCMock'...
Cloning into '/host/spi-builder-workspace/Vendor/OHHTTPStubs'...
Cloning into '/host/spi-builder-workspace/Vendor/PLCrashReporter'...
Cloned https://github.com/microsoft/appcenter-sdk-apple.git
Revision (git rev-parse @):
307caacd16cd010ea3c8fca851584ba4815af667
SUCCESS checkout https://github.com/microsoft/appcenter-sdk-apple.git at develop
========================================
Build
========================================
Selected platform:         wasm
Swift version:             6.4
Building package at path:  $PWD
https://github.com/microsoft/appcenter-sdk-apple.git
Running build ...
bash -c docker run --pull=always --rm -v "checkouts-54344843-2":/host -w "$PWD" -e JAVA_HOME="/root/.sdkman/candidates/java/current" -e SPI_BUILD="1" -e SPI_PROCESSING="1" registry.gitlab.com/saguaro1/spi-images:wasm-6.4-latest swift build --swift-sdk swift-6.4.x-DEVELOPMENT-SNAPSHOT-2026-09-04-a_wasm 2>&1
wasm-6.4-latest: Pulling from saguaro1/spi-images
Digest: sha256:4328fdb43c680d205c1d6761b1e3267aa38277eefdda9ddfb17b6a0f1a77857a
Status: Image is up to date for registry.gitlab.com/saguaro1/spi-images:wasm-6.4-latest
Fetching https://github.com/microsoft/PLCrashReporter.git
[1/17012] Fetching plcrashreporter
Fetched https://github.com/microsoft/PLCrashReporter.git (1.53s)
Computing version for https://github.com/microsoft/PLCrashReporter.git
Computed https://github.com/microsoft/PLCrashReporter.git at 1.11.3 (1.72s)
Creating working copy for https://github.com/microsoft/PLCrashReporter.git
Working copy of https://github.com/microsoft/PLCrashReporter.git resolved at 1.11.3
Building for debugging...
[Computing dependencies]
[Pre-planning 1 / 304]
[Planning deferred tasks]
In file included from <built-in>:1:
/host/spi-builder-workspace/.build/out/Intermediates.noindex/PLCrashReporter.build/Debug-webassembly-wasm32/CrashReporter-t.build/DerivedSources/resource_bundle_accessor.h:1:9: fatal error: 'Foundation/Foundation.h' file not found
    1 | #import <Foundation/Foundation.h>
      |         ^~~~~~~~~~~~~~~~~~~~~~~~~
1 error generated.
error: CompileC /host/spi-builder-workspace/.build/out/Intermediates.noindex/PLCrashReporter.build/Debug-webassembly-wasm32/CrashReporter-t.build/Objects-normal/wasm32/resource_bundle_accessor.o /host/spi-builder-workspace/.build/out/Intermediates.noindex/PLCrashReporter.build/Debug-webassembly-wasm32/CrashReporter-t.build/DerivedSources/resource_bundle_accessor.m normal wasm32 objective-c com.apple.compilers.llvm.clang.1_0.compiler failed with a nonzero exit code. Command line:     cd /host

    Using response file: /host/spi-builder-workspace/.build/out/Intermediates.noindex/PLCrashReporter.build/Debug-webassembly-wasm32/CrashReporter-t.build/Objects-normal/wasm32/6f95552a3397ee1cec971b90cf334075d5f321c3a3b0689ad55c3d1e24702600-common-args.resp

    /usr/bin/clang -x objective-c -target wasm32-unknown-wasip1 -fmessage-length\=0 -fdiagnostics-show-note-include-stack -fmacro-backtrace-limit\=0 -fcolor-diagnostics -Wno-trigraphs -Wno-missing-field-initializers -Wno-missing-prototypes -Wno-return-type -Wno-implicit-atomic-properties -Wno-objc-interface-ivars -Wno-arc-repeated-use-of-weak -Wno-missing-braces -Wparentheses -Wswitch -Wno-unused-function -Wno-unused-label -Wno-unused-parameter -Wno-unused-variable -Wunused-value -Wno-empty-body -Wno-uninitialized -Wno-unknown-pragmas -w -Wno-shadow -Wno-four-char-constants -Wno-conversion -Wno-constant-conversion -Wno-int-conversion -Wno-bool-conversion -Wno-enum-conversion -Wno-float-conversion -Wno-non-literal-null-conversion -Wno-objc-literal-conversion -Wno-shorten-64-to-32 -Wpointer-sign -Wno-newline-eof -Wno-selector -Wno-strict-selector-match -Wno-undeclared-selector -Wno-deprecated-implementations -Wno-implicit-fallthrough -fstrict-aliasing -Wprotocol -Wdeprecated-declarations -Wno-sign-conversion -Wno-infinite-recursion -Wno-comma -Wno-block-capture-autoreleasing -Wno-strict-prototypes -Wno-semicolon-before-method-body --sysroot /root/.swiftpm/swift-sdks/swift-6.4.x-DEVELOPMENT-SNAPSHOT-2026-09-04-a_wasm.artifactbundle/swift-6.4.x-DEVELOPMENT-SNAPSHOT-2026-09-04-a_wasm/wasm32-unknown-wasip1/WASI.sdk @/host/spi-builder-workspace/.build/out/Intermediates.noindex/PLCrashReporter.build/Debug-webassembly-wasm32/CrashReporter-t.build/Objects-normal/wasm32/6f95552a3397ee1cec971b90cf334075d5f321c3a3b0689ad55c3d1e24702600-common-args.resp -include /host/spi-builder-workspace/.build/out/Intermediates.noindex/PLCrashReporter.build/Debug-webassembly-wasm32/CrashReporter-t.build/DerivedSources/resource_bundle_accessor.h -MMD -MT dependencies -MF /host/spi-builder-workspace/.build/out/Intermediates.noindex/PLCrashReporter.build/Debug-webassembly-wasm32/CrashReporter-t.build/Objects-normal/wasm32/resource_bundle_accessor.d --serialize-diagnostics /host/spi-builder-workspace/.build/out/Intermediates.noindex/PLCrashReporter.build/Debug-webassembly-wasm32/CrashReporter-t.build/Objects-normal/wasm32/resource_bundle_accessor.dia -c /host/spi-builder-workspace/.build/out/Intermediates.noindex/PLCrashReporter.build/Debug-webassembly-wasm32/CrashReporter-t.build/DerivedSources/resource_bundle_accessor.m -o /host/spi-builder-workspace/.build/out/Intermediates.noindex/PLCrashReporter.build/Debug-webassembly-wasm32/CrashReporter-t.build/Objects-normal/wasm32/resource_bundle_accessor.o
[68 / 250] CrashReporter
In file included from <built-in>:1:
/host/spi-builder-workspace/.build/out/Intermediates.noindex/PLCrashReporter.build/Debug-webassembly-wasm32/CrashReporter-t.build/DerivedSources/resource_bundle_accessor.h:1:9: fatal error: 'Foundation/Foundation.h' file not found
    1 | #import <Foundation/Foundation.h>
      |         ^~~~~~~~~~~~~~~~~~~~~~~~~
1 error generated.
error: CompileC /host/spi-builder-workspace/.build/out/Intermediates.noindex/PLCrashReporter.build/Debug-webassembly-wasm32/CrashReporter-t.build/Objects-normal/wasm32/PLCrashUncaughtExceptionHandler.o /host/spi-builder-workspace/.build/checkouts/PLCrashReporter/Source/PLCrashUncaughtExceptionHandler.m normal wasm32 objective-c com.apple.compilers.llvm.clang.1_0.compiler failed with a nonzero exit code. Command line:     cd /host

    Using response file: /host/spi-builder-workspace/.build/out/Intermediates.noindex/PLCrashReporter.build/Debug-webassembly-wasm32/CrashReporter-t.build/Objects-normal/wasm32/6f95552a3397ee1cec971b90cf334075d5f321c3a3b0689ad55c3d1e24702600-common-args.resp

    /usr/bin/clang -x objective-c -target wasm32-unknown-wasip1 -fmessage-length\=0 -fdiagnostics-show-note-include-stack -fmacro-backtrace-limit\=0 -fcolor-diagnostics -Wno-trigraphs -Wno-missing-field-initializers -Wno-missing-prototypes -Wno-return-type -Wno-implicit-atomic-properties -Wno-objc-interface-ivars -Wno-arc-repeated-use-of-weak -Wno-missing-braces -Wparentheses -Wswitch -Wno-unused-function -Wno-unused-label -Wno-unused-parameter -Wno-unused-variable -Wunused-value -Wno-empty-body -Wno-uninitialized -Wno-unknown-pragmas -w -Wno-shadow -Wno-four-char-constants -Wno-conversion -Wno-constant-conversion -Wno-int-conversion -Wno-bool-conversion -Wno-enum-conversion -Wno-float-conversion -Wno-non-literal-null-conversion -Wno-objc-literal-conversion -Wno-shorten-64-to-32 -Wpointer-sign -Wno-newline-eof -Wno-selector -Wno-strict-selector-match -Wno-undeclared-selector -Wno-deprecated-implementations -Wno-implicit-fallthrough -fstrict-aliasing -Wprotocol -Wdeprecated-declarations -Wno-sign-conversion -Wno-infinite-recursion -Wno-comma -Wno-block-capture-autoreleasing -Wno-strict-prototypes -Wno-semicolon-before-method-body --sysroot /root/.swiftpm/swift-sdks/swift-6.4.x-DEVELOPMENT-SNAPSHOT-2026-09-04-a_wasm.artifactbundle/swift-6.4.x-DEVELOPMENT-SNAPSHOT-2026-09-04-a_wasm/wasm32-unknown-wasip1/WASI.sdk @/host/spi-builder-workspace/.build/out/Intermediates.noindex/PLCrashReporter.build/Debug-webassembly-wasm32/CrashReporter-t.build/Objects-normal/wasm32/6f95552a3397ee1cec971b90cf334075d5f321c3a3b0689ad55c3d1e24702600-common-args.resp -include /host/spi-builder-workspace/.build/out/Intermediates.noindex/PLCrashReporter.build/Debug-webassembly-wasm32/CrashReporter-t.build/DerivedSources/resource_bundle_accessor.h -MMD -MT dependencies -MF /host/spi-builder-workspace/.build/out/Intermediates.noindex/PLCrashReporter.build/Debug-webassembly-wasm32/CrashReporter-t.build/Objects-normal/wasm32/PLCrashUncaughtExceptionHandler.d --serialize-diagnostics /host/spi-builder-workspace/.build/out/Intermediates.noindex/PLCrashReporter.build/Debug-webassembly-wasm32/CrashReporter-t.build/Objects-normal/wasm32/PLCrashUncaughtExceptionHandler.dia -c /host/spi-builder-workspace/.build/checkouts/PLCrashReporter/Source/PLCrashUncaughtExceptionHandler.m -o /host/spi-builder-workspace/.build/out/Intermediates.noindex/PLCrashReporter.build/Debug-webassembly-wasm32/CrashReporter-t.build/Objects-normal/wasm32/PLCrashUncaughtExceptionHandler.o
error: Build failed
BUILD FAILURE 6.4 wasm