The Swift Package Index logo.Swift Package Index

Build Information

Failed to build Emit, reference v2.2.0 (d08120), with Swift 6.4 for Wasm on 14 Oct 2026 03:48:58 UTC.

Build Command

bash -c docker run --pull=always --rm -v "checkouts-54344847-1":/host -w "$PWD" -e JAVA_HOME="/root/.sdkman/candidates/java/current" -e SPI_BUILD="1" -e SPI_PROCESSING="1" registry.gitlab.com/saguaro1/spi-images:wasm-6.4-latest swift build --swift-sdk swift-6.4.0-RELEASE_wasm 2>&1

Build Log

========================================
RunAll
========================================
Builder version: 5.1.2
Interrupt handler set up.
========================================
Checkout
========================================
Clone URL: https://github.com/hootsuite/emit.git
Reference: v2.2.0
Initialized empty Git repository in /host/spi-builder-workspace/.git/
hint: Using 'master' as the name for the initial branch. This default branch name
hint: is subject to change. To configure the initial branch name to use in all
hint: of your new repositories, which will suppress this warning, call:
hint:
hint: 	git config --global init.defaultBranch <name>
hint:
hint: Names commonly chosen instead of 'master' are 'main', 'trunk' and
hint: 'development'. The just-created branch can be renamed via this command:
hint:
hint: 	git branch -m <name>
From https://github.com/hootsuite/emit
 * tag               v2.2.0     -> FETCH_HEAD
HEAD is now at d08120e Update Signal.swift (#17)
Cloned https://github.com/hootsuite/emit.git
Revision (git rev-parse @):
d08120ebb672f394b6d1e5bccc680925ef11a776
SUCCESS checkout https://github.com/hootsuite/emit.git at v2.2.0
========================================
Build
========================================
Selected platform:         wasm
Swift version:             6.4
Building package at path:  $PWD
https://github.com/hootsuite/emit.git
Running build ...
bash -c docker run --pull=always --rm -v "checkouts-54344847-1":/host -w "$PWD" -e JAVA_HOME="/root/.sdkman/candidates/java/current" -e SPI_BUILD="1" -e SPI_PROCESSING="1" registry.gitlab.com/saguaro1/spi-images:wasm-6.4-latest swift build --swift-sdk swift-6.4.0-RELEASE_wasm 2>&1
wasm-6.4-latest: Pulling from saguaro1/spi-images
Digest: sha256:d8610b27563fbed4643ddaec8e9397319e3b3e1372fc54686db2dacb952c1b8f
Status: Image is up to date for registry.gitlab.com/saguaro1/spi-images:wasm-6.4-latest
Building for debugging...
[Planning deferred tasks]
error: SwiftCompile normal wasm32 failed with a nonzero exit code. Command line:     cd /host

[22 / 30] Emit
/host/spi-builder-workspace/Sources/Signal.swift:65:55: error: cannot find type 'DispatchQueue' in scope
 63 |     ///   - queue: `DispatchQueue` to use when invoking the action, defaults to the main queue.
 64 |     ///   - action: closure to invoke when the signal is emitted.
 65 |     public func subscribe(owner: AnyObject, in queue: DispatchQueue = .main, action: @escaping (Event) -> Void) {
    |                                                       `- error: cannot find type 'DispatchQueue' in scope
 66 |         lock.performWrite {
 67 |             let subscriber = OwnedSubscription(owner: owner, queue: queue, action: action)
/host/spi-builder-workspace/Sources/Signal.swift:126:16: error: cannot find type 'DispatchQueue' in scope
124 |
125 |     /// `DispatchQueue` in which to dispatch events.
126 |     var queue: DispatchQueue { get }
    |                `- error: cannot find type 'DispatchQueue' in scope
127 |
128 |     /// Closure to invoke when the signal is emitted.
/host/spi-builder-workspace/Sources/Signal.swift:146:16: error: cannot find type 'DispatchQueue' in scope
144 |
145 |     /// `DispatchQueue` in which to dispatch events.
146 |     let queue: DispatchQueue
    |                `- error: cannot find type 'DispatchQueue' in scope
147 |
148 |     /// Closure to invoke when the signal is emitted.
/host/spi-builder-workspace/Sources/Signal.swift:152:35: error: cannot find type 'DispatchQueue' in scope
150 |
151 |     /// Initializes an `OwnedSubscription` with an owner an optional dispatch queue and a closure.
152 |     init(owner: AnyObject, queue: DispatchQueue = .main, action: @escaping (Event) -> Void) {
    |                                   `- error: cannot find type 'DispatchQueue' in scope
153 |         self.owner = owner
154 |         self.queue = queue
Failed frontend command:
/usr/bin/swift-frontend -frontend -emit-module -experimental-skip-non-inlinable-function-bodies-without-types /host/spi-builder-workspace/Sources/ObservableVariable.swift /host/spi-builder-workspace/Sources/RWLock.swift /host/spi-builder-workspace/Sources/Signal.swift -target wasm32-unknown-wasip1 -disable-objc-interop -sdk /root/.swiftpm/swift-sdks/swift-6.4.0-RELEASE_wasm.artifactbundle/swift-6.4.0-RELEASE_wasm/wasm32-unknown-wasip1/WASI.sdk -sysroot /root/.swiftpm/swift-sdks/swift-6.4.0-RELEASE_wasm.artifactbundle/swift-6.4.0-RELEASE_wasm/wasm32-unknown-wasip1/WASI.sdk -I /host/spi-builder-workspace/.build/out/Products/Debug-webassembly-wasm32 -module-cache-path /host/spi-builder-workspace/.build/out/ModuleCache.noindex -color-diagnostics -Xcc -fcolor-diagnostics -enable-testing -g -debug-info-format\=dwarf -dwarf-version\=4 -swift-version 4.2 -Onone -D SWIFT_PACKAGE -D DEBUG -D SWIFT_MODULE_RESOURCE_BUNDLE_UNAVAILABLE -D Xcode -serialize-debugging-options -enable-experimental-feature DebugDescriptionMacro -empty-abi-descriptor -external-plugin-path /usr/lib/swift/host/plugins/testing\#/usr/bin/swift-plugin-server -validate-clang-modules-once -clang-build-session-file /host/spi-builder-workspace/.build/out/ModuleCache.noindex/Session.modulevalidation -Xcc -working-directory -Xcc /host -resource-dir /root/.swiftpm/swift-sdks/swift-6.4.0-RELEASE_wasm.artifactbundle/swift-6.4.0-RELEASE_wasm/wasm32-unknown-wasip1/swift.xctoolchain/usr/lib/swift_static -use-static-resource-dir -enable-anonymous-context-mangled-names -file-compilation-dir /host -Xcc -resource-dir -Xcc /root/.swiftpm/swift-sdks/swift-6.4.0-RELEASE_wasm.artifactbundle/swift-6.4.0-RELEASE_wasm/wasm32-unknown-wasip1/swift.xctoolchain/usr/lib/swift_static/clang -Xcc -D_LIBCPP_HARDENING_MODE\=_LIBCPP_HARDENING_MODE_DEBUG -Xcc -fmodules-prune-interval\=86400 -Xcc -fmodules-prune-after\=345600 -Xcc -I/host/spi-builder-workspace/.build/out/Products/Debug-webassembly-wasm32/include -Xcc -I/host/spi-builder-workspace/.build/out/Intermediates.noindex/Emit.build/Debug-webassembly-wasm32/Emit-t.build/DerivedSources-normal/wasm32 -Xcc -I/host/spi-builder-workspace/.build/out/Intermediates.noindex/Emit.build/Debug-webassembly-wasm32/Emit-t.build/DerivedSources/wasm32 -Xcc -I/host/spi-builder-workspace/.build/out/Intermediates.noindex/Emit.build/Debug-webassembly-wasm32/Emit-t.build/DerivedSources -Xcc -DSWIFT_PACKAGE -Xcc -DDEBUG\=1 -no-auto-bridging-header-chaining -module-name Emit -const-gather-protocols-file /host/spi-builder-workspace/.build/out/Intermediates.noindex/Emit.build/Debug-webassembly-wasm32/Emit-t.build/Objects-normal/wasm32/Emit_const_extract_protocols.json -in-process-plugin-server-path /usr/lib/swift/host/libSwiftInProcPluginServer.so -plugin-path /usr/lib/swift/host/plugins -plugin-path /usr/local/lib/swift/host/plugins -emit-module-doc-path /host/spi-builder-workspace/.build/out/Intermediates.noindex/Emit.build/Debug-webassembly-wasm32/Emit-t.build/Objects-normal/wasm32/Modules/Emit.swiftdoc -emit-module-source-info-path /host/spi-builder-workspace/.build/out/Intermediates.noindex/Emit.build/Debug-webassembly-wasm32/Emit-t.build/Objects-normal/wasm32/Modules/Emit.swiftsourceinfo -emit-objc-header-path /host/spi-builder-workspace/.build/out/Intermediates.noindex/Emit.build/Debug-webassembly-wasm32/Emit-t.build/Objects-normal/wasm32/Emit-Swift.h -serialize-diagnostics-path /host/spi-builder-workspace/.build/out/Intermediates.noindex/Emit.build/Debug-webassembly-wasm32/Emit-t.build/Objects-normal/wasm32/Emit-primary-emit-module.dia -emit-dependencies-path /host/spi-builder-workspace/.build/out/Intermediates.noindex/Emit.build/Debug-webassembly-wasm32/Emit-t.build/Objects-normal/wasm32/Emit-primary-emit-module.d -parse-as-library -o /host/spi-builder-workspace/.build/out/Intermediates.noindex/Emit.build/Debug-webassembly-wasm32/Emit-t.build/Objects-normal/wasm32/Modules/Emit.swiftmodule
error: Build failed
BUILD FAILURE 6.4 wasm