The Swift Package Index logo.Swift Package Index

Build Information

Failed to build IconKit, reference main (37a7a9), with Swift 6.2 for Wasm on 13 Oct 2026 23:21:16 UTC.

Build Command

bash -c docker run --pull=always --rm -v "checkouts-53886768-1":/host -w "$PWD" -e JAVA_HOME="/root/.sdkman/candidates/java/current" -e SPI_BUILD="1" -e SPI_PROCESSING="1" registry.gitlab.com/saguaro1/spi-images:wasm-6.2-latest swift build --swift-sdk swift-6.2-RELEASE_wasm 2>&1

Build Log

========================================
RunAll
========================================
Builder version: 5.1.2
Interrupt handler set up.
========================================
Checkout
========================================
Clone URL: https://github.com/rozd/icon-kit.git
Reference: main
Initialized empty Git repository in /host/spi-builder-workspace/.git/
hint: Using 'master' as the name for the initial branch. This default branch name
hint: is subject to change. To configure the initial branch name to use in all
hint: of your new repositories, which will suppress this warning, call:
hint:
hint: 	git config --global init.defaultBranch <name>
hint:
hint: Names commonly chosen instead of 'master' are 'main', 'trunk' and
hint: 'development'. The just-created branch can be renamed via this command:
hint:
hint: 	git branch -m <name>
From https://github.com/rozd/icon-kit
 * branch            main       -> FETCH_HEAD
 * [new branch]      main       -> origin/main
HEAD is now at 37a7a92 fix(inspect): show group base position
Cloned https://github.com/rozd/icon-kit.git
Revision (git rev-parse @):
37a7a9248f88f0b2c6938f9f50a383ca2b4e5469
SUCCESS checkout https://github.com/rozd/icon-kit.git at main
========================================
Build
========================================
Selected platform:         wasm
Swift version:             6.2
Building package at path:  $PWD
https://github.com/rozd/icon-kit.git
Running build ...
bash -c docker run --pull=always --rm -v "checkouts-53886768-1":/host -w "$PWD" -e JAVA_HOME="/root/.sdkman/candidates/java/current" -e SPI_BUILD="1" -e SPI_PROCESSING="1" registry.gitlab.com/saguaro1/spi-images:wasm-6.2-latest swift build --swift-sdk swift-6.2-RELEASE_wasm 2>&1
wasm-6.2-latest: Pulling from saguaro1/spi-images
Digest: sha256:c092ff8dc506a2a30e6239b6992792fd4f7dfaaa46cac3b3c48d8fe35e954282
Status: Image is up to date for registry.gitlab.com/saguaro1/spi-images:wasm-6.2-latest
Fetching https://github.com/apple/swift-argument-parser
[1/19114] Fetching swift-argument-parser
Fetched https://github.com/apple/swift-argument-parser from cache (1.13s)
Computing version for https://github.com/apple/swift-argument-parser
Computed https://github.com/apple/swift-argument-parser at 1.8.2 (1.32s)
Creating working copy for https://github.com/apple/swift-argument-parser
Working copy of https://github.com/apple/swift-argument-parser resolved at 1.8.2
[1/1] Compiling plugin GenerateManual
[2/2] Compiling plugin GenerateDoccReference
Building for debugging...
[2/13] Write sources
[6/13] Write swift-version-24593BA9C3E375BF.txt
[8/45] Compiling ArgumentParserToolInfo ToolInfo.swift
[9/45] Emitting module ArgumentParserToolInfo
[10/46] Wrapping AST for ArgumentParserToolInfo for debugging
[12/93] Compiling ArgumentParser ArgumentSet.swift
/host/spi-builder-workspace/Sources/IconKit/AndroidAdaptive/AdaptiveIconFile+Ribbon.swift:1:8: error: no such module 'CoreGraphics'
  1 | import CoreGraphics
    |        `- error: no such module 'CoreGraphics'
  2 | import Foundation
  3 | import ImageIO
[13/93] Compiling ArgumentParser CommandParser.swift
/host/spi-builder-workspace/Sources/IconKit/AndroidAdaptive/AdaptiveIconFile+Ribbon.swift:1:8: error: no such module 'CoreGraphics'
  1 | import CoreGraphics
    |        `- error: no such module 'CoreGraphics'
  2 | import Foundation
  3 | import ImageIO
[14/93] Compiling ArgumentParser InputKey.swift
/host/spi-builder-workspace/Sources/IconKit/AndroidAdaptive/AdaptiveIconFile+Ribbon.swift:1:8: error: no such module 'CoreGraphics'
  1 | import CoreGraphics
    |        `- error: no such module 'CoreGraphics'
  2 | import Foundation
  3 | import ImageIO
[15/93] Compiling ArgumentParser InputOrigin.swift
/host/spi-builder-workspace/Sources/IconKit/AndroidAdaptive/AdaptiveIconFile+Ribbon.swift:1:8: error: no such module 'CoreGraphics'
  1 | import CoreGraphics
    |        `- error: no such module 'CoreGraphics'
  2 | import Foundation
  3 | import ImageIO
[16/93] Compiling ArgumentParser EnumerableFlag.swift
/host/spi-builder-workspace/Sources/IconKit/AndroidAdaptive/AdaptiveIconFile+Ribbon.swift:1:8: error: no such module 'CoreGraphics'
  1 | import CoreGraphics
    |        `- error: no such module 'CoreGraphics'
  2 | import Foundation
  3 | import ImageIO
[17/93] Compiling ArgumentParser ExpressibleByArgument.swift
/host/spi-builder-workspace/Sources/IconKit/AndroidAdaptive/AdaptiveIconFile+Ribbon.swift:1:8: error: no such module 'CoreGraphics'
  1 | import CoreGraphics
    |        `- error: no such module 'CoreGraphics'
  2 | import Foundation
  3 | import ImageIO
[18/93] Compiling ArgumentParser ParsableArguments.swift
/host/spi-builder-workspace/Sources/IconKit/AndroidAdaptive/AdaptiveIconFile+Ribbon.swift:1:8: error: no such module 'CoreGraphics'
  1 | import CoreGraphics
    |        `- error: no such module 'CoreGraphics'
  2 | import Foundation
  3 | import ImageIO
[19/93] Compiling ArgumentParser HelpCommand.swift
/host/spi-builder-workspace/Sources/IconKit/AndroidAdaptive/AdaptiveIconFile+Ribbon.swift:1:8: error: no such module 'CoreGraphics'
  1 | import CoreGraphics
    |        `- error: no such module 'CoreGraphics'
  2 | import Foundation
  3 | import ImageIO
[20/93] Compiling ArgumentParser ParentCommand.swift
/host/spi-builder-workspace/Sources/IconKit/AndroidAdaptive/AdaptiveIconFile+Ribbon.swift:1:8: error: no such module 'CoreGraphics'
  1 | import CoreGraphics
    |        `- error: no such module 'CoreGraphics'
  2 | import Foundation
  3 | import ImageIO
[21/93] Compiling ArgumentParser AsyncParsableCommand.swift
/host/spi-builder-workspace/Sources/IconKit/AndroidAdaptive/AdaptiveIconFile+Ribbon.swift:1:8: error: no such module 'CoreGraphics'
  1 | import CoreGraphics
    |        `- error: no such module 'CoreGraphics'
  2 | import Foundation
  3 | import ImageIO
[22/93] Compiling ArgumentParser CommandConfiguration.swift
/host/spi-builder-workspace/Sources/IconKit/AndroidAdaptive/AdaptiveIconFile+Ribbon.swift:1:8: error: no such module 'CoreGraphics'
  1 | import CoreGraphics
    |        `- error: no such module 'CoreGraphics'
  2 | import Foundation
  3 | import ImageIO
[23/93] Compiling ArgumentParser CommandGroup.swift
/host/spi-builder-workspace/Sources/IconKit/AndroidAdaptive/AdaptiveIconFile+Ribbon.swift:1:8: error: no such module 'CoreGraphics'
  1 | import CoreGraphics
    |        `- error: no such module 'CoreGraphics'
  2 | import Foundation
  3 | import ImageIO
[24/97] Compiling ArgumentParser ArgumentDiscussion.swift
/host/spi-builder-workspace/Sources/IconKit/AndroidAdaptive/AdaptiveIconFile+Ribbon.swift:1:8: error: no such module 'CoreGraphics'
  1 | import CoreGraphics
    |        `- error: no such module 'CoreGraphics'
  2 | import Foundation
  3 | import ImageIO
[25/97] Compiling ArgumentParser ArgumentHelp.swift
/host/spi-builder-workspace/Sources/IconKit/AndroidAdaptive/AdaptiveIconFile+Ribbon.swift:1:8: error: no such module 'CoreGraphics'
  1 | import CoreGraphics
    |        `- error: no such module 'CoreGraphics'
  2 | import Foundation
  3 | import ImageIO
[26/97] Compiling ArgumentParser ArgumentVisibility.swift
/host/spi-builder-workspace/Sources/IconKit/AndroidAdaptive/AdaptiveIconFile+Ribbon.swift:1:8: error: no such module 'CoreGraphics'
  1 | import CoreGraphics
    |        `- error: no such module 'CoreGraphics'
  2 | import Foundation
  3 | import ImageIO
[27/97] Compiling ArgumentParser CompletionKind.swift
/host/spi-builder-workspace/Sources/IconKit/AndroidAdaptive/AdaptiveIconFile+Ribbon.swift:1:8: error: no such module 'CoreGraphics'
  1 | import CoreGraphics
    |        `- error: no such module 'CoreGraphics'
  2 | import Foundation
  3 | import ImageIO
[28/97] Compiling ArgumentParser OptionGroup.swift
/host/spi-builder-workspace/Sources/IconKit/AndroidAdaptive/AdaptiveIconFile+Ribbon.swift:1:8: error: no such module 'CoreGraphics'
  1 | import CoreGraphics
    |        `- error: no such module 'CoreGraphics'
  2 | import Foundation
  3 | import ImageIO
[29/97] Compiling ArgumentParser ParsableCommand.swift
/host/spi-builder-workspace/Sources/IconKit/AndroidAdaptive/AdaptiveIconFile+Ribbon.swift:1:8: error: no such module 'CoreGraphics'
  1 | import CoreGraphics
    |        `- error: no such module 'CoreGraphics'
  2 | import Foundation
  3 | import ImageIO
[30/97] Compiling ArgumentParser ArgumentDecoder.swift
/host/spi-builder-workspace/Sources/IconKit/AndroidAdaptive/AdaptiveIconFile+Ribbon.swift:1:8: error: no such module 'CoreGraphics'
  1 | import CoreGraphics
    |        `- error: no such module 'CoreGraphics'
  2 | import Foundation
  3 | import ImageIO
[31/97] Compiling ArgumentParser ArgumentDefinition.swift
/host/spi-builder-workspace/Sources/IconKit/AndroidAdaptive/AdaptiveIconFile+Ribbon.swift:1:8: error: no such module 'CoreGraphics'
  1 | import CoreGraphics
    |        `- error: no such module 'CoreGraphics'
  2 | import Foundation
  3 | import ImageIO
[32/97] Compiling IconKit IconComposerDescriptorFile+Ribbon.swift
/host/spi-builder-workspace/Sources/IconKit/AndroidAdaptive/AdaptiveIconFile+Ribbon.swift:1:8: error: no such module 'CoreGraphics'
  1 | import CoreGraphics
    |        `- error: no such module 'CoreGraphics'
  2 | import Foundation
  3 | import ImageIO
[33/97] Compiling IconKit IconComposerDescriptorFile+SFSymbol.swift
/host/spi-builder-workspace/Sources/IconKit/AndroidAdaptive/AdaptiveIconFile+Ribbon.swift:1:8: error: no such module 'CoreGraphics'
  1 | import CoreGraphics
    |        `- error: no such module 'CoreGraphics'
  2 | import Foundation
  3 | import ImageIO
[34/97] Compiling IconKit SFSymbolRenderer.swift
/host/spi-builder-workspace/Sources/IconKit/AndroidAdaptive/AdaptiveIconFile+Ribbon.swift:1:8: error: no such module 'CoreGraphics'
  1 | import CoreGraphics
    |        `- error: no such module 'CoreGraphics'
  2 | import Foundation
  3 | import ImageIO
[35/97] Compiling IconKit SFSymbolStyle.swift
/host/spi-builder-workspace/Sources/IconKit/AndroidAdaptive/AdaptiveIconFile+Ribbon.swift:1:8: error: no such module 'CoreGraphics'
  1 | import CoreGraphics
    |        `- error: no such module 'CoreGraphics'
  2 | import Foundation
  3 | import ImageIO
[36/97] Compiling ArgumentParser Mutex.swift
[37/97] Compiling ArgumentParser Platform.swift
[38/97] Compiling ArgumentParser SequenceExtensions.swift
[39/97] Compiling ArgumentParser StringExtensions.swift
[40/97] Compiling ArgumentParser SwiftExtensions.swift
[41/97] Compiling ArgumentParser Tree.swift
[42/103] Compiling ArgumentParser AsyncCompletionsValidator.swift
[43/103] Compiling ArgumentParser CodingKeyValidator.swift
[44/103] Compiling ArgumentParser NonsenseFlagsValidator.swift
[45/103] Compiling ArgumentParser ParsableArgumentsValidation.swift
[46/103] Compiling ArgumentParser PositionalArgumentsValidator.swift
[47/103] Compiling ArgumentParser UniqueNamesValidator.swift
[53/103] Compiling ArgumentParser Foundation.swift
[54/103] Compiling ArgumentParser Name.swift
[55/103] Compiling ArgumentParser Parsed.swift
[56/103] Compiling ArgumentParser ParsedValues.swift
[57/103] Compiling ArgumentParser ParserError.swift
[58/103] Compiling ArgumentParser SplitArguments.swift
[59/103] Compiling ArgumentParser DumpHelpGenerator.swift
[62/103] Compiling ArgumentParser Errors.swift
[63/103] Compiling ArgumentParser Flag.swift
[64/103] Compiling ArgumentParser NameSpecification.swift
[65/103] Compiling ArgumentParser Option.swift
[67/103] Emitting module ArgumentParser
[68/103] Compiling ArgumentParser BashCompletionsGenerator.swift
[69/103] Compiling ArgumentParser CompletionsGenerator.swift
[70/103] Compiling ArgumentParser FishCompletionsGenerator.swift
[71/103] Compiling ArgumentParser ZshCompletionsGenerator.swift
[72/103] Compiling ArgumentParser Argument.swift
[89/104] Wrapping AST for ArgumentParser for debugging
error: emit-module command failed with exit code 1 (use -v to see invocation)
/host/spi-builder-workspace/Sources/IconKit/AndroidAdaptive/AdaptiveIconFile+Ribbon.swift:1:8: error: no such module 'CoreGraphics'
  1 | import CoreGraphics
    |        `- error: no such module 'CoreGraphics'
  2 | import Foundation
  3 | import ImageIO
/host/spi-builder-workspace/Sources/IconKit/AndroidAdaptive/AdaptiveIconFile+Ribbon.swift:1:8: error: no such module 'CoreGraphics'
  1 | import CoreGraphics
    |        `- error: no such module 'CoreGraphics'
  2 | import Foundation
  3 | import ImageIO
/host/spi-builder-workspace/Sources/IconKit/AndroidAdaptive/AdaptiveIconFile+Ribbon.swift:1:8: error: no such module 'CoreGraphics'
  1 | import CoreGraphics
    |        `- error: no such module 'CoreGraphics'
  2 | import Foundation
  3 | import ImageIO
/host/spi-builder-workspace/Sources/IconKit/AndroidAdaptive/AdaptiveIconFile+Ribbon.swift:1:8: error: no such module 'CoreGraphics'
  1 | import CoreGraphics
    |        `- error: no such module 'CoreGraphics'
  2 | import Foundation
  3 | import ImageIO
/host/spi-builder-workspace/Sources/IconKit/AndroidAdaptive/AdaptiveIconFile+Ribbon.swift:1:8: error: no such module 'CoreGraphics'
  1 | import CoreGraphics
    |        `- error: no such module 'CoreGraphics'
  2 | import Foundation
  3 | import ImageIO
/host/spi-builder-workspace/Sources/IconKit/AndroidAdaptive/AdaptiveIconFile+Ribbon.swift:1:8: error: no such module 'CoreGraphics'
  1 | import CoreGraphics
    |        `- error: no such module 'CoreGraphics'
  2 | import Foundation
  3 | import ImageIO
/host/spi-builder-workspace/Sources/IconKit/AndroidAdaptive/AdaptiveIconFile+Ribbon.swift:1:8: error: no such module 'CoreGraphics'
  1 | import CoreGraphics
    |        `- error: no such module 'CoreGraphics'
  2 | import Foundation
  3 | import ImageIO
/host/spi-builder-workspace/Sources/IconKit/AndroidAdaptive/AdaptiveIconFile+Ribbon.swift:1:8: error: no such module 'CoreGraphics'
  1 | import CoreGraphics
    |        `- error: no such module 'CoreGraphics'
  2 | import Foundation
  3 | import ImageIO
/host/spi-builder-workspace/Sources/IconKit/AndroidAdaptive/AdaptiveIconFile+Ribbon.swift:1:8: error: no such module 'CoreGraphics'
  1 | import CoreGraphics
    |        `- error: no such module 'CoreGraphics'
  2 | import Foundation
  3 | import ImageIO
[100/104] Emitting module IconKit
/host/spi-builder-workspace/Sources/IconKit/AndroidAdaptive/AdaptiveIconFile+Ribbon.swift:1:8: error: no such module 'CoreGraphics'
  1 | import CoreGraphics
    |        `- error: no such module 'CoreGraphics'
  2 | import Foundation
  3 | import ImageIO
BUILD FAILURE 6.2 wasm