Build Information
Failed to build Rerender, reference main (713f2e), with Swift 6.4 for watchOS using Xcode 27.0 on 24 Sep 2026 21:17:45 UTC.
Build Command
env DEVELOPER_DIR=/Applications/Xcode-27.0.0-Release.Candidate.app xcrun xcodebuild -IDEClonedSourcePackagesDirPathOverride=$PWD/.dependencies -skipMacroValidation -skipPackagePluginValidation -derivedDataPath $PWD/.derivedData build -scheme Rerender -destination generic/platform=watchOSBuild Log
========================================
RunAll
========================================
Builder version: 5.1.0
Interrupt handler set up.
========================================
Checkout
========================================
Clone URL: https://github.com/chrisnyw/Rerender.git
Reference: main
Initialized empty Git repository in /Users/admin/builder/spi-builder-workspace/.git/
From https://github.com/chrisnyw/Rerender
* branch main -> FETCH_HEAD
* [new branch] main -> origin/main
HEAD is now at 713f2e5 Reorder README: lead with motivation; add badge shields
Cloned https://github.com/chrisnyw/Rerender.git
Revision (git rev-parse @):
713f2e554e1ce4af74a2f9bb34e54755c8d820fe
SUCCESS checkout https://github.com/chrisnyw/Rerender.git at main
========================================
Build
========================================
Selected platform: watchOS
Swift version: 6.4
Building package at path: $PWD
https://github.com/chrisnyw/Rerender.git
Command line invocation:
/Applications/Xcode-27.0.0-Release.Candidate.app/Contents/Developer/usr/bin/xcodebuild -IDEClonedSourcePackagesDirPathOverride=/Users/admin/builder/spi-builder-workspace/.dependencies -resolvePackageDependencies
Resolve Package Graph
Resolve Package Graph
Resolved source packages:
Rerender: /Users/admin/builder/spi-builder-workspace
resolved source packages: Rerender
2026-09-24 17:17:01.726 xcodebuild[529:3026] [MT] IDERunDestination: Supported platforms for the buildables in the current scheme is empty.
{
"dependencies" : [
],
"manifest_display_name" : "Rerender",
"name" : "Rerender",
"path" : "/Users/admin/builder/spi-builder-workspace",
"platforms" : [
{
"name" : "ios",
"version" : "17.0"
},
{
"name" : "macos",
"version" : "14.0"
}
],
"products" : [
{
"name" : "Rerender",
"targets" : [
"Rerender"
],
"type" : {
"library" : [
"automatic"
]
}
}
],
"targets" : [
{
"c99name" : "RerenderTests",
"module_type" : "SwiftTarget",
"name" : "RerenderTests",
"path" : "Tests/RerenderTests",
"sources" : [
"MirrorDiffTests.swift"
],
"target_dependencies" : [
"Rerender"
],
"type" : "test"
},
{
"c99name" : "Rerender",
"module_type" : "SwiftTarget",
"name" : "Rerender",
"path" : "Sources/Rerender",
"product_memberships" : [
"Rerender"
],
"sources" : [
"Core/MirrorDiff.swift",
"Core/Rerender.swift",
"Core/RerenderFrameKey.swift",
"Core/RerenderStore.swift",
"Core/ViewKey.swift",
"HUD/HUDCorner.swift",
"HUD/HUDFooter.swift",
"HUD/HUDHeader.swift",
"HUD/HUDList.swift",
"HUD/HUDPanel.swift",
"HUD/HUDRow.swift",
"HUD/HUDWindow.swift",
"HUD/RerenderHUD.swift"
],
"type" : "library"
}
],
"tools_version" : "6.0"
}
{
"workspace" : {
"name" : "Rerender",
"schemes" : [
"Rerender"
]
}
}
2026-09-24 17:17:33.768 xcodebuild[628:3876] [MT] IDERunDestination: Supported platforms for the buildables in the current scheme is empty.
Running build ...
env DEVELOPER_DIR=/Applications/Xcode-27.0.0-Release.Candidate.app xcrun xcodebuild -IDEClonedSourcePackagesDirPathOverride=$PWD/.dependencies -skipMacroValidation -skipPackagePluginValidation -derivedDataPath $PWD/.derivedData build -scheme Rerender -destination generic/platform=watchOS
Command line invocation:
/Applications/Xcode-27.0.0-Release.Candidate.app/Contents/Developer/usr/bin/xcodebuild -IDEClonedSourcePackagesDirPathOverride=/Users/admin/builder/spi-builder-workspace/.dependencies -skipMacroValidation -skipPackagePluginValidation -derivedDataPath /Users/admin/builder/spi-builder-workspace/.derivedData build -scheme Rerender -destination generic/platform=watchOS
Resolve Package Graph
Resolved source packages:
Rerender: /Users/admin/builder/spi-builder-workspace
ComputePackagePrebuildTargetDependencyGraph
Prepare packages
CreateBuildRequest
SendProjectDescription
CreateBuildOperation
ComputeTargetDependencyGraph
note: Building targets in dependency order
note: Target dependency graph (2 targets)
Target 'Rerender-product' in project 'Rerender'
➜ Explicit dependency on target 'Rerender' in project 'Rerender'
Target 'Rerender' in project 'Rerender' (no dependencies)
GatherProvisioningInputs
CreateBuildDescription
ExecuteExternalTool /Applications/Xcode-27.0.0-Release.Candidate.app/Contents/Developer/Toolchains/XcodeDefault.xctoolchain/usr/bin/clang -v -E -dM -isysroot /Applications/Xcode-27.0.0-Release.Candidate.app/Contents/Developer/Platforms/WatchOS.platform/Developer/SDKs/WatchOS27.0.sdk -x c -c /dev/null
ExecuteExternalTool /Applications/Xcode-27.0.0-Release.Candidate.app/Contents/Developer/Toolchains/XcodeDefault.xctoolchain/usr/bin/swiftc --version
ExecuteExternalTool /Applications/Xcode-27.0.0-Release.Candidate.app/Contents/Developer/Toolchains/XcodeDefault.xctoolchain/usr/bin/ld -version_details
Build description signature: 82afcf8923c00885bc58ca73c2ca73eb
Build description path: /Users/admin/builder/spi-builder-workspace/.derivedData/Build/Intermediates.noindex/XCBuildData/82afcf8923c00885bc58ca73c2ca73eb.xcbuilddata
CreateBuildDirectory /Users/admin/builder/spi-builder-workspace/.derivedData/SDKExplicitPrecompiledModules
cd /Users/admin/builder/spi-builder-workspace/.swiftpm/xcode
builtin-create-build-directory /Users/admin/builder/spi-builder-workspace/.derivedData/SDKExplicitPrecompiledModules
CreateBuildDirectory /Users/admin/builder/spi-builder-workspace/.derivedData/ModuleCache.noindex
cd /Users/admin/builder/spi-builder-workspace/.swiftpm/xcode
builtin-create-build-directory /Users/admin/builder/spi-builder-workspace/.derivedData/ModuleCache.noindex
CreateBuildDirectory /Users/admin/builder/spi-builder-workspace/.derivedData/CompilationCache.noindex
cd /Users/admin/builder/spi-builder-workspace/.swiftpm/xcode
builtin-create-build-directory /Users/admin/builder/spi-builder-workspace/.derivedData/CompilationCache.noindex
CreateBuildDirectory /Users/admin/builder/spi-builder-workspace/.derivedData/Build/Products
cd /Users/admin/builder/spi-builder-workspace/.swiftpm/xcode
builtin-create-build-directory /Users/admin/builder/spi-builder-workspace/.derivedData/Build/Products
CreateBuildDirectory /Users/admin/builder/spi-builder-workspace/.derivedData/Build/Intermediates.noindex
cd /Users/admin/builder/spi-builder-workspace/.swiftpm/xcode
builtin-create-build-directory /Users/admin/builder/spi-builder-workspace/.derivedData/Build/Intermediates.noindex
ClangStatCache /Applications/Xcode-27.0.0-Release.Candidate.app/Contents/Developer/Toolchains/XcodeDefault.xctoolchain/usr/bin/clang-stat-cache /Applications/Xcode-27.0.0-Release.Candidate.app/Contents/Developer/Platforms/WatchOS.platform/Developer/SDKs/WatchOS27.0.sdk /Users/admin/builder/spi-builder-workspace/.derivedData/SDKStatCaches.noindex/watchos27.0-24R360-e829b21a6f8c9b70876ba0858053c04477534ef55a1706bf4c1112bbb242f0a2.sdkstatcache
cd /Users/admin/builder/spi-builder-workspace/.swiftpm/xcode
/Applications/Xcode-27.0.0-Release.Candidate.app/Contents/Developer/Toolchains/XcodeDefault.xctoolchain/usr/bin/clang-stat-cache /Applications/Xcode-27.0.0-Release.Candidate.app/Contents/Developer/Platforms/WatchOS.platform/Developer/SDKs/WatchOS27.0.sdk -o /Users/admin/builder/spi-builder-workspace/.derivedData/SDKStatCaches.noindex/watchos27.0-24R360-e829b21a6f8c9b70876ba0858053c04477534ef55a1706bf4c1112bbb242f0a2.sdkstatcache
CreateBuildDirectory /Users/admin/builder/spi-builder-workspace/.derivedData/Build/Intermediates.noindex/SwiftExplicitPrecompiledModules
cd /Users/admin/builder/spi-builder-workspace/.swiftpm/xcode
builtin-create-build-directory /Users/admin/builder/spi-builder-workspace/.derivedData/Build/Intermediates.noindex/SwiftExplicitPrecompiledModules
CreateBuildDirectory /Users/admin/builder/spi-builder-workspace/.derivedData/Build/Intermediates.noindex/PrecompiledHeaders
cd /Users/admin/builder/spi-builder-workspace/.swiftpm/xcode
builtin-create-build-directory /Users/admin/builder/spi-builder-workspace/.derivedData/Build/Intermediates.noindex/PrecompiledHeaders
CreateBuildDirectory /Users/admin/builder/spi-builder-workspace/.derivedData/Build/Intermediates.noindex/ExplicitPrecompiledModules
cd /Users/admin/builder/spi-builder-workspace/.swiftpm/xcode
builtin-create-build-directory /Users/admin/builder/spi-builder-workspace/.derivedData/Build/Intermediates.noindex/ExplicitPrecompiledModules
CreateBuildDirectory /Users/admin/builder/spi-builder-workspace/.derivedData/Build/Intermediates.noindex/EagerLinkingTBDs/Debug-watchos
cd /Users/admin/builder/spi-builder-workspace/.swiftpm/xcode
builtin-create-build-directory /Users/admin/builder/spi-builder-workspace/.derivedData/Build/Intermediates.noindex/EagerLinkingTBDs/Debug-watchos
CreateBuildDirectory /Users/admin/builder/spi-builder-workspace/.derivedData/Build/Products/Debug-watchos
cd /Users/admin/builder/spi-builder-workspace/.swiftpm/xcode
builtin-create-build-directory /Users/admin/builder/spi-builder-workspace/.derivedData/Build/Products/Debug-watchos
CreateBuildDirectory /Users/admin/builder/spi-builder-workspace/.derivedData/Build/Products/Debug-watchos/PackageFrameworks
cd /Users/admin/builder/spi-builder-workspace/.swiftpm/xcode
builtin-create-build-directory /Users/admin/builder/spi-builder-workspace/.derivedData/Build/Products/Debug-watchos/PackageFrameworks
WriteAuxiliaryFile /Users/admin/builder/spi-builder-workspace/.derivedData/Build/Intermediates.noindex/Rerender.build/Debug-watchos/Rerender-t.build/Rerender.DependencyMetadataFileList (in target 'Rerender' from project 'Rerender')
cd /Users/admin/builder/spi-builder-workspace
write-file /Users/admin/builder/spi-builder-workspace/.derivedData/Build/Intermediates.noindex/Rerender.build/Debug-watchos/Rerender-t.build/Rerender.DependencyMetadataFileList
WriteAuxiliaryFile /Users/admin/builder/spi-builder-workspace/.derivedData/Build/Intermediates.noindex/Rerender.build/Debug-watchos/Rerender-t.build/Rerender.DependencyStaticMetadataFileList (in target 'Rerender' from project 'Rerender')
cd /Users/admin/builder/spi-builder-workspace
write-file /Users/admin/builder/spi-builder-workspace/.derivedData/Build/Intermediates.noindex/Rerender.build/Debug-watchos/Rerender-t.build/Rerender.DependencyStaticMetadataFileList
WriteAuxiliaryFile /Users/admin/builder/spi-builder-workspace/.derivedData/Build/Intermediates.noindex/Rerender.build/Debug-watchos/Rerender-t.build/Rerender.modulemap (in target 'Rerender' from project 'Rerender')
cd /Users/admin/builder/spi-builder-workspace
write-file /Users/admin/builder/spi-builder-workspace/.derivedData/Build/Intermediates.noindex/Rerender.build/Debug-watchos/Rerender-t.build/Rerender.modulemap
WriteAuxiliaryFile /Users/admin/builder/spi-builder-workspace/.derivedData/Build/Intermediates.noindex/Rerender.build/Debug-watchos/Rerender-t.build/Objects-normal/arm64_32/Rerender-OutputFileMap.json (in target 'Rerender' from project 'Rerender')
cd /Users/admin/builder/spi-builder-workspace
write-file /Users/admin/builder/spi-builder-workspace/.derivedData/Build/Intermediates.noindex/Rerender.build/Debug-watchos/Rerender-t.build/Objects-normal/arm64_32/Rerender-OutputFileMap.json
WriteAuxiliaryFile /Users/admin/builder/spi-builder-workspace/.derivedData/Build/Intermediates.noindex/Rerender.build/Debug-watchos/Rerender-t.build/Objects-normal/arm64_32/Rerender.SwiftFileList (in target 'Rerender' from project 'Rerender')
cd /Users/admin/builder/spi-builder-workspace
write-file /Users/admin/builder/spi-builder-workspace/.derivedData/Build/Intermediates.noindex/Rerender.build/Debug-watchos/Rerender-t.build/Objects-normal/arm64_32/Rerender.SwiftFileList
WriteAuxiliaryFile /Users/admin/builder/spi-builder-workspace/.derivedData/Build/Intermediates.noindex/Rerender.build/Debug-watchos/Rerender-t.build/Objects-normal/arm64_32/Rerender_const_extract_protocols.json (in target 'Rerender' from project 'Rerender')
cd /Users/admin/builder/spi-builder-workspace
write-file /Users/admin/builder/spi-builder-workspace/.derivedData/Build/Intermediates.noindex/Rerender.build/Debug-watchos/Rerender-t.build/Objects-normal/arm64_32/Rerender_const_extract_protocols.json
WriteAuxiliaryFile /Users/admin/builder/spi-builder-workspace/.derivedData/Build/Intermediates.noindex/Rerender.build/Debug-watchos/Rerender-t.build/Objects-normal/arm64/Rerender_const_extract_protocols.json (in target 'Rerender' from project 'Rerender')
cd /Users/admin/builder/spi-builder-workspace
write-file /Users/admin/builder/spi-builder-workspace/.derivedData/Build/Intermediates.noindex/Rerender.build/Debug-watchos/Rerender-t.build/Objects-normal/arm64/Rerender_const_extract_protocols.json
WriteAuxiliaryFile /Users/admin/builder/spi-builder-workspace/.derivedData/Build/Intermediates.noindex/Rerender.build/Debug-watchos/Rerender-t.build/Objects-normal/arm64_32/Rerender.LinkFileList (in target 'Rerender' from project 'Rerender')
cd /Users/admin/builder/spi-builder-workspace
write-file /Users/admin/builder/spi-builder-workspace/.derivedData/Build/Intermediates.noindex/Rerender.build/Debug-watchos/Rerender-t.build/Objects-normal/arm64_32/Rerender.LinkFileList
WriteAuxiliaryFile /Users/admin/builder/spi-builder-workspace/.derivedData/Build/Intermediates.noindex/Rerender.build/Debug-watchos/Rerender-t.build/Objects-normal/arm64_32/Rerender.SwiftConstValuesFileList (in target 'Rerender' from project 'Rerender')
cd /Users/admin/builder/spi-builder-workspace
write-file /Users/admin/builder/spi-builder-workspace/.derivedData/Build/Intermediates.noindex/Rerender.build/Debug-watchos/Rerender-t.build/Objects-normal/arm64_32/Rerender.SwiftConstValuesFileList
WriteAuxiliaryFile /Users/admin/builder/spi-builder-workspace/.derivedData/Build/Intermediates.noindex/Rerender.build/Debug-watchos/Rerender-t.build/Objects-normal/arm64/Rerender.SwiftFileList (in target 'Rerender' from project 'Rerender')
cd /Users/admin/builder/spi-builder-workspace
write-file /Users/admin/builder/spi-builder-workspace/.derivedData/Build/Intermediates.noindex/Rerender.build/Debug-watchos/Rerender-t.build/Objects-normal/arm64/Rerender.SwiftFileList
WriteAuxiliaryFile /Users/admin/builder/spi-builder-workspace/.derivedData/Build/Intermediates.noindex/Rerender.build/Debug-watchos/Rerender-t.build/Objects-normal/arm64/Rerender.SwiftConstValuesFileList (in target 'Rerender' from project 'Rerender')
cd /Users/admin/builder/spi-builder-workspace
write-file /Users/admin/builder/spi-builder-workspace/.derivedData/Build/Intermediates.noindex/Rerender.build/Debug-watchos/Rerender-t.build/Objects-normal/arm64/Rerender.SwiftConstValuesFileList
WriteAuxiliaryFile /Users/admin/builder/spi-builder-workspace/.derivedData/Build/Intermediates.noindex/Rerender.build/Debug-watchos/Rerender-t.build/Objects-normal/arm64/Rerender.LinkFileList (in target 'Rerender' from project 'Rerender')
cd /Users/admin/builder/spi-builder-workspace
write-file /Users/admin/builder/spi-builder-workspace/.derivedData/Build/Intermediates.noindex/Rerender.build/Debug-watchos/Rerender-t.build/Objects-normal/arm64/Rerender.LinkFileList
WriteAuxiliaryFile /Users/admin/builder/spi-builder-workspace/.derivedData/Build/Intermediates.noindex/Rerender.build/Debug-watchos/Rerender-t.build/Objects-normal/arm64/Rerender-OutputFileMap.json (in target 'Rerender' from project 'Rerender')
cd /Users/admin/builder/spi-builder-workspace
write-file /Users/admin/builder/spi-builder-workspace/.derivedData/Build/Intermediates.noindex/Rerender.build/Debug-watchos/Rerender-t.build/Objects-normal/arm64/Rerender-OutputFileMap.json
Copy /Users/admin/builder/spi-builder-workspace/.derivedData/Build/Intermediates.noindex/GeneratedModuleMaps-watchos/Rerender.modulemap /Users/admin/builder/spi-builder-workspace/.derivedData/Build/Intermediates.noindex/Rerender.build/Debug-watchos/Rerender-t.build/Rerender.modulemap (in target 'Rerender' from project 'Rerender')
cd /Users/admin/builder/spi-builder-workspace
builtin-copy -exclude .DS_Store -exclude CVS -exclude .svn -exclude .git -exclude .hg -resolve-src-symlinks /Users/admin/builder/spi-builder-workspace/.derivedData/Build/Intermediates.noindex/Rerender.build/Debug-watchos/Rerender-t.build/Rerender.modulemap /Users/admin/builder/spi-builder-workspace/.derivedData/Build/Intermediates.noindex/GeneratedModuleMaps-watchos
SwiftDriver Rerender normal arm64 com.apple.xcode.tools.swift.compiler (in target 'Rerender' from project 'Rerender')
cd /Users/admin/builder/spi-builder-workspace/.swiftpm/xcode
builtin-SwiftDriver -- /Applications/Xcode-27.0.0-Release.Candidate.app/Contents/Developer/Toolchains/XcodeDefault.xctoolchain/usr/bin/swiftc -parse-as-library -module-name Rerender -Onone @/Users/admin/builder/spi-builder-workspace/.derivedData/Build/Intermediates.noindex/Rerender.build/Debug-watchos/Rerender-t.build/Objects-normal/arm64/Rerender.SwiftFileList -DSWIFT_PACKAGE -DDEBUG -DSWIFT_MODULE_RESOURCE_BUNDLE_UNAVAILABLE -DXcode -plugin-path /Applications/Xcode-27.0.0-Release.Candidate.app/Contents/Developer/Toolchains/XcodeDefault.xctoolchain/usr/lib/swift/host/plugins/testing -enable-experimental-feature DebugDescriptionMacro -sdk /Applications/Xcode-27.0.0-Release.Candidate.app/Contents/Developer/Platforms/WatchOS.platform/Developer/SDKs/WatchOS27.0.sdk -target arm64-apple-watchos10.0 -g -module-cache-path /Users/admin/builder/spi-builder-workspace/.derivedData/ModuleCache.noindex -Xfrontend -serialize-debugging-options -profile-coverage-mapping -profile-generate -enable-testing -index-store-path /Users/admin/builder/spi-builder-workspace/.derivedData/Index.noindex/DataStore -Xcc -D_LIBCPP_HARDENING_MODE\=_LIBCPP_HARDENING_MODE_DEBUG -swift-version 6 -I /Users/admin/builder/spi-builder-workspace/.derivedData/Build/Products/Debug-watchos -Isystem /Applications/Xcode-27.0.0-Release.Candidate.app/Contents/Developer/Platforms/WatchOS.platform/Developer/usr/lib -F /Users/admin/builder/spi-builder-workspace/.derivedData/Build/Products/Debug-watchos -F /Applications/Xcode-27.0.0-Release.Candidate.app/Contents/Developer/Platforms/WatchOS.platform/Developer/Library/Frameworks -F /Applications/Xcode-27.0.0-Release.Candidate.app/Contents/Developer/Platforms/WatchOS.platform/Developer/SDKs/WatchOS27.0.sdk/Developer/Library/Frameworks -c -j10 -enable-batch-mode -incremental -Xcc -ivfsstatcache -Xcc /Users/admin/builder/spi-builder-workspace/.derivedData/SDKStatCaches.noindex/watchos27.0-24R360-e829b21a6f8c9b70876ba0858053c04477534ef55a1706bf4c1112bbb242f0a2.sdkstatcache -output-file-map /Users/admin/builder/spi-builder-workspace/.derivedData/Build/Intermediates.noindex/Rerender.build/Debug-watchos/Rerender-t.build/Objects-normal/arm64/Rerender-OutputFileMap.json -save-temps -no-color-diagnostics -explicit-module-build -module-cache-path /Users/admin/builder/spi-builder-workspace/.derivedData/Build/Intermediates.noindex/SwiftExplicitPrecompiledModules -clang-scanner-module-cache-path /Users/admin/builder/spi-builder-workspace/.derivedData/ModuleCache.noindex -sdk-module-cache-path /Users/admin/builder/spi-builder-workspace/.derivedData/SDKExplicitPrecompiledModules -emit-dependencies -emit-module -emit-module-path /Users/admin/builder/spi-builder-workspace/.derivedData/Build/Intermediates.noindex/Rerender.build/Debug-watchos/Rerender-t.build/Objects-normal/arm64/Rerender.swiftmodule -serialize-diagnostics -dependency-scan-serialize-diagnostics-path /Users/admin/builder/spi-builder-workspace/.derivedData/Build/Intermediates.noindex/Rerender.build/Debug-watchos/Rerender-t.build/Objects-normal/arm64/Rerender-dependency-scan.dia -validate-clang-modules-once -clang-build-session-file /Users/admin/builder/spi-builder-workspace/.derivedData/ModuleCache.noindex/Session.modulevalidation -Xcc -fmodules-prune-interval\=86400 -Xcc -fmodules-prune-after\=345600 -package-name spi_builder_workspace -emit-const-values -const-gather-protocols-list /Users/admin/builder/spi-builder-workspace/.derivedData/Build/Intermediates.noindex/Rerender.build/Debug-watchos/Rerender-t.build/Objects-normal/arm64/Rerender_const_extract_protocols.json -Xcc -I/Users/admin/builder/spi-builder-workspace/.derivedData/Build/Products/Debug-watchos/include -Xcc -I/Users/admin/builder/spi-builder-workspace/.derivedData/Build/Intermediates.noindex/Rerender.build/Debug-watchos/Rerender-t.build/DerivedSources-normal/arm64 -Xcc -I/Users/admin/builder/spi-builder-workspace/.derivedData/Build/Intermediates.noindex/Rerender.build/Debug-watchos/Rerender-t.build/DerivedSources/arm64 -Xcc -I/Users/admin/builder/spi-builder-workspace/.derivedData/Build/Intermediates.noindex/Rerender.build/Debug-watchos/Rerender-t.build/DerivedSources -Xcc -DSWIFT_PACKAGE -Xcc -DDEBUG\=1 -emit-objc-header -emit-objc-header-path /Users/admin/builder/spi-builder-workspace/.derivedData/Build/Intermediates.noindex/Rerender.build/Debug-watchos/Rerender-t.build/Objects-normal/arm64/Rerender-Swift.h -working-directory /Users/admin/builder/spi-builder-workspace/.swiftpm/xcode -experimental-emit-module-separately -disable-cmo
SwiftDriver Rerender normal arm64_32 com.apple.xcode.tools.swift.compiler (in target 'Rerender' from project 'Rerender')
cd /Users/admin/builder/spi-builder-workspace/.swiftpm/xcode
builtin-SwiftDriver -- /Applications/Xcode-27.0.0-Release.Candidate.app/Contents/Developer/Toolchains/XcodeDefault.xctoolchain/usr/bin/swiftc -parse-as-library -module-name Rerender -Onone @/Users/admin/builder/spi-builder-workspace/.derivedData/Build/Intermediates.noindex/Rerender.build/Debug-watchos/Rerender-t.build/Objects-normal/arm64_32/Rerender.SwiftFileList -DSWIFT_PACKAGE -DDEBUG -DSWIFT_MODULE_RESOURCE_BUNDLE_UNAVAILABLE -DXcode -plugin-path /Applications/Xcode-27.0.0-Release.Candidate.app/Contents/Developer/Toolchains/XcodeDefault.xctoolchain/usr/lib/swift/host/plugins/testing -enable-experimental-feature DebugDescriptionMacro -sdk /Applications/Xcode-27.0.0-Release.Candidate.app/Contents/Developer/Platforms/WatchOS.platform/Developer/SDKs/WatchOS27.0.sdk -target arm64_32-apple-watchos10.0 -g -module-cache-path /Users/admin/builder/spi-builder-workspace/.derivedData/ModuleCache.noindex -Xfrontend -serialize-debugging-options -profile-coverage-mapping -profile-generate -enable-testing -index-store-path /Users/admin/builder/spi-builder-workspace/.derivedData/Index.noindex/DataStore -Xcc -D_LIBCPP_HARDENING_MODE\=_LIBCPP_HARDENING_MODE_DEBUG -swift-version 6 -I /Users/admin/builder/spi-builder-workspace/.derivedData/Build/Products/Debug-watchos -Isystem /Applications/Xcode-27.0.0-Release.Candidate.app/Contents/Developer/Platforms/WatchOS.platform/Developer/usr/lib -F /Users/admin/builder/spi-builder-workspace/.derivedData/Build/Products/Debug-watchos -F /Applications/Xcode-27.0.0-Release.Candidate.app/Contents/Developer/Platforms/WatchOS.platform/Developer/Library/Frameworks -F /Applications/Xcode-27.0.0-Release.Candidate.app/Contents/Developer/Platforms/WatchOS.platform/Developer/SDKs/WatchOS27.0.sdk/Developer/Library/Frameworks -c -j10 -enable-batch-mode -incremental -Xcc -ivfsstatcache -Xcc /Users/admin/builder/spi-builder-workspace/.derivedData/SDKStatCaches.noindex/watchos27.0-24R360-e829b21a6f8c9b70876ba0858053c04477534ef55a1706bf4c1112bbb242f0a2.sdkstatcache -output-file-map /Users/admin/builder/spi-builder-workspace/.derivedData/Build/Intermediates.noindex/Rerender.build/Debug-watchos/Rerender-t.build/Objects-normal/arm64_32/Rerender-OutputFileMap.json -save-temps -no-color-diagnostics -explicit-module-build -module-cache-path /Users/admin/builder/spi-builder-workspace/.derivedData/Build/Intermediates.noindex/SwiftExplicitPrecompiledModules -clang-scanner-module-cache-path /Users/admin/builder/spi-builder-workspace/.derivedData/ModuleCache.noindex -sdk-module-cache-path /Users/admin/builder/spi-builder-workspace/.derivedData/SDKExplicitPrecompiledModules -emit-dependencies -emit-module -emit-module-path /Users/admin/builder/spi-builder-workspace/.derivedData/Build/Intermediates.noindex/Rerender.build/Debug-watchos/Rerender-t.build/Objects-normal/arm64_32/Rerender.swiftmodule -serialize-diagnostics -dependency-scan-serialize-diagnostics-path /Users/admin/builder/spi-builder-workspace/.derivedData/Build/Intermediates.noindex/Rerender.build/Debug-watchos/Rerender-t.build/Objects-normal/arm64_32/Rerender-dependency-scan.dia -validate-clang-modules-once -clang-build-session-file /Users/admin/builder/spi-builder-workspace/.derivedData/ModuleCache.noindex/Session.modulevalidation -Xcc -fmodules-prune-interval\=86400 -Xcc -fmodules-prune-after\=345600 -package-name spi_builder_workspace -emit-const-values -const-gather-protocols-list /Users/admin/builder/spi-builder-workspace/.derivedData/Build/Intermediates.noindex/Rerender.build/Debug-watchos/Rerender-t.build/Objects-normal/arm64_32/Rerender_const_extract_protocols.json -Xcc -I/Users/admin/builder/spi-builder-workspace/.derivedData/Build/Products/Debug-watchos/include -Xcc -I/Users/admin/builder/spi-builder-workspace/.derivedData/Build/Intermediates.noindex/Rerender.build/Debug-watchos/Rerender-t.build/DerivedSources-normal/arm64_32 -Xcc -I/Users/admin/builder/spi-builder-workspace/.derivedData/Build/Intermediates.noindex/Rerender.build/Debug-watchos/Rerender-t.build/DerivedSources/arm64_32 -Xcc -I/Users/admin/builder/spi-builder-workspace/.derivedData/Build/Intermediates.noindex/Rerender.build/Debug-watchos/Rerender-t.build/DerivedSources -Xcc -DSWIFT_PACKAGE -Xcc -DDEBUG\=1 -emit-objc-header -emit-objc-header-path /Users/admin/builder/spi-builder-workspace/.derivedData/Build/Intermediates.noindex/Rerender.build/Debug-watchos/Rerender-t.build/Objects-normal/arm64_32/Rerender-Swift.h -working-directory /Users/admin/builder/spi-builder-workspace/.swiftpm/xcode -experimental-emit-module-separately -disable-cmo
SwiftExplicitDependencyGeneratePcm arm64_32 /Users/admin/builder/spi-builder-workspace/.derivedData/SDKExplicitPrecompiledModules/_Builtin_stddef-2F9BFIPBQ5EWNSK5G7G7V4EKL.pcm
SwiftExplicitDependencyGeneratePcm arm64_32 /Users/admin/builder/spi-builder-workspace/.derivedData/SDKExplicitPrecompiledModules/_Builtin_stdarg-EYJP6DFYQL9GJLH1TJ84A8MHV.pcm
SwiftExplicitDependencyGeneratePcm arm64_32 /Users/admin/builder/spi-builder-workspace/.derivedData/SDKExplicitPrecompiledModules/SwiftShims-D9VBB138U50XYYGW2C2V21N3L.pcm
SwiftExplicitDependencyGeneratePcm arm64_32 /Users/admin/builder/spi-builder-workspace/.derivedData/SDKExplicitPrecompiledModules/_Builtin_float-372PLGDQ1U3B6Z5EA5DJMDORJ.pcm
SwiftExplicitDependencyGeneratePcm arm64_32 /Users/admin/builder/spi-builder-workspace/.derivedData/SDKExplicitPrecompiledModules/_Builtin_stdbool-84ZA1VDW90AGWZ2LF5KOCM8DZ.pcm
SwiftExplicitDependencyGeneratePcm arm64_32 /Users/admin/builder/spi-builder-workspace/.derivedData/SDKExplicitPrecompiledModules/DeveloperToolsSupport-3FQKKPF3BW0SWE1YUZ86OZWIB.pcm
SwiftExplicitDependencyGeneratePcm arm64_32 /Users/admin/builder/spi-builder-workspace/.derivedData/SDKExplicitPrecompiledModules/_AvailabilityInternal-22ZP1ILSQW16KHXZS5GBZHOCS.pcm
SwiftExplicitDependencyGeneratePcm arm64 /Users/admin/builder/spi-builder-workspace/.derivedData/SDKExplicitPrecompiledModules/SwiftShims-AJ4AZYHQNC33R5RLN7AGEIOMP.pcm
SwiftExplicitDependencyGeneratePcm arm64 /Users/admin/builder/spi-builder-workspace/.derivedData/SDKExplicitPrecompiledModules/_Builtin_stdarg-3X4KLXUYEI0UGBILP4X7D0CYW.pcm
SwiftExplicitDependencyGeneratePcm arm64_32 /Users/admin/builder/spi-builder-workspace/.derivedData/SDKExplicitPrecompiledModules/ptrcheck-EAZ3I917ZFA9H6ZCL6PGLG4TR.pcm
SwiftExplicitDependencyGeneratePcm arm64 /Users/admin/builder/spi-builder-workspace/.derivedData/SDKExplicitPrecompiledModules/_AvailabilityInternal-42EVAC8Q6P1ZT6G3A168N97G4.pcm
SwiftExplicitDependencyGeneratePcm arm64 /Users/admin/builder/spi-builder-workspace/.derivedData/SDKExplicitPrecompiledModules/ptrcheck-8K07997SIHO7YGY7UQ3LOQ3TJ.pcm
SwiftExplicitDependencyGeneratePcm arm64 /Users/admin/builder/spi-builder-workspace/.derivedData/SDKExplicitPrecompiledModules/ptrauth-C7VQASAJ967Q4Q6SRD4I3CFWZ.pcm
SwiftExplicitDependencyGeneratePcm arm64 /Users/admin/builder/spi-builder-workspace/.derivedData/SDKExplicitPrecompiledModules/DeveloperToolsSupport-CL5QT3CW0ZM498PFTWG64QMLA.pcm
SwiftExplicitDependencyGeneratePcm arm64 /Users/admin/builder/spi-builder-workspace/.derivedData/SDKExplicitPrecompiledModules/_Builtin_stddef-5OH846KKUPSJJT7GCX9XU1TKG.pcm
SwiftExplicitDependencyGeneratePcm arm64_32 /Users/admin/builder/spi-builder-workspace/.derivedData/SDKExplicitPrecompiledModules/ptrauth-EW7YZZ7LEZE1QZF2T8148IPSA.pcm
SwiftExplicitDependencyGeneratePcm arm64 /Users/admin/builder/spi-builder-workspace/.derivedData/SDKExplicitPrecompiledModules/_Builtin_float-E4M4A8689VXF1T7P7BV56IKBT.pcm
SwiftExplicitDependencyGeneratePcm arm64 /Users/admin/builder/spi-builder-workspace/.derivedData/SDKExplicitPrecompiledModules/_Builtin_stdbool-B692L2PMR118794VVYBG37897.pcm
SwiftExplicitDependencyGeneratePcm arm64_32 /Users/admin/builder/spi-builder-workspace/.derivedData/SDKExplicitPrecompiledModules/_SwiftConcurrencyShims-58G4ISYSYDV3AT1DDGEE0QCUF.pcm
SwiftExplicitDependencyGeneratePcm arm64_32 /Users/admin/builder/spi-builder-workspace/.derivedData/SDKExplicitPrecompiledModules/_DarwinFoundation1-5SNIO0SFHX9KJZTLQGIPAPXUZ.pcm
SwiftExplicitDependencyGeneratePcm arm64 /Users/admin/builder/spi-builder-workspace/.derivedData/SDKExplicitPrecompiledModules/_SwiftConcurrencyShims-CTPSFSTDCBVSSQFHL6I305U72.pcm
SwiftExplicitDependencyGeneratePcm arm64 /Users/admin/builder/spi-builder-workspace/.derivedData/SDKExplicitPrecompiledModules/_DarwinFoundation1-7YQ9TVI7XTOGQU9OADRXP33D1.pcm
SwiftExplicitDependencyGeneratePcm arm64_32 /Users/admin/builder/spi-builder-workspace/.derivedData/SDKExplicitPrecompiledModules/_DarwinFoundation2-FP2Q8F1Q2HR151SBYKTU6Q8B.pcm
SwiftExplicitDependencyGeneratePcm arm64_32 /Users/admin/builder/spi-builder-workspace/.derivedData/SDKExplicitPrecompiledModules/_Builtin_limits-AQMEC9CLG0FZQN6TLGDQ6WF78.pcm
SwiftExplicitDependencyGeneratePcm arm64 /Users/admin/builder/spi-builder-workspace/.derivedData/SDKExplicitPrecompiledModules/_Builtin_limits-75TRA1C7IHYOFCG3KJXQVTHJ4.pcm
SwiftExplicitDependencyGeneratePcm arm64 /Users/admin/builder/spi-builder-workspace/.derivedData/SDKExplicitPrecompiledModules/_DarwinFoundation2-CUPL4FH2SA95GMALQP4M6O8UA.pcm
SwiftExplicitDependencyGeneratePcm arm64_32 /Users/admin/builder/spi-builder-workspace/.derivedData/SDKExplicitPrecompiledModules/_Builtin_tgmath-414CVW1GW3IL0HRLCNNCS6Q0U.pcm
SwiftExplicitDependencyGeneratePcm arm64_32 /Users/admin/builder/spi-builder-workspace/.derivedData/SDKExplicitPrecompiledModules/sys_types-65NN51P1G7GN2GUAUPC53JJ7N.pcm
SwiftExplicitDependencyGeneratePcm arm64_32 /Users/admin/builder/spi-builder-workspace/.derivedData/SDKExplicitPrecompiledModules/string_h-8QY7P4ZQXQAF14WVDITTM4R70.pcm
SwiftExplicitDependencyGeneratePcm arm64_32 /Users/admin/builder/spi-builder-workspace/.derivedData/SDKExplicitPrecompiledModules/_Builtin_stdint-6IWJLTRH2WB6RCG4THPA65RDS.pcm
SwiftExplicitDependencyGeneratePcm arm64 /Users/admin/builder/spi-builder-workspace/.derivedData/SDKExplicitPrecompiledModules/string_h-4N9Z22C0HUO8GV7GFPCLZRZA2.pcm
SwiftExplicitDependencyGeneratePcm arm64 /Users/admin/builder/spi-builder-workspace/.derivedData/SDKExplicitPrecompiledModules/sys_types-9KPVYINL86WUSHF45TU8PWZZ1.pcm
SwiftExplicitDependencyGeneratePcm arm64 /Users/admin/builder/spi-builder-workspace/.derivedData/SDKExplicitPrecompiledModules/_Builtin_stdint-6TUACK4YPMARFT56PLIO388SJ.pcm
SwiftExplicitDependencyGeneratePcm arm64 /Users/admin/builder/spi-builder-workspace/.derivedData/SDKExplicitPrecompiledModules/_Builtin_tgmath-7JP2AE1NQHA1DV5JYP2OHQ3BF.pcm
SwiftExplicitDependencyGeneratePcm arm64_32 /Users/admin/builder/spi-builder-workspace/.derivedData/SDKExplicitPrecompiledModules/_Builtin_intrinsics-2K07JIG9ZANIKHSNPO3O6L1K6.pcm
SwiftExplicitDependencyGeneratePcm arm64_32 /Users/admin/builder/spi-builder-workspace/.derivedData/SDKExplicitPrecompiledModules/_Builtin_stdatomic-D2FE5M7JS5NQA5JDADVERWJM4.pcm
SwiftExplicitDependencyGeneratePcm arm64_32 /Users/admin/builder/spi-builder-workspace/.derivedData/SDKExplicitPrecompiledModules/_DarwinFoundation3-3YOBOPIW2MF1LRNQH7JBUBY4G.pcm
SwiftExplicitDependencyGeneratePcm arm64 /Users/admin/builder/spi-builder-workspace/.derivedData/SDKExplicitPrecompiledModules/_Builtin_stdatomic-25T9UW3XDYID74302F31PX0RP.pcm
SwiftExplicitDependencyGeneratePcm arm64 /Users/admin/builder/spi-builder-workspace/.derivedData/SDKExplicitPrecompiledModules/_Builtin_intrinsics-SQV576LJA0QE7RW5HF7CQ1BX.pcm
SwiftExplicitDependencyGeneratePcm arm64 /Users/admin/builder/spi-builder-workspace/.derivedData/SDKExplicitPrecompiledModules/_DarwinFoundation3-EJXZKD8LN9EYM9OWP9VLJ49PK.pcm
SwiftExplicitDependencyGeneratePcm arm64_32 /Users/admin/builder/spi-builder-workspace/.derivedData/SDKExplicitPrecompiledModules/_Builtin_inttypes-BPZJ68HW1IMYWSHROAZ0IMUJP.pcm
SwiftExplicitDependencyGeneratePcm arm64 /Users/admin/builder/spi-builder-workspace/.derivedData/SDKExplicitPrecompiledModules/_Builtin_inttypes-86YTNV5YADPJXFMJ82N3R4GWQ.pcm
SwiftExplicitDependencyGeneratePcm arm64_32 /Users/admin/builder/spi-builder-workspace/.derivedData/SDKExplicitPrecompiledModules/Darwin-10D35ZJWCWG7LJAF579U7I5V7.pcm
SwiftExplicitDependencyGeneratePcm arm64 /Users/admin/builder/spi-builder-workspace/.derivedData/SDKExplicitPrecompiledModules/Darwin-CSB8C43KELVSFIQVR0803IZPN.pcm
SwiftExplicitDependencyGeneratePcm arm64_32 /Users/admin/builder/spi-builder-workspace/.derivedData/SDKExplicitPrecompiledModules/simd-1W6O8NR1QUSWJGAN44DNNWVHX.pcm
SwiftExplicitDependencyGeneratePcm arm64 /Users/admin/builder/spi-builder-workspace/.derivedData/SDKExplicitPrecompiledModules/simd-2C11HKTI5TJB05T724EWNFZXD.pcm
SwiftExplicitDependencyGeneratePcm arm64_32 /Users/admin/builder/spi-builder-workspace/.derivedData/SDKExplicitPrecompiledModules/ObjectiveC-71AGZNHLBMR2QK817EJNUN54E.pcm
SwiftExplicitDependencyGeneratePcm arm64_32 /Users/admin/builder/spi-builder-workspace/.derivedData/SDKExplicitPrecompiledModules/MachO-F47JQRYVH1SLPOQSJD8RK9MSX.pcm
SwiftExplicitDependencyGeneratePcm arm64 /Users/admin/builder/spi-builder-workspace/.derivedData/SDKExplicitPrecompiledModules/MachO-4RYXFVY68ZDEUZYFMVL57WEKU.pcm
SwiftExplicitDependencyGeneratePcm arm64 /Users/admin/builder/spi-builder-workspace/.derivedData/SDKExplicitPrecompiledModules/ObjectiveC-22CZPC4WYQC9G8T393WT2KKLW.pcm
SwiftExplicitDependencyGeneratePcm arm64_32 /Users/admin/builder/spi-builder-workspace/.derivedData/SDKExplicitPrecompiledModules/os_object-CTXVQBCWDOH6JHUXIFDUOWFRL.pcm
SwiftExplicitDependencyGeneratePcm arm64 /Users/admin/builder/spi-builder-workspace/.derivedData/SDKExplicitPrecompiledModules/os_object-6KYGGZ4DPVZ3BBAZ6QICZN8LI.pcm
SwiftExplicitDependencyGeneratePcm arm64_32 /Users/admin/builder/spi-builder-workspace/.derivedData/SDKExplicitPrecompiledModules/os_workgroup-9L9R05BT5LTFRZ2NM68BZTVV2.pcm
SwiftExplicitDependencyGeneratePcm arm64 /Users/admin/builder/spi-builder-workspace/.derivedData/SDKExplicitPrecompiledModules/os_workgroup-AHE7ULDQBKER38CYPIKDTZF4M.pcm
SwiftExplicitDependencyGeneratePcm arm64_32 /Users/admin/builder/spi-builder-workspace/.derivedData/SDKExplicitPrecompiledModules/Dispatch-CGIMI9KQKHNRQHR2IECIPRG14.pcm
SwiftExplicitDependencyGeneratePcm arm64_32 /Users/admin/builder/spi-builder-workspace/.derivedData/SDKExplicitPrecompiledModules/Spatial-4XS0QRL16224ZE9KE9TMKASKT.pcm
SwiftExplicitDependencyGeneratePcm arm64 /Users/admin/builder/spi-builder-workspace/.derivedData/SDKExplicitPrecompiledModules/Dispatch-39VR0G01IUJ09PQKMFGOHXZ4L.pcm
SwiftExplicitDependencyGeneratePcm arm64 /Users/admin/builder/spi-builder-workspace/.derivedData/SDKExplicitPrecompiledModules/Spatial-EZKKX4XFW72RZCTOIG80Z93AP.pcm
SwiftExplicitDependencyGeneratePcm arm64_32 /Users/admin/builder/spi-builder-workspace/.derivedData/SDKExplicitPrecompiledModules/XPC-7SLKI45KYLKXH9QET2WYS3UZ4.pcm
SwiftExplicitDependencyGeneratePcm arm64_32 /Users/admin/builder/spi-builder-workspace/.derivedData/SDKExplicitPrecompiledModules/CoreFoundation-76B9WJP9MDYT33HZQVSNNZQZD.pcm
SwiftExplicitDependencyGeneratePcm arm64 /Users/admin/builder/spi-builder-workspace/.derivedData/SDKExplicitPrecompiledModules/CoreFoundation-59XKO8YNRGGYNC5U5LK8B4EM.pcm
SwiftExplicitDependencyGeneratePcm arm64 /Users/admin/builder/spi-builder-workspace/.derivedData/SDKExplicitPrecompiledModules/XPC-650JAZBTM6I0OMHYO6CKM0CWJ.pcm
SwiftExplicitDependencyGeneratePcm arm64_32 /Users/admin/builder/spi-builder-workspace/.derivedData/SDKExplicitPrecompiledModules/os-D9NWGT7PQGY2OD43XMA2KGLJK.pcm
SwiftExplicitDependencyGeneratePcm arm64 /Users/admin/builder/spi-builder-workspace/.derivedData/SDKExplicitPrecompiledModules/os-6BCTB8I5DCBBKFJ0Y0G4WQDDJ.pcm
SwiftExplicitDependencyGeneratePcm arm64_32 /Users/admin/builder/spi-builder-workspace/.derivedData/SDKExplicitPrecompiledModules/CoreAudioTypes-AY6JAXDJMW2FLVG4UD79375PW.pcm
SwiftExplicitDependencyGeneratePcm arm64_32 /Users/admin/builder/spi-builder-workspace/.derivedData/SDKExplicitPrecompiledModules/Security-1W411BS4UH2UNMNII2341429S.pcm
SwiftExplicitDependencyGeneratePcm arm64_32 /Users/admin/builder/spi-builder-workspace/.derivedData/SDKExplicitPrecompiledModules/CoreGraphics-A4WOQTM8SYZAQP223LI6RRPEK.pcm
SwiftExplicitDependencyGeneratePcm arm64 /Users/admin/builder/spi-builder-workspace/.derivedData/SDKExplicitPrecompiledModules/Security-69WNGEAVQP55EDBQHP3BLE8QU.pcm
SwiftExplicitDependencyGeneratePcm arm64 /Users/admin/builder/spi-builder-workspace/.derivedData/SDKExplicitPrecompiledModules/CoreAudioTypes-51SR7UBHOMSGMEPVFS6PLSR4M.pcm
SwiftExplicitDependencyGeneratePcm arm64 /Users/admin/builder/spi-builder-workspace/.derivedData/SDKExplicitPrecompiledModules/CoreGraphics-5488DA9QVJJ7QOFXPYOYIYFUX.pcm
SwiftExplicitDependencyGeneratePcm arm64_32 /Users/admin/builder/spi-builder-workspace/.derivedData/SDKExplicitPrecompiledModules/CoreAudio-1FTJGW5ZM9ZN5IKPBE4A9LGNF.pcm
SwiftExplicitDependencyGeneratePcm arm64_32 /Users/admin/builder/spi-builder-workspace/.derivedData/SDKExplicitPrecompiledModules/Foundation-AIQ30TCDC2B0LBUU6FPQZ0HWI.pcm
SwiftExplicitDependencyGeneratePcm arm64_32 /Users/admin/builder/spi-builder-workspace/.derivedData/SDKExplicitPrecompiledModules/CoreVideo-BX0NALWCB2F1YOTF0NZGV9FWU.pcm
SwiftExplicitDependencyGeneratePcm arm64_32 /Users/admin/builder/spi-builder-workspace/.derivedData/SDKExplicitPrecompiledModules/CoreText-34U50N378SZT64826L0B62MN6.pcm
SwiftExplicitDependencyGeneratePcm arm64 /Users/admin/builder/spi-builder-workspace/.derivedData/SDKExplicitPrecompiledModules/CoreAudio-368NRGVYQ33J8K75Y2DSNU06Y.pcm
SwiftExplicitDependencyGeneratePcm arm64 /Users/admin/builder/spi-builder-workspace/.derivedData/SDKExplicitPrecompiledModules/Foundation-B3IXODHI7VO4VRX2RWRXLVJZT.pcm
SwiftExplicitDependencyGeneratePcm arm64 /Users/admin/builder/spi-builder-workspace/.derivedData/SDKExplicitPrecompiledModules/CoreVideo-2YRZ292TS6QDW2V2V92NZMPWM.pcm
SwiftExplicitDependencyGeneratePcm arm64 /Users/admin/builder/spi-builder-workspace/.derivedData/SDKExplicitPrecompiledModules/CoreText-BEC0M2J7FJN53VXNFDZDKL9U2.pcm
SwiftExplicitDependencyGeneratePcm arm64_32 /Users/admin/builder/spi-builder-workspace/.derivedData/SDKExplicitPrecompiledModules/CoreMedia-CU8J9TNJY5EX43FQOPTAAHU29.pcm
SwiftExplicitDependencyGeneratePcm arm64 /Users/admin/builder/spi-builder-workspace/.derivedData/SDKExplicitPrecompiledModules/CoreMedia-EO02G285WTXB0RPNG3DP9O9VN.pcm
SwiftExplicitDependencyGeneratePcm arm64_32 /Users/admin/builder/spi-builder-workspace/.derivedData/SDKExplicitPrecompiledModules/QuartzCore-72UYR37X0O2APTD1XMSJ20X5X.pcm
SwiftExplicitDependencyGeneratePcm arm64_32 /Users/admin/builder/spi-builder-workspace/.derivedData/SDKExplicitPrecompiledModules/UniformTypeIdentifiers-EH256724QTCKT0XATY095QHVP.pcm
SwiftExplicitDependencyGeneratePcm arm64_32 /Users/admin/builder/spi-builder-workspace/.derivedData/SDKExplicitPrecompiledModules/UIUtilities-ABH83C7CSGMIJAARTF384TV0L.pcm
SwiftExplicitDependencyGeneratePcm arm64_32 /Users/admin/builder/spi-builder-workspace/.derivedData/SDKExplicitPrecompiledModules/UserNotifications-F5AOMF9V2Y10QV8U00QNX8B7Q.pcm
SwiftExplicitDependencyGeneratePcm arm64_32 /Users/admin/builder/spi-builder-workspace/.derivedData/SDKExplicitPrecompiledModules/OSLog-DXCLJ0K1EEBRV5MFYJOV1HIUX.pcm
SwiftExplicitDependencyGeneratePcm arm64_32 /Users/admin/builder/spi-builder-workspace/.derivedData/SDKExplicitPrecompiledModules/DataDetection-8EDL8T61430CB5CU94L1E3L0C.pcm
SwiftExplicitDependencyGeneratePcm arm64_32 /Users/admin/builder/spi-builder-workspace/.derivedData/SDKExplicitPrecompiledModules/SceneKit-CLOM4E4D45A8A94N3QNHOVW3H.pcm
SwiftExplicitDependencyGeneratePcm arm64_32 /Users/admin/builder/spi-builder-workspace/.derivedData/SDKExplicitPrecompiledModules/_LocationEssentials-1XWTF8V96VX3IAHKJO7PJZDU0.pcm
SwiftExplicitDependencyGeneratePcm arm64_32 /Users/admin/builder/spi-builder-workspace/.derivedData/SDKExplicitPrecompiledModules/CoreTransferable-DSXZOKFM7XQLZ0FRNNKFDWZT0.pcm
SwiftExplicitDependencyGeneratePcm arm64_32 /Users/admin/builder/spi-builder-workspace/.derivedData/SDKExplicitPrecompiledModules/Symbols-DP67QJL9W7VSYP70ZVEBE3KRT.pcm
SwiftExplicitDependencyGeneratePcm arm64 /Users/admin/builder/spi-builder-workspace/.derivedData/SDKExplicitPrecompiledModules/Symbols-B8SNL2YULCKW9SYIL0T5QLMV.pcm
SwiftExplicitDependencyGeneratePcm arm64 /Users/admin/builder/spi-builder-workspace/.derivedData/SDKExplicitPrecompiledModules/UniformTypeIdentifiers-47SS6PHE8KOUZX5UOQUNKH397.pcm
SwiftExplicitDependencyGeneratePcm arm64 /Users/admin/builder/spi-builder-workspace/.derivedData/SDKExplicitPrecompiledModules/_LocationEssentials-C3HYVW8P89QAUDLD9VRHUF48Q.pcm
SwiftExplicitDependencyGeneratePcm arm64 /Users/admin/builder/spi-builder-workspace/.derivedData/SDKExplicitPrecompiledModules/UIUtilities-AR3EDJH6PMDGNUXQGV2JND65S.pcm
SwiftExplicitDependencyGeneratePcm arm64 /Users/admin/builder/spi-builder-workspace/.derivedData/SDKExplicitPrecompiledModules/QuartzCore-BRDP6VIMJ6A6HG4W4NYXZ8BI3.pcm
SwiftExplicitDependencyGeneratePcm arm64 /Users/admin/builder/spi-builder-workspace/.derivedData/SDKExplicitPrecompiledModules/DataDetection-8RQ09UCIV0XSYRF8TQQD54MWN.pcm
SwiftExplicitDependencyGeneratePcm arm64_32 /Users/admin/builder/spi-builder-workspace/.derivedData/SDKExplicitPrecompiledModules/CoreLocation-4AZRAZ8X3W0CS36SZ1GS4LT05.pcm
SwiftExplicitDependencyGeneratePcm arm64 /Users/admin/builder/spi-builder-workspace/.derivedData/SDKExplicitPrecompiledModules/SceneKit-4VPDXW2J8W40JMX88G7X30C4G.pcm
SwiftExplicitDependencyGeneratePcm arm64_32 /Users/admin/builder/spi-builder-workspace/.derivedData/SDKExplicitPrecompiledModules/SwiftUICore-TURER010MQ2QH6SN4BGDJJKP.pcm
SwiftExplicitDependencyGeneratePcm arm64 /Users/admin/builder/spi-builder-workspace/.derivedData/SDKExplicitPrecompiledModules/CoreTransferable-EULYJN53RZTIP2D6F171CT1YZ.pcm
SwiftExplicitDependencyGeneratePcm arm64_32 /Users/admin/builder/spi-builder-workspace/.derivedData/SDKExplicitPrecompiledModules/Accessibility-BBXP8Z81UOB3UBBTO3GG9FEEO.pcm
SwiftExplicitDependencyGeneratePcm arm64_32 /Users/admin/builder/spi-builder-workspace/.derivedData/SDKExplicitPrecompiledModules/CoreData-6STZ9DXY0E1K8LHUUEU1F4SE.pcm
SwiftExplicitDependencyGeneratePcm arm64 /Users/admin/builder/spi-builder-workspace/.derivedData/SDKExplicitPrecompiledModules/Accessibility-DB0V1GY4JDAXG2CZ5MW826DDE.pcm
SwiftExplicitDependencyGeneratePcm arm64 /Users/admin/builder/spi-builder-workspace/.derivedData/SDKExplicitPrecompiledModules/CoreLocation-B0A9Z3B1UDU8OLBQROLWD03N3.pcm
SwiftExplicitDependencyGeneratePcm arm64 /Users/admin/builder/spi-builder-workspace/.derivedData/SDKExplicitPrecompiledModules/UserNotifications-7VIERZPAA371031RT8VBKFYKJ.pcm
SwiftExplicitDependencyGeneratePcm arm64 /Users/admin/builder/spi-builder-workspace/.derivedData/SDKExplicitPrecompiledModules/CoreData-DAEI6Z48P97TYC3SMMGLERAJ5.pcm
SwiftExplicitDependencyGeneratePcm arm64 /Users/admin/builder/spi-builder-workspace/.derivedData/SDKExplicitPrecompiledModules/OSLog-ESJZZ70KT229YQNKF5CWYQVLA.pcm
SwiftExplicitDependencyGeneratePcm arm64_32 /Users/admin/builder/spi-builder-workspace/.derivedData/SDKExplicitPrecompiledModules/CoreMotion-E9C6K7MOTJF3RC93DULCZ130U.pcm
SwiftExplicitDependencyGeneratePcm arm64 /Users/admin/builder/spi-builder-workspace/.derivedData/SDKExplicitPrecompiledModules/SwiftUICore-D4BOUT6VJWDXKNATG8P2F95W3.pcm
SwiftExplicitDependencyGeneratePcm arm64 /Users/admin/builder/spi-builder-workspace/.derivedData/SDKExplicitPrecompiledModules/CoreMotion-70RNUQRT1QM2F8WR42WPP4KQV.pcm
SwiftExplicitDependencyGeneratePcm arm64_32 /Users/admin/builder/spi-builder-workspace/.derivedData/SDKExplicitPrecompiledModules/UIKit-BGAQE5HOOTG6M9C46O1HHPCDR.pcm
SwiftExplicitDependencyGeneratePcm arm64 /Users/admin/builder/spi-builder-workspace/.derivedData/SDKExplicitPrecompiledModules/UIKit-2XWL6VFNA7WRWSTXI42YLU909.pcm
SwiftExplicitDependencyGeneratePcm arm64_32 /Users/admin/builder/spi-builder-workspace/.derivedData/SDKExplicitPrecompiledModules/MapKit-3RCPMYWFYVKLOR1JJH1M1L7O6.pcm
SwiftExplicitDependencyGeneratePcm arm64_32 /Users/admin/builder/spi-builder-workspace/.derivedData/SDKExplicitPrecompiledModules/HomeKit-DXH34ZWEY4P4FEELCOH3LXVCR.pcm
SwiftExplicitDependencyGeneratePcm arm64 /Users/admin/builder/spi-builder-workspace/.derivedData/SDKExplicitPrecompiledModules/HomeKit-2JD3RMVTK0MFX7K570KHTLBBH.pcm
SwiftExplicitDependencyGeneratePcm arm64 /Users/admin/builder/spi-builder-workspace/.derivedData/SDKExplicitPrecompiledModules/MapKit-5U4CPBNVICOGB0BBK9BC7P4E9.pcm
SwiftExplicitDependencyGeneratePcm arm64_32 /Users/admin/builder/spi-builder-workspace/.derivedData/SDKExplicitPrecompiledModules/WatchKit-7IATJTA58S6OFDEYHG9JSLLDQ.pcm
SwiftExplicitDependencyGeneratePcm arm64 /Users/admin/builder/spi-builder-workspace/.derivedData/SDKExplicitPrecompiledModules/WatchKit-22L6Z003SE8XPQ9JS14K57C9N.pcm
SwiftExplicitDependencyGeneratePcm arm64_32 /Users/admin/builder/spi-builder-workspace/.derivedData/SDKExplicitPrecompiledModules/SwiftUI-6DR5UJH94SD7QMITGWNAX9FBI.pcm
SwiftCompile normal arm64_32 Compiling\ HUDWindow.swift /Users/admin/builder/spi-builder-workspace/Sources/Rerender/HUD/HUDWindow.swift (in target 'Rerender' from project 'Rerender')
/Users/admin/builder/spi-builder-workspace/Sources/Rerender/HUD/HUDWindow.swift:17:57: error: 'UIEvent' is unavailable in watchOS
15 | var hudFrame: CGRect = .zero
16 |
17 | override func hitTest(_ point: CGPoint, with event: UIEvent?) -> UIView? {
| `- error: 'UIEvent' is unavailable in watchOS
18 | guard hudFrame.contains(point) else { return nil }
19 | return super.hitTest(point, with: event)
/Applications/Xcode-27.0.0-Release.Candidate.app/Contents/Developer/Platforms/WatchOS.platform/Developer/SDKs/WatchOS27.0.sdk/System/Library/Frameworks/UIKit.framework/Headers/UIEvent.h:62:12: note: 'UIEvent' has been explicitly marked unavailable here
60 |
61 | UIKIT_EXTERN API_AVAILABLE(ios(2.0)) API_UNAVAILABLE(watchos) NS_SWIFT_UI_ACTOR
62 | @interface UIEvent : NSObject
| `- note: 'UIEvent' has been explicitly marked unavailable here
63 |
64 | @property(nonatomic,readonly) UIEventType type API_AVAILABLE(ios(3.0));
/Users/admin/builder/spi-builder-workspace/Sources/Rerender/HUD/HUDWindow.swift:17:70: error: 'UIView' is unavailable in watchOS
15 | var hudFrame: CGRect = .zero
16 |
17 | override func hitTest(_ point: CGPoint, with event: UIEvent?) -> UIView? {
| `- error: 'UIView' is unavailable in watchOS
18 | guard hudFrame.contains(point) else { return nil }
19 | return super.hitTest(point, with: event)
/Applications/Xcode-27.0.0-Release.Candidate.app/Contents/Developer/Platforms/WatchOS.platform/Developer/SDKs/WatchOS27.0.sdk/System/Library/Frameworks/UIKit.framework/Headers/UIView.h:152:12: note: 'UIView' has been explicitly marked unavailable here
150 |
151 | UIKIT_EXTERN API_AVAILABLE(ios(2.0)) API_UNAVAILABLE(watchos) NS_SWIFT_UI_ACTOR
152 | @interface UIView : UIResponder <NSCoding, UIAppearance, UIAppearanceContainer, UIDynamicItem, UITraitEnvironment, UICoordinateSpace, UIFocusItem, UIFocusItemContainer, CALayerDelegate>
| `- note: 'UIView' has been explicitly marked unavailable here
153 |
154 | @property(class, nonatomic, readonly) Class layerClass; // default is [CALayer class]. Used when creating the underlying layer for the view.
/Users/admin/builder/spi-builder-workspace/Sources/Rerender/HUD/HUDWindow.swift:14:32: error: 'UIWindow' is unavailable in watchOS
12 | import UIKit
13 |
14 | final class PassthroughWindow: UIWindow {
| `- error: 'UIWindow' is unavailable in watchOS
15 | var hudFrame: CGRect = .zero
16 |
/Applications/Xcode-27.0.0-Release.Candidate.app/Contents/Developer/Platforms/WatchOS.platform/Developer/SDKs/WatchOS27.0.sdk/System/Library/Frameworks/UIKit.framework/Headers/UIWindow.h:22:12: note: 'UIWindow' has been explicitly marked unavailable here
20 |
21 | UIKIT_EXTERN API_AVAILABLE(ios(2.0)) API_UNAVAILABLE(watchos) NS_SWIFT_UI_ACTOR
22 | @interface UIWindow : UIView
| `- note: 'UIWindow' has been explicitly marked unavailable here
23 |
24 | // instantiate a UIWindow already associated with a given UIWindowScene instance, with matching frame & interface orientations.
/Users/admin/builder/spi-builder-workspace/Sources/Rerender/HUD/HUDWindow.swift:24:21: error: 'UIWindowScene' is unavailable in watchOS
22 |
23 | final class WindowAnchorView: UIView {
24 | var onAttach: ((UIWindowScene) -> Void)?
| `- error: 'UIWindowScene' is unavailable in watchOS
25 |
26 | override func didMoveToWindow() {
/Applications/Xcode-27.0.0-Release.Candidate.app/Contents/Developer/Platforms/WatchOS.platform/Developer/SDKs/WatchOS27.0.sdk/System/Library/Frameworks/UIKit.framework/Headers/UIWindowScene.h:22:12: note: 'UIWindowScene' has been explicitly marked unavailable here
20 |
21 | UIKIT_EXTERN API_AVAILABLE(ios(13.0)) API_UNAVAILABLE(watchos) NS_SWIFT_UI_ACTOR
22 | @interface UIWindowScene : UIScene
| `- note: 'UIWindowScene' has been explicitly marked unavailable here
23 |
24 | #pragma mark Geometry
/Users/admin/builder/spi-builder-workspace/Sources/Rerender/HUD/HUDWindow.swift:23:31: error: 'UIView' is unavailable in watchOS
21 | }
22 |
23 | final class WindowAnchorView: UIView {
| `- error: 'UIView' is unavailable in watchOS
24 | var onAttach: ((UIWindowScene) -> Void)?
25 |
/Applications/Xcode-27.0.0-Release.Candidate.app/Contents/Developer/Platforms/WatchOS.platform/Developer/SDKs/WatchOS27.0.sdk/System/Library/Frameworks/UIKit.framework/Headers/UIView.h:152:12: note: 'UIView' has been explicitly marked unavailable here
150 |
151 | UIKIT_EXTERN API_AVAILABLE(ios(2.0)) API_UNAVAILABLE(watchos) NS_SWIFT_UI_ACTOR
152 | @interface UIView : UIResponder <NSCoding, UIAppearance, UIAppearanceContainer, UIDynamicItem, UITraitEnvironment, UICoordinateSpace, UIFocusItem, UIFocusItemContainer, CALayerDelegate>
| `- note: 'UIView' has been explicitly marked unavailable here
153 |
154 | @property(class, nonatomic, readonly) Class layerClass; // default is [CALayer class]. Used when creating the underlying layer for the view.
/Users/admin/builder/spi-builder-workspace/Sources/Rerender/HUD/HUDWindow.swift:41:30: error: cannot find type 'Context' in scope
39 | func makeCoordinator() -> Coordinator { Coordinator() }
40 |
41 | func makeUIView(context: Context) -> WindowAnchorView {
| `- error: cannot find type 'Context' in scope
42 | let anchor = WindowAnchorView()
43 | anchor.isHidden = true
/Users/admin/builder/spi-builder-workspace/Sources/Rerender/HUD/HUDWindow.swift:55:60: error: cannot find type 'Context' in scope
53 | }
54 |
55 | func updateUIView(_ uiView: WindowAnchorView, context: Context) {
| `- error: cannot find type 'Context' in scope
56 | if context.coordinator.window == nil,
57 | let scene = uiView.window?.windowScene {
/Users/admin/builder/spi-builder-workspace/Sources/Rerender/HUD/HUDWindow.swift:80:22: error: cannot find type 'UIHostingController' in scope
78 | class Coordinator {
79 | var window: PassthroughWindow?
80 | var hosting: UIHostingController<HUDContent>?
| `- error: cannot find type 'UIHostingController' in scope
81 |
82 | func createWindowIfNeeded(
/Users/admin/builder/spi-builder-workspace/Sources/Rerender/HUD/HUDWindow.swift:83:20: error: 'UIWindowScene' is unavailable in watchOS
81 |
82 | func createWindowIfNeeded(
83 | scene: UIWindowScene,
| `- error: 'UIWindowScene' is unavailable in watchOS
84 | store: RerenderStore,
85 | alignment: Alignment
/Applications/Xcode-27.0.0-Release.Candidate.app/Contents/Developer/Platforms/WatchOS.platform/Developer/SDKs/WatchOS27.0.sdk/System/Library/Frameworks/UIKit.framework/Headers/UIWindowScene.h:22:12: note: 'UIWindowScene' has been explicitly marked unavailable here
20 |
21 | UIKIT_EXTERN API_AVAILABLE(ios(13.0)) API_UNAVAILABLE(watchos) NS_SWIFT_UI_ACTOR
22 | @interface UIWindowScene : UIScene
| `- note: 'UIWindowScene' has been explicitly marked unavailable here
23 |
24 | #pragma mark Geometry
/Users/admin/builder/spi-builder-workspace/Sources/Rerender/HUD/HUDWindow.swift:35:25: error: cannot find type 'UIViewRepresentable' in scope
33 | }
34 |
35 | struct HUDWindowBridge: UIViewRepresentable {
| `- error: cannot find type 'UIViewRepresentable' in scope
36 | let store: RerenderStore
37 | let alignment: Alignment
/Users/admin/builder/spi-builder-workspace/Sources/Rerender/HUD/HUDWindow.swift:28:32: error: 'windowScene' is unavailable in watchOS
26 | override func didMoveToWindow() {
27 | super.didMoveToWindow()
28 | if let scene = window?.windowScene {
| `- error: 'windowScene' is unavailable in watchOS
29 | onAttach?(scene)
30 | onAttach = nil
/Applications/Xcode-27.0.0-Release.Candidate.app/Contents/Developer/Platforms/WatchOS.platform/Developer/SDKs/WatchOS27.0.sdk/System/Library/Frameworks/UIKit.framework/Headers/UIWindow.h:32:53: note: 'windowScene' has been explicitly marked unavailable here
30 | // If nil, window will not appear on any screen.
31 | // changing the UIWindowScene may be an expensive operation and should not be done in performance-sensitive code
32 | @property(nullable, nonatomic, weak) UIWindowScene *windowScene API_AVAILABLE(ios(13.0)) API_UNAVAILABLE(watchos);
| `- note: 'windowScene' has been explicitly marked unavailable here
33 |
34 | // Indicates whether content should drive the size of arbitrarily resizable windows (which are currently present only on macOS).
/Users/admin/builder/spi-builder-workspace/Sources/Rerender/HUD/HUDWindow.swift:42:22: error: 'init()' is unavailable in watchOS
40 |
41 | func makeUIView(context: Context) -> WindowAnchorView {
42 | let anchor = WindowAnchorView()
| `- error: 'init()' is unavailable in watchOS
43 | anchor.isHidden = true
44 | let coordinator = context.coordinator
/Applications/Xcode-27.0.0-Release.Candidate.app/Contents/Developer/Platforms/WatchOS.platform/Developer/SDKs/WatchOS27.0.sdk/System/Library/Frameworks/UIKit.framework/Headers/UIView.h:158:1: note: 'init()' has been explicitly marked unavailable here
156 | - (instancetype)initWithFrame:(CGRect)frame NS_DESIGNATED_INITIALIZER;
157 | - (nullable instancetype)initWithCoder:(NSCoder *)coder NS_DESIGNATED_INITIALIZER;
158 | - (instancetype)init API_AVAILABLE(ios(2.0), tvos(9.0), visionos(1.0)) API_UNAVAILABLE(watchos);
| `- note: 'init()' has been explicitly marked unavailable here
159 |
160 | @property(nonatomic,getter=isUserInteractionEnabled) BOOL userInteractionEnabled; // default is YES. if set to NO, user events (touch, keys) are ignored and removed from the event queue.
/Users/admin/builder/spi-builder-workspace/Sources/Rerender/HUD/HUDWindow.swift:42:22: warning: call to main actor-isolated initializer 'init()' in a synchronous nonisolated context [#ActorIsolatedCall]
39 | func makeCoordinator() -> Coordinator { Coordinator() }
40 |
41 | func makeUIView(context: Context) -> WindowAnchorView {
| `- note: add '@MainActor' to make instance method 'makeUIView(context:)' part of global actor 'MainActor'
42 | let anchor = WindowAnchorView()
| `- warning: call to main actor-isolated initializer 'init()' in a synchronous nonisolated context [#ActorIsolatedCall]
43 | anchor.isHidden = true
44 | let coordinator = context.coordinator
/Applications/Xcode-27.0.0-Release.Candidate.app/Contents/Developer/Platforms/WatchOS.platform/Developer/SDKs/WatchOS27.0.sdk/System/Library/Frameworks/UIKit.framework/Headers/UIView.h:158:1: note: calls to initializer 'init()' from outside of its actor context are implicitly asynchronous
156 | - (instancetype)initWithFrame:(CGRect)frame NS_DESIGNATED_INITIALIZER;
157 | - (nullable instancetype)initWithCoder:(NSCoder *)coder NS_DESIGNATED_INITIALIZER;
158 | - (instancetype)init API_AVAILABLE(ios(2.0), tvos(9.0), visionos(1.0)) API_UNAVAILABLE(watchos);
| `- note: calls to initializer 'init()' from outside of its actor context are implicitly asynchronous
159 |
160 | @property(nonatomic,getter=isUserInteractionEnabled) BOOL userInteractionEnabled; // default is YES. if set to NO, user events (touch, keys) are ignored and removed from the event queue.
/Users/admin/builder/spi-builder-workspace/Sources/Rerender/HUD/HUDWindow.swift:43:16: warning: main actor-isolated property 'isHidden' can not be mutated from a nonisolated context
39 | func makeCoordinator() -> Coordinator { Coordinator() }
40 |
41 | func makeUIView(context: Context) -> WindowAnchorView {
| `- note: add '@MainActor' to make instance method 'makeUIView(context:)' part of global actor 'MainActor'
42 | let anchor = WindowAnchorView()
43 | anchor.isHidden = true
| `- warning: main actor-isolated property 'isHidden' can not be mutated from a nonisolated context
44 | let coordinator = context.coordinator
45 | anchor.onAttach = { scene in
/Applications/Xcode-27.0.0-Release.Candidate.app/Contents/Developer/Platforms/WatchOS.platform/Developer/SDKs/WatchOS27.0.sdk/System/Library/Frameworks/UIKit.framework/Headers/UIView.h:325:56: note: mutation of this property is only permitted within the actor
323 | @property(nonatomic,getter=isOpaque) BOOL opaque; // default is YES. opaque views must fill their entire bounds or the results are undefined. the active CGContext in drawRect: will not have been cleared and may have non-zeroed pixels
324 | @property(nonatomic) BOOL clearsContextBeforeDrawing; // default is YES. ignored for opaque views. for non-opaque views causes the active CGContext in drawRect: to be pre-filled with transparent pixels
325 | @property(nonatomic,getter=isHidden) BOOL hidden; // default is NO. doesn't check superviews
| `- note: mutation of this property is only permitted within the actor
326 | @property(nonatomic) UIViewContentMode contentMode; // default is UIViewContentModeScaleToFill
327 | @property(nonatomic) CGRect contentStretch API_DEPRECATED("", ios(3.0, 6.0)) API_UNAVAILABLE(tvos) API_UNAVAILABLE(visionos, watchos); // animatable. default is unit rectangle {{0,0} {1,1}}. Now deprecated: please use -[UIImage resizableImageWithCapInsets:] to achieve the same effect.
/Users/admin/builder/spi-builder-workspace/Sources/Rerender/HUD/HUDWindow.swift:57:39: error: 'windowScene' is unavailable in watchOS
55 | func updateUIView(_ uiView: WindowAnchorView, context: Context) {
56 | if context.coordinator.window == nil,
57 | let scene = uiView.window?.windowScene {
| `- error: 'windowScene' is unavailable in watchOS
58 | context.coordinator.createWindowIfNeeded(
59 | scene: scene,
/Applications/Xcode-27.0.0-Release.Candidate.app/Contents/Developer/Platforms/WatchOS.platform/Developer/SDKs/WatchOS27.0.sdk/System/Library/Frameworks/UIKit.framework/Headers/UIWindow.h:32:53: note: 'windowScene' has been explicitly marked unavailable here
30 | // If nil, window will not appear on any screen.
31 | // changing the UIWindowScene may be an expensive operation and should not be done in performance-sensitive code
32 | @property(nullable, nonatomic, weak) UIWindowScene *windowScene API_AVAILABLE(ios(13.0)) API_UNAVAILABLE(watchos);
| `- note: 'windowScene' has been explicitly marked unavailable here
33 |
34 | // Indicates whether content should drive the size of arbitrarily resizable windows (which are currently present only on macOS).
/Users/admin/builder/spi-builder-workspace/Sources/Rerender/HUD/HUDWindow.swift:57:39: warning: main actor-isolated property 'windowScene' can not be referenced from a nonisolated context
53 | }
54 |
55 | func updateUIView(_ uiView: WindowAnchorView, context: Context) {
| `- note: add '@MainActor' to make instance method 'updateUIView(_:context:)' part of global actor 'MainActor'
56 | if context.coordinator.window == nil,
57 | let scene = uiView.window?.windowScene {
| `- warning: main actor-isolated property 'windowScene' can not be referenced from a nonisolated context
58 | context.coordinator.createWindowIfNeeded(
59 | scene: scene,
/Applications/Xcode-27.0.0-Release.Candidate.app/Contents/Developer/Platforms/WatchOS.platform/Developer/SDKs/WatchOS27.0.sdk/System/Library/Frameworks/UIKit.framework/Headers/UIWindow.h:32:53: note: property declared here
30 | // If nil, window will not appear on any screen.
31 | // changing the UIWindowScene may be an expensive operation and should not be done in performance-sensitive code
32 | @property(nullable, nonatomic, weak) UIWindowScene *windowScene API_AVAILABLE(ios(13.0)) API_UNAVAILABLE(watchos);
| `- note: property declared here
33 |
34 | // Indicates whether content should drive the size of arbitrarily resizable windows (which are currently present only on macOS).
/Users/admin/builder/spi-builder-workspace/Sources/Rerender/HUD/HUDWindow.swift:57:31: warning: main actor-isolated property 'window' can not be referenced from a nonisolated context
53 | }
54 |
55 | func updateUIView(_ uiView: WindowAnchorView, context: Context) {
| `- note: add '@MainActor' to make instance method 'updateUIView(_:context:)' part of global actor 'MainActor'
56 | if context.coordinator.window == nil,
57 | let scene = uiView.window?.windowScene {
| `- warning: main actor-isolated property 'window' can not be referenced from a nonisolated context
58 | context.coordinator.createWindowIfNeeded(
59 | scene: scene,
/Applications/Xcode-27.0.0-Release.Candidate.app/Contents/Developer/Platforms/WatchOS.platform/Developer/SDKs/WatchOS27.0.sdk/System/Library/Frameworks/UIKit.framework/Headers/UIView.h:231:55: note: property declared here
229 | @property(nullable, nonatomic,readonly) UIView *superview;
230 | @property(nonatomic,readonly,copy) NSArray<__kindof UIView *> *subviews;
231 | @property(nullable, nonatomic,readonly) UIWindow *window;
| `- note: property declared here
232 |
233 | - (void)removeFromSuperview;
SwiftCompile normal arm64_32 /Users/admin/builder/spi-builder-workspace/Sources/Rerender/HUD/HUDWindow.swift (in target 'Rerender' from project 'Rerender')
cd /Users/admin/builder/spi-builder-workspace/.swiftpm/xcode
builtin-SwiftPerFileCompile HUDWindow.swift
/Users/admin/builder/spi-builder-workspace/Sources/Rerender/HUD/HUDWindow.swift:73:29: warning: main actor-isolated property 'isHidden' can not be mutated from a nonisolated context
70 | }
71 |
72 | static func dismantleUIView(_ uiView: WindowAnchorView, coordinator: Coordinator) {
| `- note: add '@MainActor' to make static method 'dismantleUIView(_:coordinator:)' part of global actor 'MainActor'
73 | coordinator.window?.isHidden = true
| `- warning: main actor-isolated property 'isHidden' can not be mutated from a nonisolated context
74 | coordinator.window = nil
75 | coordinator.hosting = nil
/Applications/Xcode-27.0.0-Release.Candidate.app/Contents/Developer/Platforms/WatchOS.platform/Developer/SDKs/WatchOS27.0.sdk/System/Library/Frameworks/UIKit.framework/Headers/UIView.h:325:56: note: mutation of this property is only permitted within the actor
323 | @property(nonatomic,getter=isOpaque) BOOL opaque; // default is YES. opaque views must fill their entire bounds or the results are undefined. the active CGContext in drawRect: will not have been cleared and may have non-zeroed pixels
324 | @property(nonatomic) BOOL clearsContextBeforeDrawing; // default is YES. ignored for opaque views. for non-opaque views causes the active CGContext in drawRect: to be pre-filled with transparent pixels
325 | @property(nonatomic,getter=isHidden) BOOL hidden; // default is NO. doesn't check superviews
| `- note: mutation of this property is only permitted within the actor
326 | @property(nonatomic) UIViewContentMode contentMode; // default is UIViewContentModeScaleToFill
327 | @property(nonatomic) CGRect contentStretch API_DEPRECATED("", ios(3.0, 6.0)) API_UNAVAILABLE(tvos) API_UNAVAILABLE(visionos, watchos); // animatable. default is unit rectangle {{0,0} {1,1}}. Now deprecated: please use -[UIImage resizableImageWithCapInsets:] to achieve the same effect.
/Users/admin/builder/spi-builder-workspace/Sources/Rerender/HUD/HUDWindow.swift:89:54: error: argument passed to call that takes no arguments
87 | guard window == nil else { return }
88 |
89 | let win = PassthroughWindow(windowScene: scene)
| `- error: argument passed to call that takes no arguments
90 | win.windowLevel = .statusBar + 1
91 | win.backgroundColor = .clear
/Users/admin/builder/spi-builder-workspace/Sources/Rerender/HUD/HUDWindow.swift:90:32: error: member 'statusBar(hidden:)' expects argument of type 'Text'
88 |
89 | let win = PassthroughWindow(windowScene: scene)
90 | win.windowLevel = .statusBar + 1
| `- error: member 'statusBar(hidden:)' expects argument of type 'Text'
91 | win.backgroundColor = .clear
92 | win.isUserInteractionEnabled = true
/Users/admin/builder/spi-builder-workspace/Sources/Rerender/HUD/HUDWindow.swift:90:44: error: cannot convert value of type 'Int' to expected argument type 'Text'
88 |
89 | let win = PassthroughWindow(windowScene: scene)
90 | win.windowLevel = .statusBar + 1
| `- error: cannot convert value of type 'Int' to expected argument type 'Text'
91 | win.backgroundColor = .clear
92 | win.isUserInteractionEnabled = true
/Users/admin/builder/spi-builder-workspace/Sources/Rerender/HUD/HUDWindow.swift:91:36: error: cannot infer contextual base in reference to member 'clear'
89 | let win = PassthroughWindow(windowScene: scene)
90 | win.windowLevel = .statusBar + 1
91 | win.backgroundColor = .clear
| `- error: cannot infer contextual base in reference to member 'clear'
92 | win.isUserInteractionEnabled = true
93 |
/Users/admin/builder/spi-builder-workspace/Sources/Rerender/HUD/HUDWindow.swift:97:24: error: cannot find 'UIHostingController' in scope
95 | win?.hudFrame = frame
96 | }
97 | let host = UIHostingController(rootView: content)
| `- error: cannot find 'UIHostingController' in scope
98 | host.view.backgroundColor = .clear
99 | win.rootViewController = host
SwiftCompile normal arm64_32 Compiling\ RerenderHUD.swift /Users/admin/builder/spi-builder-workspace/Sources/Rerender/HUD/RerenderHUD.swift (in target 'Rerender' from project 'Rerender')
SwiftCompile normal arm64_32 /Users/admin/builder/spi-builder-workspace/Sources/Rerender/HUD/RerenderHUD.swift (in target 'Rerender' from project 'Rerender')
cd /Users/admin/builder/spi-builder-workspace/.swiftpm/xcode
builtin-SwiftPerFileCompile RerenderHUD.swift
SwiftCompile normal arm64_32 Compiling\ HUDPanel.swift /Users/admin/builder/spi-builder-workspace/Sources/Rerender/HUD/HUDPanel.swift (in target 'Rerender' from project 'Rerender')
/Users/admin/builder/spi-builder-workspace/Sources/Rerender/HUD/HUDPanel.swift:80:9: error: 'UIPasteboard' is unavailable in watchOS
78 | let string = String(data: data, encoding: .utf8) else { return }
79 | #if canImport(UIKit)
80 | UIPasteboard.general.string = string
| `- error: 'UIPasteboard' is unavailable in watchOS
81 | #elseif canImport(AppKit)
82 | NSPasteboard.general.clearContents()
/Applications/Xcode-27.0.0-Release.Candidate.app/Contents/Developer/Platforms/WatchOS.platform/Developer/SDKs/WatchOS27.0.sdk/System/Library/Frameworks/UIKit.framework/Headers/UIPasteboard.h:50:12: note: 'UIPasteboard' has been explicitly marked unavailable here
48 |
49 | UIKIT_EXTERN API_AVAILABLE(ios(3.0)) API_UNAVAILABLE(tvos) API_UNAVAILABLE(watchos) NS_SWIFT_SENDABLE
50 | @interface UIPasteboard : NSObject
| `- note: 'UIPasteboard' has been explicitly marked unavailable here
51 |
52 | @property(class, nonatomic, readonly) UIPasteboard *generalPasteboard;
SwiftCompile normal arm64_32 /Users/admin/builder/spi-builder-workspace/Sources/Rerender/HUD/HUDPanel.swift (in target 'Rerender' from project 'Rerender')
cd /Users/admin/builder/spi-builder-workspace/.swiftpm/xcode
builtin-SwiftPerFileCompile HUDPanel.swift
SwiftCompile normal arm64_32 Compiling\ HUDList.swift /Users/admin/builder/spi-builder-workspace/Sources/Rerender/HUD/HUDList.swift (in target 'Rerender' from project 'Rerender')
SwiftCompile normal arm64_32 /Users/admin/builder/spi-builder-workspace/Sources/Rerender/HUD/HUDList.swift (in target 'Rerender' from project 'Rerender')
cd /Users/admin/builder/spi-builder-workspace/.swiftpm/xcode
builtin-SwiftPerFileCompile HUDList.swift
SwiftEmitModule normal arm64_32 Emitting\ module\ for\ Rerender (in target 'Rerender' from project 'Rerender')
/Users/admin/builder/spi-builder-workspace/Sources/Rerender/HUD/HUDWindow.swift:17:57: error: 'UIEvent' is unavailable in watchOS
15 | var hudFrame: CGRect = .zero
16 |
17 | override func hitTest(_ point: CGPoint, with event: UIEvent?) -> UIView? {
| `- error: 'UIEvent' is unavailable in watchOS
18 | guard hudFrame.contains(point) else { return nil }
19 | return super.hitTest(point, with: event)
/Applications/Xcode-27.0.0-Release.Candidate.app/Contents/Developer/Platforms/WatchOS.platform/Developer/SDKs/WatchOS27.0.sdk/System/Library/Frameworks/UIKit.framework/Headers/UIEvent.h:62:12: note: 'UIEvent' has been explicitly marked unavailable here
60 |
61 | UIKIT_EXTERN API_AVAILABLE(ios(2.0)) API_UNAVAILABLE(watchos) NS_SWIFT_UI_ACTOR
62 | @interface UIEvent : NSObject
| `- note: 'UIEvent' has been explicitly marked unavailable here
63 |
64 | @property(nonatomic,readonly) UIEventType type API_AVAILABLE(ios(3.0));
/Users/admin/builder/spi-builder-workspace/Sources/Rerender/HUD/HUDWindow.swift:17:70: error: 'UIView' is unavailable in watchOS
15 | var hudFrame: CGRect = .zero
16 |
17 | override func hitTest(_ point: CGPoint, with event: UIEvent?) -> UIView? {
| `- error: 'UIView' is unavailable in watchOS
18 | guard hudFrame.contains(point) else { return nil }
19 | return super.hitTest(point, with: event)
/Applications/Xcode-27.0.0-Release.Candidate.app/Contents/Developer/Platforms/WatchOS.platform/Developer/SDKs/WatchOS27.0.sdk/System/Library/Frameworks/UIKit.framework/Headers/UIView.h:152:12: note: 'UIView' has been explicitly marked unavailable here
150 |
151 | UIKIT_EXTERN API_AVAILABLE(ios(2.0)) API_UNAVAILABLE(watchos) NS_SWIFT_UI_ACTOR
152 | @interface UIView : UIResponder <NSCoding, UIAppearance, UIAppearanceContainer, UIDynamicItem, UITraitEnvironment, UICoordinateSpace, UIFocusItem, UIFocusItemContainer, CALayerDelegate>
| `- note: 'UIView' has been explicitly marked unavailable here
153 |
154 | @property(class, nonatomic, readonly) Class layerClass; // default is [CALayer class]. Used when creating the underlying layer for the view.
/Users/admin/builder/spi-builder-workspace/Sources/Rerender/HUD/HUDWindow.swift:14:32: error: 'UIWindow' is unavailable in watchOS
12 | import UIKit
13 |
14 | final class PassthroughWindow: UIWindow {
| `- error: 'UIWindow' is unavailable in watchOS
15 | var hudFrame: CGRect = .zero
16 |
/Applications/Xcode-27.0.0-Release.Candidate.app/Contents/Developer/Platforms/WatchOS.platform/Developer/SDKs/WatchOS27.0.sdk/System/Library/Frameworks/UIKit.framework/Headers/UIWindow.h:22:12: note: 'UIWindow' has been explicitly marked unavailable here
20 |
21 | UIKIT_EXTERN API_AVAILABLE(ios(2.0)) API_UNAVAILABLE(watchos) NS_SWIFT_UI_ACTOR
22 | @interface UIWindow : UIView
| `- note: 'UIWindow' has been explicitly marked unavailable here
23 |
24 | // instantiate a UIWindow already associated with a given UIWindowScene instance, with matching frame & interface orientations.
/Users/admin/builder/spi-builder-workspace/Sources/Rerender/HUD/HUDWindow.swift:24:21: error: 'UIWindowScene' is unavailable in watchOS
22 |
23 | final class WindowAnchorView: UIView {
24 | var onAttach: ((UIWindowScene) -> Void)?
| `- error: 'UIWindowScene' is unavailable in watchOS
25 |
26 | override func didMoveToWindow() {
/Applications/Xcode-27.0.0-Release.Candidate.app/Contents/Developer/Platforms/WatchOS.platform/Developer/SDKs/WatchOS27.0.sdk/System/Library/Frameworks/UIKit.framework/Headers/UIWindowScene.h:22:12: note: 'UIWindowScene' has been explicitly marked unavailable here
20 |
21 | UIKIT_EXTERN API_AVAILABLE(ios(13.0)) API_UNAVAILABLE(watchos) NS_SWIFT_UI_ACTOR
22 | @interface UIWindowScene : UIScene
| `- note: 'UIWindowScene' has been explicitly marked unavailable here
23 |
24 | #pragma mark Geometry
/Users/admin/builder/spi-builder-workspace/Sources/Rerender/HUD/HUDWindow.swift:23:31: error: 'UIView' is unavailable in watchOS
21 | }
22 |
23 | final class WindowAnchorView: UIView {
| `- error: 'UIView' is unavailable in watchOS
24 | var onAttach: ((UIWindowScene) -> Void)?
25 |
/Applications/Xcode-27.0.0-Release.Candidate.app/Contents/Developer/Platforms/WatchOS.platform/Developer/SDKs/WatchOS27.0.sdk/System/Library/Frameworks/UIKit.framework/Headers/UIView.h:152:12: note: 'UIView' has been explicitly marked unavailable here
150 |
151 | UIKIT_EXTERN API_AVAILABLE(ios(2.0)) API_UNAVAILABLE(watchos) NS_SWIFT_UI_ACTOR
152 | @interface UIView : UIResponder <NSCoding, UIAppearance, UIAppearanceContainer, UIDynamicItem, UITraitEnvironment, UICoordinateSpace, UIFocusItem, UIFocusItemContainer, CALayerDelegate>
| `- note: 'UIView' has been explicitly marked unavailable here
153 |
154 | @property(class, nonatomic, readonly) Class layerClass; // default is [CALayer class]. Used when creating the underlying layer for the view.
/Users/admin/builder/spi-builder-workspace/Sources/Rerender/HUD/HUDWindow.swift:41:30: error: cannot find type 'Context' in scope
39 | func makeCoordinator() -> Coordinator { Coordinator() }
40 |
41 | func makeUIView(context: Context) -> WindowAnchorView {
| `- error: cannot find type 'Context' in scope
42 | let anchor = WindowAnchorView()
43 | anchor.isHidden = true
/Users/admin/builder/spi-builder-workspace/Sources/Rerender/HUD/HUDWindow.swift:55:60: error: cannot find type 'Context' in scope
53 | }
54 |
55 | func updateUIView(_ uiView: WindowAnchorView, context: Context) {
| `- error: cannot find type 'Context' in scope
56 | if context.coordinator.window == nil,
57 | let scene = uiView.window?.windowScene {
/Users/admin/builder/spi-builder-workspace/Sources/Rerender/HUD/HUDWindow.swift:80:22: error: cannot find type 'UIHostingController' in scope
78 | class Coordinator {
79 | var window: PassthroughWindow?
80 | var hosting: UIHostingController<HUDContent>?
| `- error: cannot find type 'UIHostingController' in scope
81 |
82 | func createWindowIfNeeded(
/Users/admin/builder/spi-builder-workspace/Sources/Rerender/HUD/HUDWindow.swift:83:20: error: 'UIWindowScene' is unavailable in watchOS
81 |
82 | func createWindowIfNeeded(
83 | scene: UIWindowScene,
| `- error: 'UIWindowScene' is unavailable in watchOS
84 | store: RerenderStore,
85 | alignment: Alignment
/Applications/Xcode-27.0.0-Release.Candidate.app/Contents/Developer/Platforms/WatchOS.platform/Developer/SDKs/WatchOS27.0.sdk/System/Library/Frameworks/UIKit.framework/Headers/UIWindowScene.h:22:12: note: 'UIWindowScene' has been explicitly marked unavailable here
20 |
21 | UIKIT_EXTERN API_AVAILABLE(ios(13.0)) API_UNAVAILABLE(watchos) NS_SWIFT_UI_ACTOR
22 | @interface UIWindowScene : UIScene
| `- note: 'UIWindowScene' has been explicitly marked unavailable here
23 |
24 | #pragma mark Geometry
/Users/admin/builder/spi-builder-workspace/Sources/Rerender/HUD/HUDWindow.swift:35:25: error: cannot find type 'UIViewRepresentable' in scope
33 | }
34 |
35 | struct HUDWindowBridge: UIViewRepresentable {
| `- error: cannot find type 'UIViewRepresentable' in scope
36 | let store: RerenderStore
37 | let alignment: Alignment
Failed frontend command:
/Applications/Xcode-27.0.0-Release.Candidate.app/Contents/Developer/Toolchains/XcodeDefault.xctoolchain/usr/bin/swift-frontend -frontend -emit-module -experimental-skip-non-inlinable-function-bodies-without-types /Users/admin/builder/spi-builder-workspace/Sources/Rerender/Core/MirrorDiff.swift /Users/admin/builder/spi-builder-workspace/Sources/Rerender/Core/Rerender.swift /Users/admin/builder/spi-builder-workspace/Sources/Rerender/Core/RerenderFrameKey.swift /Users/admin/builder/spi-builder-workspace/Sources/Rerender/Core/RerenderStore.swift /Users/admin/builder/spi-builder-workspace/Sources/Rerender/Core/ViewKey.swift /Users/admin/builder/spi-builder-workspace/Sources/Rerender/HUD/HUDCorner.swift /Users/admin/builder/spi-builder-workspace/Sources/Rerender/HUD/HUDFooter.swift /Users/admin/builder/spi-builder-workspace/Sources/Rerender/HUD/HUDHeader.swift /Users/admin/builder/spi-builder-workspace/Sources/Rerender/HUD/HUDList.swift /Users/admin/builder/spi-builder-workspace/Sources/Rerender/HUD/HUDPanel.swift /Users/admin/builder/spi-builder-workspace/Sources/Rerender/HUD/HUDRow.swift /Users/admin/builder/spi-builder-workspace/Sources/Rerender/HUD/HUDWindow.swift /Users/admin/builder/spi-builder-workspace/Sources/Rerender/HUD/RerenderHUD.swift -target arm64_32-apple-watchos10.0 -module-can-import-version UIKit 9127.0.84.1 9127.0.84 -disable-cross-import-overlay-search -load-resolved-plugin /Applications/Xcode-27.0.0-Release.Candidate.app/Contents/Developer/Platforms/WatchOS.platform/Developer/usr/lib/swift/host/plugins/libFoundationMacros.dylib\#/Applications/Xcode-27.0.0-Release.Candidate.app/Contents/Developer/Platforms/WatchOS.platform/Developer/usr/bin/swift-plugin-server\#FoundationMacros -load-resolved-plugin /Applications/Xcode-27.0.0-Release.Candidate.app/Contents/Developer/Platforms/WatchOS.platform/Developer/usr/lib/swift/host/plugins/libObservationMacros.dylib\#/Applications/Xcode-27.0.0-Release.Candidate.app/Contents/Developer/Platforms/WatchOS.platform/Developer/usr/bin/swift-plugin-server\#ObservationMacros -load-resolved-plugin /Applications/Xcode-27.0.0-Release.Candidate.app/Contents/Developer/Platforms/WatchOS.platform/Developer/usr/lib/swift/host/plugins/libPreviewsMacros.dylib\#/Applications/Xcode-27.0.0-Release.Candidate.app/Contents/Developer/Platforms/WatchOS.platform/Developer/usr/bin/swift-plugin-server\#PreviewsMacros -load-resolved-plugin /Applications/Xcode-27.0.0-Release.Candidate.app/Contents/Developer/Platforms/WatchOS.platform/Developer/usr/lib/swift/host/plugins/libSwiftMacros.dylib\#/Applications/Xcode-27.0.0-Release.Candidate.app/Contents/Developer/Platforms/WatchOS.platform/Developer/usr/bin/swift-plugin-server\#SwiftMacros -load-resolved-plugin /Applications/Xcode-27.0.0-Release.Candidate.app/Contents/Developer/Platforms/WatchOS.platform/Developer/usr/lib/swift/host/plugins/libSwiftUIMacros.dylib\#/Applications/Xcode-27.0.0-Release.Candidate.app/Contents/Developer/Platforms/WatchOS.platform/Developer/usr/bin/swift-plugin-server\#SwiftUIMacros -disable-implicit-swift-modules -Xcc -fno-implicit-modules -Xcc -fno-implicit-module-maps -explicit-swift-module-map-file /Users/admin/builder/spi-builder-workspace/.derivedData/Build/Intermediates.noindex/Rerender.build/Debug-watchos/Rerender-t.build/Objects-normal/arm64_32/Rerender-dependencies-2.json -enable-objc-interop -sdk /Applications/Xcode-27.0.0-Release.Candidate.app/Contents/Developer/Platforms/WatchOS.platform/Developer/SDKs/WatchOS27.0.sdk -I /Users/admin/builder/spi-builder-workspace/.derivedData/Build/Products/Debug-watchos -Isystem /Applications/Xcode-27.0.0-Release.Candidate.app/Contents/Developer/Platforms/WatchOS.platform/Developer/usr/lib -F /Users/admin/builder/spi-builder-workspace/.derivedData/Build/Products/Debug-watchos -F /Applications/Xcode-27.0.0-Release.Candidate.app/Contents/Developer/Platforms/WatchOS.platform/Developer/Library/Frameworks -F /Applications/Xcode-27.0.0-Release.Candidate.app/Contents/Developer/Platforms/WatchOS.platform/Developer/SDKs/WatchOS27.0.sdk/Developer/Library/Frameworks -module-cache-path /Users/admin/builder/spi-builder-workspace/.derivedData/Build/Intermediates.noindex/SwiftExplicitPrecompiledModules -no-color-diagnostics -Xcc -fno-color-diagnostics -enable-testing -g -debug-info-format\=dwarf -dwarf-version\=4 -profile-generate -profile-coverage-mapping -swift-version 6 -Onone -D SWIFT_PACKAGE -D DEBUG -D SWIFT_MODULE_RESOURCE_BUNDLE_UNAVAILABLE -D Xcode -serialize-debugging-options -enable-experimental-feature DebugDescriptionMacro -empty-abi-descriptor -validate-clang-modules-once -clang-build-session-file /Users/admin/builder/spi-builder-workspace/.derivedData/ModuleCache.noindex/Session.modulevalidation -Xcc -working-directory -Xcc /Users/admin/builder/spi-builder-workspace/.swiftpm/xcode -enable-anonymous-context-mangled-names -file-compilation-dir /Users/admin/builder/spi-builder-workspace/.swiftpm/xcode -Xcc -D_LIBCPP_HARDENING_MODE\=_LIBCPP_HARDENING_MODE_DEBUG -Xcc -ivfsstatcache -Xcc /Users/admin/builder/spi-builder-workspace/.derivedData/SDKStatCaches.noindex/watchos27.0-24R360-e829b21a6f8c9b70876ba0858053c04477534ef55a1706bf4c1112bbb242f0a2.sdkstatcache -Xcc -fmodules-prune-interval\=86400 -Xcc -fmodules-prune-after\=345600 -Xcc -I/Users/admin/builder/spi-builder-workspace/.derivedData/Build/Products/Debug-watchos/include -Xcc -I/Users/admin/builder/spi-builder-workspace/.derivedData/Build/Intermediates.noindex/Rerender.build/Debug-watchos/Rerender-t.build/DerivedSources-normal/arm64_32 -Xcc -I/Users/admin/builder/spi-builder-workspace/.derivedData/Build/Intermediates.noindex/Rerender.build/Debug-watchos/Rerender-t.build/DerivedSources/arm64_32 -Xcc -I/Users/admin/builder/spi-builder-workspace/.derivedData/Build/Intermediates.noindex/Rerender.build/Debug-watchos/Rerender-t.build/DerivedSources -Xcc -DSWIFT_PACKAGE -Xcc -DDEBUG\=1 -no-auto-bridging-header-chaining -module-name Rerender -package-name spi_builder_workspace -const-gather-protocols-file /Users/admin/builder/spi-builder-workspace/.derivedData/Build/Intermediates.noindex/Rerender.build/Debug-watchos/Rerender-t.build/Objects-normal/arm64_32/Rerender_const_extract_protocols.json -disable-clang-spi -clang-target arm64_32-apple-watchos27.0 -target-sdk-version 27.0 -target-sdk-name watchos27.0 -in-process-plugin-server-path /Applications/Xcode-27.0.0-Release.Candidate.app/Contents/Developer/Toolchains/XcodeDefault.xctoolchain/usr/lib/swift/host/libSwiftInProcPluginServer.dylib -emit-module-doc-path /Users/admin/builder/spi-builder-workspace/.derivedData/Build/Intermediates.noindex/Rerender.build/Debug-watchos/Rerender-t.build/Objects-normal/arm64_32/Rerender.swiftdoc -emit-module-source-info-path /Users/admin/builder/spi-builder-workspace/.derivedData/Build/Intermediates.noindex/Rerender.build/Debug-watchos/Rerender-t.build/Objects-normal/arm64_32/Rerender.swiftsourceinfo -emit-objc-header-path /Users/admin/builder/spi-builder-workspace/.derivedData/Build/Intermediates.noindex/Rerender.build/Debug-watchos/Rerender-t.build/Objects-normal/arm64_32/Rerender-Swift.h -serialize-diagnostics-path /Users/admin/builder/spi-builder-workspace/.derivedData/Build/Intermediates.noindex/Rerender.build/Debug-watchos/Rerender-t.build/Objects-normal/arm64_32/Rerender-primary-emit-module.dia -emit-dependencies-path /Users/admin/builder/spi-builder-workspace/.derivedData/Build/Intermediates.noindex/Rerender.build/Debug-watchos/Rerender-t.build/Objects-normal/arm64_32/Rerender-primary-emit-module.d -parse-as-library -o /Users/admin/builder/spi-builder-workspace/.derivedData/Build/Intermediates.noindex/Rerender.build/Debug-watchos/Rerender-t.build/Objects-normal/arm64_32/Rerender.swiftmodule -emit-abi-descriptor-path /Users/admin/builder/spi-builder-workspace/.derivedData/Build/Intermediates.noindex/Rerender.build/Debug-watchos/Rerender-t.build/Objects-normal/arm64_32/Rerender.abi.json
SwiftCompile normal arm64_32 (in target 'Rerender' from project 'Rerender')
cd /Users/admin/builder/spi-builder-workspace/.swiftpm/xcode
SwiftCompile normal arm64_32 Compiling\ MirrorDiff.swift,\ Rerender.swift /Users/admin/builder/spi-builder-workspace/Sources/Rerender/Core/MirrorDiff.swift /Users/admin/builder/spi-builder-workspace/Sources/Rerender/Core/Rerender.swift (in target 'Rerender' from project 'Rerender')
SwiftCompile normal arm64_32 /Users/admin/builder/spi-builder-workspace/Sources/Rerender/Core/MirrorDiff.swift (in target 'Rerender' from project 'Rerender')
cd /Users/admin/builder/spi-builder-workspace/.swiftpm/xcode
builtin-SwiftPerFileCompile MirrorDiff.swift
SwiftCompile normal arm64_32 /Users/admin/builder/spi-builder-workspace/Sources/Rerender/Core/Rerender.swift (in target 'Rerender' from project 'Rerender')
cd /Users/admin/builder/spi-builder-workspace/.swiftpm/xcode
builtin-SwiftPerFileCompile Rerender.swift
SwiftCompile normal arm64_32 Compiling\ HUDHeader.swift /Users/admin/builder/spi-builder-workspace/Sources/Rerender/HUD/HUDHeader.swift (in target 'Rerender' from project 'Rerender')
SwiftCompile normal arm64_32 /Users/admin/builder/spi-builder-workspace/Sources/Rerender/HUD/HUDHeader.swift (in target 'Rerender' from project 'Rerender')
cd /Users/admin/builder/spi-builder-workspace/.swiftpm/xcode
builtin-SwiftPerFileCompile HUDHeader.swift
SwiftCompile normal arm64_32 Compiling\ HUDRow.swift /Users/admin/builder/spi-builder-workspace/Sources/Rerender/HUD/HUDRow.swift (in target 'Rerender' from project 'Rerender')
SwiftCompile normal arm64_32 /Users/admin/builder/spi-builder-workspace/Sources/Rerender/HUD/HUDRow.swift (in target 'Rerender' from project 'Rerender')
cd /Users/admin/builder/spi-builder-workspace/.swiftpm/xcode
builtin-SwiftPerFileCompile HUDRow.swift
SwiftCompile normal arm64_32 Compiling\ ViewKey.swift,\ HUDCorner.swift /Users/admin/builder/spi-builder-workspace/Sources/Rerender/Core/ViewKey.swift /Users/admin/builder/spi-builder-workspace/Sources/Rerender/HUD/HUDCorner.swift (in target 'Rerender' from project 'Rerender')
SwiftCompile normal arm64_32 /Users/admin/builder/spi-builder-workspace/Sources/Rerender/Core/ViewKey.swift (in target 'Rerender' from project 'Rerender')
cd /Users/admin/builder/spi-builder-workspace/.swiftpm/xcode
builtin-SwiftPerFileCompile ViewKey.swift
SwiftCompile normal arm64_32 /Users/admin/builder/spi-builder-workspace/Sources/Rerender/HUD/HUDCorner.swift (in target 'Rerender' from project 'Rerender')
cd /Users/admin/builder/spi-builder-workspace/.swiftpm/xcode
builtin-SwiftPerFileCompile HUDCorner.swift
SwiftCompile normal arm64_32 Compiling\ HUDFooter.swift /Users/admin/builder/spi-builder-workspace/Sources/Rerender/HUD/HUDFooter.swift (in target 'Rerender' from project 'Rerender')
SwiftCompile normal arm64_32 /Users/admin/builder/spi-builder-workspace/Sources/Rerender/HUD/HUDFooter.swift (in target 'Rerender' from project 'Rerender')
cd /Users/admin/builder/spi-builder-workspace/.swiftpm/xcode
builtin-SwiftPerFileCompile HUDFooter.swift
SwiftExplicitDependencyGeneratePcm arm64 /Users/admin/builder/spi-builder-workspace/.derivedData/SDKExplicitPrecompiledModules/SwiftUI-E6XJI4PF1Q2HPTXKL91GWARU6.pcm
PruneExplicitPrecompiledModules /Users/admin/builder/spi-builder-workspace/.derivedData/Build/Intermediates.noindex/SwiftExplicitPrecompiledModules
PruneExplicitPrecompiledModules /Users/admin/builder/spi-builder-workspace/.derivedData/SDKExplicitPrecompiledModules
PruneExplicitPrecompiledModules /Users/admin/builder/spi-builder-workspace/.derivedData/Build/Intermediates.noindex/ExplicitPrecompiledModules
2026-09-24 17:17:35.352 xcodebuild[629:3915] [MT] IDERunDestination: Supported platforms for the buildables in the current scheme is empty.
** BUILD FAILED **
The following build commands failed:
SwiftEmitModule normal arm64_32 Emitting\ module\ for\ Rerender (in target 'Rerender' from project 'Rerender')
SwiftCompile normal arm64_32 (in target 'Rerender' from project 'Rerender')
Building workspace Rerender with scheme Rerender
(3 failures)
Command line invocation:
/Applications/Xcode-27.0.0-Release.Candidate.app/Contents/Developer/usr/bin/xcodebuild -IDEClonedSourcePackagesDirPathOverride=/Users/admin/builder/spi-builder-workspace/.dependencies -resolvePackageDependencies
Resolve Package Graph
Resolved source packages:
Rerender: /Users/admin/builder/spi-builder-workspace
resolved source packages: Rerender
2026-09-24 17:17:42.156 xcodebuild[815:4734] [MT] IDERunDestination: Supported platforms for the buildables in the current scheme is empty.
{
"dependencies" : [
],
"manifest_display_name" : "Rerender",
"name" : "Rerender",
"path" : "/Users/admin/builder/spi-builder-workspace",
"platforms" : [
{
"name" : "ios",
"version" : "17.0"
},
{
"name" : "macos",
"version" : "14.0"
}
],
"products" : [
{
"name" : "Rerender",
"targets" : [
"Rerender"
],
"type" : {
"library" : [
"automatic"
]
}
}
],
"targets" : [
{
"c99name" : "RerenderTests",
"module_type" : "SwiftTarget",
"name" : "RerenderTests",
"path" : "Tests/RerenderTests",
"sources" : [
"MirrorDiffTests.swift"
],
"target_dependencies" : [
"Rerender"
],
"type" : "test"
},
{
"c99name" : "Rerender",
"module_type" : "SwiftTarget",
"name" : "Rerender",
"path" : "Sources/Rerender",
"product_memberships" : [
"Rerender"
],
"sources" : [
"Core/MirrorDiff.swift",
"Core/Rerender.swift",
"Core/RerenderFrameKey.swift",
"Core/RerenderStore.swift",
"Core/ViewKey.swift",
"HUD/HUDCorner.swift",
"HUD/HUDFooter.swift",
"HUD/HUDHeader.swift",
"HUD/HUDList.swift",
"HUD/HUDPanel.swift",
"HUD/HUDRow.swift",
"HUD/HUDWindow.swift",
"HUD/RerenderHUD.swift"
],
"type" : "library"
}
],
"tools_version" : "6.0"
}
{
"workspace" : {
"name" : "Rerender",
"schemes" : [
"Rerender"
]
}
}
2026-09-24 17:17:43.383 xcodebuild[823:4797] [MT] IDERunDestination: Supported platforms for the buildables in the current scheme is empty.
Running build ...
env DEVELOPER_DIR=/Applications/Xcode-27.0.0-Release.Candidate.app xcrun xcodebuild -IDEClonedSourcePackagesDirPathOverride=$PWD/.dependencies -skipMacroValidation -skipPackagePluginValidation -derivedDataPath $PWD/.derivedData build -scheme Rerender -destination generic/platform=watchOS
Command line invocation:
/Applications/Xcode-27.0.0-Release.Candidate.app/Contents/Developer/usr/bin/xcodebuild -IDEClonedSourcePackagesDirPathOverride=/Users/admin/builder/spi-builder-workspace/.dependencies -skipMacroValidation -skipPackagePluginValidation -derivedDataPath /Users/admin/builder/spi-builder-workspace/.derivedData build -scheme Rerender -destination generic/platform=watchOS
Resolve Package Graph
Resolved source packages:
Rerender: /Users/admin/builder/spi-builder-workspace
ComputePackagePrebuildTargetDependencyGraph
Prepare packages
CreateBuildRequest
SendProjectDescription
CreateBuildOperation
ComputeTargetDependencyGraph
note: Building targets in dependency order
note: Target dependency graph (2 targets)
Target 'Rerender-product' in project 'Rerender'
➜ Explicit dependency on target 'Rerender' in project 'Rerender'
Target 'Rerender' in project 'Rerender' (no dependencies)
GatherProvisioningInputs
CreateBuildDescription
ClangStatCache /Applications/Xcode-27.0.0-Release.Candidate.app/Contents/Developer/Toolchains/XcodeDefault.xctoolchain/usr/bin/clang-stat-cache /Applications/Xcode-27.0.0-Release.Candidate.app/Contents/Developer/Platforms/WatchOS.platform/Developer/SDKs/WatchOS27.0.sdk /Users/admin/builder/spi-builder-workspace/.derivedData/SDKStatCaches.noindex/watchos27.0-24R360-e829b21a6f8c9b70876ba0858053c04477534ef55a1706bf4c1112bbb242f0a2.sdkstatcache
cd /Users/admin/builder/spi-builder-workspace/.swiftpm/xcode
/Applications/Xcode-27.0.0-Release.Candidate.app/Contents/Developer/Toolchains/XcodeDefault.xctoolchain/usr/bin/clang-stat-cache /Applications/Xcode-27.0.0-Release.Candidate.app/Contents/Developer/Platforms/WatchOS.platform/Developer/SDKs/WatchOS27.0.sdk -o /Users/admin/builder/spi-builder-workspace/.derivedData/SDKStatCaches.noindex/watchos27.0-24R360-e829b21a6f8c9b70876ba0858053c04477534ef55a1706bf4c1112bbb242f0a2.sdkstatcache
SwiftDriver Rerender normal arm64_32 com.apple.xcode.tools.swift.compiler (in target 'Rerender' from project 'Rerender')
cd /Users/admin/builder/spi-builder-workspace/.swiftpm/xcode
builtin-SwiftDriver -- /Applications/Xcode-27.0.0-Release.Candidate.app/Contents/Developer/Toolchains/XcodeDefault.xctoolchain/usr/bin/swiftc -parse-as-library -module-name Rerender -Onone @/Users/admin/builder/spi-builder-workspace/.derivedData/Build/Intermediates.noindex/Rerender.build/Debug-watchos/Rerender-t.build/Objects-normal/arm64_32/Rerender.SwiftFileList -DSWIFT_PACKAGE -DDEBUG -DSWIFT_MODULE_RESOURCE_BUNDLE_UNAVAILABLE -DXcode -plugin-path /Applications/Xcode-27.0.0-Release.Candidate.app/Contents/Developer/Toolchains/XcodeDefault.xctoolchain/usr/lib/swift/host/plugins/testing -enable-experimental-feature DebugDescriptionMacro -sdk /Applications/Xcode-27.0.0-Release.Candidate.app/Contents/Developer/Platforms/WatchOS.platform/Developer/SDKs/WatchOS27.0.sdk -target arm64_32-apple-watchos10.0 -g -module-cache-path /Users/admin/builder/spi-builder-workspace/.derivedData/ModuleCache.noindex -Xfrontend -serialize-debugging-options -profile-coverage-mapping -profile-generate -enable-testing -index-store-path /Users/admin/builder/spi-builder-workspace/.derivedData/Index.noindex/DataStore -Xcc -D_LIBCPP_HARDENING_MODE\=_LIBCPP_HARDENING_MODE_DEBUG -swift-version 6 -I /Users/admin/builder/spi-builder-workspace/.derivedData/Build/Products/Debug-watchos -Isystem /Applications/Xcode-27.0.0-Release.Candidate.app/Contents/Developer/Platforms/WatchOS.platform/Developer/usr/lib -F /Users/admin/builder/spi-builder-workspace/.derivedData/Build/Products/Debug-watchos -F /Applications/Xcode-27.0.0-Release.Candidate.app/Contents/Developer/Platforms/WatchOS.platform/Developer/Library/Frameworks -F /Applications/Xcode-27.0.0-Release.Candidate.app/Contents/Developer/Platforms/WatchOS.platform/Developer/SDKs/WatchOS27.0.sdk/Developer/Library/Frameworks -c -j10 -enable-batch-mode -incremental -Xcc -ivfsstatcache -Xcc /Users/admin/builder/spi-builder-workspace/.derivedData/SDKStatCaches.noindex/watchos27.0-24R360-e829b21a6f8c9b70876ba0858053c04477534ef55a1706bf4c1112bbb242f0a2.sdkstatcache -output-file-map /Users/admin/builder/spi-builder-workspace/.derivedData/Build/Intermediates.noindex/Rerender.build/Debug-watchos/Rerender-t.build/Objects-normal/arm64_32/Rerender-OutputFileMap.json -save-temps -no-color-diagnostics -explicit-module-build -module-cache-path /Users/admin/builder/spi-builder-workspace/.derivedData/Build/Intermediates.noindex/SwiftExplicitPrecompiledModules -clang-scanner-module-cache-path /Users/admin/builder/spi-builder-workspace/.derivedData/ModuleCache.noindex -sdk-module-cache-path /Users/admin/builder/spi-builder-workspace/.derivedData/SDKExplicitPrecompiledModules -emit-dependencies -emit-module -emit-module-path /Users/admin/builder/spi-builder-workspace/.derivedData/Build/Intermediates.noindex/Rerender.build/Debug-watchos/Rerender-t.build/Objects-normal/arm64_32/Rerender.swiftmodule -serialize-diagnostics -dependency-scan-serialize-diagnostics-path /Users/admin/builder/spi-builder-workspace/.derivedData/Build/Intermediates.noindex/Rerender.build/Debug-watchos/Rerender-t.build/Objects-normal/arm64_32/Rerender-dependency-scan.dia -validate-clang-modules-once -clang-build-session-file /Users/admin/builder/spi-builder-workspace/.derivedData/ModuleCache.noindex/Session.modulevalidation -Xcc -fmodules-prune-interval\=86400 -Xcc -fmodules-prune-after\=345600 -package-name spi_builder_workspace -emit-const-values -const-gather-protocols-list /Users/admin/builder/spi-builder-workspace/.derivedData/Build/Intermediates.noindex/Rerender.build/Debug-watchos/Rerender-t.build/Objects-normal/arm64_32/Rerender_const_extract_protocols.json -Xcc -I/Users/admin/builder/spi-builder-workspace/.derivedData/Build/Products/Debug-watchos/include -Xcc -I/Users/admin/builder/spi-builder-workspace/.derivedData/Build/Intermediates.noindex/Rerender.build/Debug-watchos/Rerender-t.build/DerivedSources-normal/arm64_32 -Xcc -I/Users/admin/builder/spi-builder-workspace/.derivedData/Build/Intermediates.noindex/Rerender.build/Debug-watchos/Rerender-t.build/DerivedSources/arm64_32 -Xcc -I/Users/admin/builder/spi-builder-workspace/.derivedData/Build/Intermediates.noindex/Rerender.build/Debug-watchos/Rerender-t.build/DerivedSources -Xcc -DSWIFT_PACKAGE -Xcc -DDEBUG\=1 -emit-objc-header -emit-objc-header-path /Users/admin/builder/spi-builder-workspace/.derivedData/Build/Intermediates.noindex/Rerender.build/Debug-watchos/Rerender-t.build/Objects-normal/arm64_32/Rerender-Swift.h -working-directory /Users/admin/builder/spi-builder-workspace/.swiftpm/xcode -experimental-emit-module-separately -disable-cmo
SwiftDriver Rerender normal arm64 com.apple.xcode.tools.swift.compiler (in target 'Rerender' from project 'Rerender')
cd /Users/admin/builder/spi-builder-workspace/.swiftpm/xcode
builtin-SwiftDriver -- /Applications/Xcode-27.0.0-Release.Candidate.app/Contents/Developer/Toolchains/XcodeDefault.xctoolchain/usr/bin/swiftc -parse-as-library -module-name Rerender -Onone @/Users/admin/builder/spi-builder-workspace/.derivedData/Build/Intermediates.noindex/Rerender.build/Debug-watchos/Rerender-t.build/Objects-normal/arm64/Rerender.SwiftFileList -DSWIFT_PACKAGE -DDEBUG -DSWIFT_MODULE_RESOURCE_BUNDLE_UNAVAILABLE -DXcode -plugin-path /Applications/Xcode-27.0.0-Release.Candidate.app/Contents/Developer/Toolchains/XcodeDefault.xctoolchain/usr/lib/swift/host/plugins/testing -enable-experimental-feature DebugDescriptionMacro -sdk /Applications/Xcode-27.0.0-Release.Candidate.app/Contents/Developer/Platforms/WatchOS.platform/Developer/SDKs/WatchOS27.0.sdk -target arm64-apple-watchos10.0 -g -module-cache-path /Users/admin/builder/spi-builder-workspace/.derivedData/ModuleCache.noindex -Xfrontend -serialize-debugging-options -profile-coverage-mapping -profile-generate -enable-testing -index-store-path /Users/admin/builder/spi-builder-workspace/.derivedData/Index.noindex/DataStore -Xcc -D_LIBCPP_HARDENING_MODE\=_LIBCPP_HARDENING_MODE_DEBUG -swift-version 6 -I /Users/admin/builder/spi-builder-workspace/.derivedData/Build/Products/Debug-watchos -Isystem /Applications/Xcode-27.0.0-Release.Candidate.app/Contents/Developer/Platforms/WatchOS.platform/Developer/usr/lib -F /Users/admin/builder/spi-builder-workspace/.derivedData/Build/Products/Debug-watchos -F /Applications/Xcode-27.0.0-Release.Candidate.app/Contents/Developer/Platforms/WatchOS.platform/Developer/Library/Frameworks -F /Applications/Xcode-27.0.0-Release.Candidate.app/Contents/Developer/Platforms/WatchOS.platform/Developer/SDKs/WatchOS27.0.sdk/Developer/Library/Frameworks -c -j10 -enable-batch-mode -incremental -Xcc -ivfsstatcache -Xcc /Users/admin/builder/spi-builder-workspace/.derivedData/SDKStatCaches.noindex/watchos27.0-24R360-e829b21a6f8c9b70876ba0858053c04477534ef55a1706bf4c1112bbb242f0a2.sdkstatcache -output-file-map /Users/admin/builder/spi-builder-workspace/.derivedData/Build/Intermediates.noindex/Rerender.build/Debug-watchos/Rerender-t.build/Objects-normal/arm64/Rerender-OutputFileMap.json -save-temps -no-color-diagnostics -explicit-module-build -module-cache-path /Users/admin/builder/spi-builder-workspace/.derivedData/Build/Intermediates.noindex/SwiftExplicitPrecompiledModules -clang-scanner-module-cache-path /Users/admin/builder/spi-builder-workspace/.derivedData/ModuleCache.noindex -sdk-module-cache-path /Users/admin/builder/spi-builder-workspace/.derivedData/SDKExplicitPrecompiledModules -emit-dependencies -emit-module -emit-module-path /Users/admin/builder/spi-builder-workspace/.derivedData/Build/Intermediates.noindex/Rerender.build/Debug-watchos/Rerender-t.build/Objects-normal/arm64/Rerender.swiftmodule -serialize-diagnostics -dependency-scan-serialize-diagnostics-path /Users/admin/builder/spi-builder-workspace/.derivedData/Build/Intermediates.noindex/Rerender.build/Debug-watchos/Rerender-t.build/Objects-normal/arm64/Rerender-dependency-scan.dia -validate-clang-modules-once -clang-build-session-file /Users/admin/builder/spi-builder-workspace/.derivedData/ModuleCache.noindex/Session.modulevalidation -Xcc -fmodules-prune-interval\=86400 -Xcc -fmodules-prune-after\=345600 -package-name spi_builder_workspace -emit-const-values -const-gather-protocols-list /Users/admin/builder/spi-builder-workspace/.derivedData/Build/Intermediates.noindex/Rerender.build/Debug-watchos/Rerender-t.build/Objects-normal/arm64/Rerender_const_extract_protocols.json -Xcc -I/Users/admin/builder/spi-builder-workspace/.derivedData/Build/Products/Debug-watchos/include -Xcc -I/Users/admin/builder/spi-builder-workspace/.derivedData/Build/Intermediates.noindex/Rerender.build/Debug-watchos/Rerender-t.build/DerivedSources-normal/arm64 -Xcc -I/Users/admin/builder/spi-builder-workspace/.derivedData/Build/Intermediates.noindex/Rerender.build/Debug-watchos/Rerender-t.build/DerivedSources/arm64 -Xcc -I/Users/admin/builder/spi-builder-workspace/.derivedData/Build/Intermediates.noindex/Rerender.build/Debug-watchos/Rerender-t.build/DerivedSources -Xcc -DSWIFT_PACKAGE -Xcc -DDEBUG\=1 -emit-objc-header -emit-objc-header-path /Users/admin/builder/spi-builder-workspace/.derivedData/Build/Intermediates.noindex/Rerender.build/Debug-watchos/Rerender-t.build/Objects-normal/arm64/Rerender-Swift.h -working-directory /Users/admin/builder/spi-builder-workspace/.swiftpm/xcode -experimental-emit-module-separately -disable-cmo
SwiftCompile normal arm64_32 Compiling\ ViewKey.swift,\ HUDCorner.swift /Users/admin/builder/spi-builder-workspace/Sources/Rerender/Core/ViewKey.swift /Users/admin/builder/spi-builder-workspace/Sources/Rerender/HUD/HUDCorner.swift (in target 'Rerender' from project 'Rerender')
SwiftCompile normal arm64_32 /Users/admin/builder/spi-builder-workspace/Sources/Rerender/Core/ViewKey.swift (in target 'Rerender' from project 'Rerender')
cd /Users/admin/builder/spi-builder-workspace/.swiftpm/xcode
builtin-SwiftPerFileCompile ViewKey.swift
SwiftCompile normal arm64_32 /Users/admin/builder/spi-builder-workspace/Sources/Rerender/HUD/HUDCorner.swift (in target 'Rerender' from project 'Rerender')
cd /Users/admin/builder/spi-builder-workspace/.swiftpm/xcode
builtin-SwiftPerFileCompile HUDCorner.swift
SwiftEmitModule normal arm64_32 Emitting\ module\ for\ Rerender (in target 'Rerender' from project 'Rerender')
/Users/admin/builder/spi-builder-workspace/Sources/Rerender/HUD/HUDWindow.swift:17:57: error: 'UIEvent' is unavailable in watchOS
15 | var hudFrame: CGRect = .zero
16 |
17 | override func hitTest(_ point: CGPoint, with event: UIEvent?) -> UIView? {
| `- error: 'UIEvent' is unavailable in watchOS
18 | guard hudFrame.contains(point) else { return nil }
19 | return super.hitTest(point, with: event)
/Applications/Xcode-27.0.0-Release.Candidate.app/Contents/Developer/Platforms/WatchOS.platform/Developer/SDKs/WatchOS27.0.sdk/System/Library/Frameworks/UIKit.framework/Headers/UIEvent.h:62:12: note: 'UIEvent' has been explicitly marked unavailable here
60 |
61 | UIKIT_EXTERN API_AVAILABLE(ios(2.0)) API_UNAVAILABLE(watchos) NS_SWIFT_UI_ACTOR
62 | @interface UIEvent : NSObject
| `- note: 'UIEvent' has been explicitly marked unavailable here
63 |
64 | @property(nonatomic,readonly) UIEventType type API_AVAILABLE(ios(3.0));
/Users/admin/builder/spi-builder-workspace/Sources/Rerender/HUD/HUDWindow.swift:17:70: error: 'UIView' is unavailable in watchOS
15 | var hudFrame: CGRect = .zero
16 |
17 | override func hitTest(_ point: CGPoint, with event: UIEvent?) -> UIView? {
| `- error: 'UIView' is unavailable in watchOS
18 | guard hudFrame.contains(point) else { return nil }
19 | return super.hitTest(point, with: event)
/Applications/Xcode-27.0.0-Release.Candidate.app/Contents/Developer/Platforms/WatchOS.platform/Developer/SDKs/WatchOS27.0.sdk/System/Library/Frameworks/UIKit.framework/Headers/UIView.h:152:12: note: 'UIView' has been explicitly marked unavailable here
150 |
151 | UIKIT_EXTERN API_AVAILABLE(ios(2.0)) API_UNAVAILABLE(watchos) NS_SWIFT_UI_ACTOR
152 | @interface UIView : UIResponder <NSCoding, UIAppearance, UIAppearanceContainer, UIDynamicItem, UITraitEnvironment, UICoordinateSpace, UIFocusItem, UIFocusItemContainer, CALayerDelegate>
| `- note: 'UIView' has been explicitly marked unavailable here
153 |
154 | @property(class, nonatomic, readonly) Class layerClass; // default is [CALayer class]. Used when creating the underlying layer for the view.
/Users/admin/builder/spi-builder-workspace/Sources/Rerender/HUD/HUDWindow.swift:14:32: error: 'UIWindow' is unavailable in watchOS
12 | import UIKit
13 |
14 | final class PassthroughWindow: UIWindow {
| `- error: 'UIWindow' is unavailable in watchOS
15 | var hudFrame: CGRect = .zero
16 |
/Applications/Xcode-27.0.0-Release.Candidate.app/Contents/Developer/Platforms/WatchOS.platform/Developer/SDKs/WatchOS27.0.sdk/System/Library/Frameworks/UIKit.framework/Headers/UIWindow.h:22:12: note: 'UIWindow' has been explicitly marked unavailable here
20 |
21 | UIKIT_EXTERN API_AVAILABLE(ios(2.0)) API_UNAVAILABLE(watchos) NS_SWIFT_UI_ACTOR
22 | @interface UIWindow : UIView
| `- note: 'UIWindow' has been explicitly marked unavailable here
23 |
24 | // instantiate a UIWindow already associated with a given UIWindowScene instance, with matching frame & interface orientations.
/Users/admin/builder/spi-builder-workspace/Sources/Rerender/HUD/HUDWindow.swift:24:21: error: 'UIWindowScene' is unavailable in watchOS
22 |
23 | final class WindowAnchorView: UIView {
24 | var onAttach: ((UIWindowScene) -> Void)?
| `- error: 'UIWindowScene' is unavailable in watchOS
25 |
26 | override func didMoveToWindow() {
/Applications/Xcode-27.0.0-Release.Candidate.app/Contents/Developer/Platforms/WatchOS.platform/Developer/SDKs/WatchOS27.0.sdk/System/Library/Frameworks/UIKit.framework/Headers/UIWindowScene.h:22:12: note: 'UIWindowScene' has been explicitly marked unavailable here
20 |
21 | UIKIT_EXTERN API_AVAILABLE(ios(13.0)) API_UNAVAILABLE(watchos) NS_SWIFT_UI_ACTOR
22 | @interface UIWindowScene : UIScene
| `- note: 'UIWindowScene' has been explicitly marked unavailable here
23 |
24 | #pragma mark Geometry
/Users/admin/builder/spi-builder-workspace/Sources/Rerender/HUD/HUDWindow.swift:23:31: error: 'UIView' is unavailable in watchOS
21 | }
22 |
23 | final class WindowAnchorView: UIView {
| `- error: 'UIView' is unavailable in watchOS
24 | var onAttach: ((UIWindowScene) -> Void)?
25 |
/Applications/Xcode-27.0.0-Release.Candidate.app/Contents/Developer/Platforms/WatchOS.platform/Developer/SDKs/WatchOS27.0.sdk/System/Library/Frameworks/UIKit.framework/Headers/UIView.h:152:12: note: 'UIView' has been explicitly marked unavailable here
150 |
151 | UIKIT_EXTERN API_AVAILABLE(ios(2.0)) API_UNAVAILABLE(watchos) NS_SWIFT_UI_ACTOR
152 | @interface UIView : UIResponder <NSCoding, UIAppearance, UIAppearanceContainer, UIDynamicItem, UITraitEnvironment, UICoordinateSpace, UIFocusItem, UIFocusItemContainer, CALayerDelegate>
| `- note: 'UIView' has been explicitly marked unavailable here
153 |
154 | @property(class, nonatomic, readonly) Class layerClass; // default is [CALayer class]. Used when creating the underlying layer for the view.
/Users/admin/builder/spi-builder-workspace/Sources/Rerender/HUD/HUDWindow.swift:41:30: error: cannot find type 'Context' in scope
39 | func makeCoordinator() -> Coordinator { Coordinator() }
40 |
41 | func makeUIView(context: Context) -> WindowAnchorView {
| `- error: cannot find type 'Context' in scope
42 | let anchor = WindowAnchorView()
43 | anchor.isHidden = true
/Users/admin/builder/spi-builder-workspace/Sources/Rerender/HUD/HUDWindow.swift:55:60: error: cannot find type 'Context' in scope
53 | }
54 |
55 | func updateUIView(_ uiView: WindowAnchorView, context: Context) {
| `- error: cannot find type 'Context' in scope
56 | if context.coordinator.window == nil,
57 | let scene = uiView.window?.windowScene {
/Users/admin/builder/spi-builder-workspace/Sources/Rerender/HUD/HUDWindow.swift:80:22: error: cannot find type 'UIHostingController' in scope
78 | class Coordinator {
79 | var window: PassthroughWindow?
80 | var hosting: UIHostingController<HUDContent>?
| `- error: cannot find type 'UIHostingController' in scope
81 |
82 | func createWindowIfNeeded(
/Users/admin/builder/spi-builder-workspace/Sources/Rerender/HUD/HUDWindow.swift:83:20: error: 'UIWindowScene' is unavailable in watchOS
81 |
82 | func createWindowIfNeeded(
83 | scene: UIWindowScene,
| `- error: 'UIWindowScene' is unavailable in watchOS
84 | store: RerenderStore,
85 | alignment: Alignment
/Applications/Xcode-27.0.0-Release.Candidate.app/Contents/Developer/Platforms/WatchOS.platform/Developer/SDKs/WatchOS27.0.sdk/System/Library/Frameworks/UIKit.framework/Headers/UIWindowScene.h:22:12: note: 'UIWindowScene' has been explicitly marked unavailable here
20 |
21 | UIKIT_EXTERN API_AVAILABLE(ios(13.0)) API_UNAVAILABLE(watchos) NS_SWIFT_UI_ACTOR
22 | @interface UIWindowScene : UIScene
| `- note: 'UIWindowScene' has been explicitly marked unavailable here
23 |
24 | #pragma mark Geometry
/Users/admin/builder/spi-builder-workspace/Sources/Rerender/HUD/HUDWindow.swift:35:25: error: cannot find type 'UIViewRepresentable' in scope
33 | }
34 |
35 | struct HUDWindowBridge: UIViewRepresentable {
| `- error: cannot find type 'UIViewRepresentable' in scope
36 | let store: RerenderStore
37 | let alignment: Alignment
Failed frontend command:
/Applications/Xcode-27.0.0-Release.Candidate.app/Contents/Developer/Toolchains/XcodeDefault.xctoolchain/usr/bin/swift-frontend -frontend -emit-module -experimental-skip-non-inlinable-function-bodies-without-types /Users/admin/builder/spi-builder-workspace/Sources/Rerender/Core/MirrorDiff.swift /Users/admin/builder/spi-builder-workspace/Sources/Rerender/Core/Rerender.swift /Users/admin/builder/spi-builder-workspace/Sources/Rerender/Core/RerenderFrameKey.swift /Users/admin/builder/spi-builder-workspace/Sources/Rerender/Core/RerenderStore.swift /Users/admin/builder/spi-builder-workspace/Sources/Rerender/Core/ViewKey.swift /Users/admin/builder/spi-builder-workspace/Sources/Rerender/HUD/HUDCorner.swift /Users/admin/builder/spi-builder-workspace/Sources/Rerender/HUD/HUDFooter.swift /Users/admin/builder/spi-builder-workspace/Sources/Rerender/HUD/HUDHeader.swift /Users/admin/builder/spi-builder-workspace/Sources/Rerender/HUD/HUDList.swift /Users/admin/builder/spi-builder-workspace/Sources/Rerender/HUD/HUDPanel.swift /Users/admin/builder/spi-builder-workspace/Sources/Rerender/HUD/HUDRow.swift /Users/admin/builder/spi-builder-workspace/Sources/Rerender/HUD/HUDWindow.swift /Users/admin/builder/spi-builder-workspace/Sources/Rerender/HUD/RerenderHUD.swift -target arm64_32-apple-watchos10.0 -module-can-import-version UIKit 9127.0.84.1 9127.0.84 -disable-cross-import-overlay-search -load-resolved-plugin /Applications/Xcode-27.0.0-Release.Candidate.app/Contents/Developer/Platforms/WatchOS.platform/Developer/usr/lib/swift/host/plugins/libFoundationMacros.dylib\#/Applications/Xcode-27.0.0-Release.Candidate.app/Contents/Developer/Platforms/WatchOS.platform/Developer/usr/bin/swift-plugin-server\#FoundationMacros -load-resolved-plugin /Applications/Xcode-27.0.0-Release.Candidate.app/Contents/Developer/Platforms/WatchOS.platform/Developer/usr/lib/swift/host/plugins/libObservationMacros.dylib\#/Applications/Xcode-27.0.0-Release.Candidate.app/Contents/Developer/Platforms/WatchOS.platform/Developer/usr/bin/swift-plugin-server\#ObservationMacros -load-resolved-plugin /Applications/Xcode-27.0.0-Release.Candidate.app/Contents/Developer/Platforms/WatchOS.platform/Developer/usr/lib/swift/host/plugins/libPreviewsMacros.dylib\#/Applications/Xcode-27.0.0-Release.Candidate.app/Contents/Developer/Platforms/WatchOS.platform/Developer/usr/bin/swift-plugin-server\#PreviewsMacros -load-resolved-plugin /Applications/Xcode-27.0.0-Release.Candidate.app/Contents/Developer/Platforms/WatchOS.platform/Developer/usr/lib/swift/host/plugins/libSwiftMacros.dylib\#/Applications/Xcode-27.0.0-Release.Candidate.app/Contents/Developer/Platforms/WatchOS.platform/Developer/usr/bin/swift-plugin-server\#SwiftMacros -load-resolved-plugin /Applications/Xcode-27.0.0-Release.Candidate.app/Contents/Developer/Platforms/WatchOS.platform/Developer/usr/lib/swift/host/plugins/libSwiftUIMacros.dylib\#/Applications/Xcode-27.0.0-Release.Candidate.app/Contents/Developer/Platforms/WatchOS.platform/Developer/usr/bin/swift-plugin-server\#SwiftUIMacros -disable-implicit-swift-modules -Xcc -fno-implicit-modules -Xcc -fno-implicit-module-maps -explicit-swift-module-map-file /Users/admin/builder/spi-builder-workspace/.derivedData/Build/Intermediates.noindex/Rerender.build/Debug-watchos/Rerender-t.build/Objects-normal/arm64_32/Rerender-dependencies-2.json -enable-objc-interop -sdk /Applications/Xcode-27.0.0-Release.Candidate.app/Contents/Developer/Platforms/WatchOS.platform/Developer/SDKs/WatchOS27.0.sdk -I /Users/admin/builder/spi-builder-workspace/.derivedData/Build/Products/Debug-watchos -Isystem /Applications/Xcode-27.0.0-Release.Candidate.app/Contents/Developer/Platforms/WatchOS.platform/Developer/usr/lib -F /Users/admin/builder/spi-builder-workspace/.derivedData/Build/Products/Debug-watchos -F /Applications/Xcode-27.0.0-Release.Candidate.app/Contents/Developer/Platforms/WatchOS.platform/Developer/Library/Frameworks -F /Applications/Xcode-27.0.0-Release.Candidate.app/Contents/Developer/Platforms/WatchOS.platform/Developer/SDKs/WatchOS27.0.sdk/Developer/Library/Frameworks -module-cache-path /Users/admin/builder/spi-builder-workspace/.derivedData/Build/Intermediates.noindex/SwiftExplicitPrecompiledModules -no-color-diagnostics -Xcc -fno-color-diagnostics -enable-testing -g -debug-info-format\=dwarf -dwarf-version\=4 -profile-generate -profile-coverage-mapping -swift-version 6 -Onone -D SWIFT_PACKAGE -D DEBUG -D SWIFT_MODULE_RESOURCE_BUNDLE_UNAVAILABLE -D Xcode -serialize-debugging-options -enable-experimental-feature DebugDescriptionMacro -empty-abi-descriptor -validate-clang-modules-once -clang-build-session-file /Users/admin/builder/spi-builder-workspace/.derivedData/ModuleCache.noindex/Session.modulevalidation -Xcc -working-directory -Xcc /Users/admin/builder/spi-builder-workspace/.swiftpm/xcode -enable-anonymous-context-mangled-names -file-compilation-dir /Users/admin/builder/spi-builder-workspace/.swiftpm/xcode -Xcc -D_LIBCPP_HARDENING_MODE\=_LIBCPP_HARDENING_MODE_DEBUG -Xcc -ivfsstatcache -Xcc /Users/admin/builder/spi-builder-workspace/.derivedData/SDKStatCaches.noindex/watchos27.0-24R360-e829b21a6f8c9b70876ba0858053c04477534ef55a1706bf4c1112bbb242f0a2.sdkstatcache -Xcc -fmodules-prune-interval\=86400 -Xcc -fmodules-prune-after\=345600 -Xcc -I/Users/admin/builder/spi-builder-workspace/.derivedData/Build/Products/Debug-watchos/include -Xcc -I/Users/admin/builder/spi-builder-workspace/.derivedData/Build/Intermediates.noindex/Rerender.build/Debug-watchos/Rerender-t.build/DerivedSources-normal/arm64_32 -Xcc -I/Users/admin/builder/spi-builder-workspace/.derivedData/Build/Intermediates.noindex/Rerender.build/Debug-watchos/Rerender-t.build/DerivedSources/arm64_32 -Xcc -I/Users/admin/builder/spi-builder-workspace/.derivedData/Build/Intermediates.noindex/Rerender.build/Debug-watchos/Rerender-t.build/DerivedSources -Xcc -DSWIFT_PACKAGE -Xcc -DDEBUG\=1 -no-auto-bridging-header-chaining -module-name Rerender -package-name spi_builder_workspace -const-gather-protocols-file /Users/admin/builder/spi-builder-workspace/.derivedData/Build/Intermediates.noindex/Rerender.build/Debug-watchos/Rerender-t.build/Objects-normal/arm64_32/Rerender_const_extract_protocols.json -disable-clang-spi -clang-target arm64_32-apple-watchos27.0 -target-sdk-version 27.0 -target-sdk-name watchos27.0 -in-process-plugin-server-path /Applications/Xcode-27.0.0-Release.Candidate.app/Contents/Developer/Toolchains/XcodeDefault.xctoolchain/usr/lib/swift/host/libSwiftInProcPluginServer.dylib -emit-module-doc-path /Users/admin/builder/spi-builder-workspace/.derivedData/Build/Intermediates.noindex/Rerender.build/Debug-watchos/Rerender-t.build/Objects-normal/arm64_32/Rerender.swiftdoc -emit-module-source-info-path /Users/admin/builder/spi-builder-workspace/.derivedData/Build/Intermediates.noindex/Rerender.build/Debug-watchos/Rerender-t.build/Objects-normal/arm64_32/Rerender.swiftsourceinfo -emit-objc-header-path /Users/admin/builder/spi-builder-workspace/.derivedData/Build/Intermediates.noindex/Rerender.build/Debug-watchos/Rerender-t.build/Objects-normal/arm64_32/Rerender-Swift.h -serialize-diagnostics-path /Users/admin/builder/spi-builder-workspace/.derivedData/Build/Intermediates.noindex/Rerender.build/Debug-watchos/Rerender-t.build/Objects-normal/arm64_32/Rerender-primary-emit-module.dia -emit-dependencies-path /Users/admin/builder/spi-builder-workspace/.derivedData/Build/Intermediates.noindex/Rerender.build/Debug-watchos/Rerender-t.build/Objects-normal/arm64_32/Rerender-primary-emit-module.d -parse-as-library -o /Users/admin/builder/spi-builder-workspace/.derivedData/Build/Intermediates.noindex/Rerender.build/Debug-watchos/Rerender-t.build/Objects-normal/arm64_32/Rerender.swiftmodule -emit-abi-descriptor-path /Users/admin/builder/spi-builder-workspace/.derivedData/Build/Intermediates.noindex/Rerender.build/Debug-watchos/Rerender-t.build/Objects-normal/arm64_32/Rerender.abi.json
SwiftCompile normal arm64_32 (in target 'Rerender' from project 'Rerender')
cd /Users/admin/builder/spi-builder-workspace/.swiftpm/xcode
SwiftCompile normal arm64_32 Compiling\ HUDFooter.swift /Users/admin/builder/spi-builder-workspace/Sources/Rerender/HUD/HUDFooter.swift (in target 'Rerender' from project 'Rerender')
SwiftCompile normal arm64_32 /Users/admin/builder/spi-builder-workspace/Sources/Rerender/HUD/HUDFooter.swift (in target 'Rerender' from project 'Rerender')
cd /Users/admin/builder/spi-builder-workspace/.swiftpm/xcode
builtin-SwiftPerFileCompile HUDFooter.swift
SwiftCompile normal arm64_32 Compiling\ HUDHeader.swift /Users/admin/builder/spi-builder-workspace/Sources/Rerender/HUD/HUDHeader.swift (in target 'Rerender' from project 'Rerender')
SwiftCompile normal arm64_32 /Users/admin/builder/spi-builder-workspace/Sources/Rerender/HUD/HUDHeader.swift (in target 'Rerender' from project 'Rerender')
cd /Users/admin/builder/spi-builder-workspace/.swiftpm/xcode
builtin-SwiftPerFileCompile HUDHeader.swift
SwiftCompile normal arm64_32 Compiling\ HUDList.swift /Users/admin/builder/spi-builder-workspace/Sources/Rerender/HUD/HUDList.swift (in target 'Rerender' from project 'Rerender')
SwiftCompile normal arm64_32 /Users/admin/builder/spi-builder-workspace/Sources/Rerender/HUD/HUDList.swift (in target 'Rerender' from project 'Rerender')
cd /Users/admin/builder/spi-builder-workspace/.swiftpm/xcode
builtin-SwiftPerFileCompile HUDList.swift
SwiftCompile normal arm64_32 Compiling\ HUDRow.swift /Users/admin/builder/spi-builder-workspace/Sources/Rerender/HUD/HUDRow.swift (in target 'Rerender' from project 'Rerender')
SwiftCompile normal arm64_32 /Users/admin/builder/spi-builder-workspace/Sources/Rerender/HUD/HUDRow.swift (in target 'Rerender' from project 'Rerender')
cd /Users/admin/builder/spi-builder-workspace/.swiftpm/xcode
builtin-SwiftPerFileCompile HUDRow.swift
SwiftCompile normal arm64_32 Compiling\ MirrorDiff.swift,\ Rerender.swift /Users/admin/builder/spi-builder-workspace/Sources/Rerender/Core/MirrorDiff.swift /Users/admin/builder/spi-builder-workspace/Sources/Rerender/Core/Rerender.swift (in target 'Rerender' from project 'Rerender')
SwiftCompile normal arm64_32 /Users/admin/builder/spi-builder-workspace/Sources/Rerender/Core/MirrorDiff.swift (in target 'Rerender' from project 'Rerender')
cd /Users/admin/builder/spi-builder-workspace/.swiftpm/xcode
builtin-SwiftPerFileCompile MirrorDiff.swift
SwiftCompile normal arm64_32 /Users/admin/builder/spi-builder-workspace/Sources/Rerender/Core/Rerender.swift (in target 'Rerender' from project 'Rerender')
cd /Users/admin/builder/spi-builder-workspace/.swiftpm/xcode
builtin-SwiftPerFileCompile Rerender.swift
SwiftCompile normal arm64_32 Compiling\ HUDPanel.swift /Users/admin/builder/spi-builder-workspace/Sources/Rerender/HUD/HUDPanel.swift (in target 'Rerender' from project 'Rerender')
/Users/admin/builder/spi-builder-workspace/Sources/Rerender/HUD/HUDPanel.swift:80:9: error: 'UIPasteboard' is unavailable in watchOS
78 | let string = String(data: data, encoding: .utf8) else { return }
79 | #if canImport(UIKit)
80 | UIPasteboard.general.string = string
| `- error: 'UIPasteboard' is unavailable in watchOS
81 | #elseif canImport(AppKit)
82 | NSPasteboard.general.clearContents()
/Applications/Xcode-27.0.0-Release.Candidate.app/Contents/Developer/Platforms/WatchOS.platform/Developer/SDKs/WatchOS27.0.sdk/System/Library/Frameworks/UIKit.framework/Headers/UIPasteboard.h:50:12: note: 'UIPasteboard' has been explicitly marked unavailable here
48 |
49 | UIKIT_EXTERN API_AVAILABLE(ios(3.0)) API_UNAVAILABLE(tvos) API_UNAVAILABLE(watchos) NS_SWIFT_SENDABLE
50 | @interface UIPasteboard : NSObject
| `- note: 'UIPasteboard' has been explicitly marked unavailable here
51 |
52 | @property(class, nonatomic, readonly) UIPasteboard *generalPasteboard;
SwiftCompile normal arm64_32 /Users/admin/builder/spi-builder-workspace/Sources/Rerender/HUD/HUDPanel.swift (in target 'Rerender' from project 'Rerender')
cd /Users/admin/builder/spi-builder-workspace/.swiftpm/xcode
builtin-SwiftPerFileCompile HUDPanel.swift
SwiftCompile normal arm64_32 Compiling\ RerenderFrameKey.swift,\ RerenderStore.swift /Users/admin/builder/spi-builder-workspace/Sources/Rerender/Core/RerenderFrameKey.swift /Users/admin/builder/spi-builder-workspace/Sources/Rerender/Core/RerenderStore.swift (in target 'Rerender' from project 'Rerender')
SwiftCompile normal arm64_32 /Users/admin/builder/spi-builder-workspace/Sources/Rerender/Core/RerenderFrameKey.swift (in target 'Rerender' from project 'Rerender')
cd /Users/admin/builder/spi-builder-workspace/.swiftpm/xcode
builtin-SwiftPerFileCompile RerenderFrameKey.swift
SwiftCompile normal arm64_32 /Users/admin/builder/spi-builder-workspace/Sources/Rerender/Core/RerenderStore.swift (in target 'Rerender' from project 'Rerender')
cd /Users/admin/builder/spi-builder-workspace/.swiftpm/xcode
builtin-SwiftPerFileCompile RerenderStore.swift
SwiftExplicitDependencyGeneratePcm arm64 /Users/admin/builder/spi-builder-workspace/.derivedData/SDKExplicitPrecompiledModules/SwiftUI-E6XJI4PF1Q2HPTXKL91GWARU6.pcm
SwiftCompile normal arm64_32 Compiling\ RerenderHUD.swift /Users/admin/builder/spi-builder-workspace/Sources/Rerender/HUD/RerenderHUD.swift (in target 'Rerender' from project 'Rerender')
SwiftCompile normal arm64_32 /Users/admin/builder/spi-builder-workspace/Sources/Rerender/HUD/RerenderHUD.swift (in target 'Rerender' from project 'Rerender')
cd /Users/admin/builder/spi-builder-workspace/.swiftpm/xcode
builtin-SwiftPerFileCompile RerenderHUD.swift
PruneExplicitPrecompiledModules /Users/admin/builder/spi-builder-workspace/.derivedData/SDKExplicitPrecompiledModules
PruneExplicitPrecompiledModules /Users/admin/builder/spi-builder-workspace/.derivedData/Build/Intermediates.noindex/ExplicitPrecompiledModules
PruneExplicitPrecompiledModules /Users/admin/builder/spi-builder-workspace/.derivedData/Build/Intermediates.noindex/SwiftExplicitPrecompiledModules
2026-09-24 17:17:44.340 xcodebuild[824:4821] [MT] IDERunDestination: Supported platforms for the buildables in the current scheme is empty.
** BUILD FAILED **
The following build commands failed:
SwiftEmitModule normal arm64_32 Emitting\ module\ for\ Rerender (in target 'Rerender' from project 'Rerender')
SwiftCompile normal arm64_32 (in target 'Rerender' from project 'Rerender')
Building workspace Rerender with scheme Rerender
(3 failures)
BUILD FAILURE 6.4 watchOS