The Swift Package Index logo.Swift Package Index

Build Information

Failed to build WWTextMarqueeUI, reference main (59b889), with Swift 6.4 for watchOS using Xcode 27.0 on 24 Sep 2026 20:56:07 UTC.

Build Command

env DEVELOPER_DIR=/Applications/Xcode-27.0.0-Release.Candidate.app xcrun xcodebuild -IDEClonedSourcePackagesDirPathOverride=$PWD/.dependencies -skipMacroValidation -skipPackagePluginValidation -derivedDataPath $PWD/.derivedData build -scheme WWTextMarqueeUI -destination generic/platform=watchOS

Build Log

========================================
RunAll
========================================
Builder version: 5.1.0
Interrupt handler set up.
========================================
Checkout
========================================
Clone URL: https://github.com/William-Weng/WWTextMarqueeUI.git
Reference: main
Initialized empty Git repository in /Users/admin/builder/spi-builder-workspace/.git/
From https://github.com/William-Weng/WWTextMarqueeUI
 * branch            main       -> FETCH_HEAD
 * [new branch]      main       -> origin/main
HEAD is now at 59b889e Update README.md
Cloned https://github.com/William-Weng/WWTextMarqueeUI.git
Revision (git rev-parse @):
59b889e27570cea9ce2df0eddaec1d81a307be6d
SUCCESS checkout https://github.com/William-Weng/WWTextMarqueeUI.git at main
========================================
Build
========================================
Selected platform:         watchOS
Swift version:             6.4
Building package at path:  $PWD
https://github.com/William-Weng/WWTextMarqueeUI.git
Command line invocation:
    /Applications/Xcode-27.0.0-Release.Candidate.app/Contents/Developer/usr/bin/xcodebuild -IDEClonedSourcePackagesDirPathOverride=/Users/admin/builder/spi-builder-workspace/.dependencies -resolvePackageDependencies
Resolve Package Graph
Fetching from https://github.com/William-Weng/WWTextRasterizer
Creating working copy of package ‘WWTextRasterizer’
Checking out 1.2.0 of package ‘WWTextRasterizer’
Resolve Package Graph
Resolved source packages:
  WWTextRasterizer: https://github.com/William-Weng/WWTextRasterizer @ 1.2.0
  WWTextMarqueeUI: /Users/admin/builder/spi-builder-workspace
resolved source packages: WWTextRasterizer, WWTextMarqueeUI
2026-09-24 16:55:23.476 xcodebuild[529:3050] [MT] IDERunDestination: Supported platforms for the buildables in the current scheme is empty.
{
  "dependencies" : [
    {
      "identity" : "wwtextrasterizer",
      "requirement" : {
        "range" : [
          {
            "lower_bound" : "1.2.0",
            "upper_bound" : "1.3.0"
          }
        ]
      },
      "type" : "sourceControl",
      "url" : "https://github.com/William-Weng/WWTextRasterizer"
    }
  ],
  "manifest_display_name" : "WWTextMarqueeUI",
  "name" : "WWTextMarqueeUI",
  "path" : "/Users/admin/builder/spi-builder-workspace",
  "platforms" : [
    {
      "name" : "ios",
      "version" : "17.0"
    }
  ],
  "products" : [
    {
      "name" : "WWTextMarqueeUI",
      "targets" : [
        "WWTextMarqueeUI"
      ],
      "type" : {
        "library" : [
          "automatic"
        ]
      }
    }
  ],
  "swift_languages_versions" : [
    "6"
  ],
  "targets" : [
    {
      "c99name" : "WWTextMarqueeUI",
      "module_type" : "SwiftTarget",
      "name" : "WWTextMarqueeUI",
      "path" : "Sources/WWTextMarqueeUI",
      "product_dependencies" : [
        "WWTextRasterizer"
      ],
      "product_memberships" : [
        "WWTextMarqueeUI"
      ],
      "resources" : [
        {
          "path" : "/Users/admin/builder/spi-builder-workspace/Sources/WWTextMarqueeUI/Privacy",
          "rule" : {
            "copy" : {
            }
          }
        }
      ],
      "sources" : [
        "Utility/Constant.swift",
        "WWTextMarqueeUI.swift"
      ],
      "type" : "library"
    }
  ],
  "tools_version" : "6.1"
}
{
  "workspace" : {
    "name" : "WWTextMarqueeUI",
    "schemes" : [
      "WWTextMarqueeUI"
    ]
  }
}
2026-09-24 16:55:55.722 xcodebuild[664:4066] [MT] IDERunDestination: Supported platforms for the buildables in the current scheme is empty.
Running build ...
env DEVELOPER_DIR=/Applications/Xcode-27.0.0-Release.Candidate.app xcrun xcodebuild -IDEClonedSourcePackagesDirPathOverride=$PWD/.dependencies -skipMacroValidation -skipPackagePluginValidation -derivedDataPath $PWD/.derivedData build -scheme WWTextMarqueeUI -destination generic/platform=watchOS
Command line invocation:
    /Applications/Xcode-27.0.0-Release.Candidate.app/Contents/Developer/usr/bin/xcodebuild -IDEClonedSourcePackagesDirPathOverride=/Users/admin/builder/spi-builder-workspace/.dependencies -skipMacroValidation -skipPackagePluginValidation -derivedDataPath /Users/admin/builder/spi-builder-workspace/.derivedData build -scheme WWTextMarqueeUI -destination generic/platform=watchOS
Resolve Package Graph
Resolve Package Graph
Resolved source packages:
  WWTextMarqueeUI: /Users/admin/builder/spi-builder-workspace
  WWTextRasterizer: https://github.com/William-Weng/WWTextRasterizer @ 1.2.0
ComputePackagePrebuildTargetDependencyGraph
Prepare packages
CreateBuildRequest
SendProjectDescription
CreateBuildOperation
ComputeTargetDependencyGraph
note: Building targets in dependency order
note: Target dependency graph (6 targets)
    Target 'WWTextMarqueeUI-product' in project 'WWTextMarqueeUI'
        ➜ Explicit dependency on target 'WWTextMarqueeUI' in project 'WWTextMarqueeUI'
        ➜ Explicit dependency on target 'WWTextMarqueeUI_WWTextMarqueeUI' in project 'WWTextMarqueeUI'
        ➜ Explicit dependency on target 'WWTextRasterizer-product' in project 'WWTextRasterizer'
    Target 'WWTextMarqueeUI' in project 'WWTextMarqueeUI'
        ➜ Explicit dependency on target 'WWTextMarqueeUI_WWTextMarqueeUI' in project 'WWTextMarqueeUI'
        ➜ Explicit dependency on target 'WWTextRasterizer-product' in project 'WWTextRasterizer'
    Target 'WWTextRasterizer-product' in project 'WWTextRasterizer'
        ➜ Explicit dependency on target 'WWTextRasterizer' in project 'WWTextRasterizer'
        ➜ Explicit dependency on target 'WWTextRasterizer_WWTextRasterizer' in project 'WWTextRasterizer'
    Target 'WWTextRasterizer' in project 'WWTextRasterizer'
        ➜ Explicit dependency on target 'WWTextRasterizer_WWTextRasterizer' in project 'WWTextRasterizer'
    Target 'WWTextRasterizer_WWTextRasterizer' in project 'WWTextRasterizer' (no dependencies)
    Target 'WWTextMarqueeUI_WWTextMarqueeUI' in project 'WWTextMarqueeUI' (no dependencies)
GatherProvisioningInputs
CreateBuildDescription
ExecuteExternalTool /Applications/Xcode-27.0.0-Release.Candidate.app/Contents/Developer/Toolchains/XcodeDefault.xctoolchain/usr/bin/clang -v -E -dM -isysroot /Applications/Xcode-27.0.0-Release.Candidate.app/Contents/Developer/Platforms/WatchOS.platform/Developer/SDKs/WatchOS27.0.sdk -x c -c /dev/null
ExecuteExternalTool /Applications/Xcode-27.0.0-Release.Candidate.app/Contents/Developer/Toolchains/XcodeDefault.xctoolchain/usr/bin/swiftc --version
ExecuteExternalTool /Applications/Xcode-27.0.0-Release.Candidate.app/Contents/Developer/Toolchains/XcodeDefault.xctoolchain/usr/bin/ld -version_details
Build description signature: e9534759ca3e6d39245dd5177ec9a011
Build description path: /Users/admin/builder/spi-builder-workspace/.derivedData/Build/Intermediates.noindex/XCBuildData/e9534759ca3e6d39245dd5177ec9a011.xcbuilddata
CreateBuildDirectory /Users/admin/builder/spi-builder-workspace/.derivedData/CompilationCache.noindex
    cd /Users/admin/builder/spi-builder-workspace/.swiftpm/xcode
    builtin-create-build-directory /Users/admin/builder/spi-builder-workspace/.derivedData/CompilationCache.noindex
CreateBuildDirectory /Users/admin/builder/spi-builder-workspace/.derivedData/ModuleCache.noindex
    cd /Users/admin/builder/spi-builder-workspace/.swiftpm/xcode
    builtin-create-build-directory /Users/admin/builder/spi-builder-workspace/.derivedData/ModuleCache.noindex
CreateBuildDirectory /Users/admin/builder/spi-builder-workspace/.derivedData/SDKExplicitPrecompiledModules
    cd /Users/admin/builder/spi-builder-workspace/.swiftpm/xcode
    builtin-create-build-directory /Users/admin/builder/spi-builder-workspace/.derivedData/SDKExplicitPrecompiledModules
CreateBuildDirectory /Users/admin/builder/spi-builder-workspace/.derivedData/Build/Products
    cd /Users/admin/builder/spi-builder-workspace/.swiftpm/xcode
    builtin-create-build-directory /Users/admin/builder/spi-builder-workspace/.derivedData/Build/Products
CreateBuildDirectory /Users/admin/builder/spi-builder-workspace/.derivedData/Build/Intermediates.noindex
    cd /Users/admin/builder/spi-builder-workspace/.swiftpm/xcode
    builtin-create-build-directory /Users/admin/builder/spi-builder-workspace/.derivedData/Build/Intermediates.noindex
ClangStatCache /Applications/Xcode-27.0.0-Release.Candidate.app/Contents/Developer/Toolchains/XcodeDefault.xctoolchain/usr/bin/clang-stat-cache /Applications/Xcode-27.0.0-Release.Candidate.app/Contents/Developer/Platforms/WatchOS.platform/Developer/SDKs/WatchOS27.0.sdk /Users/admin/builder/spi-builder-workspace/.derivedData/SDKStatCaches.noindex/watchos27.0-24R360-e829b21a6f8c9b70876ba0858053c04477534ef55a1706bf4c1112bbb242f0a2.sdkstatcache
    cd /Users/admin/builder/spi-builder-workspace/.swiftpm/xcode
    /Applications/Xcode-27.0.0-Release.Candidate.app/Contents/Developer/Toolchains/XcodeDefault.xctoolchain/usr/bin/clang-stat-cache /Applications/Xcode-27.0.0-Release.Candidate.app/Contents/Developer/Platforms/WatchOS.platform/Developer/SDKs/WatchOS27.0.sdk -o /Users/admin/builder/spi-builder-workspace/.derivedData/SDKStatCaches.noindex/watchos27.0-24R360-e829b21a6f8c9b70876ba0858053c04477534ef55a1706bf4c1112bbb242f0a2.sdkstatcache
CreateBuildDirectory /Users/admin/builder/spi-builder-workspace/.derivedData/Build/Intermediates.noindex/SwiftExplicitPrecompiledModules
    cd /Users/admin/builder/spi-builder-workspace/.swiftpm/xcode
    builtin-create-build-directory /Users/admin/builder/spi-builder-workspace/.derivedData/Build/Intermediates.noindex/SwiftExplicitPrecompiledModules
CreateBuildDirectory /Users/admin/builder/spi-builder-workspace/.derivedData/Build/Intermediates.noindex/PrecompiledHeaders
    cd /Users/admin/builder/spi-builder-workspace/.swiftpm/xcode
    builtin-create-build-directory /Users/admin/builder/spi-builder-workspace/.derivedData/Build/Intermediates.noindex/PrecompiledHeaders
CreateBuildDirectory /Users/admin/builder/spi-builder-workspace/.derivedData/Build/Intermediates.noindex/ExplicitPrecompiledModules
    cd /Users/admin/builder/spi-builder-workspace/.swiftpm/xcode
    builtin-create-build-directory /Users/admin/builder/spi-builder-workspace/.derivedData/Build/Intermediates.noindex/ExplicitPrecompiledModules
CreateBuildDirectory /Users/admin/builder/spi-builder-workspace/.derivedData/Build/Intermediates.noindex/EagerLinkingTBDs/Debug-watchos
    cd /Users/admin/builder/spi-builder-workspace/.swiftpm/xcode
    builtin-create-build-directory /Users/admin/builder/spi-builder-workspace/.derivedData/Build/Intermediates.noindex/EagerLinkingTBDs/Debug-watchos
CreateBuildDirectory /Users/admin/builder/spi-builder-workspace/.derivedData/Build/Products/Debug-watchos
    cd /Users/admin/builder/spi-builder-workspace/.swiftpm/xcode
    builtin-create-build-directory /Users/admin/builder/spi-builder-workspace/.derivedData/Build/Products/Debug-watchos
CreateBuildDirectory /Users/admin/builder/spi-builder-workspace/.derivedData/Build/Products/Debug-watchos/PackageFrameworks
    cd /Users/admin/builder/spi-builder-workspace/.swiftpm/xcode
    builtin-create-build-directory /Users/admin/builder/spi-builder-workspace/.derivedData/Build/Products/Debug-watchos/PackageFrameworks
WriteAuxiliaryFile /Users/admin/builder/spi-builder-workspace/.derivedData/Build/Intermediates.noindex/WWTextRasterizer.build/Debug-watchos/WWTextRasterizer-t.build/WWTextRasterizer.DependencyMetadataFileList (in target 'WWTextRasterizer' from project 'WWTextRasterizer')
    cd /Users/admin/builder/spi-builder-workspace/.dependencies/checkouts/WWTextRasterizer
    write-file /Users/admin/builder/spi-builder-workspace/.derivedData/Build/Intermediates.noindex/WWTextRasterizer.build/Debug-watchos/WWTextRasterizer-t.build/WWTextRasterizer.DependencyMetadataFileList
WriteAuxiliaryFile /Users/admin/builder/spi-builder-workspace/.derivedData/Build/Intermediates.noindex/WWTextRasterizer.build/Debug-watchos/WWTextRasterizer-t.build/WWTextRasterizer.DependencyStaticMetadataFileList (in target 'WWTextRasterizer' from project 'WWTextRasterizer')
    cd /Users/admin/builder/spi-builder-workspace/.dependencies/checkouts/WWTextRasterizer
    write-file /Users/admin/builder/spi-builder-workspace/.derivedData/Build/Intermediates.noindex/WWTextRasterizer.build/Debug-watchos/WWTextRasterizer-t.build/WWTextRasterizer.DependencyStaticMetadataFileList
WriteAuxiliaryFile /Users/admin/builder/spi-builder-workspace/.derivedData/Build/Intermediates.noindex/WWTextRasterizer.build/Debug-watchos/WWTextRasterizer_WWTextRasterizer-b.build/WWTextRasterizer_WWTextRasterizer.DependencyStaticMetadataFileList (in target 'WWTextRasterizer_WWTextRasterizer' from project 'WWTextRasterizer')
    cd /Users/admin/builder/spi-builder-workspace/.dependencies/checkouts/WWTextRasterizer
    write-file /Users/admin/builder/spi-builder-workspace/.derivedData/Build/Intermediates.noindex/WWTextRasterizer.build/Debug-watchos/WWTextRasterizer_WWTextRasterizer-b.build/WWTextRasterizer_WWTextRasterizer.DependencyStaticMetadataFileList
WriteAuxiliaryFile /Users/admin/builder/spi-builder-workspace/.derivedData/Build/Intermediates.noindex/WWTextRasterizer.build/Debug-watchos/WWTextRasterizer_WWTextRasterizer-b.build/empty-WWTextRasterizer_WWTextRasterizer.plist (in target 'WWTextRasterizer_WWTextRasterizer' from project 'WWTextRasterizer')
    cd /Users/admin/builder/spi-builder-workspace/.dependencies/checkouts/WWTextRasterizer
    write-file /Users/admin/builder/spi-builder-workspace/.derivedData/Build/Intermediates.noindex/WWTextRasterizer.build/Debug-watchos/WWTextRasterizer_WWTextRasterizer-b.build/empty-WWTextRasterizer_WWTextRasterizer.plist
WriteAuxiliaryFile /Users/admin/builder/spi-builder-workspace/.derivedData/Build/Intermediates.noindex/WWTextRasterizer.build/Debug-watchos/WWTextRasterizer-t.build/WWTextRasterizer.modulemap (in target 'WWTextRasterizer' from project 'WWTextRasterizer')
    cd /Users/admin/builder/spi-builder-workspace/.dependencies/checkouts/WWTextRasterizer
    write-file /Users/admin/builder/spi-builder-workspace/.derivedData/Build/Intermediates.noindex/WWTextRasterizer.build/Debug-watchos/WWTextRasterizer-t.build/WWTextRasterizer.modulemap
WriteAuxiliaryFile /Users/admin/builder/spi-builder-workspace/.derivedData/Build/Intermediates.noindex/WWTextRasterizer.build/Debug-watchos/WWTextRasterizer_WWTextRasterizer-b.build/WWTextRasterizer_WWTextRasterizer.DependencyMetadataFileList (in target 'WWTextRasterizer_WWTextRasterizer' from project 'WWTextRasterizer')
    cd /Users/admin/builder/spi-builder-workspace/.dependencies/checkouts/WWTextRasterizer
    write-file /Users/admin/builder/spi-builder-workspace/.derivedData/Build/Intermediates.noindex/WWTextRasterizer.build/Debug-watchos/WWTextRasterizer_WWTextRasterizer-b.build/WWTextRasterizer_WWTextRasterizer.DependencyMetadataFileList
WriteAuxiliaryFile /Users/admin/builder/spi-builder-workspace/.derivedData/Build/Intermediates.noindex/WWTextRasterizer.build/Debug-watchos/WWTextRasterizer-t.build/Objects-normal/arm64_32/WWTextRasterizer_const_extract_protocols.json (in target 'WWTextRasterizer' from project 'WWTextRasterizer')
    cd /Users/admin/builder/spi-builder-workspace/.dependencies/checkouts/WWTextRasterizer
    write-file /Users/admin/builder/spi-builder-workspace/.derivedData/Build/Intermediates.noindex/WWTextRasterizer.build/Debug-watchos/WWTextRasterizer-t.build/Objects-normal/arm64_32/WWTextRasterizer_const_extract_protocols.json
WriteAuxiliaryFile /Users/admin/builder/spi-builder-workspace/.derivedData/Build/Intermediates.noindex/WWTextRasterizer.build/Debug-watchos/WWTextRasterizer-t.build/Objects-normal/arm64_32/WWTextRasterizer.SwiftFileList (in target 'WWTextRasterizer' from project 'WWTextRasterizer')
    cd /Users/admin/builder/spi-builder-workspace/.dependencies/checkouts/WWTextRasterizer
    write-file /Users/admin/builder/spi-builder-workspace/.derivedData/Build/Intermediates.noindex/WWTextRasterizer.build/Debug-watchos/WWTextRasterizer-t.build/Objects-normal/arm64_32/WWTextRasterizer.SwiftFileList
WriteAuxiliaryFile /Users/admin/builder/spi-builder-workspace/.derivedData/Build/Intermediates.noindex/WWTextRasterizer.build/Debug-watchos/WWTextRasterizer-t.build/Objects-normal/arm64_32/WWTextRasterizer.SwiftConstValuesFileList (in target 'WWTextRasterizer' from project 'WWTextRasterizer')
    cd /Users/admin/builder/spi-builder-workspace/.dependencies/checkouts/WWTextRasterizer
    write-file /Users/admin/builder/spi-builder-workspace/.derivedData/Build/Intermediates.noindex/WWTextRasterizer.build/Debug-watchos/WWTextRasterizer-t.build/Objects-normal/arm64_32/WWTextRasterizer.SwiftConstValuesFileList
WriteAuxiliaryFile /Users/admin/builder/spi-builder-workspace/.derivedData/Build/Intermediates.noindex/WWTextRasterizer.build/Debug-watchos/WWTextRasterizer-t.build/Objects-normal/arm64_32/WWTextRasterizer.LinkFileList (in target 'WWTextRasterizer' from project 'WWTextRasterizer')
    cd /Users/admin/builder/spi-builder-workspace/.dependencies/checkouts/WWTextRasterizer
    write-file /Users/admin/builder/spi-builder-workspace/.derivedData/Build/Intermediates.noindex/WWTextRasterizer.build/Debug-watchos/WWTextRasterizer-t.build/Objects-normal/arm64_32/WWTextRasterizer.LinkFileList
WriteAuxiliaryFile /Users/admin/builder/spi-builder-workspace/.derivedData/Build/Intermediates.noindex/WWTextRasterizer.build/Debug-watchos/WWTextRasterizer-t.build/Objects-normal/arm64_32/WWTextRasterizer-OutputFileMap.json (in target 'WWTextRasterizer' from project 'WWTextRasterizer')
    cd /Users/admin/builder/spi-builder-workspace/.dependencies/checkouts/WWTextRasterizer
    write-file /Users/admin/builder/spi-builder-workspace/.derivedData/Build/Intermediates.noindex/WWTextRasterizer.build/Debug-watchos/WWTextRasterizer-t.build/Objects-normal/arm64_32/WWTextRasterizer-OutputFileMap.json
WriteAuxiliaryFile /Users/admin/builder/spi-builder-workspace/.derivedData/Build/Intermediates.noindex/WWTextRasterizer.build/Debug-watchos/WWTextRasterizer-t.build/Objects-normal/arm64/WWTextRasterizer.SwiftFileList (in target 'WWTextRasterizer' from project 'WWTextRasterizer')
    cd /Users/admin/builder/spi-builder-workspace/.dependencies/checkouts/WWTextRasterizer
    write-file /Users/admin/builder/spi-builder-workspace/.derivedData/Build/Intermediates.noindex/WWTextRasterizer.build/Debug-watchos/WWTextRasterizer-t.build/Objects-normal/arm64/WWTextRasterizer.SwiftFileList
WriteAuxiliaryFile /Users/admin/builder/spi-builder-workspace/.derivedData/Build/Intermediates.noindex/WWTextRasterizer.build/Debug-watchos/WWTextRasterizer-t.build/Objects-normal/arm64/WWTextRasterizer_const_extract_protocols.json (in target 'WWTextRasterizer' from project 'WWTextRasterizer')
    cd /Users/admin/builder/spi-builder-workspace/.dependencies/checkouts/WWTextRasterizer
    write-file /Users/admin/builder/spi-builder-workspace/.derivedData/Build/Intermediates.noindex/WWTextRasterizer.build/Debug-watchos/WWTextRasterizer-t.build/Objects-normal/arm64/WWTextRasterizer_const_extract_protocols.json
WriteAuxiliaryFile /Users/admin/builder/spi-builder-workspace/.derivedData/Build/Intermediates.noindex/WWTextRasterizer.build/Debug-watchos/WWTextRasterizer-t.build/Objects-normal/arm64/WWTextRasterizer.SwiftConstValuesFileList (in target 'WWTextRasterizer' from project 'WWTextRasterizer')
    cd /Users/admin/builder/spi-builder-workspace/.dependencies/checkouts/WWTextRasterizer
    write-file /Users/admin/builder/spi-builder-workspace/.derivedData/Build/Intermediates.noindex/WWTextRasterizer.build/Debug-watchos/WWTextRasterizer-t.build/Objects-normal/arm64/WWTextRasterizer.SwiftConstValuesFileList
WriteAuxiliaryFile /Users/admin/builder/spi-builder-workspace/.derivedData/Build/Intermediates.noindex/WWTextRasterizer.build/Debug-watchos/WWTextRasterizer-t.build/Objects-normal/arm64/WWTextRasterizer.LinkFileList (in target 'WWTextRasterizer' from project 'WWTextRasterizer')
    cd /Users/admin/builder/spi-builder-workspace/.dependencies/checkouts/WWTextRasterizer
    write-file /Users/admin/builder/spi-builder-workspace/.derivedData/Build/Intermediates.noindex/WWTextRasterizer.build/Debug-watchos/WWTextRasterizer-t.build/Objects-normal/arm64/WWTextRasterizer.LinkFileList
WriteAuxiliaryFile /Users/admin/builder/spi-builder-workspace/.derivedData/Build/Intermediates.noindex/WWTextRasterizer.build/Debug-watchos/WWTextRasterizer-t.build/Objects-normal/arm64/WWTextRasterizer-OutputFileMap.json (in target 'WWTextRasterizer' from project 'WWTextRasterizer')
    cd /Users/admin/builder/spi-builder-workspace/.dependencies/checkouts/WWTextRasterizer
    write-file /Users/admin/builder/spi-builder-workspace/.derivedData/Build/Intermediates.noindex/WWTextRasterizer.build/Debug-watchos/WWTextRasterizer-t.build/Objects-normal/arm64/WWTextRasterizer-OutputFileMap.json
WriteAuxiliaryFile /Users/admin/builder/spi-builder-workspace/.derivedData/Build/Intermediates.noindex/WWTextRasterizer.build/Debug-watchos/WWTextRasterizer-t.build/DerivedSources/resource_bundle_accessor.swift (in target 'WWTextRasterizer' from project 'WWTextRasterizer')
    cd /Users/admin/builder/spi-builder-workspace/.dependencies/checkouts/WWTextRasterizer
    write-file /Users/admin/builder/spi-builder-workspace/.derivedData/Build/Intermediates.noindex/WWTextRasterizer.build/Debug-watchos/WWTextRasterizer-t.build/DerivedSources/resource_bundle_accessor.swift
Copy /Users/admin/builder/spi-builder-workspace/.derivedData/Build/Intermediates.noindex/GeneratedModuleMaps-watchos/WWTextRasterizer.modulemap /Users/admin/builder/spi-builder-workspace/.derivedData/Build/Intermediates.noindex/WWTextRasterizer.build/Debug-watchos/WWTextRasterizer-t.build/WWTextRasterizer.modulemap (in target 'WWTextRasterizer' from project 'WWTextRasterizer')
    cd /Users/admin/builder/spi-builder-workspace/.dependencies/checkouts/WWTextRasterizer
    builtin-copy -exclude .DS_Store -exclude CVS -exclude .svn -exclude .git -exclude .hg -resolve-src-symlinks /Users/admin/builder/spi-builder-workspace/.derivedData/Build/Intermediates.noindex/WWTextRasterizer.build/Debug-watchos/WWTextRasterizer-t.build/WWTextRasterizer.modulemap /Users/admin/builder/spi-builder-workspace/.derivedData/Build/Intermediates.noindex/GeneratedModuleMaps-watchos
WriteAuxiliaryFile /Users/admin/builder/spi-builder-workspace/.derivedData/Build/Intermediates.noindex/WWTextMarqueeUI.build/Debug-watchos/WWTextMarqueeUI_WWTextMarqueeUI-b.build/empty-WWTextMarqueeUI_WWTextMarqueeUI.plist (in target 'WWTextMarqueeUI_WWTextMarqueeUI' from project 'WWTextMarqueeUI')
    cd /Users/admin/builder/spi-builder-workspace
    write-file /Users/admin/builder/spi-builder-workspace/.derivedData/Build/Intermediates.noindex/WWTextMarqueeUI.build/Debug-watchos/WWTextMarqueeUI_WWTextMarqueeUI-b.build/empty-WWTextMarqueeUI_WWTextMarqueeUI.plist
WriteAuxiliaryFile /Users/admin/builder/spi-builder-workspace/.derivedData/Build/Intermediates.noindex/WWTextMarqueeUI.build/Debug-watchos/WWTextMarqueeUI_WWTextMarqueeUI-b.build/WWTextMarqueeUI_WWTextMarqueeUI.DependencyStaticMetadataFileList (in target 'WWTextMarqueeUI_WWTextMarqueeUI' from project 'WWTextMarqueeUI')
    cd /Users/admin/builder/spi-builder-workspace
    write-file /Users/admin/builder/spi-builder-workspace/.derivedData/Build/Intermediates.noindex/WWTextMarqueeUI.build/Debug-watchos/WWTextMarqueeUI_WWTextMarqueeUI-b.build/WWTextMarqueeUI_WWTextMarqueeUI.DependencyStaticMetadataFileList
WriteAuxiliaryFile /Users/admin/builder/spi-builder-workspace/.derivedData/Build/Intermediates.noindex/WWTextMarqueeUI.build/Debug-watchos/WWTextMarqueeUI_WWTextMarqueeUI-b.build/WWTextMarqueeUI_WWTextMarqueeUI.DependencyMetadataFileList (in target 'WWTextMarqueeUI_WWTextMarqueeUI' from project 'WWTextMarqueeUI')
    cd /Users/admin/builder/spi-builder-workspace
    write-file /Users/admin/builder/spi-builder-workspace/.derivedData/Build/Intermediates.noindex/WWTextMarqueeUI.build/Debug-watchos/WWTextMarqueeUI_WWTextMarqueeUI-b.build/WWTextMarqueeUI_WWTextMarqueeUI.DependencyMetadataFileList
WriteAuxiliaryFile /Users/admin/builder/spi-builder-workspace/.derivedData/Build/Intermediates.noindex/WWTextMarqueeUI.build/Debug-watchos/WWTextMarqueeUI-t.build/WWTextMarqueeUI.DependencyMetadataFileList (in target 'WWTextMarqueeUI' from project 'WWTextMarqueeUI')
    cd /Users/admin/builder/spi-builder-workspace
    write-file /Users/admin/builder/spi-builder-workspace/.derivedData/Build/Intermediates.noindex/WWTextMarqueeUI.build/Debug-watchos/WWTextMarqueeUI-t.build/WWTextMarqueeUI.DependencyMetadataFileList
WriteAuxiliaryFile /Users/admin/builder/spi-builder-workspace/.derivedData/Build/Intermediates.noindex/WWTextMarqueeUI.build/Debug-watchos/WWTextMarqueeUI-t.build/WWTextMarqueeUI.modulemap (in target 'WWTextMarqueeUI' from project 'WWTextMarqueeUI')
    cd /Users/admin/builder/spi-builder-workspace
    write-file /Users/admin/builder/spi-builder-workspace/.derivedData/Build/Intermediates.noindex/WWTextMarqueeUI.build/Debug-watchos/WWTextMarqueeUI-t.build/WWTextMarqueeUI.modulemap
WriteAuxiliaryFile /Users/admin/builder/spi-builder-workspace/.derivedData/Build/Intermediates.noindex/WWTextMarqueeUI.build/Debug-watchos/WWTextMarqueeUI-t.build/WWTextMarqueeUI.DependencyStaticMetadataFileList (in target 'WWTextMarqueeUI' from project 'WWTextMarqueeUI')
    cd /Users/admin/builder/spi-builder-workspace
    write-file /Users/admin/builder/spi-builder-workspace/.derivedData/Build/Intermediates.noindex/WWTextMarqueeUI.build/Debug-watchos/WWTextMarqueeUI-t.build/WWTextMarqueeUI.DependencyStaticMetadataFileList
WriteAuxiliaryFile /Users/admin/builder/spi-builder-workspace/.derivedData/Build/Intermediates.noindex/WWTextMarqueeUI.build/Debug-watchos/WWTextMarqueeUI-t.build/Objects-normal/arm64_32/WWTextMarqueeUI_const_extract_protocols.json (in target 'WWTextMarqueeUI' from project 'WWTextMarqueeUI')
    cd /Users/admin/builder/spi-builder-workspace
    write-file /Users/admin/builder/spi-builder-workspace/.derivedData/Build/Intermediates.noindex/WWTextMarqueeUI.build/Debug-watchos/WWTextMarqueeUI-t.build/Objects-normal/arm64_32/WWTextMarqueeUI_const_extract_protocols.json
WriteAuxiliaryFile /Users/admin/builder/spi-builder-workspace/.derivedData/Build/Intermediates.noindex/WWTextMarqueeUI.build/Debug-watchos/WWTextMarqueeUI-t.build/Objects-normal/arm64_32/WWTextMarqueeUI.SwiftFileList (in target 'WWTextMarqueeUI' from project 'WWTextMarqueeUI')
    cd /Users/admin/builder/spi-builder-workspace
    write-file /Users/admin/builder/spi-builder-workspace/.derivedData/Build/Intermediates.noindex/WWTextMarqueeUI.build/Debug-watchos/WWTextMarqueeUI-t.build/Objects-normal/arm64_32/WWTextMarqueeUI.SwiftFileList
WriteAuxiliaryFile /Users/admin/builder/spi-builder-workspace/.derivedData/Build/Intermediates.noindex/WWTextMarqueeUI.build/Debug-watchos/WWTextMarqueeUI-t.build/Objects-normal/arm64_32/WWTextMarqueeUI.SwiftConstValuesFileList (in target 'WWTextMarqueeUI' from project 'WWTextMarqueeUI')
    cd /Users/admin/builder/spi-builder-workspace
    write-file /Users/admin/builder/spi-builder-workspace/.derivedData/Build/Intermediates.noindex/WWTextMarqueeUI.build/Debug-watchos/WWTextMarqueeUI-t.build/Objects-normal/arm64_32/WWTextMarqueeUI.SwiftConstValuesFileList
WriteAuxiliaryFile /Users/admin/builder/spi-builder-workspace/.derivedData/Build/Intermediates.noindex/WWTextMarqueeUI.build/Debug-watchos/WWTextMarqueeUI-t.build/Objects-normal/arm64_32/WWTextMarqueeUI.LinkFileList (in target 'WWTextMarqueeUI' from project 'WWTextMarqueeUI')
    cd /Users/admin/builder/spi-builder-workspace
    write-file /Users/admin/builder/spi-builder-workspace/.derivedData/Build/Intermediates.noindex/WWTextMarqueeUI.build/Debug-watchos/WWTextMarqueeUI-t.build/Objects-normal/arm64_32/WWTextMarqueeUI.LinkFileList
WriteAuxiliaryFile /Users/admin/builder/spi-builder-workspace/.derivedData/Build/Intermediates.noindex/WWTextMarqueeUI.build/Debug-watchos/WWTextMarqueeUI-t.build/Objects-normal/arm64_32/WWTextMarqueeUI-OutputFileMap.json (in target 'WWTextMarqueeUI' from project 'WWTextMarqueeUI')
    cd /Users/admin/builder/spi-builder-workspace
    write-file /Users/admin/builder/spi-builder-workspace/.derivedData/Build/Intermediates.noindex/WWTextMarqueeUI.build/Debug-watchos/WWTextMarqueeUI-t.build/Objects-normal/arm64_32/WWTextMarqueeUI-OutputFileMap.json
WriteAuxiliaryFile /Users/admin/builder/spi-builder-workspace/.derivedData/Build/Intermediates.noindex/WWTextMarqueeUI.build/Debug-watchos/WWTextMarqueeUI-t.build/Objects-normal/arm64/WWTextMarqueeUI.SwiftFileList (in target 'WWTextMarqueeUI' from project 'WWTextMarqueeUI')
    cd /Users/admin/builder/spi-builder-workspace
    write-file /Users/admin/builder/spi-builder-workspace/.derivedData/Build/Intermediates.noindex/WWTextMarqueeUI.build/Debug-watchos/WWTextMarqueeUI-t.build/Objects-normal/arm64/WWTextMarqueeUI.SwiftFileList
WriteAuxiliaryFile /Users/admin/builder/spi-builder-workspace/.derivedData/Build/Intermediates.noindex/WWTextMarqueeUI.build/Debug-watchos/WWTextMarqueeUI-t.build/Objects-normal/arm64/WWTextMarqueeUI_const_extract_protocols.json (in target 'WWTextMarqueeUI' from project 'WWTextMarqueeUI')
    cd /Users/admin/builder/spi-builder-workspace
    write-file /Users/admin/builder/spi-builder-workspace/.derivedData/Build/Intermediates.noindex/WWTextMarqueeUI.build/Debug-watchos/WWTextMarqueeUI-t.build/Objects-normal/arm64/WWTextMarqueeUI_const_extract_protocols.json
WriteAuxiliaryFile /Users/admin/builder/spi-builder-workspace/.derivedData/Build/Intermediates.noindex/WWTextMarqueeUI.build/Debug-watchos/WWTextMarqueeUI-t.build/Objects-normal/arm64/WWTextMarqueeUI.SwiftConstValuesFileList (in target 'WWTextMarqueeUI' from project 'WWTextMarqueeUI')
    cd /Users/admin/builder/spi-builder-workspace
    write-file /Users/admin/builder/spi-builder-workspace/.derivedData/Build/Intermediates.noindex/WWTextMarqueeUI.build/Debug-watchos/WWTextMarqueeUI-t.build/Objects-normal/arm64/WWTextMarqueeUI.SwiftConstValuesFileList
WriteAuxiliaryFile /Users/admin/builder/spi-builder-workspace/.derivedData/Build/Intermediates.noindex/WWTextMarqueeUI.build/Debug-watchos/WWTextMarqueeUI-t.build/Objects-normal/arm64/WWTextMarqueeUI.LinkFileList (in target 'WWTextMarqueeUI' from project 'WWTextMarqueeUI')
    cd /Users/admin/builder/spi-builder-workspace
    write-file /Users/admin/builder/spi-builder-workspace/.derivedData/Build/Intermediates.noindex/WWTextMarqueeUI.build/Debug-watchos/WWTextMarqueeUI-t.build/Objects-normal/arm64/WWTextMarqueeUI.LinkFileList
WriteAuxiliaryFile /Users/admin/builder/spi-builder-workspace/.derivedData/Build/Intermediates.noindex/WWTextMarqueeUI.build/Debug-watchos/WWTextMarqueeUI-t.build/Objects-normal/arm64/WWTextMarqueeUI-OutputFileMap.json (in target 'WWTextMarqueeUI' from project 'WWTextMarqueeUI')
    cd /Users/admin/builder/spi-builder-workspace
    write-file /Users/admin/builder/spi-builder-workspace/.derivedData/Build/Intermediates.noindex/WWTextMarqueeUI.build/Debug-watchos/WWTextMarqueeUI-t.build/Objects-normal/arm64/WWTextMarqueeUI-OutputFileMap.json
WriteAuxiliaryFile /Users/admin/builder/spi-builder-workspace/.derivedData/Build/Intermediates.noindex/WWTextMarqueeUI.build/Debug-watchos/WWTextMarqueeUI-t.build/DerivedSources/resource_bundle_accessor.swift (in target 'WWTextMarqueeUI' from project 'WWTextMarqueeUI')
    cd /Users/admin/builder/spi-builder-workspace
    write-file /Users/admin/builder/spi-builder-workspace/.derivedData/Build/Intermediates.noindex/WWTextMarqueeUI.build/Debug-watchos/WWTextMarqueeUI-t.build/DerivedSources/resource_bundle_accessor.swift
Copy /Users/admin/builder/spi-builder-workspace/.derivedData/Build/Intermediates.noindex/GeneratedModuleMaps-watchos/WWTextMarqueeUI.modulemap /Users/admin/builder/spi-builder-workspace/.derivedData/Build/Intermediates.noindex/WWTextMarqueeUI.build/Debug-watchos/WWTextMarqueeUI-t.build/WWTextMarqueeUI.modulemap (in target 'WWTextMarqueeUI' from project 'WWTextMarqueeUI')
    cd /Users/admin/builder/spi-builder-workspace
    builtin-copy -exclude .DS_Store -exclude CVS -exclude .svn -exclude .git -exclude .hg -resolve-src-symlinks /Users/admin/builder/spi-builder-workspace/.derivedData/Build/Intermediates.noindex/WWTextMarqueeUI.build/Debug-watchos/WWTextMarqueeUI-t.build/WWTextMarqueeUI.modulemap /Users/admin/builder/spi-builder-workspace/.derivedData/Build/Intermediates.noindex/GeneratedModuleMaps-watchos
MkDir /Users/admin/builder/spi-builder-workspace/.derivedData/Build/Products/Debug-watchos/WWTextRasterizer_WWTextRasterizer.bundle (in target 'WWTextRasterizer_WWTextRasterizer' from project 'WWTextRasterizer')
    cd /Users/admin/builder/spi-builder-workspace/.dependencies/checkouts/WWTextRasterizer
    /bin/mkdir -p /Users/admin/builder/spi-builder-workspace/.derivedData/Build/Products/Debug-watchos/WWTextRasterizer_WWTextRasterizer.bundle
MkDir /Users/admin/builder/spi-builder-workspace/.derivedData/Build/Products/Debug-watchos/WWTextMarqueeUI_WWTextMarqueeUI.bundle (in target 'WWTextMarqueeUI_WWTextMarqueeUI' from project 'WWTextMarqueeUI')
    cd /Users/admin/builder/spi-builder-workspace
    /bin/mkdir -p /Users/admin/builder/spi-builder-workspace/.derivedData/Build/Products/Debug-watchos/WWTextMarqueeUI_WWTextMarqueeUI.bundle
CpResource /Users/admin/builder/spi-builder-workspace/.derivedData/Build/Products/Debug-watchos/WWTextRasterizer_WWTextRasterizer.bundle/Privacy /Users/admin/builder/spi-builder-workspace/.dependencies/checkouts/WWTextRasterizer/Sources/WWTextRasterizer/Privacy (in target 'WWTextRasterizer_WWTextRasterizer' from project 'WWTextRasterizer')
    cd /Users/admin/builder/spi-builder-workspace/.dependencies/checkouts/WWTextRasterizer
    builtin-copy -exclude .DS_Store -exclude CVS -exclude .svn -exclude .git -exclude .hg -resolve-src-symlinks /Users/admin/builder/spi-builder-workspace/.dependencies/checkouts/WWTextRasterizer/Sources/WWTextRasterizer/Privacy /Users/admin/builder/spi-builder-workspace/.derivedData/Build/Products/Debug-watchos/WWTextRasterizer_WWTextRasterizer.bundle
ProcessInfoPlistFile /Users/admin/builder/spi-builder-workspace/.derivedData/Build/Products/Debug-watchos/WWTextRasterizer_WWTextRasterizer.bundle/Info.plist /Users/admin/builder/spi-builder-workspace/.derivedData/Build/Intermediates.noindex/WWTextRasterizer.build/Debug-watchos/WWTextRasterizer_WWTextRasterizer-b.build/empty-WWTextRasterizer_WWTextRasterizer.plist (in target 'WWTextRasterizer_WWTextRasterizer' from project 'WWTextRasterizer')
    cd /Users/admin/builder/spi-builder-workspace/.dependencies/checkouts/WWTextRasterizer
    builtin-infoPlistUtility /Users/admin/builder/spi-builder-workspace/.derivedData/Build/Intermediates.noindex/WWTextRasterizer.build/Debug-watchos/WWTextRasterizer_WWTextRasterizer-b.build/empty-WWTextRasterizer_WWTextRasterizer.plist -producttype com.apple.product-type.bundle -expandbuildsettings -format binary -platform watchos -o /Users/admin/builder/spi-builder-workspace/.derivedData/Build/Products/Debug-watchos/WWTextRasterizer_WWTextRasterizer.bundle/Info.plist
ProcessInfoPlistFile /Users/admin/builder/spi-builder-workspace/.derivedData/Build/Products/Debug-watchos/WWTextMarqueeUI_WWTextMarqueeUI.bundle/Info.plist /Users/admin/builder/spi-builder-workspace/.derivedData/Build/Intermediates.noindex/WWTextMarqueeUI.build/Debug-watchos/WWTextMarqueeUI_WWTextMarqueeUI-b.build/empty-WWTextMarqueeUI_WWTextMarqueeUI.plist (in target 'WWTextMarqueeUI_WWTextMarqueeUI' from project 'WWTextMarqueeUI')
    cd /Users/admin/builder/spi-builder-workspace
    builtin-infoPlistUtility /Users/admin/builder/spi-builder-workspace/.derivedData/Build/Intermediates.noindex/WWTextMarqueeUI.build/Debug-watchos/WWTextMarqueeUI_WWTextMarqueeUI-b.build/empty-WWTextMarqueeUI_WWTextMarqueeUI.plist -producttype com.apple.product-type.bundle -expandbuildsettings -format binary -platform watchos -o /Users/admin/builder/spi-builder-workspace/.derivedData/Build/Products/Debug-watchos/WWTextMarqueeUI_WWTextMarqueeUI.bundle/Info.plist
CpResource /Users/admin/builder/spi-builder-workspace/.derivedData/Build/Products/Debug-watchos/WWTextMarqueeUI_WWTextMarqueeUI.bundle/Privacy /Users/admin/builder/spi-builder-workspace/Sources/WWTextMarqueeUI/Privacy (in target 'WWTextMarqueeUI_WWTextMarqueeUI' from project 'WWTextMarqueeUI')
    cd /Users/admin/builder/spi-builder-workspace
    builtin-copy -exclude .DS_Store -exclude CVS -exclude .svn -exclude .git -exclude .hg -resolve-src-symlinks /Users/admin/builder/spi-builder-workspace/Sources/WWTextMarqueeUI/Privacy /Users/admin/builder/spi-builder-workspace/.derivedData/Build/Products/Debug-watchos/WWTextMarqueeUI_WWTextMarqueeUI.bundle
RegisterExecutionPolicyException /Users/admin/builder/spi-builder-workspace/.derivedData/Build/Products/Debug-watchos/WWTextRasterizer_WWTextRasterizer.bundle (in target 'WWTextRasterizer_WWTextRasterizer' from project 'WWTextRasterizer')
    cd /Users/admin/builder/spi-builder-workspace/.dependencies/checkouts/WWTextRasterizer
    builtin-RegisterExecutionPolicyException /Users/admin/builder/spi-builder-workspace/.derivedData/Build/Products/Debug-watchos/WWTextRasterizer_WWTextRasterizer.bundle
RegisterExecutionPolicyException /Users/admin/builder/spi-builder-workspace/.derivedData/Build/Products/Debug-watchos/WWTextMarqueeUI_WWTextMarqueeUI.bundle (in target 'WWTextMarqueeUI_WWTextMarqueeUI' from project 'WWTextMarqueeUI')
    cd /Users/admin/builder/spi-builder-workspace
    builtin-RegisterExecutionPolicyException /Users/admin/builder/spi-builder-workspace/.derivedData/Build/Products/Debug-watchos/WWTextMarqueeUI_WWTextMarqueeUI.bundle
Touch /Users/admin/builder/spi-builder-workspace/.derivedData/Build/Products/Debug-watchos/WWTextMarqueeUI_WWTextMarqueeUI.bundle (in target 'WWTextMarqueeUI_WWTextMarqueeUI' from project 'WWTextMarqueeUI')
    cd /Users/admin/builder/spi-builder-workspace
    /usr/bin/touch -c /Users/admin/builder/spi-builder-workspace/.derivedData/Build/Products/Debug-watchos/WWTextMarqueeUI_WWTextMarqueeUI.bundle
Touch /Users/admin/builder/spi-builder-workspace/.derivedData/Build/Products/Debug-watchos/WWTextRasterizer_WWTextRasterizer.bundle (in target 'WWTextRasterizer_WWTextRasterizer' from project 'WWTextRasterizer')
    cd /Users/admin/builder/spi-builder-workspace/.dependencies/checkouts/WWTextRasterizer
    /usr/bin/touch -c /Users/admin/builder/spi-builder-workspace/.derivedData/Build/Products/Debug-watchos/WWTextRasterizer_WWTextRasterizer.bundle
SwiftDriver WWTextRasterizer normal arm64 com.apple.xcode.tools.swift.compiler (in target 'WWTextRasterizer' from project 'WWTextRasterizer')
    cd /Users/admin/builder/spi-builder-workspace/.swiftpm/xcode
    builtin-SwiftDriver -- /Applications/Xcode-27.0.0-Release.Candidate.app/Contents/Developer/Toolchains/XcodeDefault.xctoolchain/usr/bin/swiftc -parse-as-library -module-name WWTextRasterizer -Onone @/Users/admin/builder/spi-builder-workspace/.derivedData/Build/Intermediates.noindex/WWTextRasterizer.build/Debug-watchos/WWTextRasterizer-t.build/Objects-normal/arm64/WWTextRasterizer.SwiftFileList -DSWIFT_PACKAGE -DDEBUG -DSWIFT_MODULE_RESOURCE_BUNDLE_AVAILABLE -DXcode -plugin-path /Applications/Xcode-27.0.0-Release.Candidate.app/Contents/Developer/Toolchains/XcodeDefault.xctoolchain/usr/lib/swift/host/plugins/testing -enable-experimental-feature DebugDescriptionMacro -sdk /Applications/Xcode-27.0.0-Release.Candidate.app/Contents/Developer/Platforms/WatchOS.platform/Developer/SDKs/WatchOS27.0.sdk -target arm64-apple-watchos9.0 -g -module-cache-path /Users/admin/builder/spi-builder-workspace/.derivedData/ModuleCache.noindex -Xfrontend -serialize-debugging-options -enable-testing -suppress-warnings -index-store-path /Users/admin/builder/spi-builder-workspace/.derivedData/Index.noindex/DataStore -Xcc -D_LIBCPP_HARDENING_MODE\=_LIBCPP_HARDENING_MODE_DEBUG -swift-version 5 -I /Users/admin/builder/spi-builder-workspace/.derivedData/Build/Products/Debug-watchos -Isystem /Applications/Xcode-27.0.0-Release.Candidate.app/Contents/Developer/Platforms/WatchOS.platform/Developer/usr/lib -F /Users/admin/builder/spi-builder-workspace/.derivedData/Build/Products/Debug-watchos -F /Applications/Xcode-27.0.0-Release.Candidate.app/Contents/Developer/Platforms/WatchOS.platform/Developer/Library/Frameworks -F /Applications/Xcode-27.0.0-Release.Candidate.app/Contents/Developer/Platforms/WatchOS.platform/Developer/SDKs/WatchOS27.0.sdk/Developer/Library/Frameworks -c -j10 -enable-batch-mode -incremental -Xcc -ivfsstatcache -Xcc /Users/admin/builder/spi-builder-workspace/.derivedData/SDKStatCaches.noindex/watchos27.0-24R360-e829b21a6f8c9b70876ba0858053c04477534ef55a1706bf4c1112bbb242f0a2.sdkstatcache -output-file-map /Users/admin/builder/spi-builder-workspace/.derivedData/Build/Intermediates.noindex/WWTextRasterizer.build/Debug-watchos/WWTextRasterizer-t.build/Objects-normal/arm64/WWTextRasterizer-OutputFileMap.json -save-temps -no-color-diagnostics -explicit-module-build -module-cache-path /Users/admin/builder/spi-builder-workspace/.derivedData/Build/Intermediates.noindex/SwiftExplicitPrecompiledModules -clang-scanner-module-cache-path /Users/admin/builder/spi-builder-workspace/.derivedData/ModuleCache.noindex -sdk-module-cache-path /Users/admin/builder/spi-builder-workspace/.derivedData/SDKExplicitPrecompiledModules -emit-dependencies -emit-module -emit-module-path /Users/admin/builder/spi-builder-workspace/.derivedData/Build/Intermediates.noindex/WWTextRasterizer.build/Debug-watchos/WWTextRasterizer-t.build/Objects-normal/arm64/WWTextRasterizer.swiftmodule -serialize-diagnostics -dependency-scan-serialize-diagnostics-path /Users/admin/builder/spi-builder-workspace/.derivedData/Build/Intermediates.noindex/WWTextRasterizer.build/Debug-watchos/WWTextRasterizer-t.build/Objects-normal/arm64/WWTextRasterizer-dependency-scan.dia -validate-clang-modules-once -clang-build-session-file /Users/admin/builder/spi-builder-workspace/.derivedData/ModuleCache.noindex/Session.modulevalidation -Xcc -fmodules-prune-interval\=86400 -Xcc -fmodules-prune-after\=345600 -emit-const-values -const-gather-protocols-list /Users/admin/builder/spi-builder-workspace/.derivedData/Build/Intermediates.noindex/WWTextRasterizer.build/Debug-watchos/WWTextRasterizer-t.build/Objects-normal/arm64/WWTextRasterizer_const_extract_protocols.json -Xcc -I/Users/admin/builder/spi-builder-workspace/.derivedData/Build/Products/Debug-watchos/include -Xcc -I/Users/admin/builder/spi-builder-workspace/.derivedData/Build/Intermediates.noindex/WWTextRasterizer.build/Debug-watchos/WWTextRasterizer-t.build/DerivedSources-normal/arm64 -Xcc -I/Users/admin/builder/spi-builder-workspace/.derivedData/Build/Intermediates.noindex/WWTextRasterizer.build/Debug-watchos/WWTextRasterizer-t.build/DerivedSources/arm64 -Xcc -I/Users/admin/builder/spi-builder-workspace/.derivedData/Build/Intermediates.noindex/WWTextRasterizer.build/Debug-watchos/WWTextRasterizer-t.build/DerivedSources -Xcc -DSWIFT_PACKAGE -Xcc -DDEBUG\=1 -emit-objc-header -emit-objc-header-path /Users/admin/builder/spi-builder-workspace/.derivedData/Build/Intermediates.noindex/WWTextRasterizer.build/Debug-watchos/WWTextRasterizer-t.build/Objects-normal/arm64/WWTextRasterizer-Swift.h -working-directory /Users/admin/builder/spi-builder-workspace/.swiftpm/xcode -experimental-emit-module-separately -disable-cmo
SwiftDriver WWTextRasterizer normal arm64_32 com.apple.xcode.tools.swift.compiler (in target 'WWTextRasterizer' from project 'WWTextRasterizer')
    cd /Users/admin/builder/spi-builder-workspace/.swiftpm/xcode
    builtin-SwiftDriver -- /Applications/Xcode-27.0.0-Release.Candidate.app/Contents/Developer/Toolchains/XcodeDefault.xctoolchain/usr/bin/swiftc -parse-as-library -module-name WWTextRasterizer -Onone @/Users/admin/builder/spi-builder-workspace/.derivedData/Build/Intermediates.noindex/WWTextRasterizer.build/Debug-watchos/WWTextRasterizer-t.build/Objects-normal/arm64_32/WWTextRasterizer.SwiftFileList -DSWIFT_PACKAGE -DDEBUG -DSWIFT_MODULE_RESOURCE_BUNDLE_AVAILABLE -DXcode -plugin-path /Applications/Xcode-27.0.0-Release.Candidate.app/Contents/Developer/Toolchains/XcodeDefault.xctoolchain/usr/lib/swift/host/plugins/testing -enable-experimental-feature DebugDescriptionMacro -sdk /Applications/Xcode-27.0.0-Release.Candidate.app/Contents/Developer/Platforms/WatchOS.platform/Developer/SDKs/WatchOS27.0.sdk -target arm64_32-apple-watchos9.0 -g -module-cache-path /Users/admin/builder/spi-builder-workspace/.derivedData/ModuleCache.noindex -Xfrontend -serialize-debugging-options -enable-testing -suppress-warnings -index-store-path /Users/admin/builder/spi-builder-workspace/.derivedData/Index.noindex/DataStore -Xcc -D_LIBCPP_HARDENING_MODE\=_LIBCPP_HARDENING_MODE_DEBUG -swift-version 5 -I /Users/admin/builder/spi-builder-workspace/.derivedData/Build/Products/Debug-watchos -Isystem /Applications/Xcode-27.0.0-Release.Candidate.app/Contents/Developer/Platforms/WatchOS.platform/Developer/usr/lib -F /Users/admin/builder/spi-builder-workspace/.derivedData/Build/Products/Debug-watchos -F /Applications/Xcode-27.0.0-Release.Candidate.app/Contents/Developer/Platforms/WatchOS.platform/Developer/Library/Frameworks -F /Applications/Xcode-27.0.0-Release.Candidate.app/Contents/Developer/Platforms/WatchOS.platform/Developer/SDKs/WatchOS27.0.sdk/Developer/Library/Frameworks -c -j10 -enable-batch-mode -incremental -Xcc -ivfsstatcache -Xcc /Users/admin/builder/spi-builder-workspace/.derivedData/SDKStatCaches.noindex/watchos27.0-24R360-e829b21a6f8c9b70876ba0858053c04477534ef55a1706bf4c1112bbb242f0a2.sdkstatcache -output-file-map /Users/admin/builder/spi-builder-workspace/.derivedData/Build/Intermediates.noindex/WWTextRasterizer.build/Debug-watchos/WWTextRasterizer-t.build/Objects-normal/arm64_32/WWTextRasterizer-OutputFileMap.json -save-temps -no-color-diagnostics -explicit-module-build -module-cache-path /Users/admin/builder/spi-builder-workspace/.derivedData/Build/Intermediates.noindex/SwiftExplicitPrecompiledModules -clang-scanner-module-cache-path /Users/admin/builder/spi-builder-workspace/.derivedData/ModuleCache.noindex -sdk-module-cache-path /Users/admin/builder/spi-builder-workspace/.derivedData/SDKExplicitPrecompiledModules -emit-dependencies -emit-module -emit-module-path /Users/admin/builder/spi-builder-workspace/.derivedData/Build/Intermediates.noindex/WWTextRasterizer.build/Debug-watchos/WWTextRasterizer-t.build/Objects-normal/arm64_32/WWTextRasterizer.swiftmodule -serialize-diagnostics -dependency-scan-serialize-diagnostics-path /Users/admin/builder/spi-builder-workspace/.derivedData/Build/Intermediates.noindex/WWTextRasterizer.build/Debug-watchos/WWTextRasterizer-t.build/Objects-normal/arm64_32/WWTextRasterizer-dependency-scan.dia -validate-clang-modules-once -clang-build-session-file /Users/admin/builder/spi-builder-workspace/.derivedData/ModuleCache.noindex/Session.modulevalidation -Xcc -fmodules-prune-interval\=86400 -Xcc -fmodules-prune-after\=345600 -emit-const-values -const-gather-protocols-list /Users/admin/builder/spi-builder-workspace/.derivedData/Build/Intermediates.noindex/WWTextRasterizer.build/Debug-watchos/WWTextRasterizer-t.build/Objects-normal/arm64_32/WWTextRasterizer_const_extract_protocols.json -Xcc -I/Users/admin/builder/spi-builder-workspace/.derivedData/Build/Products/Debug-watchos/include -Xcc -I/Users/admin/builder/spi-builder-workspace/.derivedData/Build/Intermediates.noindex/WWTextRasterizer.build/Debug-watchos/WWTextRasterizer-t.build/DerivedSources-normal/arm64_32 -Xcc -I/Users/admin/builder/spi-builder-workspace/.derivedData/Build/Intermediates.noindex/WWTextRasterizer.build/Debug-watchos/WWTextRasterizer-t.build/DerivedSources/arm64_32 -Xcc -I/Users/admin/builder/spi-builder-workspace/.derivedData/Build/Intermediates.noindex/WWTextRasterizer.build/Debug-watchos/WWTextRasterizer-t.build/DerivedSources -Xcc -DSWIFT_PACKAGE -Xcc -DDEBUG\=1 -emit-objc-header -emit-objc-header-path /Users/admin/builder/spi-builder-workspace/.derivedData/Build/Intermediates.noindex/WWTextRasterizer.build/Debug-watchos/WWTextRasterizer-t.build/Objects-normal/arm64_32/WWTextRasterizer-Swift.h -working-directory /Users/admin/builder/spi-builder-workspace/.swiftpm/xcode -experimental-emit-module-separately -disable-cmo
SwiftExplicitDependencyGeneratePcm arm64 /Users/admin/builder/spi-builder-workspace/.derivedData/SDKExplicitPrecompiledModules/_Builtin_stdarg-A7UU8LE6MP85SM26YO7PBZNUQ.pcm
SwiftExplicitDependencyGeneratePcm arm64 /Users/admin/builder/spi-builder-workspace/.derivedData/SDKExplicitPrecompiledModules/_SwiftConcurrencyShims-659N52XSKR5F0QSB880BH2FJR.pcm
SwiftExplicitDependencyGeneratePcm arm64 /Users/admin/builder/spi-builder-workspace/.derivedData/SDKExplicitPrecompiledModules/SwiftShims-4MXFZPV6FEB0XBYXCGPWAMQGL.pcm
SwiftExplicitDependencyGeneratePcm arm64 /Users/admin/builder/spi-builder-workspace/.derivedData/SDKExplicitPrecompiledModules/_AvailabilityInternal-BUNV3UXM65NT37THI4W1AM0SF.pcm
SwiftExplicitDependencyGeneratePcm arm64 /Users/admin/builder/spi-builder-workspace/.derivedData/SDKExplicitPrecompiledModules/DeveloperToolsSupport-E7CNISCB36UE8XQ9IOHK9XDX1.pcm
SwiftExplicitDependencyGeneratePcm arm64 /Users/admin/builder/spi-builder-workspace/.derivedData/SDKExplicitPrecompiledModules/_Builtin_float-C0CW5Q4HGBQYKE77TC42IAFB5.pcm
SwiftExplicitDependencyGeneratePcm arm64 /Users/admin/builder/spi-builder-workspace/.derivedData/SDKExplicitPrecompiledModules/ptrauth-3TZ9WJCGLYD25HQPWH4968ONX.pcm
SwiftExplicitDependencyGeneratePcm arm64 /Users/admin/builder/spi-builder-workspace/.derivedData/SDKExplicitPrecompiledModules/_Builtin_stdbool-83J96QSOFE9VX04AAS6310UAE.pcm
SwiftExplicitDependencyGeneratePcm arm64 /Users/admin/builder/spi-builder-workspace/.derivedData/SDKExplicitPrecompiledModules/_Builtin_stddef-1FU30Y8SWFB7OUUHMJQH5J6FM.pcm
SwiftExplicitDependencyGeneratePcm arm64 /Users/admin/builder/spi-builder-workspace/.derivedData/SDKExplicitPrecompiledModules/ptrcheck-AIF0NDOYZ8ORBNHQAQR5NNB8M.pcm
SwiftExplicitDependencyGeneratePcm arm64_32 /Users/admin/builder/spi-builder-workspace/.derivedData/SDKExplicitPrecompiledModules/ptrauth-BFXF358ME5AK535N5A9Z766WU.pcm
SwiftExplicitDependencyGeneratePcm arm64_32 /Users/admin/builder/spi-builder-workspace/.derivedData/SDKExplicitPrecompiledModules/_Builtin_stddef-H44EFHQX6XSS5MZ7QP6YJZ76.pcm
SwiftExplicitDependencyGeneratePcm arm64_32 /Users/admin/builder/spi-builder-workspace/.derivedData/SDKExplicitPrecompiledModules/DeveloperToolsSupport-DZU5G1OCMNWU0AQRULIFHUJ1Z.pcm
SwiftExplicitDependencyGeneratePcm arm64_32 /Users/admin/builder/spi-builder-workspace/.derivedData/SDKExplicitPrecompiledModules/_Builtin_stdarg-D305JG44A2WPI6CJY37X3QJE8.pcm
SwiftExplicitDependencyGeneratePcm arm64_32 /Users/admin/builder/spi-builder-workspace/.derivedData/SDKExplicitPrecompiledModules/SwiftShims-9CQQGWTSNTN9EB5NSHDWUJICH.pcm
SwiftExplicitDependencyGeneratePcm arm64_32 /Users/admin/builder/spi-builder-workspace/.derivedData/SDKExplicitPrecompiledModules/_Builtin_float-6KO8O3PEWRCA4WC6PPLOYO6WJ.pcm
SwiftExplicitDependencyGeneratePcm arm64_32 /Users/admin/builder/spi-builder-workspace/.derivedData/SDKExplicitPrecompiledModules/_SwiftConcurrencyShims-6RTBPQ03V7BM9SPRK8SUE055H.pcm
SwiftExplicitDependencyGeneratePcm arm64_32 /Users/admin/builder/spi-builder-workspace/.derivedData/SDKExplicitPrecompiledModules/_Builtin_stdbool-A967K8W8YUYEC9SN52KJ7OO88.pcm
SwiftExplicitDependencyGeneratePcm arm64_32 /Users/admin/builder/spi-builder-workspace/.derivedData/SDKExplicitPrecompiledModules/_AvailabilityInternal-244WAN3Z1QBT7PIA64EZEFY1R.pcm
SwiftExplicitDependencyGeneratePcm arm64_32 /Users/admin/builder/spi-builder-workspace/.derivedData/SDKExplicitPrecompiledModules/ptrcheck-7ELIH9BTIGVKX3UBITM9N72WD.pcm
SwiftExplicitDependencyGeneratePcm arm64 /Users/admin/builder/spi-builder-workspace/.derivedData/SDKExplicitPrecompiledModules/_DarwinFoundation1-7SPX3MD0HMP55E4OLNCPNDQ53.pcm
SwiftExplicitDependencyGeneratePcm arm64_32 /Users/admin/builder/spi-builder-workspace/.derivedData/SDKExplicitPrecompiledModules/_DarwinFoundation1-2GWF9RFMPLQW4PDHS3NARVI3G.pcm
SwiftExplicitDependencyGeneratePcm arm64 /Users/admin/builder/spi-builder-workspace/.derivedData/SDKExplicitPrecompiledModules/_DarwinFoundation2-D0XAPJU49S5E9XMKYOFGSTB1Q.pcm
SwiftExplicitDependencyGeneratePcm arm64 /Users/admin/builder/spi-builder-workspace/.derivedData/SDKExplicitPrecompiledModules/_Builtin_limits-9GWPA2B0H20DYUNYHYCWKABJG.pcm
SwiftExplicitDependencyGeneratePcm arm64_32 /Users/admin/builder/spi-builder-workspace/.derivedData/SDKExplicitPrecompiledModules/_Builtin_limits-3VKBU2AFTD65PAJZ5CJ3LHFM2.pcm
SwiftExplicitDependencyGeneratePcm arm64_32 /Users/admin/builder/spi-builder-workspace/.derivedData/SDKExplicitPrecompiledModules/_DarwinFoundation2-9MY8GOSYRO0M9MKNXF6D3MBNK.pcm
SwiftExplicitDependencyGeneratePcm arm64 /Users/admin/builder/spi-builder-workspace/.derivedData/SDKExplicitPrecompiledModules/_Builtin_stdint-8XMILLJZEGRN2XG7XZUXZ5RLX.pcm
SwiftExplicitDependencyGeneratePcm arm64 /Users/admin/builder/spi-builder-workspace/.derivedData/SDKExplicitPrecompiledModules/string_h-E6PRXK75PHIPCZFWOFCQ3QBMK.pcm
SwiftExplicitDependencyGeneratePcm arm64 /Users/admin/builder/spi-builder-workspace/.derivedData/SDKExplicitPrecompiledModules/_Builtin_tgmath-8NQ96OZ0YHXEC24JI95P01UF8.pcm
SwiftExplicitDependencyGeneratePcm arm64 /Users/admin/builder/spi-builder-workspace/.derivedData/SDKExplicitPrecompiledModules/sys_types-2KXQLI78OUCDP779AE68GZJ2.pcm
SwiftExplicitDependencyGeneratePcm arm64_32 /Users/admin/builder/spi-builder-workspace/.derivedData/SDKExplicitPrecompiledModules/_Builtin_stdint-1HMXWI3V0V4TXHRWZOMZGZ80Y.pcm
SwiftExplicitDependencyGeneratePcm arm64_32 /Users/admin/builder/spi-builder-workspace/.derivedData/SDKExplicitPrecompiledModules/_Builtin_tgmath-23PGCKURCQILXMK0MYZRYDCOU.pcm
SwiftExplicitDependencyGeneratePcm arm64_32 /Users/admin/builder/spi-builder-workspace/.derivedData/SDKExplicitPrecompiledModules/sys_types-8TLLMW08ZJWDGIIPKOYFGHHZW.pcm
SwiftExplicitDependencyGeneratePcm arm64_32 /Users/admin/builder/spi-builder-workspace/.derivedData/SDKExplicitPrecompiledModules/string_h-BFVLUQUSBZWYMLCU9QI7VZALW.pcm
SwiftExplicitDependencyGeneratePcm arm64 /Users/admin/builder/spi-builder-workspace/.derivedData/SDKExplicitPrecompiledModules/_Builtin_stdatomic-7JEFA3KBJJJN6TKJWY3OG1VG5.pcm
SwiftExplicitDependencyGeneratePcm arm64 /Users/admin/builder/spi-builder-workspace/.derivedData/SDKExplicitPrecompiledModules/_DarwinFoundation3-B97LRG0E9GON2NUE65TVG81HU.pcm
SwiftExplicitDependencyGeneratePcm arm64 /Users/admin/builder/spi-builder-workspace/.derivedData/SDKExplicitPrecompiledModules/_Builtin_intrinsics-75960HIPCIYA06IUW8FIIPQT.pcm
SwiftExplicitDependencyGeneratePcm arm64_32 /Users/admin/builder/spi-builder-workspace/.derivedData/SDKExplicitPrecompiledModules/_DarwinFoundation3-3DUTYQDQSD9HUAAVY947NMWOI.pcm
SwiftExplicitDependencyGeneratePcm arm64_32 /Users/admin/builder/spi-builder-workspace/.derivedData/SDKExplicitPrecompiledModules/_Builtin_stdatomic-1TY035TURL76BF2U98PZPPZRX.pcm
SwiftExplicitDependencyGeneratePcm arm64_32 /Users/admin/builder/spi-builder-workspace/.derivedData/SDKExplicitPrecompiledModules/_Builtin_intrinsics-196IIAKDQVU42DLOZP9OQCV76.pcm
SwiftExplicitDependencyGeneratePcm arm64 /Users/admin/builder/spi-builder-workspace/.derivedData/SDKExplicitPrecompiledModules/_Builtin_inttypes-3UQSCM7WNM9EK4HZML8TY5J3D.pcm
SwiftExplicitDependencyGeneratePcm arm64_32 /Users/admin/builder/spi-builder-workspace/.derivedData/SDKExplicitPrecompiledModules/_Builtin_inttypes-D2KPCR4PEX9AQA33NGLUT5SBR.pcm
SwiftExplicitDependencyGeneratePcm arm64 /Users/admin/builder/spi-builder-workspace/.derivedData/SDKExplicitPrecompiledModules/Darwin-3984OXKFNSPE77NT743WK8SEX.pcm
SwiftExplicitDependencyGeneratePcm arm64_32 /Users/admin/builder/spi-builder-workspace/.derivedData/SDKExplicitPrecompiledModules/Darwin-3FVT1SKLN2ZQ5RVOABMTQBB34.pcm
SwiftExplicitDependencyGeneratePcm arm64 /Users/admin/builder/spi-builder-workspace/.derivedData/SDKExplicitPrecompiledModules/simd-EH08NODU6574T74ZKU61VP9BW.pcm
SwiftExplicitDependencyGeneratePcm arm64_32 /Users/admin/builder/spi-builder-workspace/.derivedData/SDKExplicitPrecompiledModules/simd-21UNWYOBUZI1LVSQ99S1XBLMO.pcm
SwiftExplicitDependencyGeneratePcm arm64 /Users/admin/builder/spi-builder-workspace/.derivedData/SDKExplicitPrecompiledModules/MachO-2U90NNSAQILBNBPS1SA4F8TYP.pcm
SwiftExplicitDependencyGeneratePcm arm64 /Users/admin/builder/spi-builder-workspace/.derivedData/SDKExplicitPrecompiledModules/ObjectiveC-72IVD3VS2RS8Q28D9PIMY0KQP.pcm
SwiftExplicitDependencyGeneratePcm arm64_32 /Users/admin/builder/spi-builder-workspace/.derivedData/SDKExplicitPrecompiledModules/MachO-56838ZJ0NC1EBAJ0O6O8QMPDX.pcm
SwiftExplicitDependencyGeneratePcm arm64_32 /Users/admin/builder/spi-builder-workspace/.derivedData/SDKExplicitPrecompiledModules/ObjectiveC-6IJNELR2E80E7LUKESVCP2KET.pcm
SwiftExplicitDependencyGeneratePcm arm64 /Users/admin/builder/spi-builder-workspace/.derivedData/SDKExplicitPrecompiledModules/os_object-3SDKD7F87FTZ26OON37DRYT6O.pcm
SwiftExplicitDependencyGeneratePcm arm64_32 /Users/admin/builder/spi-builder-workspace/.derivedData/SDKExplicitPrecompiledModules/os_object-5YWTC6L4756IWSTPGXS5NM0D0.pcm
SwiftExplicitDependencyGeneratePcm arm64 /Users/admin/builder/spi-builder-workspace/.derivedData/SDKExplicitPrecompiledModules/os_workgroup-89GG5G7YC2D0ZTK6AZXXQ20DH.pcm
SwiftExplicitDependencyGeneratePcm arm64_32 /Users/admin/builder/spi-builder-workspace/.derivedData/SDKExplicitPrecompiledModules/os_workgroup-5JHTPDMNBUNHLJI8LPHKQK1JK.pcm
SwiftExplicitDependencyGeneratePcm arm64 /Users/admin/builder/spi-builder-workspace/.derivedData/SDKExplicitPrecompiledModules/Spatial-44FJGYXFAT2AQAW9Z6T7YS02U.pcm
SwiftExplicitDependencyGeneratePcm arm64 /Users/admin/builder/spi-builder-workspace/.derivedData/SDKExplicitPrecompiledModules/Dispatch-1NLJOVAK60XP0DUB05XA59EIM.pcm
SwiftExplicitDependencyGeneratePcm arm64_32 /Users/admin/builder/spi-builder-workspace/.derivedData/SDKExplicitPrecompiledModules/Spatial-CWVWNML3T0NXVHZDKVLD3X1YZ.pcm
SwiftExplicitDependencyGeneratePcm arm64_32 /Users/admin/builder/spi-builder-workspace/.derivedData/SDKExplicitPrecompiledModules/Dispatch-2P62F1T4XV63S4P99TUDTOK2Q.pcm
SwiftExplicitDependencyGeneratePcm arm64 /Users/admin/builder/spi-builder-workspace/.derivedData/SDKExplicitPrecompiledModules/XPC-40DR0X1DHKGCV4J1IOLFS8MOU.pcm
SwiftExplicitDependencyGeneratePcm arm64 /Users/admin/builder/spi-builder-workspace/.derivedData/SDKExplicitPrecompiledModules/CoreFoundation-8T2L24YC5NU7WO6WQJWRY7W08.pcm
SwiftExplicitDependencyGeneratePcm arm64_32 /Users/admin/builder/spi-builder-workspace/.derivedData/SDKExplicitPrecompiledModules/XPC-81Y45QFY96XYYFCW2GT6FY8S4.pcm
SwiftExplicitDependencyGeneratePcm arm64_32 /Users/admin/builder/spi-builder-workspace/.derivedData/SDKExplicitPrecompiledModules/CoreFoundation-8E6Y4BA3EXYKUGJ24GT9LGV3N.pcm
SwiftExplicitDependencyGeneratePcm arm64 /Users/admin/builder/spi-builder-workspace/.derivedData/SDKExplicitPrecompiledModules/os-5DIL6Z9LFIGLMZAHM7X2T5435.pcm
SwiftExplicitDependencyGeneratePcm arm64_32 /Users/admin/builder/spi-builder-workspace/.derivedData/SDKExplicitPrecompiledModules/os-E5IGB442IA6SBB25TTCOLK2OC.pcm
SwiftExplicitDependencyGeneratePcm arm64 /Users/admin/builder/spi-builder-workspace/.derivedData/SDKExplicitPrecompiledModules/CoreGraphics-DWNZ73GEH98SBJXZ7DEXB420K.pcm
SwiftExplicitDependencyGeneratePcm arm64 /Users/admin/builder/spi-builder-workspace/.derivedData/SDKExplicitPrecompiledModules/Security-6RZ6YBRU8WCUHRFFRVUK5WKMM.pcm
SwiftExplicitDependencyGeneratePcm arm64_32 /Users/admin/builder/spi-builder-workspace/.derivedData/SDKExplicitPrecompiledModules/CoreGraphics-9FDXYX6BKBUT6TJ2VF819E7T5.pcm
SwiftExplicitDependencyGeneratePcm arm64_32 /Users/admin/builder/spi-builder-workspace/.derivedData/SDKExplicitPrecompiledModules/Security-D7TOWF88VWF67TB9HAFP5UWB1.pcm
SwiftExplicitDependencyGeneratePcm arm64 /Users/admin/builder/spi-builder-workspace/.derivedData/SDKExplicitPrecompiledModules/Foundation-DLBKUSGXN8QHAT8W0OARR9S8A.pcm
SwiftExplicitDependencyGeneratePcm arm64 /Users/admin/builder/spi-builder-workspace/.derivedData/SDKExplicitPrecompiledModules/CoreText-970YJN6NIYGK1316L35Z0O8QT.pcm
SwiftExplicitDependencyGeneratePcm arm64 /Users/admin/builder/spi-builder-workspace/.derivedData/SDKExplicitPrecompiledModules/CoreVideo-8MRR5MNWUOAW2DBPGUQ8FKK4.pcm
SwiftExplicitDependencyGeneratePcm arm64_32 /Users/admin/builder/spi-builder-workspace/.derivedData/SDKExplicitPrecompiledModules/Foundation-BJ2VQGI3OGR34500MEQ1VKHPH.pcm
SwiftExplicitDependencyGeneratePcm arm64_32 /Users/admin/builder/spi-builder-workspace/.derivedData/SDKExplicitPrecompiledModules/CoreText-C9X2REPZN2V5BSU4G80FCETDR.pcm
SwiftExplicitDependencyGeneratePcm arm64_32 /Users/admin/builder/spi-builder-workspace/.derivedData/SDKExplicitPrecompiledModules/CoreVideo-2P8HI0403J99LBDPKNFJ5D4DL.pcm
SwiftExplicitDependencyGeneratePcm arm64 /Users/admin/builder/spi-builder-workspace/.derivedData/SDKExplicitPrecompiledModules/Symbols-3EFABTJ9L5PQDJ7RQCYQWEJMM.pcm
SwiftExplicitDependencyGeneratePcm arm64 /Users/admin/builder/spi-builder-workspace/.derivedData/SDKExplicitPrecompiledModules/UserNotifications-ARAH8MEQ0C2L0FBO39HITJMAO.pcm
SwiftExplicitDependencyGeneratePcm arm64 /Users/admin/builder/spi-builder-workspace/.derivedData/SDKExplicitPrecompiledModules/CoreTransferable-9PPG3SLJ55T4LITIFYX2M0NOZ.pcm
SwiftExplicitDependencyGeneratePcm arm64 /Users/admin/builder/spi-builder-workspace/.derivedData/SDKExplicitPrecompiledModules/UIUtilities-IR7RNW23VAUKYI9MLCS9NL9A.pcm
SwiftExplicitDependencyGeneratePcm arm64 /Users/admin/builder/spi-builder-workspace/.derivedData/SDKExplicitPrecompiledModules/UniformTypeIdentifiers-8L08Q8DQJV8C4AW84YVGFGTRN.pcm
SwiftExplicitDependencyGeneratePcm arm64 /Users/admin/builder/spi-builder-workspace/.derivedData/SDKExplicitPrecompiledModules/QuartzCore-94KFMWNOU7ZLUZNB4T5DLZC9D.pcm
SwiftExplicitDependencyGeneratePcm arm64 /Users/admin/builder/spi-builder-workspace/.derivedData/SDKExplicitPrecompiledModules/DataDetection-7BNVI1SZW5ISQL5SX4WL2X7I5.pcm
SwiftExplicitDependencyGeneratePcm arm64 /Users/admin/builder/spi-builder-workspace/.derivedData/SDKExplicitPrecompiledModules/_LocationEssentials-5ZZDGDXB6HLQUC72SJW7YJ7MK.pcm
SwiftExplicitDependencyGeneratePcm arm64 /Users/admin/builder/spi-builder-workspace/.derivedData/SDKExplicitPrecompiledModules/Accessibility-27QMG6ZQ1NKYTNBYFPM1XKNFC.pcm
SwiftExplicitDependencyGeneratePcm arm64 /Users/admin/builder/spi-builder-workspace/.derivedData/SDKExplicitPrecompiledModules/OSLog-B7VGO357Y3GJG35TST7DKDSI3.pcm
SwiftExplicitDependencyGeneratePcm arm64_32 /Users/admin/builder/spi-builder-workspace/.derivedData/SDKExplicitPrecompiledModules/_LocationEssentials-AQ1OL9QKC3LQLY5CNSRM1HB53.pcm
SwiftExplicitDependencyGeneratePcm arm64_32 /Users/admin/builder/spi-builder-workspace/.derivedData/SDKExplicitPrecompiledModules/Symbols-1H97WMG76HU94F5VGJR19PXFY.pcm
SwiftExplicitDependencyGeneratePcm arm64_32 /Users/admin/builder/spi-builder-workspace/.derivedData/SDKExplicitPrecompiledModules/UserNotifications-6TBN8TEAKO014N1T2QD926XED.pcm
SwiftExplicitDependencyGeneratePcm arm64_32 /Users/admin/builder/spi-builder-workspace/.derivedData/SDKExplicitPrecompiledModules/DataDetection-U9BF7WHFVA6BZGFXXXP272PS.pcm
SwiftExplicitDependencyGeneratePcm arm64 /Users/admin/builder/spi-builder-workspace/.derivedData/SDKExplicitPrecompiledModules/CoreLocation-ACKJ9K7ABI14F97Y46Y6SRR17.pcm
SwiftExplicitDependencyGeneratePcm arm64_32 /Users/admin/builder/spi-builder-workspace/.derivedData/SDKExplicitPrecompiledModules/CoreTransferable-5D4IR6X37682FPHJ5CBPTKQV6.pcm
SwiftExplicitDependencyGeneratePcm arm64_32 /Users/admin/builder/spi-builder-workspace/.derivedData/SDKExplicitPrecompiledModules/QuartzCore-6375NPYACK5NYVHPMC1QQ8MC2.pcm
SwiftExplicitDependencyGeneratePcm arm64_32 /Users/admin/builder/spi-builder-workspace/.derivedData/SDKExplicitPrecompiledModules/UniformTypeIdentifiers-CJZ3NTHPSBH4XWX5EVOG56UZS.pcm
SwiftExplicitDependencyGeneratePcm arm64_32 /Users/admin/builder/spi-builder-workspace/.derivedData/SDKExplicitPrecompiledModules/UIUtilities-9YFVNIMRC5HRVOIARNWHP1E3H.pcm
SwiftExplicitDependencyGeneratePcm arm64_32 /Users/admin/builder/spi-builder-workspace/.derivedData/SDKExplicitPrecompiledModules/OSLog-D9AVFY0KWO7RVBIQ73CBIJVCN.pcm
SwiftExplicitDependencyGeneratePcm arm64 /Users/admin/builder/spi-builder-workspace/.derivedData/SDKExplicitPrecompiledModules/SwiftUICore-C1DST1IX2Z0PTH5SJJZ1IULRB.pcm
SwiftExplicitDependencyGeneratePcm arm64_32 /Users/admin/builder/spi-builder-workspace/.derivedData/SDKExplicitPrecompiledModules/CoreLocation-8XU5YMYM4P11RQMYCQAG65ITK.pcm
SwiftExplicitDependencyGeneratePcm arm64_32 /Users/admin/builder/spi-builder-workspace/.derivedData/SDKExplicitPrecompiledModules/Accessibility-F385OMZ5GYBUY5O4QAJB4NRII.pcm
SwiftExplicitDependencyGeneratePcm arm64 /Users/admin/builder/spi-builder-workspace/.derivedData/SDKExplicitPrecompiledModules/CoreMotion-6RD5K48QT1F4L9CATNFD2O7YB.pcm
SwiftExplicitDependencyGeneratePcm arm64_32 /Users/admin/builder/spi-builder-workspace/.derivedData/SDKExplicitPrecompiledModules/SwiftUICore-3Q7WLRD8MR9R3NGIPUBQCP6F6.pcm
SwiftExplicitDependencyGeneratePcm arm64_32 /Users/admin/builder/spi-builder-workspace/.derivedData/SDKExplicitPrecompiledModules/CoreMotion-1XGTVTE5PP32UHME8AC63TL6.pcm
SwiftExplicitDependencyGeneratePcm arm64 /Users/admin/builder/spi-builder-workspace/.derivedData/SDKExplicitPrecompiledModules/UIKit-27R3P1YMV4C6JLDT661G3MRIA.pcm
SwiftExplicitDependencyGeneratePcm arm64_32 /Users/admin/builder/spi-builder-workspace/.derivedData/SDKExplicitPrecompiledModules/UIKit-6PPV7YPZ89CZPHYAP072QH8B6.pcm
SwiftEmitModule normal arm64 Emitting\ module\ for\ WWTextRasterizer (in target 'WWTextRasterizer' from project 'WWTextRasterizer')
SwiftCompile normal arm64 (in target 'WWTextRasterizer' from project 'WWTextRasterizer')
    cd /Users/admin/builder/spi-builder-workspace/.swiftpm/xcode

/Users/admin/builder/spi-builder-workspace/.dependencies/checkouts/WWTextRasterizer/Sources/WWTextRasterizer/Utility/Extension.swift:71:71: error: 'UIGraphicsImageRenderer' is unavailable in watchOS
 69 |     ///   - opaque: 是否為不透明。若為 true,則不支援透明度,渲染效能通常較佳。
 70 |     /// - Returns: 配置完成的 `UIGraphicsImageRenderer` 物件。
 71 |     static func _build(size: CGSize, scale: CGFloat, opaque: Bool) -> UIGraphicsImageRenderer {
    |                                                                       `- error: 'UIGraphicsImageRenderer' is unavailable in watchOS
 72 |
 73 |         let outputSize = CGSize(width: size.width * scale, height: size.height * scale)
/Applications/Xcode-27.0.0-Release.Candidate.app/Contents/Developer/Platforms/WatchOS.platform/Developer/SDKs/WatchOS27.0.sdk/System/Library/Frameworks/UIKit.framework/Headers/UIGraphicsImageRenderer.h:47:12: note: 'UIGraphicsImageRenderer' has been explicitly marked unavailable here
45 |
46 | UIKIT_EXTERN API_AVAILABLE(ios(10.0)) API_UNAVAILABLE(watchos)
47 | @interface UIGraphicsImageRenderer : UIGraphicsRenderer
   |            `- note: 'UIGraphicsImageRenderer' has been explicitly marked unavailable here
48 | - (instancetype)initWithSize:(CGSize)size;
49 | - (instancetype)initWithSize:(CGSize)size format:(UIGraphicsImageRendererFormat *)format NS_DESIGNATED_INITIALIZER;
/Users/admin/builder/spi-builder-workspace/.dependencies/checkouts/WWTextRasterizer/Sources/WWTextRasterizer/Utility/Extension.swift:63:11: error: 'UIGraphicsImageRenderer' is unavailable in watchOS
 61 |
 62 | // MARK: - UIGraphicsImageRenderer
 63 | extension UIGraphicsImageRenderer {
    |           `- error: 'UIGraphicsImageRenderer' is unavailable in watchOS
 64 |
 65 |     /// 建立並配置 UIGraphicsImageRenderer 實例
/Applications/Xcode-27.0.0-Release.Candidate.app/Contents/Developer/Platforms/WatchOS.platform/Developer/SDKs/WatchOS27.0.sdk/System/Library/Frameworks/UIKit.framework/Headers/UIGraphicsImageRenderer.h:47:12: note: 'UIGraphicsImageRenderer' has been explicitly marked unavailable here
45 |
46 | UIKIT_EXTERN API_AVAILABLE(ios(10.0)) API_UNAVAILABLE(watchos)
47 | @interface UIGraphicsImageRenderer : UIGraphicsRenderer
   |            `- note: 'UIGraphicsImageRenderer' has been explicitly marked unavailable here
48 | - (instancetype)initWithSize:(CGSize)size;
49 | - (instancetype)initWithSize:(CGSize)size format:(UIGraphicsImageRendererFormat *)format NS_DESIGNATED_INITIALIZER;
Failed frontend command:
/Applications/Xcode-27.0.0-Release.Candidate.app/Contents/Developer/Toolchains/XcodeDefault.xctoolchain/usr/bin/swift-frontend -frontend -emit-module -experimental-skip-non-inlinable-function-bodies-without-types /Users/admin/builder/spi-builder-workspace/.derivedData/Build/Intermediates.noindex/WWTextRasterizer.build/Debug-watchos/WWTextRasterizer-t.build/DerivedSources/resource_bundle_accessor.swift /Users/admin/builder/spi-builder-workspace/.dependencies/checkouts/WWTextRasterizer/Sources/WWTextRasterizer/Utility/Constant.swift /Users/admin/builder/spi-builder-workspace/.dependencies/checkouts/WWTextRasterizer/Sources/WWTextRasterizer/Utility/Extension.swift /Users/admin/builder/spi-builder-workspace/.dependencies/checkouts/WWTextRasterizer/Sources/WWTextRasterizer/Utility/Model.swift /Users/admin/builder/spi-builder-workspace/.dependencies/checkouts/WWTextRasterizer/Sources/WWTextRasterizer/WWTextRasterizer.swift -target arm64-apple-watchos9.0 -disable-cross-import-overlay-search -load-resolved-plugin /Applications/Xcode-27.0.0-Release.Candidate.app/Contents/Developer/Platforms/WatchOS.platform/Developer/usr/lib/swift/host/plugins/libFoundationMacros.dylib\#/Applications/Xcode-27.0.0-Release.Candidate.app/Contents/Developer/Platforms/WatchOS.platform/Developer/usr/bin/swift-plugin-server\#FoundationMacros -load-resolved-plugin /Applications/Xcode-27.0.0-Release.Candidate.app/Contents/Developer/Platforms/WatchOS.platform/Developer/usr/lib/swift/host/plugins/libObservationMacros.dylib\#/Applications/Xcode-27.0.0-Release.Candidate.app/Contents/Developer/Platforms/WatchOS.platform/Developer/usr/bin/swift-plugin-server\#ObservationMacros -load-resolved-plugin /Applications/Xcode-27.0.0-Release.Candidate.app/Contents/Developer/Platforms/WatchOS.platform/Developer/usr/lib/swift/host/plugins/libSwiftMacros.dylib\#/Applications/Xcode-27.0.0-Release.Candidate.app/Contents/Developer/Platforms/WatchOS.platform/Developer/usr/bin/swift-plugin-server\#SwiftMacros -load-resolved-plugin /Applications/Xcode-27.0.0-Release.Candidate.app/Contents/Developer/Platforms/WatchOS.platform/Developer/usr/lib/swift/host/plugins/libSwiftUIMacros.dylib\#/Applications/Xcode-27.0.0-Release.Candidate.app/Contents/Developer/Platforms/WatchOS.platform/Developer/usr/bin/swift-plugin-server\#SwiftUIMacros -disable-implicit-swift-modules -Xcc -fno-implicit-modules -Xcc -fno-implicit-module-maps -explicit-swift-module-map-file /Users/admin/builder/spi-builder-workspace/.derivedData/Build/Intermediates.noindex/WWTextRasterizer.build/Debug-watchos/WWTextRasterizer-t.build/Objects-normal/arm64/WWTextRasterizer-dependencies-2.json -Xllvm -aarch64-use-tbi -enable-objc-interop -stack-check -sdk /Applications/Xcode-27.0.0-Release.Candidate.app/Contents/Developer/Platforms/WatchOS.platform/Developer/SDKs/WatchOS27.0.sdk -I /Users/admin/builder/spi-builder-workspace/.derivedData/Build/Products/Debug-watchos -Isystem /Applications/Xcode-27.0.0-Release.Candidate.app/Contents/Developer/Platforms/WatchOS.platform/Developer/usr/lib -F /Users/admin/builder/spi-builder-workspace/.derivedData/Build/Products/Debug-watchos -F /Applications/Xcode-27.0.0-Release.Candidate.app/Contents/Developer/Platforms/WatchOS.platform/Developer/Library/Frameworks -F /Applications/Xcode-27.0.0-Release.Candidate.app/Contents/Developer/Platforms/WatchOS.platform/Developer/SDKs/WatchOS27.0.sdk/Developer/Library/Frameworks -module-cache-path /Users/admin/builder/spi-builder-workspace/.derivedData/Build/Intermediates.noindex/SwiftExplicitPrecompiledModules -no-color-diagnostics -Xcc -fno-color-diagnostics -enable-testing -g -debug-info-format\=dwarf -dwarf-version\=4 -suppress-warnings -swift-version 5 -Onone -D SWIFT_PACKAGE -D DEBUG -D SWIFT_MODULE_RESOURCE_BUNDLE_AVAILABLE -D Xcode -serialize-debugging-options -enable-experimental-feature DebugDescriptionMacro -empty-abi-descriptor -validate-clang-modules-once -clang-build-session-file /Users/admin/builder/spi-builder-workspace/.derivedData/ModuleCache.noindex/Session.modulevalidation -Xcc -working-directory -Xcc /Users/admin/builder/spi-builder-workspace/.swiftpm/xcode -enable-anonymous-context-mangled-names -file-compilation-dir /Users/admin/builder/spi-builder-workspace/.swiftpm/xcode -Xcc -D_LIBCPP_HARDENING_MODE\=_LIBCPP_HARDENING_MODE_DEBUG -Xcc -ivfsstatcache -Xcc /Users/admin/builder/spi-builder-workspace/.derivedData/SDKStatCaches.noindex/watchos27.0-24R360-e829b21a6f8c9b70876ba0858053c04477534ef55a1706bf4c1112bbb242f0a2.sdkstatcache -Xcc -fmodules-prune-interval\=86400 -Xcc -fmodules-prune-after\=345600 -Xcc -I/Users/admin/builder/spi-builder-workspace/.derivedData/Build/Products/Debug-watchos/include -Xcc -I/Users/admin/builder/spi-builder-workspace/.derivedData/Build/Intermediates.noindex/WWTextRasterizer.build/Debug-watchos/WWTextRasterizer-t.build/DerivedSources-normal/arm64 -Xcc -I/Users/admin/builder/spi-builder-workspace/.derivedData/Build/Intermediates.noindex/WWTextRasterizer.build/Debug-watchos/WWTextRasterizer-t.build/DerivedSources/arm64 -Xcc -I/Users/admin/builder/spi-builder-workspace/.derivedData/Build/Intermediates.noindex/WWTextRasterizer.build/Debug-watchos/WWTextRasterizer-t.build/DerivedSources -Xcc -DSWIFT_PACKAGE -Xcc -DDEBUG\=1 -no-auto-bridging-header-chaining -module-name WWTextRasterizer -const-gather-protocols-file /Users/admin/builder/spi-builder-workspace/.derivedData/Build/Intermediates.noindex/WWTextRasterizer.build/Debug-watchos/WWTextRasterizer-t.build/Objects-normal/arm64/WWTextRasterizer_const_extract_protocols.json -disable-clang-spi -clang-target arm64-apple-watchos27.0 -target-sdk-version 27.0 -target-sdk-name watchos27.0 -in-process-plugin-server-path /Applications/Xcode-27.0.0-Release.Candidate.app/Contents/Developer/Toolchains/XcodeDefault.xctoolchain/usr/lib/swift/host/libSwiftInProcPluginServer.dylib -emit-module-doc-path /Users/admin/builder/spi-builder-workspace/.derivedData/Build/Intermediates.noindex/WWTextRasterizer.build/Debug-watchos/WWTextRasterizer-t.build/Objects-normal/arm64/WWTextRasterizer.swiftdoc -emit-module-source-info-path /Users/admin/builder/spi-builder-workspace/.derivedData/Build/Intermediates.noindex/WWTextRasterizer.build/Debug-watchos/WWTextRasterizer-t.build/Objects-normal/arm64/WWTextRasterizer.swiftsourceinfo -emit-objc-header-path /Users/admin/builder/spi-builder-workspace/.derivedData/Build/Intermediates.noindex/WWTextRasterizer.build/Debug-watchos/WWTextRasterizer-t.build/Objects-normal/arm64/WWTextRasterizer-Swift.h -serialize-diagnostics-path /Users/admin/builder/spi-builder-workspace/.derivedData/Build/Intermediates.noindex/WWTextRasterizer.build/Debug-watchos/WWTextRasterizer-t.build/Objects-normal/arm64/WWTextRasterizer-primary-emit-module.dia -emit-dependencies-path /Users/admin/builder/spi-builder-workspace/.derivedData/Build/Intermediates.noindex/WWTextRasterizer.build/Debug-watchos/WWTextRasterizer-t.build/Objects-normal/arm64/WWTextRasterizer-primary-emit-module.d -parse-as-library -o /Users/admin/builder/spi-builder-workspace/.derivedData/Build/Intermediates.noindex/WWTextRasterizer.build/Debug-watchos/WWTextRasterizer-t.build/Objects-normal/arm64/WWTextRasterizer.swiftmodule -emit-abi-descriptor-path /Users/admin/builder/spi-builder-workspace/.derivedData/Build/Intermediates.noindex/WWTextRasterizer.build/Debug-watchos/WWTextRasterizer-t.build/Objects-normal/arm64/WWTextRasterizer.abi.json
SwiftCompile normal arm64 Compiling\ WWTextRasterizer.swift /Users/admin/builder/spi-builder-workspace/.dependencies/checkouts/WWTextRasterizer/Sources/WWTextRasterizer/WWTextRasterizer.swift (in target 'WWTextRasterizer' from project 'WWTextRasterizer')
SwiftCompile normal arm64 /Users/admin/builder/spi-builder-workspace/.dependencies/checkouts/WWTextRasterizer/Sources/WWTextRasterizer/WWTextRasterizer.swift (in target 'WWTextRasterizer' from project 'WWTextRasterizer')
    cd /Users/admin/builder/spi-builder-workspace/.swiftpm/xcode
    builtin-SwiftPerFileCompile WWTextRasterizer.swift
/Users/admin/builder/spi-builder-workspace/.dependencies/checkouts/WWTextRasterizer/Sources/WWTextRasterizer/WWTextRasterizer.swift:40:24: error: 'UIGraphicsImageRenderer' is unavailable in watchOS
 38 |         let pitch = dot.size + dot.spacing
 39 |         let outputSize = CGSize(width: CGFloat(columns) * pitch - dot.spacing, height: CGFloat(rows) * pitch - dot.spacing)
 40 |         let renderer = UIGraphicsImageRenderer._build(size: outputSize, scale: scale, opaque: opaque)
    |                        `- error: 'UIGraphicsImageRenderer' is unavailable in watchOS
 41 |
 42 |         return renderer.image { rendererContext in
/Applications/Xcode-27.0.0-Release.Candidate.app/Contents/Developer/Platforms/WatchOS.platform/Developer/SDKs/WatchOS27.0.sdk/System/Library/Frameworks/UIKit.framework/Headers/UIGraphicsImageRenderer.h:47:12: note: 'UIGraphicsImageRenderer' has been explicitly marked unavailable here
45 |
46 | UIKIT_EXTERN API_AVAILABLE(ios(10.0)) API_UNAVAILABLE(watchos)
47 | @interface UIGraphicsImageRenderer : UIGraphicsRenderer
   |            `- note: 'UIGraphicsImageRenderer' has been explicitly marked unavailable here
48 | - (instancetype)initWithSize:(CGSize)size;
49 | - (instancetype)initWithSize:(CGSize)size format:(UIGraphicsImageRendererFormat *)format NS_DESIGNATED_INITIALIZER;
/Users/admin/builder/spi-builder-workspace/.dependencies/checkouts/WWTextRasterizer/Sources/WWTextRasterizer/WWTextRasterizer.swift:128:24: error: 'UIGraphicsImageRenderer' is unavailable in watchOS
126 |
127 |         let outputSize = CGSize(width: CGFloat(width) * scale, height: CGFloat(height) * scale)
128 |         let renderer = UIGraphicsImageRenderer._build(size: outputSize, scale: 1, opaque: opaque)
    |                        `- error: 'UIGraphicsImageRenderer' is unavailable in watchOS
129 |
130 |         return renderer.image { rendererContext in
/Applications/Xcode-27.0.0-Release.Candidate.app/Contents/Developer/Platforms/WatchOS.platform/Developer/SDKs/WatchOS27.0.sdk/System/Library/Frameworks/UIKit.framework/Headers/UIGraphicsImageRenderer.h:47:12: note: 'UIGraphicsImageRenderer' has been explicitly marked unavailable here
45 |
46 | UIKIT_EXTERN API_AVAILABLE(ios(10.0)) API_UNAVAILABLE(watchos)
47 | @interface UIGraphicsImageRenderer : UIGraphicsRenderer
   |            `- note: 'UIGraphicsImageRenderer' has been explicitly marked unavailable here
48 | - (instancetype)initWithSize:(CGSize)size;
49 | - (instancetype)initWithSize:(CGSize)size format:(UIGraphicsImageRendererFormat *)format NS_DESIGNATED_INITIALIZER;
/Users/admin/builder/spi-builder-workspace/.dependencies/checkouts/WWTextRasterizer/Sources/WWTextRasterizer/WWTextRasterizer.swift:164:24: error: 'UIGraphicsImageRenderer' is unavailable in watchOS
162 |         let pitch = dot.size + dot.spacing
163 |         let outputSize: CGSize = .init(width: CGFloat(width) * pitch - dot.spacing, height: CGFloat(height) * pitch - dot.spacing)
164 |         let renderer = UIGraphicsImageRenderer._build(size: outputSize, scale: 1, opaque: opaque)
    |                        `- error: 'UIGraphicsImageRenderer' is unavailable in watchOS
165 |
166 |         return renderer.image { rendererContext in
/Applications/Xcode-27.0.0-Release.Candidate.app/Contents/Developer/Platforms/WatchOS.platform/Developer/SDKs/WatchOS27.0.sdk/System/Library/Frameworks/UIKit.framework/Headers/UIGraphicsImageRenderer.h:47:12: note: 'UIGraphicsImageRenderer' has been explicitly marked unavailable here
45 |
46 | UIKIT_EXTERN API_AVAILABLE(ios(10.0)) API_UNAVAILABLE(watchos)
47 | @interface UIGraphicsImageRenderer : UIGraphicsRenderer
   |            `- note: 'UIGraphicsImageRenderer' has been explicitly marked unavailable here
48 | - (instancetype)initWithSize:(CGSize)size;
49 | - (instancetype)initWithSize:(CGSize)size format:(UIGraphicsImageRendererFormat *)format NS_DESIGNATED_INITIALIZER;
SwiftCompile normal arm64 Compiling\ Model.swift /Users/admin/builder/spi-builder-workspace/.dependencies/checkouts/WWTextRasterizer/Sources/WWTextRasterizer/Utility/Model.swift (in target 'WWTextRasterizer' from project 'WWTextRasterizer')
SwiftCompile normal arm64 /Users/admin/builder/spi-builder-workspace/.dependencies/checkouts/WWTextRasterizer/Sources/WWTextRasterizer/Utility/Model.swift (in target 'WWTextRasterizer' from project 'WWTextRasterizer')
    cd /Users/admin/builder/spi-builder-workspace/.swiftpm/xcode
    builtin-SwiftPerFileCompile Model.swift
SwiftCompile normal arm64 Compiling\ Extension.swift /Users/admin/builder/spi-builder-workspace/.dependencies/checkouts/WWTextRasterizer/Sources/WWTextRasterizer/Utility/Extension.swift (in target 'WWTextRasterizer' from project 'WWTextRasterizer')
/Users/admin/builder/spi-builder-workspace/.dependencies/checkouts/WWTextRasterizer/Sources/WWTextRasterizer/Utility/Extension.swift:71:71: error: 'UIGraphicsImageRenderer' is unavailable in watchOS
 69 |     ///   - opaque: 是否為不透明。若為 true,則不支援透明度,渲染效能通常較佳。
 70 |     /// - Returns: 配置完成的 `UIGraphicsImageRenderer` 物件。
 71 |     static func _build(size: CGSize, scale: CGFloat, opaque: Bool) -> UIGraphicsImageRenderer {
    |                                                                       `- error: 'UIGraphicsImageRenderer' is unavailable in watchOS
 72 |
 73 |         let outputSize = CGSize(width: size.width * scale, height: size.height * scale)
/Applications/Xcode-27.0.0-Release.Candidate.app/Contents/Developer/Platforms/WatchOS.platform/Developer/SDKs/WatchOS27.0.sdk/System/Library/Frameworks/UIKit.framework/Headers/UIGraphicsImageRenderer.h:47:12: note: 'UIGraphicsImageRenderer' has been explicitly marked unavailable here
45 |
46 | UIKIT_EXTERN API_AVAILABLE(ios(10.0)) API_UNAVAILABLE(watchos)
47 | @interface UIGraphicsImageRenderer : UIGraphicsRenderer
   |            `- note: 'UIGraphicsImageRenderer' has been explicitly marked unavailable here
48 | - (instancetype)initWithSize:(CGSize)size;
49 | - (instancetype)initWithSize:(CGSize)size format:(UIGraphicsImageRendererFormat *)format NS_DESIGNATED_INITIALIZER;
/Users/admin/builder/spi-builder-workspace/.dependencies/checkouts/WWTextRasterizer/Sources/WWTextRasterizer/Utility/Extension.swift:63:11: error: 'UIGraphicsImageRenderer' is unavailable in watchOS
 61 |
 62 | // MARK: - UIGraphicsImageRenderer
 63 | extension UIGraphicsImageRenderer {
    |           `- error: 'UIGraphicsImageRenderer' is unavailable in watchOS
 64 |
 65 |     /// 建立並配置 UIGraphicsImageRenderer 實例
/Applications/Xcode-27.0.0-Release.Candidate.app/Contents/Developer/Platforms/WatchOS.platform/Developer/SDKs/WatchOS27.0.sdk/System/Library/Frameworks/UIKit.framework/Headers/UIGraphicsImageRenderer.h:47:12: note: 'UIGraphicsImageRenderer' has been explicitly marked unavailable here
45 |
46 | UIKIT_EXTERN API_AVAILABLE(ios(10.0)) API_UNAVAILABLE(watchos)
47 | @interface UIGraphicsImageRenderer : UIGraphicsRenderer
   |            `- note: 'UIGraphicsImageRenderer' has been explicitly marked unavailable here
48 | - (instancetype)initWithSize:(CGSize)size;
49 | - (instancetype)initWithSize:(CGSize)size format:(UIGraphicsImageRendererFormat *)format NS_DESIGNATED_INITIALIZER;
/Users/admin/builder/spi-builder-workspace/.dependencies/checkouts/WWTextRasterizer/Sources/WWTextRasterizer/Utility/Extension.swift:74:22: error: 'UIGraphicsImageRendererFormat' is unavailable in watchOS
 72 |
 73 |         let outputSize = CGSize(width: size.width * scale, height: size.height * scale)
 74 |         let format = UIGraphicsImageRendererFormat()
    |                      `- error: 'UIGraphicsImageRendererFormat' is unavailable in watchOS
 75 |
 76 |         format.scale = 1
/Applications/Xcode-27.0.0-Release.Candidate.app/Contents/Developer/Platforms/WatchOS.platform/Developer/SDKs/WatchOS27.0.sdk/System/Library/Frameworks/UIKit.framework/Headers/UIGraphicsImageRenderer.h:27:12: note: 'UIGraphicsImageRendererFormat' has been explicitly marked unavailable here
25 |
26 | UIKIT_EXTERN API_AVAILABLE(ios(10.0)) API_UNAVAILABLE(watchos)
27 | @interface UIGraphicsImageRendererFormat : UIGraphicsRendererFormat
   |            `- note: 'UIGraphicsImageRendererFormat' has been explicitly marked unavailable here
28 |
29 | @property (nonatomic) CGFloat scale; // display scale of the context. The preferredFormat uses the scale most appropriate for the main screen's current configuration.
SwiftCompile normal arm64 /Users/admin/builder/spi-builder-workspace/.dependencies/checkouts/WWTextRasterizer/Sources/WWTextRasterizer/Utility/Extension.swift (in target 'WWTextRasterizer' from project 'WWTextRasterizer')
    cd /Users/admin/builder/spi-builder-workspace/.swiftpm/xcode
    builtin-SwiftPerFileCompile Extension.swift
SwiftCompile normal arm64 Compiling\ Constant.swift /Users/admin/builder/spi-builder-workspace/.dependencies/checkouts/WWTextRasterizer/Sources/WWTextRasterizer/Utility/Constant.swift (in target 'WWTextRasterizer' from project 'WWTextRasterizer')
SwiftCompile normal arm64 /Users/admin/builder/spi-builder-workspace/.dependencies/checkouts/WWTextRasterizer/Sources/WWTextRasterizer/Utility/Constant.swift (in target 'WWTextRasterizer' from project 'WWTextRasterizer')
    cd /Users/admin/builder/spi-builder-workspace/.swiftpm/xcode
    builtin-SwiftPerFileCompile Constant.swift
SwiftCompile normal arm64 Compiling\ resource_bundle_accessor.swift /Users/admin/builder/spi-builder-workspace/.derivedData/Build/Intermediates.noindex/WWTextRasterizer.build/Debug-watchos/WWTextRasterizer-t.build/DerivedSources/resource_bundle_accessor.swift (in target 'WWTextRasterizer' from project 'WWTextRasterizer')
SwiftCompile normal arm64 /Users/admin/builder/spi-builder-workspace/.derivedData/Build/Intermediates.noindex/WWTextRasterizer.build/Debug-watchos/WWTextRasterizer-t.build/DerivedSources/resource_bundle_accessor.swift (in target 'WWTextRasterizer' from project 'WWTextRasterizer')
    cd /Users/admin/builder/spi-builder-workspace/.swiftpm/xcode
    builtin-SwiftPerFileCompile resource_bundle_accessor.swift
SwiftEmitModule normal arm64_32 Emitting\ module\ for\ WWTextRasterizer (in target 'WWTextRasterizer' from project 'WWTextRasterizer')
SwiftCompile normal arm64_32 (in target 'WWTextRasterizer' from project 'WWTextRasterizer')
    cd /Users/admin/builder/spi-builder-workspace/.swiftpm/xcode

SwiftCompile normal arm64_32 Compiling\ Extension.swift /Users/admin/builder/spi-builder-workspace/.dependencies/checkouts/WWTextRasterizer/Sources/WWTextRasterizer/Utility/Extension.swift (in target 'WWTextRasterizer' from project 'WWTextRasterizer')
/Users/admin/builder/spi-builder-workspace/.dependencies/checkouts/WWTextRasterizer/Sources/WWTextRasterizer/Utility/Extension.swift:71:71: error: 'UIGraphicsImageRenderer' is unavailable in watchOS
 69 |     ///   - opaque: 是否為不透明。若為 true,則不支援透明度,渲染效能通常較佳。
 70 |     /// - Returns: 配置完成的 `UIGraphicsImageRenderer` 物件。
 71 |     static func _build(size: CGSize, scale: CGFloat, opaque: Bool) -> UIGraphicsImageRenderer {
    |                                                                       `- error: 'UIGraphicsImageRenderer' is unavailable in watchOS
 72 |
 73 |         let outputSize = CGSize(width: size.width * scale, height: size.height * scale)
/Applications/Xcode-27.0.0-Release.Candidate.app/Contents/Developer/Platforms/WatchOS.platform/Developer/SDKs/WatchOS27.0.sdk/System/Library/Frameworks/UIKit.framework/Headers/UIGraphicsImageRenderer.h:47:12: note: 'UIGraphicsImageRenderer' has been explicitly marked unavailable here
45 |
46 | UIKIT_EXTERN API_AVAILABLE(ios(10.0)) API_UNAVAILABLE(watchos)
47 | @interface UIGraphicsImageRenderer : UIGraphicsRenderer
   |            `- note: 'UIGraphicsImageRenderer' has been explicitly marked unavailable here
48 | - (instancetype)initWithSize:(CGSize)size;
49 | - (instancetype)initWithSize:(CGSize)size format:(UIGraphicsImageRendererFormat *)format NS_DESIGNATED_INITIALIZER;
SwiftCompile normal arm64_32 /Users/admin/builder/spi-builder-workspace/.dependencies/checkouts/WWTextRasterizer/Sources/WWTextRasterizer/Utility/Extension.swift (in target 'WWTextRasterizer' from project 'WWTextRasterizer')
    cd /Users/admin/builder/spi-builder-workspace/.swiftpm/xcode
    builtin-SwiftPerFileCompile Extension.swift
SwiftCompile normal arm64_32 Compiling\ Model.swift /Users/admin/builder/spi-builder-workspace/.dependencies/checkouts/WWTextRasterizer/Sources/WWTextRasterizer/Utility/Model.swift (in target 'WWTextRasterizer' from project 'WWTextRasterizer')
SwiftCompile normal arm64_32 /Users/admin/builder/spi-builder-workspace/.dependencies/checkouts/WWTextRasterizer/Sources/WWTextRasterizer/Utility/Model.swift (in target 'WWTextRasterizer' from project 'WWTextRasterizer')
    cd /Users/admin/builder/spi-builder-workspace/.swiftpm/xcode
    builtin-SwiftPerFileCompile Model.swift
SwiftCompile normal arm64_32 Compiling\ WWTextRasterizer.swift /Users/admin/builder/spi-builder-workspace/.dependencies/checkouts/WWTextRasterizer/Sources/WWTextRasterizer/WWTextRasterizer.swift (in target 'WWTextRasterizer' from project 'WWTextRasterizer')
SwiftCompile normal arm64_32 /Users/admin/builder/spi-builder-workspace/.dependencies/checkouts/WWTextRasterizer/Sources/WWTextRasterizer/WWTextRasterizer.swift (in target 'WWTextRasterizer' from project 'WWTextRasterizer')
    cd /Users/admin/builder/spi-builder-workspace/.swiftpm/xcode
    builtin-SwiftPerFileCompile WWTextRasterizer.swift
SwiftCompile normal arm64_32 Compiling\ Constant.swift /Users/admin/builder/spi-builder-workspace/.dependencies/checkouts/WWTextRasterizer/Sources/WWTextRasterizer/Utility/Constant.swift (in target 'WWTextRasterizer' from project 'WWTextRasterizer')
SwiftCompile normal arm64_32 /Users/admin/builder/spi-builder-workspace/.dependencies/checkouts/WWTextRasterizer/Sources/WWTextRasterizer/Utility/Constant.swift (in target 'WWTextRasterizer' from project 'WWTextRasterizer')
    cd /Users/admin/builder/spi-builder-workspace/.swiftpm/xcode
    builtin-SwiftPerFileCompile Constant.swift
PruneExplicitPrecompiledModules /Users/admin/builder/spi-builder-workspace/.derivedData/Build/Intermediates.noindex/ExplicitPrecompiledModules
PruneExplicitPrecompiledModules /Users/admin/builder/spi-builder-workspace/.derivedData/Build/Intermediates.noindex/SwiftExplicitPrecompiledModules
PruneExplicitPrecompiledModules /Users/admin/builder/spi-builder-workspace/.derivedData/SDKExplicitPrecompiledModules
2026-09-24 16:55:58.000 xcodebuild[690:4295] [MT] IDERunDestination: Supported platforms for the buildables in the current scheme is empty.
** BUILD FAILED **
The following build commands failed:
	SwiftCompile normal arm64 (in target 'WWTextRasterizer' from project 'WWTextRasterizer')
	SwiftEmitModule normal arm64 Emitting\ module\ for\ WWTextRasterizer (in target 'WWTextRasterizer' from project 'WWTextRasterizer')
	Building workspace WWTextMarqueeUI with scheme WWTextMarqueeUI
(3 failures)
Command line invocation:
    /Applications/Xcode-27.0.0-Release.Candidate.app/Contents/Developer/usr/bin/xcodebuild -IDEClonedSourcePackagesDirPathOverride=/Users/admin/builder/spi-builder-workspace/.dependencies -resolvePackageDependencies
Resolve Package Graph
Resolved source packages:
  WWTextMarqueeUI: /Users/admin/builder/spi-builder-workspace
  WWTextRasterizer: https://github.com/William-Weng/WWTextRasterizer @ 1.2.0
resolved source packages: WWTextMarqueeUI, WWTextRasterizer
2026-09-24 16:56:04.217 xcodebuild[827:4819] [MT] IDERunDestination: Supported platforms for the buildables in the current scheme is empty.
{
  "dependencies" : [
    {
      "identity" : "wwtextrasterizer",
      "requirement" : {
        "range" : [
          {
            "lower_bound" : "1.2.0",
            "upper_bound" : "1.3.0"
          }
        ]
      },
      "type" : "sourceControl",
      "url" : "https://github.com/William-Weng/WWTextRasterizer"
    }
  ],
  "manifest_display_name" : "WWTextMarqueeUI",
  "name" : "WWTextMarqueeUI",
  "path" : "/Users/admin/builder/spi-builder-workspace",
  "platforms" : [
    {
      "name" : "ios",
      "version" : "17.0"
    }
  ],
  "products" : [
    {
      "name" : "WWTextMarqueeUI",
      "targets" : [
        "WWTextMarqueeUI"
      ],
      "type" : {
        "library" : [
          "automatic"
        ]
      }
    }
  ],
  "swift_languages_versions" : [
    "6"
  ],
  "targets" : [
    {
      "c99name" : "WWTextMarqueeUI",
      "module_type" : "SwiftTarget",
      "name" : "WWTextMarqueeUI",
      "path" : "Sources/WWTextMarqueeUI",
      "product_dependencies" : [
        "WWTextRasterizer"
      ],
      "product_memberships" : [
        "WWTextMarqueeUI"
      ],
      "resources" : [
        {
          "path" : "/Users/admin/builder/spi-builder-workspace/Sources/WWTextMarqueeUI/Privacy",
          "rule" : {
            "copy" : {
            }
          }
        }
      ],
      "sources" : [
        "Utility/Constant.swift",
        "WWTextMarqueeUI.swift"
      ],
      "type" : "library"
    }
  ],
  "tools_version" : "6.1"
}
{
  "workspace" : {
    "name" : "WWTextMarqueeUI",
    "schemes" : [
      "WWTextMarqueeUI"
    ]
  }
}
2026-09-24 16:56:05.448 xcodebuild[835:4890] [MT] IDERunDestination: Supported platforms for the buildables in the current scheme is empty.
Running build ...
env DEVELOPER_DIR=/Applications/Xcode-27.0.0-Release.Candidate.app xcrun xcodebuild -IDEClonedSourcePackagesDirPathOverride=$PWD/.dependencies -skipMacroValidation -skipPackagePluginValidation -derivedDataPath $PWD/.derivedData build -scheme WWTextMarqueeUI -destination generic/platform=watchOS
Command line invocation:
    /Applications/Xcode-27.0.0-Release.Candidate.app/Contents/Developer/usr/bin/xcodebuild -IDEClonedSourcePackagesDirPathOverride=/Users/admin/builder/spi-builder-workspace/.dependencies -skipMacroValidation -skipPackagePluginValidation -derivedDataPath /Users/admin/builder/spi-builder-workspace/.derivedData build -scheme WWTextMarqueeUI -destination generic/platform=watchOS
Resolve Package Graph
Resolved source packages:
  WWTextRasterizer: https://github.com/William-Weng/WWTextRasterizer @ 1.2.0
  WWTextMarqueeUI: /Users/admin/builder/spi-builder-workspace
ComputePackagePrebuildTargetDependencyGraph
Prepare packages
CreateBuildRequest
SendProjectDescription
CreateBuildOperation
ComputeTargetDependencyGraph
note: Building targets in dependency order
note: Target dependency graph (6 targets)
    Target 'WWTextMarqueeUI-product' in project 'WWTextMarqueeUI'
        ➜ Explicit dependency on target 'WWTextMarqueeUI' in project 'WWTextMarqueeUI'
        ➜ Explicit dependency on target 'WWTextMarqueeUI_WWTextMarqueeUI' in project 'WWTextMarqueeUI'
        ➜ Explicit dependency on target 'WWTextRasterizer-product' in project 'WWTextRasterizer'
    Target 'WWTextMarqueeUI' in project 'WWTextMarqueeUI'
        ➜ Explicit dependency on target 'WWTextMarqueeUI_WWTextMarqueeUI' in project 'WWTextMarqueeUI'
        ➜ Explicit dependency on target 'WWTextRasterizer-product' in project 'WWTextRasterizer'
    Target 'WWTextRasterizer-product' in project 'WWTextRasterizer'
        ➜ Explicit dependency on target 'WWTextRasterizer' in project 'WWTextRasterizer'
        ➜ Explicit dependency on target 'WWTextRasterizer_WWTextRasterizer' in project 'WWTextRasterizer'
    Target 'WWTextRasterizer' in project 'WWTextRasterizer'
        ➜ Explicit dependency on target 'WWTextRasterizer_WWTextRasterizer' in project 'WWTextRasterizer'
    Target 'WWTextRasterizer_WWTextRasterizer' in project 'WWTextRasterizer' (no dependencies)
    Target 'WWTextMarqueeUI_WWTextMarqueeUI' in project 'WWTextMarqueeUI' (no dependencies)
GatherProvisioningInputs
CreateBuildDescription
ClangStatCache /Applications/Xcode-27.0.0-Release.Candidate.app/Contents/Developer/Toolchains/XcodeDefault.xctoolchain/usr/bin/clang-stat-cache /Applications/Xcode-27.0.0-Release.Candidate.app/Contents/Developer/Platforms/WatchOS.platform/Developer/SDKs/WatchOS27.0.sdk /Users/admin/builder/spi-builder-workspace/.derivedData/SDKStatCaches.noindex/watchos27.0-24R360-e829b21a6f8c9b70876ba0858053c04477534ef55a1706bf4c1112bbb242f0a2.sdkstatcache
    cd /Users/admin/builder/spi-builder-workspace/.swiftpm/xcode
    /Applications/Xcode-27.0.0-Release.Candidate.app/Contents/Developer/Toolchains/XcodeDefault.xctoolchain/usr/bin/clang-stat-cache /Applications/Xcode-27.0.0-Release.Candidate.app/Contents/Developer/Platforms/WatchOS.platform/Developer/SDKs/WatchOS27.0.sdk -o /Users/admin/builder/spi-builder-workspace/.derivedData/SDKStatCaches.noindex/watchos27.0-24R360-e829b21a6f8c9b70876ba0858053c04477534ef55a1706bf4c1112bbb242f0a2.sdkstatcache
SwiftDriver WWTextRasterizer normal arm64 com.apple.xcode.tools.swift.compiler (in target 'WWTextRasterizer' from project 'WWTextRasterizer')
    cd /Users/admin/builder/spi-builder-workspace/.swiftpm/xcode
    builtin-SwiftDriver -- /Applications/Xcode-27.0.0-Release.Candidate.app/Contents/Developer/Toolchains/XcodeDefault.xctoolchain/usr/bin/swiftc -parse-as-library -module-name WWTextRasterizer -Onone @/Users/admin/builder/spi-builder-workspace/.derivedData/Build/Intermediates.noindex/WWTextRasterizer.build/Debug-watchos/WWTextRasterizer-t.build/Objects-normal/arm64/WWTextRasterizer.SwiftFileList -DSWIFT_PACKAGE -DDEBUG -DSWIFT_MODULE_RESOURCE_BUNDLE_AVAILABLE -DXcode -plugin-path /Applications/Xcode-27.0.0-Release.Candidate.app/Contents/Developer/Toolchains/XcodeDefault.xctoolchain/usr/lib/swift/host/plugins/testing -enable-experimental-feature DebugDescriptionMacro -sdk /Applications/Xcode-27.0.0-Release.Candidate.app/Contents/Developer/Platforms/WatchOS.platform/Developer/SDKs/WatchOS27.0.sdk -target arm64-apple-watchos9.0 -g -module-cache-path /Users/admin/builder/spi-builder-workspace/.derivedData/ModuleCache.noindex -Xfrontend -serialize-debugging-options -enable-testing -suppress-warnings -index-store-path /Users/admin/builder/spi-builder-workspace/.derivedData/Index.noindex/DataStore -Xcc -D_LIBCPP_HARDENING_MODE\=_LIBCPP_HARDENING_MODE_DEBUG -swift-version 5 -I /Users/admin/builder/spi-builder-workspace/.derivedData/Build/Products/Debug-watchos -Isystem /Applications/Xcode-27.0.0-Release.Candidate.app/Contents/Developer/Platforms/WatchOS.platform/Developer/usr/lib -F /Users/admin/builder/spi-builder-workspace/.derivedData/Build/Products/Debug-watchos -F /Applications/Xcode-27.0.0-Release.Candidate.app/Contents/Developer/Platforms/WatchOS.platform/Developer/Library/Frameworks -F /Applications/Xcode-27.0.0-Release.Candidate.app/Contents/Developer/Platforms/WatchOS.platform/Developer/SDKs/WatchOS27.0.sdk/Developer/Library/Frameworks -c -j10 -enable-batch-mode -incremental -Xcc -ivfsstatcache -Xcc /Users/admin/builder/spi-builder-workspace/.derivedData/SDKStatCaches.noindex/watchos27.0-24R360-e829b21a6f8c9b70876ba0858053c04477534ef55a1706bf4c1112bbb242f0a2.sdkstatcache -output-file-map /Users/admin/builder/spi-builder-workspace/.derivedData/Build/Intermediates.noindex/WWTextRasterizer.build/Debug-watchos/WWTextRasterizer-t.build/Objects-normal/arm64/WWTextRasterizer-OutputFileMap.json -save-temps -no-color-diagnostics -explicit-module-build -module-cache-path /Users/admin/builder/spi-builder-workspace/.derivedData/Build/Intermediates.noindex/SwiftExplicitPrecompiledModules -clang-scanner-module-cache-path /Users/admin/builder/spi-builder-workspace/.derivedData/ModuleCache.noindex -sdk-module-cache-path /Users/admin/builder/spi-builder-workspace/.derivedData/SDKExplicitPrecompiledModules -emit-dependencies -emit-module -emit-module-path /Users/admin/builder/spi-builder-workspace/.derivedData/Build/Intermediates.noindex/WWTextRasterizer.build/Debug-watchos/WWTextRasterizer-t.build/Objects-normal/arm64/WWTextRasterizer.swiftmodule -serialize-diagnostics -dependency-scan-serialize-diagnostics-path /Users/admin/builder/spi-builder-workspace/.derivedData/Build/Intermediates.noindex/WWTextRasterizer.build/Debug-watchos/WWTextRasterizer-t.build/Objects-normal/arm64/WWTextRasterizer-dependency-scan.dia -validate-clang-modules-once -clang-build-session-file /Users/admin/builder/spi-builder-workspace/.derivedData/ModuleCache.noindex/Session.modulevalidation -Xcc -fmodules-prune-interval\=86400 -Xcc -fmodules-prune-after\=345600 -emit-const-values -const-gather-protocols-list /Users/admin/builder/spi-builder-workspace/.derivedData/Build/Intermediates.noindex/WWTextRasterizer.build/Debug-watchos/WWTextRasterizer-t.build/Objects-normal/arm64/WWTextRasterizer_const_extract_protocols.json -Xcc -I/Users/admin/builder/spi-builder-workspace/.derivedData/Build/Products/Debug-watchos/include -Xcc -I/Users/admin/builder/spi-builder-workspace/.derivedData/Build/Intermediates.noindex/WWTextRasterizer.build/Debug-watchos/WWTextRasterizer-t.build/DerivedSources-normal/arm64 -Xcc -I/Users/admin/builder/spi-builder-workspace/.derivedData/Build/Intermediates.noindex/WWTextRasterizer.build/Debug-watchos/WWTextRasterizer-t.build/DerivedSources/arm64 -Xcc -I/Users/admin/builder/spi-builder-workspace/.derivedData/Build/Intermediates.noindex/WWTextRasterizer.build/Debug-watchos/WWTextRasterizer-t.build/DerivedSources -Xcc -DSWIFT_PACKAGE -Xcc -DDEBUG\=1 -emit-objc-header -emit-objc-header-path /Users/admin/builder/spi-builder-workspace/.derivedData/Build/Intermediates.noindex/WWTextRasterizer.build/Debug-watchos/WWTextRasterizer-t.build/Objects-normal/arm64/WWTextRasterizer-Swift.h -working-directory /Users/admin/builder/spi-builder-workspace/.swiftpm/xcode -experimental-emit-module-separately -disable-cmo
SwiftDriver WWTextRasterizer normal arm64_32 com.apple.xcode.tools.swift.compiler (in target 'WWTextRasterizer' from project 'WWTextRasterizer')
    cd /Users/admin/builder/spi-builder-workspace/.swiftpm/xcode
    builtin-SwiftDriver -- /Applications/Xcode-27.0.0-Release.Candidate.app/Contents/Developer/Toolchains/XcodeDefault.xctoolchain/usr/bin/swiftc -parse-as-library -module-name WWTextRasterizer -Onone @/Users/admin/builder/spi-builder-workspace/.derivedData/Build/Intermediates.noindex/WWTextRasterizer.build/Debug-watchos/WWTextRasterizer-t.build/Objects-normal/arm64_32/WWTextRasterizer.SwiftFileList -DSWIFT_PACKAGE -DDEBUG -DSWIFT_MODULE_RESOURCE_BUNDLE_AVAILABLE -DXcode -plugin-path /Applications/Xcode-27.0.0-Release.Candidate.app/Contents/Developer/Toolchains/XcodeDefault.xctoolchain/usr/lib/swift/host/plugins/testing -enable-experimental-feature DebugDescriptionMacro -sdk /Applications/Xcode-27.0.0-Release.Candidate.app/Contents/Developer/Platforms/WatchOS.platform/Developer/SDKs/WatchOS27.0.sdk -target arm64_32-apple-watchos9.0 -g -module-cache-path /Users/admin/builder/spi-builder-workspace/.derivedData/ModuleCache.noindex -Xfrontend -serialize-debugging-options -enable-testing -suppress-warnings -index-store-path /Users/admin/builder/spi-builder-workspace/.derivedData/Index.noindex/DataStore -Xcc -D_LIBCPP_HARDENING_MODE\=_LIBCPP_HARDENING_MODE_DEBUG -swift-version 5 -I /Users/admin/builder/spi-builder-workspace/.derivedData/Build/Products/Debug-watchos -Isystem /Applications/Xcode-27.0.0-Release.Candidate.app/Contents/Developer/Platforms/WatchOS.platform/Developer/usr/lib -F /Users/admin/builder/spi-builder-workspace/.derivedData/Build/Products/Debug-watchos -F /Applications/Xcode-27.0.0-Release.Candidate.app/Contents/Developer/Platforms/WatchOS.platform/Developer/Library/Frameworks -F /Applications/Xcode-27.0.0-Release.Candidate.app/Contents/Developer/Platforms/WatchOS.platform/Developer/SDKs/WatchOS27.0.sdk/Developer/Library/Frameworks -c -j10 -enable-batch-mode -incremental -Xcc -ivfsstatcache -Xcc /Users/admin/builder/spi-builder-workspace/.derivedData/SDKStatCaches.noindex/watchos27.0-24R360-e829b21a6f8c9b70876ba0858053c04477534ef55a1706bf4c1112bbb242f0a2.sdkstatcache -output-file-map /Users/admin/builder/spi-builder-workspace/.derivedData/Build/Intermediates.noindex/WWTextRasterizer.build/Debug-watchos/WWTextRasterizer-t.build/Objects-normal/arm64_32/WWTextRasterizer-OutputFileMap.json -save-temps -no-color-diagnostics -explicit-module-build -module-cache-path /Users/admin/builder/spi-builder-workspace/.derivedData/Build/Intermediates.noindex/SwiftExplicitPrecompiledModules -clang-scanner-module-cache-path /Users/admin/builder/spi-builder-workspace/.derivedData/ModuleCache.noindex -sdk-module-cache-path /Users/admin/builder/spi-builder-workspace/.derivedData/SDKExplicitPrecompiledModules -emit-dependencies -emit-module -emit-module-path /Users/admin/builder/spi-builder-workspace/.derivedData/Build/Intermediates.noindex/WWTextRasterizer.build/Debug-watchos/WWTextRasterizer-t.build/Objects-normal/arm64_32/WWTextRasterizer.swiftmodule -serialize-diagnostics -dependency-scan-serialize-diagnostics-path /Users/admin/builder/spi-builder-workspace/.derivedData/Build/Intermediates.noindex/WWTextRasterizer.build/Debug-watchos/WWTextRasterizer-t.build/Objects-normal/arm64_32/WWTextRasterizer-dependency-scan.dia -validate-clang-modules-once -clang-build-session-file /Users/admin/builder/spi-builder-workspace/.derivedData/ModuleCache.noindex/Session.modulevalidation -Xcc -fmodules-prune-interval\=86400 -Xcc -fmodules-prune-after\=345600 -emit-const-values -const-gather-protocols-list /Users/admin/builder/spi-builder-workspace/.derivedData/Build/Intermediates.noindex/WWTextRasterizer.build/Debug-watchos/WWTextRasterizer-t.build/Objects-normal/arm64_32/WWTextRasterizer_const_extract_protocols.json -Xcc -I/Users/admin/builder/spi-builder-workspace/.derivedData/Build/Products/Debug-watchos/include -Xcc -I/Users/admin/builder/spi-builder-workspace/.derivedData/Build/Intermediates.noindex/WWTextRasterizer.build/Debug-watchos/WWTextRasterizer-t.build/DerivedSources-normal/arm64_32 -Xcc -I/Users/admin/builder/spi-builder-workspace/.derivedData/Build/Intermediates.noindex/WWTextRasterizer.build/Debug-watchos/WWTextRasterizer-t.build/DerivedSources/arm64_32 -Xcc -I/Users/admin/builder/spi-builder-workspace/.derivedData/Build/Intermediates.noindex/WWTextRasterizer.build/Debug-watchos/WWTextRasterizer-t.build/DerivedSources -Xcc -DSWIFT_PACKAGE -Xcc -DDEBUG\=1 -emit-objc-header -emit-objc-header-path /Users/admin/builder/spi-builder-workspace/.derivedData/Build/Intermediates.noindex/WWTextRasterizer.build/Debug-watchos/WWTextRasterizer-t.build/Objects-normal/arm64_32/WWTextRasterizer-Swift.h -working-directory /Users/admin/builder/spi-builder-workspace/.swiftpm/xcode -experimental-emit-module-separately -disable-cmo
SwiftCompile normal arm64 Compiling\ Model.swift /Users/admin/builder/spi-builder-workspace/.dependencies/checkouts/WWTextRasterizer/Sources/WWTextRasterizer/Utility/Model.swift (in target 'WWTextRasterizer' from project 'WWTextRasterizer')
SwiftCompile normal arm64 /Users/admin/builder/spi-builder-workspace/.dependencies/checkouts/WWTextRasterizer/Sources/WWTextRasterizer/Utility/Model.swift (in target 'WWTextRasterizer' from project 'WWTextRasterizer')
    cd /Users/admin/builder/spi-builder-workspace/.swiftpm/xcode
    builtin-SwiftPerFileCompile Model.swift
SwiftEmitModule normal arm64 Emitting\ module\ for\ WWTextRasterizer (in target 'WWTextRasterizer' from project 'WWTextRasterizer')
/Users/admin/builder/spi-builder-workspace/.dependencies/checkouts/WWTextRasterizer/Sources/WWTextRasterizer/Utility/Extension.swift:71:71: error: 'UIGraphicsImageRenderer' is unavailable in watchOS
 69 |     ///   - opaque: 是否為不透明。若為 true,則不支援透明度,渲染效能通常較佳。
 70 |     /// - Returns: 配置完成的 `UIGraphicsImageRenderer` 物件。
 71 |     static func _build(size: CGSize, scale: CGFloat, opaque: Bool) -> UIGraphicsImageRenderer {
    |                                                                       `- error: 'UIGraphicsImageRenderer' is unavailable in watchOS
 72 |
 73 |         let outputSize = CGSize(width: size.width * scale, height: size.height * scale)
/Applications/Xcode-27.0.0-Release.Candidate.app/Contents/Developer/Platforms/WatchOS.platform/Developer/SDKs/WatchOS27.0.sdk/System/Library/Frameworks/UIKit.framework/Headers/UIGraphicsImageRenderer.h:47:12: note: 'UIGraphicsImageRenderer' has been explicitly marked unavailable here
45 |
46 | UIKIT_EXTERN API_AVAILABLE(ios(10.0)) API_UNAVAILABLE(watchos)
47 | @interface UIGraphicsImageRenderer : UIGraphicsRenderer
   |            `- note: 'UIGraphicsImageRenderer' has been explicitly marked unavailable here
48 | - (instancetype)initWithSize:(CGSize)size;
49 | - (instancetype)initWithSize:(CGSize)size format:(UIGraphicsImageRendererFormat *)format NS_DESIGNATED_INITIALIZER;
/Users/admin/builder/spi-builder-workspace/.dependencies/checkouts/WWTextRasterizer/Sources/WWTextRasterizer/Utility/Extension.swift:63:11: error: 'UIGraphicsImageRenderer' is unavailable in watchOS
 61 |
 62 | // MARK: - UIGraphicsImageRenderer
 63 | extension UIGraphicsImageRenderer {
    |           `- error: 'UIGraphicsImageRenderer' is unavailable in watchOS
 64 |
 65 |     /// 建立並配置 UIGraphicsImageRenderer 實例
/Applications/Xcode-27.0.0-Release.Candidate.app/Contents/Developer/Platforms/WatchOS.platform/Developer/SDKs/WatchOS27.0.sdk/System/Library/Frameworks/UIKit.framework/Headers/UIGraphicsImageRenderer.h:47:12: note: 'UIGraphicsImageRenderer' has been explicitly marked unavailable here
45 |
46 | UIKIT_EXTERN API_AVAILABLE(ios(10.0)) API_UNAVAILABLE(watchos)
47 | @interface UIGraphicsImageRenderer : UIGraphicsRenderer
   |            `- note: 'UIGraphicsImageRenderer' has been explicitly marked unavailable here
48 | - (instancetype)initWithSize:(CGSize)size;
49 | - (instancetype)initWithSize:(CGSize)size format:(UIGraphicsImageRendererFormat *)format NS_DESIGNATED_INITIALIZER;
Failed frontend command:
/Applications/Xcode-27.0.0-Release.Candidate.app/Contents/Developer/Toolchains/XcodeDefault.xctoolchain/usr/bin/swift-frontend -frontend -emit-module -experimental-skip-non-inlinable-function-bodies-without-types /Users/admin/builder/spi-builder-workspace/.derivedData/Build/Intermediates.noindex/WWTextRasterizer.build/Debug-watchos/WWTextRasterizer-t.build/DerivedSources/resource_bundle_accessor.swift /Users/admin/builder/spi-builder-workspace/.dependencies/checkouts/WWTextRasterizer/Sources/WWTextRasterizer/Utility/Constant.swift /Users/admin/builder/spi-builder-workspace/.dependencies/checkouts/WWTextRasterizer/Sources/WWTextRasterizer/Utility/Extension.swift /Users/admin/builder/spi-builder-workspace/.dependencies/checkouts/WWTextRasterizer/Sources/WWTextRasterizer/Utility/Model.swift /Users/admin/builder/spi-builder-workspace/.dependencies/checkouts/WWTextRasterizer/Sources/WWTextRasterizer/WWTextRasterizer.swift -target arm64-apple-watchos9.0 -disable-cross-import-overlay-search -load-resolved-plugin /Applications/Xcode-27.0.0-Release.Candidate.app/Contents/Developer/Platforms/WatchOS.platform/Developer/usr/lib/swift/host/plugins/libFoundationMacros.dylib\#/Applications/Xcode-27.0.0-Release.Candidate.app/Contents/Developer/Platforms/WatchOS.platform/Developer/usr/bin/swift-plugin-server\#FoundationMacros -load-resolved-plugin /Applications/Xcode-27.0.0-Release.Candidate.app/Contents/Developer/Platforms/WatchOS.platform/Developer/usr/lib/swift/host/plugins/libObservationMacros.dylib\#/Applications/Xcode-27.0.0-Release.Candidate.app/Contents/Developer/Platforms/WatchOS.platform/Developer/usr/bin/swift-plugin-server\#ObservationMacros -load-resolved-plugin /Applications/Xcode-27.0.0-Release.Candidate.app/Contents/Developer/Platforms/WatchOS.platform/Developer/usr/lib/swift/host/plugins/libSwiftMacros.dylib\#/Applications/Xcode-27.0.0-Release.Candidate.app/Contents/Developer/Platforms/WatchOS.platform/Developer/usr/bin/swift-plugin-server\#SwiftMacros -load-resolved-plugin /Applications/Xcode-27.0.0-Release.Candidate.app/Contents/Developer/Platforms/WatchOS.platform/Developer/usr/lib/swift/host/plugins/libSwiftUIMacros.dylib\#/Applications/Xcode-27.0.0-Release.Candidate.app/Contents/Developer/Platforms/WatchOS.platform/Developer/usr/bin/swift-plugin-server\#SwiftUIMacros -disable-implicit-swift-modules -Xcc -fno-implicit-modules -Xcc -fno-implicit-module-maps -explicit-swift-module-map-file /Users/admin/builder/spi-builder-workspace/.derivedData/Build/Intermediates.noindex/WWTextRasterizer.build/Debug-watchos/WWTextRasterizer-t.build/Objects-normal/arm64/WWTextRasterizer-dependencies-2.json -Xllvm -aarch64-use-tbi -enable-objc-interop -stack-check -sdk /Applications/Xcode-27.0.0-Release.Candidate.app/Contents/Developer/Platforms/WatchOS.platform/Developer/SDKs/WatchOS27.0.sdk -I /Users/admin/builder/spi-builder-workspace/.derivedData/Build/Products/Debug-watchos -Isystem /Applications/Xcode-27.0.0-Release.Candidate.app/Contents/Developer/Platforms/WatchOS.platform/Developer/usr/lib -F /Users/admin/builder/spi-builder-workspace/.derivedData/Build/Products/Debug-watchos -F /Applications/Xcode-27.0.0-Release.Candidate.app/Contents/Developer/Platforms/WatchOS.platform/Developer/Library/Frameworks -F /Applications/Xcode-27.0.0-Release.Candidate.app/Contents/Developer/Platforms/WatchOS.platform/Developer/SDKs/WatchOS27.0.sdk/Developer/Library/Frameworks -module-cache-path /Users/admin/builder/spi-builder-workspace/.derivedData/Build/Intermediates.noindex/SwiftExplicitPrecompiledModules -no-color-diagnostics -Xcc -fno-color-diagnostics -enable-testing -g -debug-info-format\=dwarf -dwarf-version\=4 -suppress-warnings -swift-version 5 -Onone -D SWIFT_PACKAGE -D DEBUG -D SWIFT_MODULE_RESOURCE_BUNDLE_AVAILABLE -D Xcode -serialize-debugging-options -enable-experimental-feature DebugDescriptionMacro -empty-abi-descriptor -validate-clang-modules-once -clang-build-session-file /Users/admin/builder/spi-builder-workspace/.derivedData/ModuleCache.noindex/Session.modulevalidation -Xcc -working-directory -Xcc /Users/admin/builder/spi-builder-workspace/.swiftpm/xcode -enable-anonymous-context-mangled-names -file-compilation-dir /Users/admin/builder/spi-builder-workspace/.swiftpm/xcode -Xcc -D_LIBCPP_HARDENING_MODE\=_LIBCPP_HARDENING_MODE_DEBUG -Xcc -ivfsstatcache -Xcc /Users/admin/builder/spi-builder-workspace/.derivedData/SDKStatCaches.noindex/watchos27.0-24R360-e829b21a6f8c9b70876ba0858053c04477534ef55a1706bf4c1112bbb242f0a2.sdkstatcache -Xcc -fmodules-prune-interval\=86400 -Xcc -fmodules-prune-after\=345600 -Xcc -I/Users/admin/builder/spi-builder-workspace/.derivedData/Build/Products/Debug-watchos/include -Xcc -I/Users/admin/builder/spi-builder-workspace/.derivedData/Build/Intermediates.noindex/WWTextRasterizer.build/Debug-watchos/WWTextRasterizer-t.build/DerivedSources-normal/arm64 -Xcc -I/Users/admin/builder/spi-builder-workspace/.derivedData/Build/Intermediates.noindex/WWTextRasterizer.build/Debug-watchos/WWTextRasterizer-t.build/DerivedSources/arm64 -Xcc -I/Users/admin/builder/spi-builder-workspace/.derivedData/Build/Intermediates.noindex/WWTextRasterizer.build/Debug-watchos/WWTextRasterizer-t.build/DerivedSources -Xcc -DSWIFT_PACKAGE -Xcc -DDEBUG\=1 -no-auto-bridging-header-chaining -module-name WWTextRasterizer -const-gather-protocols-file /Users/admin/builder/spi-builder-workspace/.derivedData/Build/Intermediates.noindex/WWTextRasterizer.build/Debug-watchos/WWTextRasterizer-t.build/Objects-normal/arm64/WWTextRasterizer_const_extract_protocols.json -disable-clang-spi -clang-target arm64-apple-watchos27.0 -target-sdk-version 27.0 -target-sdk-name watchos27.0 -in-process-plugin-server-path /Applications/Xcode-27.0.0-Release.Candidate.app/Contents/Developer/Toolchains/XcodeDefault.xctoolchain/usr/lib/swift/host/libSwiftInProcPluginServer.dylib -emit-module-doc-path /Users/admin/builder/spi-builder-workspace/.derivedData/Build/Intermediates.noindex/WWTextRasterizer.build/Debug-watchos/WWTextRasterizer-t.build/Objects-normal/arm64/WWTextRasterizer.swiftdoc -emit-module-source-info-path /Users/admin/builder/spi-builder-workspace/.derivedData/Build/Intermediates.noindex/WWTextRasterizer.build/Debug-watchos/WWTextRasterizer-t.build/Objects-normal/arm64/WWTextRasterizer.swiftsourceinfo -emit-objc-header-path /Users/admin/builder/spi-builder-workspace/.derivedData/Build/Intermediates.noindex/WWTextRasterizer.build/Debug-watchos/WWTextRasterizer-t.build/Objects-normal/arm64/WWTextRasterizer-Swift.h -serialize-diagnostics-path /Users/admin/builder/spi-builder-workspace/.derivedData/Build/Intermediates.noindex/WWTextRasterizer.build/Debug-watchos/WWTextRasterizer-t.build/Objects-normal/arm64/WWTextRasterizer-primary-emit-module.dia -emit-dependencies-path /Users/admin/builder/spi-builder-workspace/.derivedData/Build/Intermediates.noindex/WWTextRasterizer.build/Debug-watchos/WWTextRasterizer-t.build/Objects-normal/arm64/WWTextRasterizer-primary-emit-module.d -parse-as-library -o /Users/admin/builder/spi-builder-workspace/.derivedData/Build/Intermediates.noindex/WWTextRasterizer.build/Debug-watchos/WWTextRasterizer-t.build/Objects-normal/arm64/WWTextRasterizer.swiftmodule -emit-abi-descriptor-path /Users/admin/builder/spi-builder-workspace/.derivedData/Build/Intermediates.noindex/WWTextRasterizer.build/Debug-watchos/WWTextRasterizer-t.build/Objects-normal/arm64/WWTextRasterizer.abi.json
SwiftCompile normal arm64 (in target 'WWTextRasterizer' from project 'WWTextRasterizer')
    cd /Users/admin/builder/spi-builder-workspace/.swiftpm/xcode

SwiftCompile normal arm64 Compiling\ resource_bundle_accessor.swift /Users/admin/builder/spi-builder-workspace/.derivedData/Build/Intermediates.noindex/WWTextRasterizer.build/Debug-watchos/WWTextRasterizer-t.build/DerivedSources/resource_bundle_accessor.swift (in target 'WWTextRasterizer' from project 'WWTextRasterizer')
SwiftCompile normal arm64 /Users/admin/builder/spi-builder-workspace/.derivedData/Build/Intermediates.noindex/WWTextRasterizer.build/Debug-watchos/WWTextRasterizer-t.build/DerivedSources/resource_bundle_accessor.swift (in target 'WWTextRasterizer' from project 'WWTextRasterizer')
    cd /Users/admin/builder/spi-builder-workspace/.swiftpm/xcode
    builtin-SwiftPerFileCompile resource_bundle_accessor.swift
SwiftCompile normal arm64 Compiling\ WWTextRasterizer.swift /Users/admin/builder/spi-builder-workspace/.dependencies/checkouts/WWTextRasterizer/Sources/WWTextRasterizer/WWTextRasterizer.swift (in target 'WWTextRasterizer' from project 'WWTextRasterizer')
/Users/admin/builder/spi-builder-workspace/.dependencies/checkouts/WWTextRasterizer/Sources/WWTextRasterizer/WWTextRasterizer.swift:40:24: error: 'UIGraphicsImageRenderer' is unavailable in watchOS
 38 |         let pitch = dot.size + dot.spacing
 39 |         let outputSize = CGSize(width: CGFloat(columns) * pitch - dot.spacing, height: CGFloat(rows) * pitch - dot.spacing)
 40 |         let renderer = UIGraphicsImageRenderer._build(size: outputSize, scale: scale, opaque: opaque)
    |                        `- error: 'UIGraphicsImageRenderer' is unavailable in watchOS
 41 |
 42 |         return renderer.image { rendererContext in
/Applications/Xcode-27.0.0-Release.Candidate.app/Contents/Developer/Platforms/WatchOS.platform/Developer/SDKs/WatchOS27.0.sdk/System/Library/Frameworks/UIKit.framework/Headers/UIGraphicsImageRenderer.h:47:12: note: 'UIGraphicsImageRenderer' has been explicitly marked unavailable here
45 |
46 | UIKIT_EXTERN API_AVAILABLE(ios(10.0)) API_UNAVAILABLE(watchos)
47 | @interface UIGraphicsImageRenderer : UIGraphicsRenderer
   |            `- note: 'UIGraphicsImageRenderer' has been explicitly marked unavailable here
48 | - (instancetype)initWithSize:(CGSize)size;
49 | - (instancetype)initWithSize:(CGSize)size format:(UIGraphicsImageRendererFormat *)format NS_DESIGNATED_INITIALIZER;
/Users/admin/builder/spi-builder-workspace/.dependencies/checkouts/WWTextRasterizer/Sources/WWTextRasterizer/WWTextRasterizer.swift:128:24: error: 'UIGraphicsImageRenderer' is unavailable in watchOS
126 |
127 |         let outputSize = CGSize(width: CGFloat(width) * scale, height: CGFloat(height) * scale)
128 |         let renderer = UIGraphicsImageRenderer._build(size: outputSize, scale: 1, opaque: opaque)
    |                        `- error: 'UIGraphicsImageRenderer' is unavailable in watchOS
129 |
130 |         return renderer.image { rendererContext in
/Applications/Xcode-27.0.0-Release.Candidate.app/Contents/Developer/Platforms/WatchOS.platform/Developer/SDKs/WatchOS27.0.sdk/System/Library/Frameworks/UIKit.framework/Headers/UIGraphicsImageRenderer.h:47:12: note: 'UIGraphicsImageRenderer' has been explicitly marked unavailable here
45 |
46 | UIKIT_EXTERN API_AVAILABLE(ios(10.0)) API_UNAVAILABLE(watchos)
47 | @interface UIGraphicsImageRenderer : UIGraphicsRenderer
   |            `- note: 'UIGraphicsImageRenderer' has been explicitly marked unavailable here
48 | - (instancetype)initWithSize:(CGSize)size;
49 | - (instancetype)initWithSize:(CGSize)size format:(UIGraphicsImageRendererFormat *)format NS_DESIGNATED_INITIALIZER;
/Users/admin/builder/spi-builder-workspace/.dependencies/checkouts/WWTextRasterizer/Sources/WWTextRasterizer/WWTextRasterizer.swift:164:24: error: 'UIGraphicsImageRenderer' is unavailable in watchOS
162 |         let pitch = dot.size + dot.spacing
163 |         let outputSize: CGSize = .init(width: CGFloat(width) * pitch - dot.spacing, height: CGFloat(height) * pitch - dot.spacing)
164 |         let renderer = UIGraphicsImageRenderer._build(size: outputSize, scale: 1, opaque: opaque)
    |                        `- error: 'UIGraphicsImageRenderer' is unavailable in watchOS
165 |
166 |         return renderer.image { rendererContext in
/Applications/Xcode-27.0.0-Release.Candidate.app/Contents/Developer/Platforms/WatchOS.platform/Developer/SDKs/WatchOS27.0.sdk/System/Library/Frameworks/UIKit.framework/Headers/UIGraphicsImageRenderer.h:47:12: note: 'UIGraphicsImageRenderer' has been explicitly marked unavailable here
45 |
46 | UIKIT_EXTERN API_AVAILABLE(ios(10.0)) API_UNAVAILABLE(watchos)
47 | @interface UIGraphicsImageRenderer : UIGraphicsRenderer
   |            `- note: 'UIGraphicsImageRenderer' has been explicitly marked unavailable here
48 | - (instancetype)initWithSize:(CGSize)size;
49 | - (instancetype)initWithSize:(CGSize)size format:(UIGraphicsImageRendererFormat *)format NS_DESIGNATED_INITIALIZER;
SwiftCompile normal arm64 /Users/admin/builder/spi-builder-workspace/.dependencies/checkouts/WWTextRasterizer/Sources/WWTextRasterizer/WWTextRasterizer.swift (in target 'WWTextRasterizer' from project 'WWTextRasterizer')
    cd /Users/admin/builder/spi-builder-workspace/.swiftpm/xcode
    builtin-SwiftPerFileCompile WWTextRasterizer.swift
SwiftCompile normal arm64 Compiling\ Constant.swift /Users/admin/builder/spi-builder-workspace/.dependencies/checkouts/WWTextRasterizer/Sources/WWTextRasterizer/Utility/Constant.swift (in target 'WWTextRasterizer' from project 'WWTextRasterizer')
SwiftCompile normal arm64 /Users/admin/builder/spi-builder-workspace/.dependencies/checkouts/WWTextRasterizer/Sources/WWTextRasterizer/Utility/Constant.swift (in target 'WWTextRasterizer' from project 'WWTextRasterizer')
    cd /Users/admin/builder/spi-builder-workspace/.swiftpm/xcode
    builtin-SwiftPerFileCompile Constant.swift
SwiftCompile normal arm64 Compiling\ Extension.swift /Users/admin/builder/spi-builder-workspace/.dependencies/checkouts/WWTextRasterizer/Sources/WWTextRasterizer/Utility/Extension.swift (in target 'WWTextRasterizer' from project 'WWTextRasterizer')
/Users/admin/builder/spi-builder-workspace/.dependencies/checkouts/WWTextRasterizer/Sources/WWTextRasterizer/Utility/Extension.swift:71:71: error: 'UIGraphicsImageRenderer' is unavailable in watchOS
 69 |     ///   - opaque: 是否為不透明。若為 true,則不支援透明度,渲染效能通常較佳。
 70 |     /// - Returns: 配置完成的 `UIGraphicsImageRenderer` 物件。
 71 |     static func _build(size: CGSize, scale: CGFloat, opaque: Bool) -> UIGraphicsImageRenderer {
    |                                                                       `- error: 'UIGraphicsImageRenderer' is unavailable in watchOS
 72 |
 73 |         let outputSize = CGSize(width: size.width * scale, height: size.height * scale)
/Applications/Xcode-27.0.0-Release.Candidate.app/Contents/Developer/Platforms/WatchOS.platform/Developer/SDKs/WatchOS27.0.sdk/System/Library/Frameworks/UIKit.framework/Headers/UIGraphicsImageRenderer.h:47:12: note: 'UIGraphicsImageRenderer' has been explicitly marked unavailable here
45 |
46 | UIKIT_EXTERN API_AVAILABLE(ios(10.0)) API_UNAVAILABLE(watchos)
47 | @interface UIGraphicsImageRenderer : UIGraphicsRenderer
   |            `- note: 'UIGraphicsImageRenderer' has been explicitly marked unavailable here
48 | - (instancetype)initWithSize:(CGSize)size;
49 | - (instancetype)initWithSize:(CGSize)size format:(UIGraphicsImageRendererFormat *)format NS_DESIGNATED_INITIALIZER;
/Users/admin/builder/spi-builder-workspace/.dependencies/checkouts/WWTextRasterizer/Sources/WWTextRasterizer/Utility/Extension.swift:63:11: error: 'UIGraphicsImageRenderer' is unavailable in watchOS
 61 |
 62 | // MARK: - UIGraphicsImageRenderer
 63 | extension UIGraphicsImageRenderer {
    |           `- error: 'UIGraphicsImageRenderer' is unavailable in watchOS
 64 |
 65 |     /// 建立並配置 UIGraphicsImageRenderer 實例
/Applications/Xcode-27.0.0-Release.Candidate.app/Contents/Developer/Platforms/WatchOS.platform/Developer/SDKs/WatchOS27.0.sdk/System/Library/Frameworks/UIKit.framework/Headers/UIGraphicsImageRenderer.h:47:12: note: 'UIGraphicsImageRenderer' has been explicitly marked unavailable here
45 |
46 | UIKIT_EXTERN API_AVAILABLE(ios(10.0)) API_UNAVAILABLE(watchos)
47 | @interface UIGraphicsImageRenderer : UIGraphicsRenderer
   |            `- note: 'UIGraphicsImageRenderer' has been explicitly marked unavailable here
48 | - (instancetype)initWithSize:(CGSize)size;
49 | - (instancetype)initWithSize:(CGSize)size format:(UIGraphicsImageRendererFormat *)format NS_DESIGNATED_INITIALIZER;
/Users/admin/builder/spi-builder-workspace/.dependencies/checkouts/WWTextRasterizer/Sources/WWTextRasterizer/Utility/Extension.swift:74:22: error: 'UIGraphicsImageRendererFormat' is unavailable in watchOS
 72 |
 73 |         let outputSize = CGSize(width: size.width * scale, height: size.height * scale)
 74 |         let format = UIGraphicsImageRendererFormat()
    |                      `- error: 'UIGraphicsImageRendererFormat' is unavailable in watchOS
 75 |
 76 |         format.scale = 1
/Applications/Xcode-27.0.0-Release.Candidate.app/Contents/Developer/Platforms/WatchOS.platform/Developer/SDKs/WatchOS27.0.sdk/System/Library/Frameworks/UIKit.framework/Headers/UIGraphicsImageRenderer.h:27:12: note: 'UIGraphicsImageRendererFormat' has been explicitly marked unavailable here
25 |
26 | UIKIT_EXTERN API_AVAILABLE(ios(10.0)) API_UNAVAILABLE(watchos)
27 | @interface UIGraphicsImageRendererFormat : UIGraphicsRendererFormat
   |            `- note: 'UIGraphicsImageRendererFormat' has been explicitly marked unavailable here
28 |
29 | @property (nonatomic) CGFloat scale; // display scale of the context. The preferredFormat uses the scale most appropriate for the main screen's current configuration.
SwiftCompile normal arm64 /Users/admin/builder/spi-builder-workspace/.dependencies/checkouts/WWTextRasterizer/Sources/WWTextRasterizer/Utility/Extension.swift (in target 'WWTextRasterizer' from project 'WWTextRasterizer')
    cd /Users/admin/builder/spi-builder-workspace/.swiftpm/xcode
    builtin-SwiftPerFileCompile Extension.swift
SwiftEmitModule normal arm64_32 Emitting\ module\ for\ WWTextRasterizer (in target 'WWTextRasterizer' from project 'WWTextRasterizer')
/Users/admin/builder/spi-builder-workspace/.dependencies/checkouts/WWTextRasterizer/Sources/WWTextRasterizer/Utility/Extension.swift:71:71: error: 'UIGraphicsImageRenderer' is unavailable in watchOS
 69 |     ///   - opaque: 是否為不透明。若為 true,則不支援透明度,渲染效能通常較佳。
 70 |     /// - Returns: 配置完成的 `UIGraphicsImageRenderer` 物件。
 71 |     static func _build(size: CGSize, scale: CGFloat, opaque: Bool) -> UIGraphicsImageRenderer {
    |                                                                       `- error: 'UIGraphicsImageRenderer' is unavailable in watchOS
 72 |
 73 |         let outputSize = CGSize(width: size.width * scale, height: size.height * scale)
/Applications/Xcode-27.0.0-Release.Candidate.app/Contents/Developer/Platforms/WatchOS.platform/Developer/SDKs/WatchOS27.0.sdk/System/Library/Frameworks/UIKit.framework/Headers/UIGraphicsImageRenderer.h:47:12: note: 'UIGraphicsImageRenderer' has been explicitly marked unavailable here
45 |
46 | UIKIT_EXTERN API_AVAILABLE(ios(10.0)) API_UNAVAILABLE(watchos)
47 | @interface UIGraphicsImageRenderer : UIGraphicsRenderer
   |            `- note: 'UIGraphicsImageRenderer' has been explicitly marked unavailable here
48 | - (instancetype)initWithSize:(CGSize)size;
49 | - (instancetype)initWithSize:(CGSize)size format:(UIGraphicsImageRendererFormat *)format NS_DESIGNATED_INITIALIZER;
SwiftCompile normal arm64_32 (in target 'WWTextRasterizer' from project 'WWTextRasterizer')
    cd /Users/admin/builder/spi-builder-workspace/.swiftpm/xcode

SwiftCompile normal arm64_32 Compiling\ WWTextRasterizer.swift /Users/admin/builder/spi-builder-workspace/.dependencies/checkouts/WWTextRasterizer/Sources/WWTextRasterizer/WWTextRasterizer.swift (in target 'WWTextRasterizer' from project 'WWTextRasterizer')
/Users/admin/builder/spi-builder-workspace/.dependencies/checkouts/WWTextRasterizer/Sources/WWTextRasterizer/WWTextRasterizer.swift:40:24: error: 'UIGraphicsImageRenderer' is unavailable in watchOS
 38 |         let pitch = dot.size + dot.spacing
 39 |         let outputSize = CGSize(width: CGFloat(columns) * pitch - dot.spacing, height: CGFloat(rows) * pitch - dot.spacing)
 40 |         let renderer = UIGraphicsImageRenderer._build(size: outputSize, scale: scale, opaque: opaque)
    |                        `- error: 'UIGraphicsImageRenderer' is unavailable in watchOS
 41 |
 42 |         return renderer.image { rendererContext in
/Applications/Xcode-27.0.0-Release.Candidate.app/Contents/Developer/Platforms/WatchOS.platform/Developer/SDKs/WatchOS27.0.sdk/System/Library/Frameworks/UIKit.framework/Headers/UIGraphicsImageRenderer.h:47:12: note: 'UIGraphicsImageRenderer' has been explicitly marked unavailable here
45 |
46 | UIKIT_EXTERN API_AVAILABLE(ios(10.0)) API_UNAVAILABLE(watchos)
47 | @interface UIGraphicsImageRenderer : UIGraphicsRenderer
   |            `- note: 'UIGraphicsImageRenderer' has been explicitly marked unavailable here
48 | - (instancetype)initWithSize:(CGSize)size;
49 | - (instancetype)initWithSize:(CGSize)size format:(UIGraphicsImageRendererFormat *)format NS_DESIGNATED_INITIALIZER;
/Users/admin/builder/spi-builder-workspace/.dependencies/checkouts/WWTextRasterizer/Sources/WWTextRasterizer/WWTextRasterizer.swift:128:24: error: 'UIGraphicsImageRenderer' is unavailable in watchOS
126 |
127 |         let outputSize = CGSize(width: CGFloat(width) * scale, height: CGFloat(height) * scale)
128 |         let renderer = UIGraphicsImageRenderer._build(size: outputSize, scale: 1, opaque: opaque)
    |                        `- error: 'UIGraphicsImageRenderer' is unavailable in watchOS
129 |
130 |         return renderer.image { rendererContext in
/Applications/Xcode-27.0.0-Release.Candidate.app/Contents/Developer/Platforms/WatchOS.platform/Developer/SDKs/WatchOS27.0.sdk/System/Library/Frameworks/UIKit.framework/Headers/UIGraphicsImageRenderer.h:47:12: note: 'UIGraphicsImageRenderer' has been explicitly marked unavailable here
45 |
46 | UIKIT_EXTERN API_AVAILABLE(ios(10.0)) API_UNAVAILABLE(watchos)
47 | @interface UIGraphicsImageRenderer : UIGraphicsRenderer
   |            `- note: 'UIGraphicsImageRenderer' has been explicitly marked unavailable here
48 | - (instancetype)initWithSize:(CGSize)size;
49 | - (instancetype)initWithSize:(CGSize)size format:(UIGraphicsImageRendererFormat *)format NS_DESIGNATED_INITIALIZER;
SwiftCompile normal arm64_32 /Users/admin/builder/spi-builder-workspace/.dependencies/checkouts/WWTextRasterizer/Sources/WWTextRasterizer/WWTextRasterizer.swift (in target 'WWTextRasterizer' from project 'WWTextRasterizer')
    cd /Users/admin/builder/spi-builder-workspace/.swiftpm/xcode
    builtin-SwiftPerFileCompile WWTextRasterizer.swift
SwiftCompile normal arm64_32 Compiling\ Model.swift /Users/admin/builder/spi-builder-workspace/.dependencies/checkouts/WWTextRasterizer/Sources/WWTextRasterizer/Utility/Model.swift (in target 'WWTextRasterizer' from project 'WWTextRasterizer')
SwiftCompile normal arm64_32 /Users/admin/builder/spi-builder-workspace/.dependencies/checkouts/WWTextRasterizer/Sources/WWTextRasterizer/Utility/Model.swift (in target 'WWTextRasterizer' from project 'WWTextRasterizer')
    cd /Users/admin/builder/spi-builder-workspace/.swiftpm/xcode
    builtin-SwiftPerFileCompile Model.swift
SwiftCompile normal arm64_32 Compiling\ Extension.swift /Users/admin/builder/spi-builder-workspace/.dependencies/checkouts/WWTextRasterizer/Sources/WWTextRasterizer/Utility/Extension.swift (in target 'WWTextRasterizer' from project 'WWTextRasterizer')
/Users/admin/builder/spi-builder-workspace/.dependencies/checkouts/WWTextRasterizer/Sources/WWTextRasterizer/Utility/Extension.swift:71:71: error: 'UIGraphicsImageRenderer' is unavailable in watchOS
 69 |     ///   - opaque: 是否為不透明。若為 true,則不支援透明度,渲染效能通常較佳。
 70 |     /// - Returns: 配置完成的 `UIGraphicsImageRenderer` 物件。
 71 |     static func _build(size: CGSize, scale: CGFloat, opaque: Bool) -> UIGraphicsImageRenderer {
    |                                                                       `- error: 'UIGraphicsImageRenderer' is unavailable in watchOS
 72 |
 73 |         let outputSize = CGSize(width: size.width * scale, height: size.height * scale)
/Applications/Xcode-27.0.0-Release.Candidate.app/Contents/Developer/Platforms/WatchOS.platform/Developer/SDKs/WatchOS27.0.sdk/System/Library/Frameworks/UIKit.framework/Headers/UIGraphicsImageRenderer.h:47:12: note: 'UIGraphicsImageRenderer' has been explicitly marked unavailable here
45 |
46 | UIKIT_EXTERN API_AVAILABLE(ios(10.0)) API_UNAVAILABLE(watchos)
47 | @interface UIGraphicsImageRenderer : UIGraphicsRenderer
   |            `- note: 'UIGraphicsImageRenderer' has been explicitly marked unavailable here
48 | - (instancetype)initWithSize:(CGSize)size;
49 | - (instancetype)initWithSize:(CGSize)size format:(UIGraphicsImageRendererFormat *)format NS_DESIGNATED_INITIALIZER;
SwiftCompile normal arm64_32 /Users/admin/builder/spi-builder-workspace/.dependencies/checkouts/WWTextRasterizer/Sources/WWTextRasterizer/Utility/Extension.swift (in target 'WWTextRasterizer' from project 'WWTextRasterizer')
    cd /Users/admin/builder/spi-builder-workspace/.swiftpm/xcode
    builtin-SwiftPerFileCompile Extension.swift
PruneExplicitPrecompiledModules /Users/admin/builder/spi-builder-workspace/.derivedData/Build/Intermediates.noindex/SwiftExplicitPrecompiledModules
PruneExplicitPrecompiledModules /Users/admin/builder/spi-builder-workspace/.derivedData/SDKExplicitPrecompiledModules
PruneExplicitPrecompiledModules /Users/admin/builder/spi-builder-workspace/.derivedData/Build/Intermediates.noindex/ExplicitPrecompiledModules
2026-09-24 16:56:06.419 xcodebuild[836:4926] [MT] IDERunDestination: Supported platforms for the buildables in the current scheme is empty.
** BUILD FAILED **
The following build commands failed:
	SwiftEmitModule normal arm64 Emitting\ module\ for\ WWTextRasterizer (in target 'WWTextRasterizer' from project 'WWTextRasterizer')
	SwiftCompile normal arm64 (in target 'WWTextRasterizer' from project 'WWTextRasterizer')
	Building workspace WWTextMarqueeUI with scheme WWTextMarqueeUI
(3 failures)
BUILD FAILURE 6.4 watchOS