Build Information
Failed to build swift-snippets, reference 0.1.1 (700784), with Swift 6.3 for watchOS using Xcode 26.4 on 3 Sep 2026 21:09:50 UTC.
Build Command
No build command. This typically means the build failed at an early stage where we determine the build command.Build Log
========================================
RunAll
========================================
Builder version: 5.0.2
Interrupt handler set up.
========================================
Checkout
========================================
Clone URL: https://github.com/capturecontext/swift-snippets.git
Reference: 0.1.1
Initialized empty Git repository in /Users/admin/builder/spi-builder-workspace/.git/
From https://github.com/capturecontext/swift-snippets
* tag 0.1.1 -> FETCH_HEAD
HEAD is now at 7007846 chore: update KeyPaths Extensions dependency
Cloned https://github.com/capturecontext/swift-snippets.git
Revision (git rev-parse @):
700784602d3f18533b50358f282a7668cab8e79b
SPI manifest file found: $PWD/.spi.yml
SUCCESS checkout https://github.com/capturecontext/swift-snippets.git at 0.1.1
========================================
Build
========================================
Selected platform: watchOS
Swift version: 6.3
Building package at path: $PWD
https://github.com/capturecontext/swift-snippets.git
Command line invocation:
/Applications/Xcode-26.5.0.app/Contents/Developer/usr/bin/xcodebuild -IDEClonedSourcePackagesDirPathOverride=/Users/admin/builder/spi-builder-workspace/.dependencies -resolvePackageDependencies
Resolve Package Graph
Fetching from https://github.com/pointfreeco/swift-custom-dump.git
Fetching from https://github.com/pointfreeco/swift-dependencies.git
Fetching from https://github.com/capturecontext/swift-keypaths-extensions.git
Fetching from https://github.com/pointfreeco/swift-issue-reporting.git
Fetching from https://github.com/pointfreeco/swift-concurrency-extras
Fetching from https://github.com/swiftlang/swift-syntax
Fetching from https://github.com/pointfreeco/combine-schedulers
Fetching from https://github.com/pointfreeco/xctest-dynamic-overlay
Fetching from https://github.com/pointfreeco/swift-clocks
Fetching from https://github.com/capturecontext/swift-keypath-mapping.git
Fetching from https://github.com/capturecontext/swift-marker-protocols.git
Creating working copy of package ‘swift-issue-reporting’
Checking out 2.1.0 of package ‘swift-issue-reporting’
Creating working copy of package ‘combine-schedulers’
Checking out 1.2.2 of package ‘combine-schedulers’
Creating working copy of package ‘swift-dependencies’
Checking out 1.17.1 of package ‘swift-dependencies’
Creating working copy of package ‘swift-marker-protocols’
Checking out 1.5.3 of package ‘swift-marker-protocols’
Creating working copy of package ‘swift-syntax’
Checking out 603.0.2 of package ‘swift-syntax’
Creating working copy of package ‘swift-custom-dump’
Checking out 1.7.3 of package ‘swift-custom-dump’
Creating working copy of package ‘xctest-dynamic-overlay’
Checking out 1.13.1 of package ‘xctest-dynamic-overlay’
Creating working copy of package ‘swift-concurrency-extras’
Checking out 1.4.1 of package ‘swift-concurrency-extras’
Creating working copy of package ‘swift-clocks’
Checking out 1.1.1 of package ‘swift-clocks’
Creating working copy of package ‘swift-keypath-mapping’
Checking out 0.0.3 of package ‘swift-keypath-mapping’
Creating working copy of package ‘swift-keypaths-extensions’
Checking out 0.2.2 of package ‘swift-keypaths-extensions’
multiple packages ('swift-issue-reporting' (from 'https://github.com/pointfreeco/swift-issue-reporting.git'), 'xctest-dynamic-overlay' (from 'https://github.com/pointfreeco/xctest-dynamic-overlay')) declare products with a conflicting name: 'IssueReportingTestSupport’; product names need to be unique across the package graphResolve Package Graph
multiple packages ('swift-issue-reporting' (from 'https://github.com/pointfreeco/swift-issue-reporting.git'), 'xctest-dynamic-overlay' (from 'https://github.com/pointfreeco/xctest-dynamic-overlay')) declare products with a conflicting name: 'IssueReportingTestSupport’; product names need to be unique across the package graph
Resolved source packages:
spi-builder-workspace: (null)
2026-09-03 17:09:07.449 xcodebuild[541:3124] [MT] IDERunDestination: Supported platforms for the buildables in the current scheme is empty.
2026-09-03 17:09:07.549 xcodebuild[541:3124] [MT] IDERunDestination: Supported platforms for the buildables in the current scheme is empty.
2026-09-03 17:09:08.578 xcodebuild[541:3124] [MT] IDERunDestination: Supported platforms for the buildables in the current scheme is empty.
2026-09-03 17:09:48.462 xcodebuild[541:3124] Writing error result bundle to /var/folders/xq/y_g06wb113726d38xsyx71_h0000gn/T/ResultBundle_2026-03-09_17-09-0048.xcresult
xcodebuild: error: Could not resolve package dependencies:
multiple packages ('swift-issue-reporting' (from 'https://github.com/pointfreeco/swift-issue-reporting.git'), 'xctest-dynamic-overlay' (from 'https://github.com/pointfreeco/xctest-dynamic-overlay')) declare products with a conflicting name: 'IssueReportingTestSupport’; product names need to be unique across the package graph
Command line invocation:
/Applications/Xcode-26.5.0.app/Contents/Developer/usr/bin/xcodebuild -IDEClonedSourcePackagesDirPathOverride=/Users/admin/builder/spi-builder-workspace/.dependencies -resolvePackageDependencies
Resolve Package Graph
multiple packages ('swift-issue-reporting' (from 'https://github.com/pointfreeco/swift-issue-reporting.git'), 'xctest-dynamic-overlay' (from 'https://github.com/pointfreeco/xctest-dynamic-overlay')) declare products with a conflicting name: 'IssueReportingTestSupport’; product names need to be unique across the package graph
Resolved source packages:
spi-builder-workspace: (null)
2026-09-03 17:09:49.250 xcodebuild[1053:5766] [MT] IDERunDestination: Supported platforms for the buildables in the current scheme is empty.
2026-09-03 17:09:49.351 xcodebuild[1053:5766] [MT] IDERunDestination: Supported platforms for the buildables in the current scheme is empty.
2026-09-03 17:09:50.174 xcodebuild[1053:5766] Writing error result bundle to /var/folders/xq/y_g06wb113726d38xsyx71_h0000gn/T/ResultBundle_2026-03-09_17-09-0050.xcresult
xcodebuild: error: Could not resolve package dependencies:
multiple packages ('swift-issue-reporting' (from 'https://github.com/pointfreeco/swift-issue-reporting.git'), 'xctest-dynamic-overlay' (from 'https://github.com/pointfreeco/xctest-dynamic-overlay')) declare products with a conflicting name: 'IssueReportingTestSupport’; product names need to be unique across the package graph
BUILD FAILURE 6.3 watchOS