Build Information
Failed to build OEVoice, reference main (5d00dc), with Swift 6.3 for Wasm on 8 Sep 2026 07:10:24 UTC.
Build Command
bash -c docker run --pull=always --rm -v "checkouts-54344847-0":/host -w "$PWD" -e JAVA_HOME="/root/.sdkman/candidates/java/current" -e SPI_BUILD="1" -e SPI_PROCESSING="1" registry.gitlab.com/saguaro1/spi-images:wasm-6.3-latest swift build --swift-sdk swift-6.3.2-RELEASE_wasm 2>&1Build Log
========================================
RunAll
========================================
Builder version: 5.0.2
Interrupt handler set up.
========================================
Checkout
========================================
Clone URL: https://github.com/ryanlintott/OEVoice.git
Reference: main
Initialized empty Git repository in /host/spi-builder-workspace/.git/
hint: Using 'master' as the name for the initial branch. This default branch name
hint: is subject to change. To configure the initial branch name to use in all
hint: of your new repositories, which will suppress this warning, call:
hint:
hint: git config --global init.defaultBranch <name>
hint:
hint: Names commonly chosen instead of 'master' are 'main', 'trunk' and
hint: 'development'. The just-created branch can be renamed via this command:
hint:
hint: git branch -m <name>
From https://github.com/ryanlintott/OEVoice
* branch main -> FETCH_HEAD
* [new branch] main -> origin/main
HEAD is now at 5d00dc8 Merge pull request #2 from ryanlintott/ci/swift-6-0-xcode-probe
Cloned https://github.com/ryanlintott/OEVoice.git
Revision (git rev-parse @):
5d00dc8b709683f5d73d044ee5402f829fb4a782
SPI manifest file found: $PWD/.spi.yml
SUCCESS checkout https://github.com/ryanlintott/OEVoice.git at main
========================================
Build
========================================
Selected platform: wasm
Swift version: 6.3
Building package at path: $PWD
https://github.com/ryanlintott/OEVoice.git
Running build ...
bash -c docker run --pull=always --rm -v "checkouts-54344847-0":/host -w "$PWD" -e JAVA_HOME="/root/.sdkman/candidates/java/current" -e SPI_BUILD="1" -e SPI_PROCESSING="1" registry.gitlab.com/saguaro1/spi-images:wasm-6.3-latest swift build --swift-sdk swift-6.3.2-RELEASE_wasm 2>&1
wasm-6.3-latest: Pulling from saguaro1/spi-images
Digest: sha256:e92e38b97676c18adb57b57429ddfb766786102cb50cb918e0d9e8055d05b35d
Status: Image is up to date for registry.gitlab.com/saguaro1/spi-images:wasm-6.3-latest
Building for debugging...
[0/2] Write sources
[1/2] Write swift-version-24593BA9C3E375BF.txt
[3/12] Compiling OEVoice SpecialCharacter.swift
/host/spi-builder-workspace/Sources/OEVoice/AVAudioSession+setSpeechSession.swift:8:8: error: no such module 'AVFoundation'
6 | //
7 |
8 | import AVFoundation
| `- error: no such module 'AVFoundation'
9 |
10 | public extension AVAudioSession {
[4/13] Compiling OEVoice String-extensions.swift
/host/spi-builder-workspace/Sources/OEVoice/AVAudioSession+setSpeechSession.swift:8:8: error: no such module 'AVFoundation'
6 | //
7 |
8 | import AVFoundation
| `- error: no such module 'AVFoundation'
9 |
10 | public extension AVAudioSession {
[5/13] Compiling OEVoice NSAttributedString-extensions.swift
/host/spi-builder-workspace/Sources/OEVoice/AVAudioSession+setSpeechSession.swift:8:8: error: no such module 'AVFoundation'
6 | //
7 |
8 | import AVFoundation
| `- error: no such module 'AVFoundation'
9 |
10 | public extension AVAudioSession {
[6/13] Compiling OEVoice AttributedString-extensions.swift
/host/spi-builder-workspace/Sources/OEVoice/AVAudioSession+setSpeechSession.swift:8:8: error: no such module 'AVFoundation'
6 | //
7 |
8 | import AVFoundation
| `- error: no such module 'AVFoundation'
9 |
10 | public extension AVAudioSession {
[7/13] Compiling OEVoice AVAudioSession+setSpeechSession.swift
/host/spi-builder-workspace/Sources/OEVoice/AVAudioSession+setSpeechSession.swift:8:8: error: no such module 'AVFoundation'
6 | //
7 |
8 | import AVFoundation
| `- error: no such module 'AVFoundation'
9 |
10 | public extension AVAudioSession {
[8/13] Compiling OEVoice AVSpeechSynthesizerIPA+OE.swift
/host/spi-builder-workspace/Sources/OEVoice/AVAudioSession+setSpeechSession.swift:8:8: error: no such module 'AVFoundation'
6 | //
7 |
8 | import AVFoundation
| `- error: no such module 'AVFoundation'
9 |
10 | public extension AVAudioSession {
error: emit-module command failed with exit code 1 (use -v to see invocation)
[9/13] Emitting module OEVoice
/host/spi-builder-workspace/Sources/OEVoice/AVAudioSession+setSpeechSession.swift:8:8: error: no such module 'AVFoundation'
6 | //
7 |
8 | import AVFoundation
| `- error: no such module 'AVFoundation'
9 |
10 | public extension AVAudioSession {
[10/13] Compiling OEVoice OEVoiceError.swift
/host/spi-builder-workspace/Sources/OEVoice/AVAudioSession+setSpeechSession.swift:8:8: error: no such module 'AVFoundation'
6 | //
7 |
8 | import AVFoundation
| `- error: no such module 'AVFoundation'
9 |
10 | public extension AVAudioSession {
[11/13] Compiling OEVoice OEVoice.swift
/host/spi-builder-workspace/Sources/OEVoice/AVAudioSession+setSpeechSession.swift:8:8: error: no such module 'AVFoundation'
6 | //
7 |
8 | import AVFoundation
| `- error: no such module 'AVFoundation'
9 |
10 | public extension AVAudioSession {
[12/13] Compiling OEVoice AVSpeechSynthesizerIPA.swift
/host/spi-builder-workspace/Sources/OEVoice/AVAudioSession+setSpeechSession.swift:8:8: error: no such module 'AVFoundation'
6 | //
7 |
8 | import AVFoundation
| `- error: no such module 'AVFoundation'
9 |
10 | public extension AVAudioSession {
[13/13] Compiling OEVoice OEVoice+AVFoundation.swift
/host/spi-builder-workspace/Sources/OEVoice/AVAudioSession+setSpeechSession.swift:8:8: error: no such module 'AVFoundation'
6 | //
7 |
8 | import AVFoundation
| `- error: no such module 'AVFoundation'
9 |
10 | public extension AVAudioSession {
BUILD FAILURE 6.3 wasm