The Swift Package Index logo.Swift Package Index

Build Information

Failed to build VisualEffectBlurView, reference 7.3.1 (ccfe9e), with Swift 6.4 for tvOS using Xcode 27.0 on 22 Sep 2026 17:50:59 UTC.

Build Command

env DEVELOPER_DIR=/Applications/Xcode-27.0.0-Release.Candidate.app xcrun xcodebuild -IDEClonedSourcePackagesDirPathOverride=$PWD/.dependencies -skipMacroValidation -skipPackagePluginValidation -derivedDataPath $PWD/.derivedData build -scheme VisualEffectBlurView -destination generic/platform=tvOS

Build Log

238 |
239 |       // Non-adaptable Colors
240 |       case "darkText": return .darkText;
    |                                `- error: 'darkText' is unavailable in tvOS
241 |       case "lightText": return .lightText;
242 |
/Applications/Xcode-27.0.0-Release.Candidate.app/Contents/Developer/Platforms/AppleTVOS.platform/Developer/SDKs/AppleTVOS27.0.sdk/System/Library/Frameworks/UIKit.framework/Headers/UIInterface.h:252:48: note: 'darkText' has been explicitly marked unavailable here
250 |  */
251 | @property(class, nonatomic, readonly) UIColor *lightTextColor API_UNAVAILABLE(tvos, watchos);    // for a dark background
252 | @property(class, nonatomic, readonly) UIColor *darkTextColor API_UNAVAILABLE(tvos, watchos);     // for a light background
    |                                                `- note: 'darkText' has been explicitly marked unavailable here
253 |
254 | /* groupTableViewBackgroundColor is now the same as systemGroupedBackgroundColor.
/Users/admin/builder/spi-builder-workspace/.dependencies/checkouts/DGSwiftUtilities/Sources/Extension+Helpers/UIColor+Helpers.swift:241:33: error: 'lightText' is unavailable in tvOS
239 |       // Non-adaptable Colors
240 |       case "darkText": return .darkText;
241 |       case "lightText": return .lightText;
    |                                 `- error: 'lightText' is unavailable in tvOS
242 |
243 |       default: return nil;
/Applications/Xcode-27.0.0-Release.Candidate.app/Contents/Developer/Platforms/AppleTVOS.platform/Developer/SDKs/AppleTVOS27.0.sdk/System/Library/Frameworks/UIKit.framework/Headers/UIInterface.h:251:48: note: 'lightText' has been explicitly marked unavailable here
249 |  * When possible, we recommend using `labelColor` and its variants, instead.
250 |  */
251 | @property(class, nonatomic, readonly) UIColor *lightTextColor API_UNAVAILABLE(tvos, watchos);    // for a dark background
    |                                                `- note: 'lightText' has been explicitly marked unavailable here
252 | @property(class, nonatomic, readonly) UIColor *darkTextColor API_UNAVAILABLE(tvos, watchos);     // for a light background
253 |
/Users/admin/builder/spi-builder-workspace/.dependencies/checkouts/DGSwiftUtilities/Sources/Extension+Helpers/UIColor+Helpers.swift:268:37: error: 'systemGray2' is unavailable in tvOS
266 |         //Adaptable Gray Colors
267 |         case "systemGray" : return .systemGray;
268 |         case "systemGray2": return .systemGray2;
    |                                     `- error: 'systemGray2' is unavailable in tvOS
269 |         case "systemGray3": return .systemGray3;
270 |         case "systemGray4": return .systemGray4;
/Applications/Xcode-27.0.0-Release.Candidate.app/Contents/Developer/Platforms/AppleTVOS.platform/Developer/SDKs/AppleTVOS27.0.sdk/System/Library/Frameworks/UIKit.framework/Headers/UIInterface.h:146:49: note: 'systemGray2' has been explicitly marked unavailable here
144 |  *                               systemGray3 is darker than that, and so on.
145 |  */
146 | @property (class, nonatomic, readonly) UIColor *systemGray2Color        API_AVAILABLE(ios(13.0)) API_UNAVAILABLE(tvos, watchos);
    |                                                 `- note: 'systemGray2' has been explicitly marked unavailable here
147 | @property (class, nonatomic, readonly) UIColor *systemGray3Color        API_AVAILABLE(ios(13.0)) API_UNAVAILABLE(tvos, watchos);
148 | @property (class, nonatomic, readonly) UIColor *systemGray4Color        API_AVAILABLE(ios(13.0)) API_UNAVAILABLE(tvos, watchos);
/Users/admin/builder/spi-builder-workspace/.dependencies/checkouts/DGSwiftUtilities/Sources/Extension+Helpers/UIColor+Helpers.swift:269:37: error: 'systemGray3' is unavailable in tvOS
267 |         case "systemGray" : return .systemGray;
268 |         case "systemGray2": return .systemGray2;
269 |         case "systemGray3": return .systemGray3;
    |                                     `- error: 'systemGray3' is unavailable in tvOS
270 |         case "systemGray4": return .systemGray4;
271 |         case "systemGray5": return .systemGray5;
/Applications/Xcode-27.0.0-Release.Candidate.app/Contents/Developer/Platforms/AppleTVOS.platform/Developer/SDKs/AppleTVOS27.0.sdk/System/Library/Frameworks/UIKit.framework/Headers/UIInterface.h:147:49: note: 'systemGray3' has been explicitly marked unavailable here
145 |  */
146 | @property (class, nonatomic, readonly) UIColor *systemGray2Color        API_AVAILABLE(ios(13.0)) API_UNAVAILABLE(tvos, watchos);
147 | @property (class, nonatomic, readonly) UIColor *systemGray3Color        API_AVAILABLE(ios(13.0)) API_UNAVAILABLE(tvos, watchos);
    |                                                 `- note: 'systemGray3' has been explicitly marked unavailable here
148 | @property (class, nonatomic, readonly) UIColor *systemGray4Color        API_AVAILABLE(ios(13.0)) API_UNAVAILABLE(tvos, watchos);
149 | @property (class, nonatomic, readonly) UIColor *systemGray5Color        API_AVAILABLE(ios(13.0)) API_UNAVAILABLE(tvos, watchos);
/Users/admin/builder/spi-builder-workspace/.dependencies/checkouts/DGSwiftUtilities/Sources/Extension+Helpers/UIColor+Helpers.swift:270:37: error: 'systemGray4' is unavailable in tvOS
268 |         case "systemGray2": return .systemGray2;
269 |         case "systemGray3": return .systemGray3;
270 |         case "systemGray4": return .systemGray4;
    |                                     `- error: 'systemGray4' is unavailable in tvOS
271 |         case "systemGray5": return .systemGray5;
272 |         case "systemGray6": return .systemGray6;
/Applications/Xcode-27.0.0-Release.Candidate.app/Contents/Developer/Platforms/AppleTVOS.platform/Developer/SDKs/AppleTVOS27.0.sdk/System/Library/Frameworks/UIKit.framework/Headers/UIInterface.h:148:49: note: 'systemGray4' has been explicitly marked unavailable here
146 | @property (class, nonatomic, readonly) UIColor *systemGray2Color        API_AVAILABLE(ios(13.0)) API_UNAVAILABLE(tvos, watchos);
147 | @property (class, nonatomic, readonly) UIColor *systemGray3Color        API_AVAILABLE(ios(13.0)) API_UNAVAILABLE(tvos, watchos);
148 | @property (class, nonatomic, readonly) UIColor *systemGray4Color        API_AVAILABLE(ios(13.0)) API_UNAVAILABLE(tvos, watchos);
    |                                                 `- note: 'systemGray4' has been explicitly marked unavailable here
149 | @property (class, nonatomic, readonly) UIColor *systemGray5Color        API_AVAILABLE(ios(13.0)) API_UNAVAILABLE(tvos, watchos);
150 | @property (class, nonatomic, readonly) UIColor *systemGray6Color        API_AVAILABLE(ios(13.0)) API_UNAVAILABLE(tvos, watchos);
/Users/admin/builder/spi-builder-workspace/.dependencies/checkouts/DGSwiftUtilities/Sources/Extension+Helpers/UIColor+Helpers.swift:271:37: error: 'systemGray5' is unavailable in tvOS
269 |         case "systemGray3": return .systemGray3;
270 |         case "systemGray4": return .systemGray4;
271 |         case "systemGray5": return .systemGray5;
    |                                     `- error: 'systemGray5' is unavailable in tvOS
272 |         case "systemGray6": return .systemGray6;
273 |
/Applications/Xcode-27.0.0-Release.Candidate.app/Contents/Developer/Platforms/AppleTVOS.platform/Developer/SDKs/AppleTVOS27.0.sdk/System/Library/Frameworks/UIKit.framework/Headers/UIInterface.h:149:49: note: 'systemGray5' has been explicitly marked unavailable here
147 | @property (class, nonatomic, readonly) UIColor *systemGray3Color        API_AVAILABLE(ios(13.0)) API_UNAVAILABLE(tvos, watchos);
148 | @property (class, nonatomic, readonly) UIColor *systemGray4Color        API_AVAILABLE(ios(13.0)) API_UNAVAILABLE(tvos, watchos);
149 | @property (class, nonatomic, readonly) UIColor *systemGray5Color        API_AVAILABLE(ios(13.0)) API_UNAVAILABLE(tvos, watchos);
    |                                                 `- note: 'systemGray5' has been explicitly marked unavailable here
150 | @property (class, nonatomic, readonly) UIColor *systemGray6Color        API_AVAILABLE(ios(13.0)) API_UNAVAILABLE(tvos, watchos);
151 |
/Users/admin/builder/spi-builder-workspace/.dependencies/checkouts/DGSwiftUtilities/Sources/Extension+Helpers/UIColor+Helpers.swift:272:37: error: 'systemGray6' is unavailable in tvOS
270 |         case "systemGray4": return .systemGray4;
271 |         case "systemGray5": return .systemGray5;
272 |         case "systemGray6": return .systemGray6;
    |                                     `- error: 'systemGray6' is unavailable in tvOS
273 |
274 |         default: break;
/Applications/Xcode-27.0.0-Release.Candidate.app/Contents/Developer/Platforms/AppleTVOS.platform/Developer/SDKs/AppleTVOS27.0.sdk/System/Library/Frameworks/UIKit.framework/Headers/UIInterface.h:150:49: note: 'systemGray6' has been explicitly marked unavailable here
148 | @property (class, nonatomic, readonly) UIColor *systemGray4Color        API_AVAILABLE(ios(13.0)) API_UNAVAILABLE(tvos, watchos);
149 | @property (class, nonatomic, readonly) UIColor *systemGray5Color        API_AVAILABLE(ios(13.0)) API_UNAVAILABLE(tvos, watchos);
150 | @property (class, nonatomic, readonly) UIColor *systemGray6Color        API_AVAILABLE(ios(13.0)) API_UNAVAILABLE(tvos, watchos);
    |                                                 `- note: 'systemGray6' has been explicitly marked unavailable here
151 |
152 | #pragma mark Tint color
/Users/admin/builder/spi-builder-workspace/.dependencies/checkouts/DGSwiftUtilities/Sources/Extension+Helpers/UIViewController+Helpers.swift:180:38: error: 'UISheetPresentationController' is unavailable in tvOS
178 |     };
179 |
180 |     return presentationController is UISheetPresentationController;
    |                                      `- error: 'UISheetPresentationController' is unavailable in tvOS
181 |   };
182 |
/Applications/Xcode-27.0.0-Release.Candidate.app/Contents/Developer/Platforms/AppleTVOS.platform/Developer/SDKs/AppleTVOS27.0.sdk/System/Library/Frameworks/UIKit.framework/Headers/UISheetPresentationController.h:108:12: note: 'UISheetPresentationController' has been explicitly marked unavailable here
106 |
107 | UIKIT_EXTERN API_AVAILABLE(ios(15.0)) API_UNAVAILABLE(tvos, watchos) NS_SWIFT_UI_ACTOR
108 | @interface UISheetPresentationController : UIPresentationController
    |            `- note: 'UISheetPresentationController' has been explicitly marked unavailable here
109 |
110 | // The delegate inherited from UIPresentationController, redeclared with conformance to UISheetPresentationControllerDelegate.
/Users/admin/builder/spi-builder-workspace/.dependencies/checkouts/DGSwiftUtilities/Sources/Extension+RawValueToStringConvertible/UIBlurEffectStyle+RawValueToStringConvertible.swift:30:10: error: 'systemUltraThinMaterial' is unavailable in tvOS
 28 |     if #available(iOS 13.0, *) {
 29 |       blurEffects += [
 30 |         .systemUltraThinMaterial,
    |          `- error: 'systemUltraThinMaterial' is unavailable in tvOS
 31 |         .systemThinMaterial,
 32 |         .systemMaterial,
UIKit.UIBlurEffect.Style.systemUltraThinMaterial:4:10: note: 'systemUltraThinMaterial' has been explicitly marked unavailable here
2 |   enum Style {
3 | @available(tvOS, unavailable)
4 |     case systemUltraThinMaterial  }
  |          `- note: 'systemUltraThinMaterial' has been explicitly marked unavailable here
5 | }
6 |
/Users/admin/builder/spi-builder-workspace/.dependencies/checkouts/DGSwiftUtilities/Sources/Extension+RawValueToStringConvertible/UIBlurEffectStyle+RawValueToStringConvertible.swift:31:10: error: 'systemThinMaterial' is unavailable in tvOS
 29 |       blurEffects += [
 30 |         .systemUltraThinMaterial,
 31 |         .systemThinMaterial,
    |          `- error: 'systemThinMaterial' is unavailable in tvOS
 32 |         .systemMaterial,
 33 |         .systemThickMaterial,
UIKit.UIBlurEffect.Style.systemThinMaterial:4:10: note: 'systemThinMaterial' has been explicitly marked unavailable here
2 |   enum Style {
3 | @available(tvOS, unavailable)
4 |     case systemThinMaterial  }
  |          `- note: 'systemThinMaterial' has been explicitly marked unavailable here
5 | }
6 |
/Users/admin/builder/spi-builder-workspace/.dependencies/checkouts/DGSwiftUtilities/Sources/Extension+RawValueToStringConvertible/UIBlurEffectStyle+RawValueToStringConvertible.swift:32:10: error: 'systemMaterial' is unavailable in tvOS
 30 |         .systemUltraThinMaterial,
 31 |         .systemThinMaterial,
 32 |         .systemMaterial,
    |          `- error: 'systemMaterial' is unavailable in tvOS
 33 |         .systemThickMaterial,
 34 |         .systemChromeMaterial,
UIKit.UIBlurEffect.Style.systemMaterial:4:10: note: 'systemMaterial' has been explicitly marked unavailable here
2 |   enum Style {
3 | @available(tvOS, unavailable)
4 |     case systemMaterial  }
  |          `- note: 'systemMaterial' has been explicitly marked unavailable here
5 | }
6 |
/Users/admin/builder/spi-builder-workspace/.dependencies/checkouts/DGSwiftUtilities/Sources/Extension+RawValueToStringConvertible/UIBlurEffectStyle+RawValueToStringConvertible.swift:33:10: error: 'systemThickMaterial' is unavailable in tvOS
 31 |         .systemThinMaterial,
 32 |         .systemMaterial,
 33 |         .systemThickMaterial,
    |          `- error: 'systemThickMaterial' is unavailable in tvOS
 34 |         .systemChromeMaterial,
 35 |         .systemUltraThinMaterialLight,
UIKit.UIBlurEffect.Style.systemThickMaterial:4:10: note: 'systemThickMaterial' has been explicitly marked unavailable here
2 |   enum Style {
3 | @available(tvOS, unavailable)
4 |     case systemThickMaterial  }
  |          `- note: 'systemThickMaterial' has been explicitly marked unavailable here
5 | }
6 |
/Users/admin/builder/spi-builder-workspace/.dependencies/checkouts/DGSwiftUtilities/Sources/Extension+RawValueToStringConvertible/UIBlurEffectStyle+RawValueToStringConvertible.swift:34:10: error: 'systemChromeMaterial' is unavailable in tvOS
 32 |         .systemMaterial,
 33 |         .systemThickMaterial,
 34 |         .systemChromeMaterial,
    |          `- error: 'systemChromeMaterial' is unavailable in tvOS
 35 |         .systemUltraThinMaterialLight,
 36 |         .systemThinMaterialLight,
UIKit.UIBlurEffect.Style.systemChromeMaterial:4:10: note: 'systemChromeMaterial' has been explicitly marked unavailable here
2 |   enum Style {
3 | @available(tvOS, unavailable)
4 |     case systemChromeMaterial  }
  |          `- note: 'systemChromeMaterial' has been explicitly marked unavailable here
5 | }
6 |
/Users/admin/builder/spi-builder-workspace/.dependencies/checkouts/DGSwiftUtilities/Sources/Extension+RawValueToStringConvertible/UIBlurEffectStyle+RawValueToStringConvertible.swift:35:10: error: 'systemUltraThinMaterialLight' is unavailable in tvOS
 33 |         .systemThickMaterial,
 34 |         .systemChromeMaterial,
 35 |         .systemUltraThinMaterialLight,
    |          `- error: 'systemUltraThinMaterialLight' is unavailable in tvOS
 36 |         .systemThinMaterialLight,
 37 |         .systemMaterialLight,
UIKit.UIBlurEffect.Style.systemUltraThinMaterialLight:4:10: note: 'systemUltraThinMaterialLight' has been explicitly marked unavailable here
2 |   enum Style {
3 | @available(tvOS, unavailable)
4 |     case systemUltraThinMaterialLight  }
  |          `- note: 'systemUltraThinMaterialLight' has been explicitly marked unavailable here
5 | }
6 |
/Users/admin/builder/spi-builder-workspace/.dependencies/checkouts/DGSwiftUtilities/Sources/Extension+RawValueToStringConvertible/UIBlurEffectStyle+RawValueToStringConvertible.swift:36:10: error: 'systemThinMaterialLight' is unavailable in tvOS
 34 |         .systemChromeMaterial,
 35 |         .systemUltraThinMaterialLight,
 36 |         .systemThinMaterialLight,
    |          `- error: 'systemThinMaterialLight' is unavailable in tvOS
 37 |         .systemMaterialLight,
 38 |         .systemThickMaterialLight,
UIKit.UIBlurEffect.Style.systemThinMaterialLight:4:10: note: 'systemThinMaterialLight' has been explicitly marked unavailable here
2 |   enum Style {
3 | @available(tvOS, unavailable)
4 |     case systemThinMaterialLight  }
  |          `- note: 'systemThinMaterialLight' has been explicitly marked unavailable here
5 | }
6 |
/Users/admin/builder/spi-builder-workspace/.dependencies/checkouts/DGSwiftUtilities/Sources/Extension+RawValueToStringConvertible/UIBlurEffectStyle+RawValueToStringConvertible.swift:37:10: error: 'systemMaterialLight' is unavailable in tvOS
 35 |         .systemUltraThinMaterialLight,
 36 |         .systemThinMaterialLight,
 37 |         .systemMaterialLight,
    |          `- error: 'systemMaterialLight' is unavailable in tvOS
 38 |         .systemThickMaterialLight,
 39 |         .systemChromeMaterialLight,
UIKit.UIBlurEffect.Style.systemMaterialLight:4:10: note: 'systemMaterialLight' has been explicitly marked unavailable here
2 |   enum Style {
3 | @available(tvOS, unavailable)
4 |     case systemMaterialLight  }
  |          `- note: 'systemMaterialLight' has been explicitly marked unavailable here
5 | }
6 |
/Users/admin/builder/spi-builder-workspace/.dependencies/checkouts/DGSwiftUtilities/Sources/Extension+RawValueToStringConvertible/UIBlurEffectStyle+RawValueToStringConvertible.swift:38:10: error: 'systemThickMaterialLight' is unavailable in tvOS
 36 |         .systemThinMaterialLight,
 37 |         .systemMaterialLight,
 38 |         .systemThickMaterialLight,
    |          `- error: 'systemThickMaterialLight' is unavailable in tvOS
 39 |         .systemChromeMaterialLight,
 40 |         .systemUltraThinMaterialDark,
UIKit.UIBlurEffect.Style.systemThickMaterialLight:4:10: note: 'systemThickMaterialLight' has been explicitly marked unavailable here
2 |   enum Style {
3 | @available(tvOS, unavailable)
4 |     case systemThickMaterialLight  }
  |          `- note: 'systemThickMaterialLight' has been explicitly marked unavailable here
5 | }
6 |
/Users/admin/builder/spi-builder-workspace/.dependencies/checkouts/DGSwiftUtilities/Sources/Extension+RawValueToStringConvertible/UIBlurEffectStyle+RawValueToStringConvertible.swift:39:10: error: 'systemChromeMaterialLight' is unavailable in tvOS
 37 |         .systemMaterialLight,
 38 |         .systemThickMaterialLight,
 39 |         .systemChromeMaterialLight,
    |          `- error: 'systemChromeMaterialLight' is unavailable in tvOS
 40 |         .systemUltraThinMaterialDark,
 41 |         .systemThinMaterialDark,
UIKit.UIBlurEffect.Style.systemChromeMaterialLight:4:10: note: 'systemChromeMaterialLight' has been explicitly marked unavailable here
2 |   enum Style {
3 | @available(tvOS, unavailable)
4 |     case systemChromeMaterialLight  }
  |          `- note: 'systemChromeMaterialLight' has been explicitly marked unavailable here
5 | }
6 |
/Users/admin/builder/spi-builder-workspace/.dependencies/checkouts/DGSwiftUtilities/Sources/Extension+RawValueToStringConvertible/UIBlurEffectStyle+RawValueToStringConvertible.swift:40:10: error: 'systemUltraThinMaterialDark' is unavailable in tvOS
 38 |         .systemThickMaterialLight,
 39 |         .systemChromeMaterialLight,
 40 |         .systemUltraThinMaterialDark,
    |          `- error: 'systemUltraThinMaterialDark' is unavailable in tvOS
 41 |         .systemThinMaterialDark,
 42 |         .systemMaterialDark,
UIKit.UIBlurEffect.Style.systemUltraThinMaterialDark:4:10: note: 'systemUltraThinMaterialDark' has been explicitly marked unavailable here
2 |   enum Style {
3 | @available(tvOS, unavailable)
4 |     case systemUltraThinMaterialDark  }
  |          `- note: 'systemUltraThinMaterialDark' has been explicitly marked unavailable here
5 | }
6 |
/Users/admin/builder/spi-builder-workspace/.dependencies/checkouts/DGSwiftUtilities/Sources/Extension+RawValueToStringConvertible/UIBlurEffectStyle+RawValueToStringConvertible.swift:41:10: error: 'systemThinMaterialDark' is unavailable in tvOS
 39 |         .systemChromeMaterialLight,
 40 |         .systemUltraThinMaterialDark,
 41 |         .systemThinMaterialDark,
    |          `- error: 'systemThinMaterialDark' is unavailable in tvOS
 42 |         .systemMaterialDark,
 43 |         .systemThickMaterialDark,
UIKit.UIBlurEffect.Style.systemThinMaterialDark:4:10: note: 'systemThinMaterialDark' has been explicitly marked unavailable here
2 |   enum Style {
3 | @available(tvOS, unavailable)
4 |     case systemThinMaterialDark  }
  |          `- note: 'systemThinMaterialDark' has been explicitly marked unavailable here
5 | }
6 |
/Users/admin/builder/spi-builder-workspace/.dependencies/checkouts/DGSwiftUtilities/Sources/Extension+RawValueToStringConvertible/UIBlurEffectStyle+RawValueToStringConvertible.swift:42:10: error: 'systemMaterialDark' is unavailable in tvOS
 40 |         .systemUltraThinMaterialDark,
 41 |         .systemThinMaterialDark,
 42 |         .systemMaterialDark,
    |          `- error: 'systemMaterialDark' is unavailable in tvOS
 43 |         .systemThickMaterialDark,
 44 |         .systemChromeMaterialDark,
UIKit.UIBlurEffect.Style.systemMaterialDark:4:10: note: 'systemMaterialDark' has been explicitly marked unavailable here
2 |   enum Style {
3 | @available(tvOS, unavailable)
4 |     case systemMaterialDark  }
  |          `- note: 'systemMaterialDark' has been explicitly marked unavailable here
5 | }
6 |
/Users/admin/builder/spi-builder-workspace/.dependencies/checkouts/DGSwiftUtilities/Sources/Extension+RawValueToStringConvertible/UIBlurEffectStyle+RawValueToStringConvertible.swift:43:10: error: 'systemThickMaterialDark' is unavailable in tvOS
 41 |         .systemThinMaterialDark,
 42 |         .systemMaterialDark,
 43 |         .systemThickMaterialDark,
    |          `- error: 'systemThickMaterialDark' is unavailable in tvOS
 44 |         .systemChromeMaterialDark,
 45 |       ];
UIKit.UIBlurEffect.Style.systemThickMaterialDark:4:10: note: 'systemThickMaterialDark' has been explicitly marked unavailable here
2 |   enum Style {
3 | @available(tvOS, unavailable)
4 |     case systemThickMaterialDark  }
  |          `- note: 'systemThickMaterialDark' has been explicitly marked unavailable here
5 | }
6 |
/Users/admin/builder/spi-builder-workspace/.dependencies/checkouts/DGSwiftUtilities/Sources/Extension+RawValueToStringConvertible/UIBlurEffectStyle+RawValueToStringConvertible.swift:44:10: error: 'systemChromeMaterialDark' is unavailable in tvOS
 42 |         .systemMaterialDark,
 43 |         .systemThickMaterialDark,
 44 |         .systemChromeMaterialDark,
    |          `- error: 'systemChromeMaterialDark' is unavailable in tvOS
 45 |       ];
 46 |     };
UIKit.UIBlurEffect.Style.systemChromeMaterialDark:4:10: note: 'systemChromeMaterialDark' has been explicitly marked unavailable here
2 |   enum Style {
3 | @available(tvOS, unavailable)
4 |     case systemChromeMaterialDark  }
  |          `- note: 'systemChromeMaterialDark' has been explicitly marked unavailable here
5 | }
6 |
/Users/admin/builder/spi-builder-workspace/.dependencies/checkouts/DGSwiftUtilities/Sources/Extension+RawValueToStringConvertible/UIContextMenuInteractionCommitStyle+RawValueToStringConvertible.swift:11:11: error: 'UIContextMenuInteractionCommitStyle' is unavailable in tvOS
 9 |
10 | @available(iOS 13.0, *)
11 | extension UIContextMenuInteractionCommitStyle: RawValueToStringConvertible {
   |           `- error: 'UIContextMenuInteractionCommitStyle' is unavailable in tvOS
12 |
13 |   // MARK: - CaseIterable
/Applications/Xcode-27.0.0-Release.Candidate.app/Contents/Developer/Platforms/AppleTVOS.platform/Developer/SDKs/AppleTVOS27.0.sdk/System/Library/Frameworks/UIKit.framework/Headers/UIContextMenuInteraction.h:20:28: note: 'UIContextMenuInteractionCommitStyle' has been explicitly marked unavailable here
 18 | @protocol UIContextMenuInteractionDelegate;
 19 |
 20 | typedef NS_ENUM(NSInteger, UIContextMenuInteractionCommitStyle) {
    |                            `- note: 'UIContextMenuInteractionCommitStyle' has been explicitly marked unavailable here
 21 |     UIContextMenuInteractionCommitStyleDismiss = 0,
 22 |     UIContextMenuInteractionCommitStylePop,
/Users/admin/builder/spi-builder-workspace/.dependencies/checkouts/DGSwiftUtilities/Sources/Extension+RawValueToStringConvertible/UIDeviceBatteryState+RawValueToStringConvertible.swift:11:20: error: 'BatteryState' is unavailable in tvOS
 9 |
10 |
11 | extension UIDevice.BatteryState: RawValueToStringConvertible {
   |                    `- error: 'BatteryState' is unavailable in tvOS
12 |
13 |   // MARK: - CaseIterable
/Applications/Xcode-27.0.0-Release.Candidate.app/Contents/Developer/Platforms/AppleTVOS.platform/Developer/SDKs/AppleTVOS27.0.sdk/System/Library/Frameworks/UIKit.framework/Headers/UIDevice.h:15:28: note: 'BatteryState' has been explicitly marked unavailable here
13 | NS_HEADER_AUDIT_BEGIN(nullability, sendability)
14 |
15 | typedef NS_ENUM(NSInteger, UIDeviceBatteryState) {
   |                            `- note: 'BatteryState' has been explicitly marked unavailable here
16 |     UIDeviceBatteryStateUnknown,
17 |     UIDeviceBatteryStateUnplugged,   // on battery, discharging
/Users/admin/builder/spi-builder-workspace/.dependencies/checkouts/DGSwiftUtilities/Sources/Extension+RawValueToStringConvertible/UIDeviceOrientation+RawValueToStringConvertible.swift:10:11: error: 'UIDeviceOrientation' is unavailable in tvOS
 8 | import UIKit
 9 |
10 | extension UIDeviceOrientation: RawValueToStringConvertible {
   |           `- error: 'UIDeviceOrientation' is unavailable in tvOS
11 |
12 |   // MARK: - CaseIterable
/Applications/Xcode-27.0.0-Release.Candidate.app/Contents/Developer/Platforms/AppleTVOS.platform/Developer/SDKs/AppleTVOS27.0.sdk/System/Library/Frameworks/UIKit.framework/Headers/UIOrientation.h:13:28: note: 'UIDeviceOrientation' has been explicitly marked unavailable here
11 | NS_HEADER_AUDIT_BEGIN(nullability, sendability)
12 |
13 | typedef NS_ENUM(NSInteger, UIDeviceOrientation) {
   |                            `- note: 'UIDeviceOrientation' has been explicitly marked unavailable here
14 |     UIDeviceOrientationUnknown,
15 |     UIDeviceOrientationPortrait,            // Device oriented vertically, home button on the bottom
/Users/admin/builder/spi-builder-workspace/.dependencies/checkouts/DGSwiftUtilities/Sources/Extension+RawValueToStringConvertible/UIFontTextStyle+RawValueToStringConvertible.swift:24:8: error: 'largeTitle' is unavailable in tvOS
22 |       .headline,
23 |       .subheadline,
24 |       .largeTitle,
   |        `- error: 'largeTitle' is unavailable in tvOS
25 |       .title1,
26 |       .title2,
/Applications/Xcode-27.0.0-Release.Candidate.app/Contents/Developer/Platforms/AppleTVOS.platform/Developer/SDKs/AppleTVOS27.0.sdk/System/Library/Frameworks/UIKit.framework/Headers/UIFontDescriptor.h:176:36: note: 'largeTitle' has been explicitly marked unavailable here
174 |
175 | // Font text styles, semantic descriptions of the intended use for a font returned by +[UIFont preferredFontForTextStyle:]
176 | UIKIT_EXTERN UIFontTextStyle const UIFontTextStyleLargeTitle API_AVAILABLE(ios(11.0), watchos(5.0)) API_UNAVAILABLE(tvos);
    |                                    `- note: 'largeTitle' has been explicitly marked unavailable here
177 | UIKIT_EXTERN UIFontTextStyle const UIFontTextStyleExtraLargeTitle API_AVAILABLE(ios(17.0), watchos(10.0));
178 | UIKIT_EXTERN UIFontTextStyle const UIFontTextStyleExtraLargeTitle2 API_AVAILABLE(ios(17.0), watchos(10.0));
/Users/admin/builder/spi-builder-workspace/.dependencies/checkouts/DGSwiftUtilities/Sources/Extension+RawValueToStringConvertible/UIFontTextStyle+RawValueToStringConvertible.swift:31:21: error: 'extraLargeTitle' is only available in tvOS 17.0 or newer
 8 | import UIKit
 9 |
10 | extension UIFont.TextStyle: RawValueToStringConvertible {
   | `- note: add '@available' attribute to enclosing extension
11 |
12 |   // MARK: - CaseIterable
13 |   // --------------------
14 |
15 |   public static var allCases: [Self] = {
   |                     `- note: add '@available' attribute to enclosing static property
16 |     var cases: [Self] = [
17 |       .body,
   :
29 |
30 |     if #available(iOS 17.0, *) {
31 |       cases.append(.extraLargeTitle)
   |                     |- error: 'extraLargeTitle' is only available in tvOS 17.0 or newer
   |                     `- note: add 'if #available' version check
32 |       cases.append(.extraLargeTitle2)
33 |     }
/Users/admin/builder/spi-builder-workspace/.dependencies/checkouts/DGSwiftUtilities/Sources/Extension+RawValueToStringConvertible/UIFontTextStyle+RawValueToStringConvertible.swift:32:21: error: 'extraLargeTitle2' is only available in tvOS 17.0 or newer
 8 | import UIKit
 9 |
10 | extension UIFont.TextStyle: RawValueToStringConvertible {
   | `- note: add '@available' attribute to enclosing extension
11 |
12 |   // MARK: - CaseIterable
13 |   // --------------------
14 |
15 |   public static var allCases: [Self] = {
   |                     `- note: add '@available' attribute to enclosing static property
16 |     var cases: [Self] = [
17 |       .body,
   :
30 |     if #available(iOS 17.0, *) {
31 |       cases.append(.extraLargeTitle)
32 |       cases.append(.extraLargeTitle2)
   |                     |- error: 'extraLargeTitle2' is only available in tvOS 17.0 or newer
   |                     `- note: add 'if #available' version check
33 |     }
34 |
/Users/admin/builder/spi-builder-workspace/.dependencies/checkouts/DGSwiftUtilities/Sources/Extension+RawValueToStringConvertible/UIFontTextStyle+RawValueToStringConvertible.swift:44:15: error: 'extraLargeTitle' is only available in tvOS 17.0 or newer
 8 | import UIKit
 9 |
10 | extension UIFont.TextStyle: RawValueToStringConvertible {
   | `- note: add '@available' attribute to enclosing extension
11 |
12 |   // MARK: - CaseIterable
   :
39 |   // ------------------------------------
40 |
41 |   public var caseString: String {
   |              `- note: add '@available' attribute to enclosing property
42 |     if #available(iOS 17.0, *) {
43 |       switch self {
44 |         case .extraLargeTitle:
   |               |- error: 'extraLargeTitle' is only available in tvOS 17.0 or newer
   |               `- note: add 'if #available' version check
45 |           return "extraLargeTitle";
46 |
/Users/admin/builder/spi-builder-workspace/.dependencies/checkouts/DGSwiftUtilities/Sources/Extension+RawValueToStringConvertible/UIFontTextStyle+RawValueToStringConvertible.swift:47:15: error: 'extraLargeTitle2' is only available in tvOS 17.0 or newer
 8 | import UIKit
 9 |
10 | extension UIFont.TextStyle: RawValueToStringConvertible {
   | `- note: add '@available' attribute to enclosing extension
11 |
12 |   // MARK: - CaseIterable
   :
39 |   // ------------------------------------
40 |
41 |   public var caseString: String {
   |              `- note: add '@available' attribute to enclosing property
42 |     if #available(iOS 17.0, *) {
43 |       switch self {
   :
45 |           return "extraLargeTitle";
46 |
47 |         case .extraLargeTitle2:
   |               |- error: 'extraLargeTitle2' is only available in tvOS 17.0 or newer
   |               `- note: add 'if #available' version check
48 |           return "extraLargeTitle2";
49 |
SwiftCompile normal arm64 /Users/admin/builder/spi-builder-workspace/.dependencies/checkouts/DGSwiftUtilities/Sources/Extension+Helpers/UIApplication+Helpers.swift (in target 'DGSwiftUtilities' from project 'DGSwiftUtilities')
    cd /Users/admin/builder/spi-builder-workspace/.swiftpm/xcode
    builtin-SwiftPerFileCompile UIApplication+Helpers.swift
SwiftCompile normal arm64 /Users/admin/builder/spi-builder-workspace/.dependencies/checkouts/DGSwiftUtilities/Sources/Extension+Helpers/UIBezierPath+Helpers.swift (in target 'DGSwiftUtilities' from project 'DGSwiftUtilities')
    cd /Users/admin/builder/spi-builder-workspace/.swiftpm/xcode
    builtin-SwiftPerFileCompile UIBezierPath+Helpers.swift
SwiftCompile normal arm64 /Users/admin/builder/spi-builder-workspace/.dependencies/checkouts/DGSwiftUtilities/Sources/Extension+Helpers/UIBezierPath+VariadicCornerRadius.swift (in target 'DGSwiftUtilities' from project 'DGSwiftUtilities')
    cd /Users/admin/builder/spi-builder-workspace/.swiftpm/xcode
    builtin-SwiftPerFileCompile UIBezierPath+VariadicCornerRadius.swift
SwiftCompile normal arm64 /Users/admin/builder/spi-builder-workspace/.dependencies/checkouts/DGSwiftUtilities/Sources/Extension+Helpers/UIColor+Helpers.swift (in target 'DGSwiftUtilities' from project 'DGSwiftUtilities')
    cd /Users/admin/builder/spi-builder-workspace/.swiftpm/xcode
    builtin-SwiftPerFileCompile UIColor+Helpers.swift
SwiftCompile normal arm64 /Users/admin/builder/spi-builder-workspace/.dependencies/checkouts/DGSwiftUtilities/Sources/Extension+Helpers/UIGestureRecognizer+AddTargetBlock.swift (in target 'DGSwiftUtilities' from project 'DGSwiftUtilities')
    cd /Users/admin/builder/spi-builder-workspace/.swiftpm/xcode
    builtin-SwiftPerFileCompile UIGestureRecognizer+AddTargetBlock.swift
SwiftCompile normal arm64 /Users/admin/builder/spi-builder-workspace/.dependencies/checkouts/DGSwiftUtilities/Sources/Extension+Helpers/UIGestureRecognizer+Helpers.swift (in target 'DGSwiftUtilities' from project 'DGSwiftUtilities')
    cd /Users/admin/builder/spi-builder-workspace/.swiftpm/xcode
    builtin-SwiftPerFileCompile UIGestureRecognizer+Helpers.swift
SwiftCompile normal arm64 /Users/admin/builder/spi-builder-workspace/.dependencies/checkouts/DGSwiftUtilities/Sources/Extension+Helpers/UIGestureRecognizerState+Helpers.swift (in target 'DGSwiftUtilities' from project 'DGSwiftUtilities')
    cd /Users/admin/builder/spi-builder-workspace/.swiftpm/xcode
    builtin-SwiftPerFileCompile UIGestureRecognizerState+Helpers.swift
SwiftCompile normal arm64 /Users/admin/builder/spi-builder-workspace/.dependencies/checkouts/DGSwiftUtilities/Sources/Extension+Helpers/UIResponder+Helpers.swift (in target 'DGSwiftUtilities' from project 'DGSwiftUtilities')
    cd /Users/admin/builder/spi-builder-workspace/.swiftpm/xcode
    builtin-SwiftPerFileCompile UIResponder+Helpers.swift
SwiftCompile normal arm64 /Users/admin/builder/spi-builder-workspace/.dependencies/checkouts/DGSwiftUtilities/Sources/Extension+Helpers/UIScrollView+Helpers.swift (in target 'DGSwiftUtilities' from project 'DGSwiftUtilities')
    cd /Users/admin/builder/spi-builder-workspace/.swiftpm/xcode
    builtin-SwiftPerFileCompile UIScrollView+Helpers.swift
SwiftCompile normal arm64 /Users/admin/builder/spi-builder-workspace/.dependencies/checkouts/DGSwiftUtilities/Sources/Extension+Helpers/UIStackView+Helpers.swift (in target 'DGSwiftUtilities' from project 'DGSwiftUtilities')
    cd /Users/admin/builder/spi-builder-workspace/.swiftpm/xcode
    builtin-SwiftPerFileCompile UIStackView+Helpers.swift
SwiftCompile normal arm64 /Users/admin/builder/spi-builder-workspace/.dependencies/checkouts/DGSwiftUtilities/Sources/Extension+Helpers/UIView+Helpers.swift (in target 'DGSwiftUtilities' from project 'DGSwiftUtilities')
    cd /Users/admin/builder/spi-builder-workspace/.swiftpm/xcode
    builtin-SwiftPerFileCompile UIView+Helpers.swift
SwiftCompile normal arm64 /Users/admin/builder/spi-builder-workspace/.dependencies/checkouts/DGSwiftUtilities/Sources/Extension+Helpers/UIViewAnimationCurve+Helpers.swift (in target 'DGSwiftUtilities' from project 'DGSwiftUtilities')
    cd /Users/admin/builder/spi-builder-workspace/.swiftpm/xcode
    builtin-SwiftPerFileCompile UIViewAnimationCurve+Helpers.swift
SwiftCompile normal arm64 /Users/admin/builder/spi-builder-workspace/.dependencies/checkouts/DGSwiftUtilities/Sources/Extension+Helpers/UIViewController+Helpers.swift (in target 'DGSwiftUtilities' from project 'DGSwiftUtilities')
    cd /Users/admin/builder/spi-builder-workspace/.swiftpm/xcode
    builtin-SwiftPerFileCompile UIViewController+Helpers.swift
SwiftCompile normal arm64 /Users/admin/builder/spi-builder-workspace/.dependencies/checkouts/DGSwiftUtilities/Sources/Extension+Helpers/UIWindow+Helpers.swift (in target 'DGSwiftUtilities' from project 'DGSwiftUtilities')
    cd /Users/admin/builder/spi-builder-workspace/.swiftpm/xcode
    builtin-SwiftPerFileCompile UIWindow+Helpers.swift
SwiftCompile normal arm64 /Users/admin/builder/spi-builder-workspace/.dependencies/checkouts/DGSwiftUtilities/Sources/Extension+Init/CGRect+Init.swift (in target 'DGSwiftUtilities' from project 'DGSwiftUtilities')
    cd /Users/admin/builder/spi-builder-workspace/.swiftpm/xcode
    builtin-SwiftPerFileCompile CGRect+Init.swift
SwiftCompile normal arm64 /Users/admin/builder/spi-builder-workspace/.dependencies/checkouts/DGSwiftUtilities/Sources/Extension+RawValueToStringConvertible/CACornerMask+RawValueToStringConvertible.swift (in target 'DGSwiftUtilities' from project 'DGSwiftUtilities')
    cd /Users/admin/builder/spi-builder-workspace/.swiftpm/xcode
    builtin-SwiftPerFileCompile CACornerMask+RawValueToStringConvertible.swift
SwiftCompile normal arm64 /Users/admin/builder/spi-builder-workspace/.dependencies/checkouts/DGSwiftUtilities/Sources/Extension+RawValueToStringConvertible/CAGradientLayerType+RawValueToStringConvertible.swift (in target 'DGSwiftUtilities' from project 'DGSwiftUtilities')
    cd /Users/admin/builder/spi-builder-workspace/.swiftpm/xcode
    builtin-SwiftPerFileCompile CAGradientLayerType+RawValueToStringConvertible.swift
SwiftCompile normal arm64 /Users/admin/builder/spi-builder-workspace/.dependencies/checkouts/DGSwiftUtilities/Sources/Extension+RawValueToStringConvertible/UIBlurEffectStyle+RawValueToStringConvertible.swift (in target 'DGSwiftUtilities' from project 'DGSwiftUtilities')
    cd /Users/admin/builder/spi-builder-workspace/.swiftpm/xcode
    builtin-SwiftPerFileCompile UIBlurEffectStyle+RawValueToStringConvertible.swift
SwiftCompile normal arm64 /Users/admin/builder/spi-builder-workspace/.dependencies/checkouts/DGSwiftUtilities/Sources/Extension+RawValueToStringConvertible/UIContextMenuInteractionCommitStyle+RawValueToStringConvertible.swift (in target 'DGSwiftUtilities' from project 'DGSwiftUtilities')
    cd /Users/admin/builder/spi-builder-workspace/.swiftpm/xcode
    builtin-SwiftPerFileCompile UIContextMenuInteractionCommitStyle+RawValueToStringConvertible.swift
SwiftCompile normal arm64 /Users/admin/builder/spi-builder-workspace/.dependencies/checkouts/DGSwiftUtilities/Sources/Extension+RawValueToStringConvertible/UIDeviceBatteryState+RawValueToStringConvertible.swift (in target 'DGSwiftUtilities' from project 'DGSwiftUtilities')
    cd /Users/admin/builder/spi-builder-workspace/.swiftpm/xcode
    builtin-SwiftPerFileCompile UIDeviceBatteryState+RawValueToStringConvertible.swift
SwiftCompile normal arm64 /Users/admin/builder/spi-builder-workspace/.dependencies/checkouts/DGSwiftUtilities/Sources/Extension+RawValueToStringConvertible/UIDeviceOrientation+RawValueToStringConvertible.swift (in target 'DGSwiftUtilities' from project 'DGSwiftUtilities')
    cd /Users/admin/builder/spi-builder-workspace/.swiftpm/xcode
    builtin-SwiftPerFileCompile UIDeviceOrientation+RawValueToStringConvertible.swift
SwiftCompile normal arm64 /Users/admin/builder/spi-builder-workspace/.dependencies/checkouts/DGSwiftUtilities/Sources/Extension+RawValueToStringConvertible/UIFontTextStyle+RawValueToStringConvertible.swift (in target 'DGSwiftUtilities' from project 'DGSwiftUtilities')
    cd /Users/admin/builder/spi-builder-workspace/.swiftpm/xcode
    builtin-SwiftPerFileCompile UIFontTextStyle+RawValueToStringConvertible.swift
SwiftCompile normal arm64 /Users/admin/builder/spi-builder-workspace/.dependencies/checkouts/DGSwiftUtilities/Sources/Extension+RawValueToStringConvertible/UIImageRenderingMode+RawValueToStringConvertible.swift (in target 'DGSwiftUtilities' from project 'DGSwiftUtilities')
    cd /Users/admin/builder/spi-builder-workspace/.swiftpm/xcode
    builtin-SwiftPerFileCompile UIImageRenderingMode+RawValueToStringConvertible.swift
SwiftCompile normal arm64 /Users/admin/builder/spi-builder-workspace/.dependencies/checkouts/DGSwiftUtilities/Sources/Extension+RawValueToStringConvertible/UIImageSymbolScale+RawValueToStringConvertible.swift (in target 'DGSwiftUtilities' from project 'DGSwiftUtilities')
    cd /Users/admin/builder/spi-builder-workspace/.swiftpm/xcode
    builtin-SwiftPerFileCompile UIImageSymbolScale+RawValueToStringConvertible.swift
SwiftCompile normal arm64 Compiling\ UIColor+UniformInterpolatable.swift,\ Helpers.swift,\ SwizzlingHelpers.swift,\ ViewControllerHelpers.swift,\ ViewHelpers.swift,\ CreatableFromDictionary.swift,\ DeinitializationObserver.swift,\ DeinitializationObserverable+Default.swift,\ DeinitializationObserverable.swift,\ DeinitilizationNotifiable.swift,\ EnumCaseStringRepresentable.swift,\ InitialzableFromDictionary.swift,\ InitialzableFromString.swift,\ BaseFrameLayoutKeyframe.swift,\ BaseLayerKeyframeConfig.swift,\ BaseViewKeyframeConfig.swift,\ BasicViewKeyframe.swift,\ GenericViewKeyframe.swift,\ KeyframeConfig.swift,\ KeyframeConfigAnimating.swift,\ Keyframeable.swift,\ KeyframeableViaConfig.swift,\ Optional+OptionalUnwrappable.swift,\ OptionalUnwrappable.swift /Users/admin/builder/spi-builder-workspace/.dependencies/checkouts/DGSwiftUtilities/Sources/Extension+UniformInterpolatable/UIColor+UniformInterpolatable.swift /Users/admin/builder/spi-builder-workspace/.dependencies/checkouts/DGSwiftUtilities/Sources/Helpers/Helpers.swift /Users/admin/builder/spi-builder-workspace/.dependencies/checkouts/DGSwiftUtilities/Sources/Helpers/SwizzlingHelpers.swift /Users/admin/builder/spi-builder-workspace/.dependencies/checkouts/DGSwiftUtilities/Sources/Helpers/ViewControllerHelpers.swift /Users/admin/builder/spi-builder-workspace/.dependencies/checkouts/DGSwiftUtilities/Sources/Helpers/ViewHelpers.swift /Users/admin/builder/spi-builder-workspace/.dependencies/checkouts/DGSwiftUtilities/Sources/Protocols/CreatableFromDictionary.swift /Users/admin/builder/spi-builder-workspace/.dependencies/checkouts/DGSwiftUtilities/Sources/Protocols/DeinitialzationObserver/DeinitializationObserver.swift /Users/admin/builder/spi-builder-workspace/.dependencies/checkouts/DGSwiftUtilities/Sources/Protocols/DeinitialzationObserver/DeinitializationObserverable+Default.swift /Users/admin/builder/spi-builder-workspace/.dependencies/checkouts/DGSwiftUtilities/Sources/Protocols/DeinitialzationObserver/DeinitializationObserverable.swift /Users/admin/builder/spi-builder-workspace/.dependencies/checkouts/DGSwiftUtilities/Sources/Protocols/DeinitialzationObserver/DeinitilizationNotifiable.swift /Users/admin/builder/spi-builder-workspace/.dependencies/checkouts/DGSwiftUtilities/Sources/Protocols/EnumCaseStringRepresentable.swift /Users/admin/builder/spi-builder-workspace/.dependencies/checkouts/DGSwiftUtilities/Sources/Protocols/InitialzableFromDictionary.swift /Users/admin/builder/spi-builder-workspace/.dependencies/checkouts/DGSwiftUtilities/Sources/Protocols/InitialzableFromString.swift /Users/admin/builder/spi-builder-workspace/.dependencies/checkouts/DGSwiftUtilities/Sources/Protocols/Keyframeable/BaseFrameLayoutKeyframe.swift /Users/admin/builder/spi-builder-workspace/.dependencies/checkouts/DGSwiftUtilities/Sources/Protocols/Keyframeable/BaseLayerKeyframeConfig.swift /Users/admin/builder/spi-builder-workspace/.dependencies/checkouts/DGSwiftUtilities/Sources/Protocols/Keyframeable/BaseViewKeyframeConfig.swift /Users/admin/builder/spi-builder-workspace/.dependencies/checkouts/DGSwiftUtilities/Sources/Protocols/Keyframeable/BasicViewKeyframe.swift /Users/admin/builder/spi-builder-workspace/.dependencies/checkouts/DGSwiftUtilities/Sources/Protocols/Keyframeable/GenericViewKeyframe.swift /Users/admin/builder/spi-builder-workspace/.dependencies/checkouts/DGSwiftUtilities/Sources/Protocols/Keyframeable/KeyframeConfig.swift /Users/admin/builder/spi-builder-workspace/.dependencies/checkouts/DGSwiftUtilities/Sources/Protocols/Keyframeable/KeyframeConfigAnimating.swift /Users/admin/builder/spi-builder-workspace/.dependencies/checkouts/DGSwiftUtilities/Sources/Protocols/Keyframeable/Keyframeable.swift /Users/admin/builder/spi-builder-workspace/.dependencies/checkouts/DGSwiftUtilities/Sources/Protocols/Keyframeable/KeyframeableViaConfig.swift /Users/admin/builder/spi-builder-workspace/.dependencies/checkouts/DGSwiftUtilities/Sources/Protocols/OptionalUnwrappable/Optional+OptionalUnwrappable.swift /Users/admin/builder/spi-builder-workspace/.dependencies/checkouts/DGSwiftUtilities/Sources/Protocols/OptionalUnwrappable/OptionalUnwrappable.swift (in target 'DGSwiftUtilities' from project 'DGSwiftUtilities')
SwiftCompile normal arm64 /Users/admin/builder/spi-builder-workspace/.dependencies/checkouts/DGSwiftUtilities/Sources/Extension+UniformInterpolatable/UIColor+UniformInterpolatable.swift (in target 'DGSwiftUtilities' from project 'DGSwiftUtilities')
    cd /Users/admin/builder/spi-builder-workspace/.swiftpm/xcode
    builtin-SwiftPerFileCompile UIColor+UniformInterpolatable.swift
SwiftCompile normal arm64 /Users/admin/builder/spi-builder-workspace/.dependencies/checkouts/DGSwiftUtilities/Sources/Helpers/Helpers.swift (in target 'DGSwiftUtilities' from project 'DGSwiftUtilities')
    cd /Users/admin/builder/spi-builder-workspace/.swiftpm/xcode
    builtin-SwiftPerFileCompile Helpers.swift
SwiftCompile normal arm64 /Users/admin/builder/spi-builder-workspace/.dependencies/checkouts/DGSwiftUtilities/Sources/Helpers/SwizzlingHelpers.swift (in target 'DGSwiftUtilities' from project 'DGSwiftUtilities')
    cd /Users/admin/builder/spi-builder-workspace/.swiftpm/xcode
    builtin-SwiftPerFileCompile SwizzlingHelpers.swift
SwiftCompile normal arm64 /Users/admin/builder/spi-builder-workspace/.dependencies/checkouts/DGSwiftUtilities/Sources/Helpers/ViewControllerHelpers.swift (in target 'DGSwiftUtilities' from project 'DGSwiftUtilities')
    cd /Users/admin/builder/spi-builder-workspace/.swiftpm/xcode
    builtin-SwiftPerFileCompile ViewControllerHelpers.swift
SwiftCompile normal arm64 /Users/admin/builder/spi-builder-workspace/.dependencies/checkouts/DGSwiftUtilities/Sources/Helpers/ViewHelpers.swift (in target 'DGSwiftUtilities' from project 'DGSwiftUtilities')
    cd /Users/admin/builder/spi-builder-workspace/.swiftpm/xcode
    builtin-SwiftPerFileCompile ViewHelpers.swift
SwiftCompile normal arm64 /Users/admin/builder/spi-builder-workspace/.dependencies/checkouts/DGSwiftUtilities/Sources/Protocols/CreatableFromDictionary.swift (in target 'DGSwiftUtilities' from project 'DGSwiftUtilities')
    cd /Users/admin/builder/spi-builder-workspace/.swiftpm/xcode
    builtin-SwiftPerFileCompile CreatableFromDictionary.swift
SwiftCompile normal arm64 /Users/admin/builder/spi-builder-workspace/.dependencies/checkouts/DGSwiftUtilities/Sources/Protocols/DeinitialzationObserver/DeinitializationObserver.swift (in target 'DGSwiftUtilities' from project 'DGSwiftUtilities')
    cd /Users/admin/builder/spi-builder-workspace/.swiftpm/xcode
    builtin-SwiftPerFileCompile DeinitializationObserver.swift
SwiftCompile normal arm64 /Users/admin/builder/spi-builder-workspace/.dependencies/checkouts/DGSwiftUtilities/Sources/Protocols/DeinitialzationObserver/DeinitializationObserverable+Default.swift (in target 'DGSwiftUtilities' from project 'DGSwiftUtilities')
    cd /Users/admin/builder/spi-builder-workspace/.swiftpm/xcode
    builtin-SwiftPerFileCompile DeinitializationObserverable+Default.swift
SwiftCompile normal arm64 /Users/admin/builder/spi-builder-workspace/.dependencies/checkouts/DGSwiftUtilities/Sources/Protocols/DeinitialzationObserver/DeinitializationObserverable.swift (in target 'DGSwiftUtilities' from project 'DGSwiftUtilities')
    cd /Users/admin/builder/spi-builder-workspace/.swiftpm/xcode
    builtin-SwiftPerFileCompile DeinitializationObserverable.swift
SwiftCompile normal arm64 /Users/admin/builder/spi-builder-workspace/.dependencies/checkouts/DGSwiftUtilities/Sources/Protocols/DeinitialzationObserver/DeinitilizationNotifiable.swift (in target 'DGSwiftUtilities' from project 'DGSwiftUtilities')
    cd /Users/admin/builder/spi-builder-workspace/.swiftpm/xcode
    builtin-SwiftPerFileCompile DeinitilizationNotifiable.swift
SwiftCompile normal arm64 /Users/admin/builder/spi-builder-workspace/.dependencies/checkouts/DGSwiftUtilities/Sources/Protocols/EnumCaseStringRepresentable.swift (in target 'DGSwiftUtilities' from project 'DGSwiftUtilities')
    cd /Users/admin/builder/spi-builder-workspace/.swiftpm/xcode
    builtin-SwiftPerFileCompile EnumCaseStringRepresentable.swift
SwiftCompile normal arm64 /Users/admin/builder/spi-builder-workspace/.dependencies/checkouts/DGSwiftUtilities/Sources/Protocols/InitialzableFromDictionary.swift (in target 'DGSwiftUtilities' from project 'DGSwiftUtilities')
    cd /Users/admin/builder/spi-builder-workspace/.swiftpm/xcode
    builtin-SwiftPerFileCompile InitialzableFromDictionary.swift
SwiftCompile normal arm64 /Users/admin/builder/spi-builder-workspace/.dependencies/checkouts/DGSwiftUtilities/Sources/Protocols/InitialzableFromString.swift (in target 'DGSwiftUtilities' from project 'DGSwiftUtilities')
    cd /Users/admin/builder/spi-builder-workspace/.swiftpm/xcode
    builtin-SwiftPerFileCompile InitialzableFromString.swift
SwiftCompile normal arm64 /Users/admin/builder/spi-builder-workspace/.dependencies/checkouts/DGSwiftUtilities/Sources/Protocols/Keyframeable/BaseFrameLayoutKeyframe.swift (in target 'DGSwiftUtilities' from project 'DGSwiftUtilities')
    cd /Users/admin/builder/spi-builder-workspace/.swiftpm/xcode
    builtin-SwiftPerFileCompile BaseFrameLayoutKeyframe.swift
SwiftCompile normal arm64 /Users/admin/builder/spi-builder-workspace/.dependencies/checkouts/DGSwiftUtilities/Sources/Protocols/Keyframeable/BaseLayerKeyframeConfig.swift (in target 'DGSwiftUtilities' from project 'DGSwiftUtilities')
    cd /Users/admin/builder/spi-builder-workspace/.swiftpm/xcode
    builtin-SwiftPerFileCompile BaseLayerKeyframeConfig.swift
SwiftCompile normal arm64 /Users/admin/builder/spi-builder-workspace/.dependencies/checkouts/DGSwiftUtilities/Sources/Protocols/Keyframeable/BaseViewKeyframeConfig.swift (in target 'DGSwiftUtilities' from project 'DGSwiftUtilities')
    cd /Users/admin/builder/spi-builder-workspace/.swiftpm/xcode
    builtin-SwiftPerFileCompile BaseViewKeyframeConfig.swift
SwiftCompile normal arm64 /Users/admin/builder/spi-builder-workspace/.dependencies/checkouts/DGSwiftUtilities/Sources/Protocols/Keyframeable/BasicViewKeyframe.swift (in target 'DGSwiftUtilities' from project 'DGSwiftUtilities')
    cd /Users/admin/builder/spi-builder-workspace/.swiftpm/xcode
    builtin-SwiftPerFileCompile BasicViewKeyframe.swift
SwiftCompile normal arm64 /Users/admin/builder/spi-builder-workspace/.dependencies/checkouts/DGSwiftUtilities/Sources/Protocols/Keyframeable/GenericViewKeyframe.swift (in target 'DGSwiftUtilities' from project 'DGSwiftUtilities')
    cd /Users/admin/builder/spi-builder-workspace/.swiftpm/xcode
    builtin-SwiftPerFileCompile GenericViewKeyframe.swift
SwiftCompile normal arm64 /Users/admin/builder/spi-builder-workspace/.dependencies/checkouts/DGSwiftUtilities/Sources/Protocols/Keyframeable/KeyframeConfig.swift (in target 'DGSwiftUtilities' from project 'DGSwiftUtilities')
    cd /Users/admin/builder/spi-builder-workspace/.swiftpm/xcode
    builtin-SwiftPerFileCompile KeyframeConfig.swift
SwiftCompile normal arm64 /Users/admin/builder/spi-builder-workspace/.dependencies/checkouts/DGSwiftUtilities/Sources/Protocols/Keyframeable/KeyframeConfigAnimating.swift (in target 'DGSwiftUtilities' from project 'DGSwiftUtilities')
    cd /Users/admin/builder/spi-builder-workspace/.swiftpm/xcode
    builtin-SwiftPerFileCompile KeyframeConfigAnimating.swift
SwiftCompile normal arm64 /Users/admin/builder/spi-builder-workspace/.dependencies/checkouts/DGSwiftUtilities/Sources/Protocols/Keyframeable/Keyframeable.swift (in target 'DGSwiftUtilities' from project 'DGSwiftUtilities')
    cd /Users/admin/builder/spi-builder-workspace/.swiftpm/xcode
    builtin-SwiftPerFileCompile Keyframeable.swift
SwiftCompile normal arm64 /Users/admin/builder/spi-builder-workspace/.dependencies/checkouts/DGSwiftUtilities/Sources/Protocols/Keyframeable/KeyframeableViaConfig.swift (in target 'DGSwiftUtilities' from project 'DGSwiftUtilities')
    cd /Users/admin/builder/spi-builder-workspace/.swiftpm/xcode
    builtin-SwiftPerFileCompile KeyframeableViaConfig.swift
SwiftCompile normal arm64 /Users/admin/builder/spi-builder-workspace/.dependencies/checkouts/DGSwiftUtilities/Sources/Protocols/OptionalUnwrappable/Optional+OptionalUnwrappable.swift (in target 'DGSwiftUtilities' from project 'DGSwiftUtilities')
    cd /Users/admin/builder/spi-builder-workspace/.swiftpm/xcode
    builtin-SwiftPerFileCompile Optional+OptionalUnwrappable.swift
SwiftCompile normal arm64 /Users/admin/builder/spi-builder-workspace/.dependencies/checkouts/DGSwiftUtilities/Sources/Protocols/OptionalUnwrappable/OptionalUnwrappable.swift (in target 'DGSwiftUtilities' from project 'DGSwiftUtilities')
    cd /Users/admin/builder/spi-builder-workspace/.swiftpm/xcode
    builtin-SwiftPerFileCompile OptionalUnwrappable.swift
SwiftCompile normal arm64 Compiling\ NumericLogicalExpression.swift,\ NumericOperation.swift,\ HorizontalPointPreset.swift,\ PointDirectionPreset+StaticAlias.swift,\ PointDirectionPreset.swift,\ PointPreset+StaticAlias.swift,\ PointPreset.swift,\ VerticalPointPreset.swift,\ LineDashPattern.swift,\ ShapeLayerStrokeStyle.swift,\ StringComparisonMode.swift,\ Transform3D.swift,\ VerticalAlignmentPosition.swift,\ VerticalAnchorPosition.swift,\ VerticalAnchorPositionMode.swift,\ ClassRegistry+Deprecated.swift,\ Collection+Deprecated.swift,\ Dictionary+DeprecatedHelpers.swift,\ InitializableFromDictionary+Deprecated.swift,\ InitializableFromString+Deprecated.swift,\ InterpolationHelpers.swift,\ RGBColor+Deprecated.swift,\ Transform3D+Deprecated.swift,\ VerboseErrorSharedEnv+Deprecated.swift /Users/admin/builder/spi-builder-workspace/.dependencies/checkouts/DGSwiftUtilities/Sources/Config/NumericLogicalExpression.swift /Users/admin/builder/spi-builder-workspace/.dependencies/checkouts/DGSwiftUtilities/Sources/Config/NumericOperation.swift /Users/admin/builder/spi-builder-workspace/.dependencies/checkouts/DGSwiftUtilities/Sources/Config/PointPreset/HorizontalPointPreset.swift /Users/admin/builder/spi-builder-workspace/.dependencies/checkouts/DGSwiftUtilities/Sources/Config/PointPreset/PointDirectionPreset+StaticAlias.swift /Users/admin/builder/spi-builder-workspace/.dependencies/checkouts/DGSwiftUtilities/Sources/Config/PointPreset/PointDirectionPreset.swift /Users/admin/builder/spi-builder-workspace/.dependencies/checkouts/DGSwiftUtilities/Sources/Config/PointPreset/PointPreset+StaticAlias.swift /Users/admin/builder/spi-builder-workspace/.dependencies/checkouts/DGSwiftUtilities/Sources/Config/PointPreset/PointPreset.swift /Users/admin/builder/spi-builder-workspace/.dependencies/checkouts/DGSwiftUtilities/Sources/Config/PointPreset/VerticalPointPreset.swift /Users/admin/builder/spi-builder-workspace/.dependencies/checkouts/DGSwiftUtilities/Sources/Config/ShapeLayer/LineDashPattern.swift /Users/admin/builder/spi-builder-workspace/.dependencies/checkouts/DGSwiftUtilities/Sources/Config/ShapeLayer/ShapeLayerStrokeStyle.swift /Users/admin/builder/spi-builder-workspace/.dependencies/checkouts/DGSwiftUtilities/Sources/Config/StringComparisonMode.swift /Users/admin/builder/spi-builder-workspace/.dependencies/checkouts/DGSwiftUtilities/Sources/Config/Transform3D.swift /Users/admin/builder/spi-builder-workspace/.dependencies/checkouts/DGSwiftUtilities/Sources/Config/VerticalAlignmentPosition.swift /Users/admin/builder/spi-builder-workspace/.dependencies/checkouts/DGSwiftUtilities/Sources/Config/VerticalAnchorPosition.swift /Users/admin/builder/spi-builder-workspace/.dependencies/checkouts/DGSwiftUtilities/Sources/Config/VerticalAnchorPositionMode.swift /Users/admin/builder/spi-builder-workspace/.dependencies/checkouts/DGSwiftUtilities/Sources/Deprecated/ClassRegistry+Deprecated.swift /Users/admin/builder/spi-builder-workspace/.dependencies/checkouts/DGSwiftUtilities/Sources/Deprecated/Collection+Deprecated.swift /Users/admin/builder/spi-builder-workspace/.dependencies/checkouts/DGSwiftUtilities/Sources/Deprecated/Dictionary+DeprecatedHelpers.swift /Users/admin/builder/spi-builder-workspace/.dependencies/checkouts/DGSwiftUtilities/Sources/Deprecated/InitializableFromDictionary+Deprecated.swift /Users/admin/builder/spi-builder-workspace/.dependencies/checkouts/DGSwiftUtilities/Sources/Deprecated/InitializableFromString+Deprecated.swift /Users/admin/builder/spi-builder-workspace/.dependencies/checkouts/DGSwiftUtilities/Sources/Deprecated/InterpolationHelpers.swift /Users/admin/builder/spi-builder-workspace/.dependencies/checkouts/DGSwiftUtilities/Sources/Deprecated/RGBColor+Deprecated.swift /Users/admin/builder/spi-builder-workspace/.dependencies/checkouts/DGSwiftUtilities/Sources/Deprecated/Transform3D+Deprecated.swift /Users/admin/builder/spi-builder-workspace/.dependencies/checkouts/DGSwiftUtilities/Sources/Deprecated/VerboseErrorSharedEnv+Deprecated.swift (in target 'DGSwiftUtilities' from project 'DGSwiftUtilities')
SwiftCompile normal arm64 /Users/admin/builder/spi-builder-workspace/.dependencies/checkouts/DGSwiftUtilities/Sources/Config/NumericLogicalExpression.swift (in target 'DGSwiftUtilities' from project 'DGSwiftUtilities')
    cd /Users/admin/builder/spi-builder-workspace/.swiftpm/xcode
    builtin-SwiftPerFileCompile NumericLogicalExpression.swift
SwiftCompile normal arm64 /Users/admin/builder/spi-builder-workspace/.dependencies/checkouts/DGSwiftUtilities/Sources/Config/NumericOperation.swift (in target 'DGSwiftUtilities' from project 'DGSwiftUtilities')
    cd /Users/admin/builder/spi-builder-workspace/.swiftpm/xcode
    builtin-SwiftPerFileCompile NumericOperation.swift
SwiftCompile normal arm64 /Users/admin/builder/spi-builder-workspace/.dependencies/checkouts/DGSwiftUtilities/Sources/Config/PointPreset/HorizontalPointPreset.swift (in target 'DGSwiftUtilities' from project 'DGSwiftUtilities')
    cd /Users/admin/builder/spi-builder-workspace/.swiftpm/xcode
    builtin-SwiftPerFileCompile HorizontalPointPreset.swift
SwiftCompile normal arm64 /Users/admin/builder/spi-builder-workspace/.dependencies/checkouts/DGSwiftUtilities/Sources/Config/PointPreset/PointDirectionPreset+StaticAlias.swift (in target 'DGSwiftUtilities' from project 'DGSwiftUtilities')
    cd /Users/admin/builder/spi-builder-workspace/.swiftpm/xcode
    builtin-SwiftPerFileCompile PointDirectionPreset+StaticAlias.swift
SwiftCompile normal arm64 /Users/admin/builder/spi-builder-workspace/.dependencies/checkouts/DGSwiftUtilities/Sources/Config/PointPreset/PointDirectionPreset.swift (in target 'DGSwiftUtilities' from project 'DGSwiftUtilities')
    cd /Users/admin/builder/spi-builder-workspace/.swiftpm/xcode
    builtin-SwiftPerFileCompile PointDirectionPreset.swift
SwiftCompile normal arm64 /Users/admin/builder/spi-builder-workspace/.dependencies/checkouts/DGSwiftUtilities/Sources/Config/PointPreset/PointPreset+StaticAlias.swift (in target 'DGSwiftUtilities' from project 'DGSwiftUtilities')
    cd /Users/admin/builder/spi-builder-workspace/.swiftpm/xcode
    builtin-SwiftPerFileCompile PointPreset+StaticAlias.swift
SwiftCompile normal arm64 /Users/admin/builder/spi-builder-workspace/.dependencies/checkouts/DGSwiftUtilities/Sources/Config/PointPreset/PointPreset.swift (in target 'DGSwiftUtilities' from project 'DGSwiftUtilities')
    cd /Users/admin/builder/spi-builder-workspace/.swiftpm/xcode
    builtin-SwiftPerFileCompile PointPreset.swift
SwiftCompile normal arm64 /Users/admin/builder/spi-builder-workspace/.dependencies/checkouts/DGSwiftUtilities/Sources/Config/PointPreset/VerticalPointPreset.swift (in target 'DGSwiftUtilities' from project 'DGSwiftUtilities')
    cd /Users/admin/builder/spi-builder-workspace/.swiftpm/xcode
    builtin-SwiftPerFileCompile VerticalPointPreset.swift
SwiftCompile normal arm64 /Users/admin/builder/spi-builder-workspace/.dependencies/checkouts/DGSwiftUtilities/Sources/Config/ShapeLayer/LineDashPattern.swift (in target 'DGSwiftUtilities' from project 'DGSwiftUtilities')
    cd /Users/admin/builder/spi-builder-workspace/.swiftpm/xcode
    builtin-SwiftPerFileCompile LineDashPattern.swift
SwiftCompile normal arm64 /Users/admin/builder/spi-builder-workspace/.dependencies/checkouts/DGSwiftUtilities/Sources/Config/ShapeLayer/ShapeLayerStrokeStyle.swift (in target 'DGSwiftUtilities' from project 'DGSwiftUtilities')
    cd /Users/admin/builder/spi-builder-workspace/.swiftpm/xcode
    builtin-SwiftPerFileCompile ShapeLayerStrokeStyle.swift
SwiftCompile normal arm64 /Users/admin/builder/spi-builder-workspace/.dependencies/checkouts/DGSwiftUtilities/Sources/Config/StringComparisonMode.swift (in target 'DGSwiftUtilities' from project 'DGSwiftUtilities')
    cd /Users/admin/builder/spi-builder-workspace/.swiftpm/xcode
    builtin-SwiftPerFileCompile StringComparisonMode.swift
SwiftCompile normal arm64 /Users/admin/builder/spi-builder-workspace/.dependencies/checkouts/DGSwiftUtilities/Sources/Config/Transform3D.swift (in target 'DGSwiftUtilities' from project 'DGSwiftUtilities')
    cd /Users/admin/builder/spi-builder-workspace/.swiftpm/xcode
    builtin-SwiftPerFileCompile Transform3D.swift
SwiftCompile normal arm64 /Users/admin/builder/spi-builder-workspace/.dependencies/checkouts/DGSwiftUtilities/Sources/Config/VerticalAlignmentPosition.swift (in target 'DGSwiftUtilities' from project 'DGSwiftUtilities')
    cd /Users/admin/builder/spi-builder-workspace/.swiftpm/xcode
    builtin-SwiftPerFileCompile VerticalAlignmentPosition.swift
SwiftCompile normal arm64 /Users/admin/builder/spi-builder-workspace/.dependencies/checkouts/DGSwiftUtilities/Sources/Config/VerticalAnchorPosition.swift (in target 'DGSwiftUtilities' from project 'DGSwiftUtilities')
    cd /Users/admin/builder/spi-builder-workspace/.swiftpm/xcode
    builtin-SwiftPerFileCompile VerticalAnchorPosition.swift
SwiftCompile normal arm64 /Users/admin/builder/spi-builder-workspace/.dependencies/checkouts/DGSwiftUtilities/Sources/Config/VerticalAnchorPositionMode.swift (in target 'DGSwiftUtilities' from project 'DGSwiftUtilities')
    cd /Users/admin/builder/spi-builder-workspace/.swiftpm/xcode
    builtin-SwiftPerFileCompile VerticalAnchorPositionMode.swift
SwiftCompile normal arm64 /Users/admin/builder/spi-builder-workspace/.dependencies/checkouts/DGSwiftUtilities/Sources/Deprecated/ClassRegistry+Deprecated.swift (in target 'DGSwiftUtilities' from project 'DGSwiftUtilities')
    cd /Users/admin/builder/spi-builder-workspace/.swiftpm/xcode
    builtin-SwiftPerFileCompile ClassRegistry+Deprecated.swift
SwiftCompile normal arm64 /Users/admin/builder/spi-builder-workspace/.dependencies/checkouts/DGSwiftUtilities/Sources/Deprecated/Collection+Deprecated.swift (in target 'DGSwiftUtilities' from project 'DGSwiftUtilities')
    cd /Users/admin/builder/spi-builder-workspace/.swiftpm/xcode
    builtin-SwiftPerFileCompile Collection+Deprecated.swift
SwiftCompile normal arm64 /Users/admin/builder/spi-builder-workspace/.dependencies/checkouts/DGSwiftUtilities/Sources/Deprecated/Dictionary+DeprecatedHelpers.swift (in target 'DGSwiftUtilities' from project 'DGSwiftUtilities')
    cd /Users/admin/builder/spi-builder-workspace/.swiftpm/xcode
    builtin-SwiftPerFileCompile Dictionary+DeprecatedHelpers.swift
SwiftCompile normal arm64 /Users/admin/builder/spi-builder-workspace/.dependencies/checkouts/DGSwiftUtilities/Sources/Deprecated/InitializableFromDictionary+Deprecated.swift (in target 'DGSwiftUtilities' from project 'DGSwiftUtilities')
    cd /Users/admin/builder/spi-builder-workspace/.swiftpm/xcode
    builtin-SwiftPerFileCompile InitializableFromDictionary+Deprecated.swift
SwiftCompile normal arm64 /Users/admin/builder/spi-builder-workspace/.dependencies/checkouts/DGSwiftUtilities/Sources/Deprecated/InitializableFromString+Deprecated.swift (in target 'DGSwiftUtilities' from project 'DGSwiftUtilities')
    cd /Users/admin/builder/spi-builder-workspace/.swiftpm/xcode
    builtin-SwiftPerFileCompile InitializableFromString+Deprecated.swift
SwiftCompile normal arm64 /Users/admin/builder/spi-builder-workspace/.dependencies/checkouts/DGSwiftUtilities/Sources/Deprecated/InterpolationHelpers.swift (in target 'DGSwiftUtilities' from project 'DGSwiftUtilities')
    cd /Users/admin/builder/spi-builder-workspace/.swiftpm/xcode
    builtin-SwiftPerFileCompile InterpolationHelpers.swift
SwiftCompile normal arm64 /Users/admin/builder/spi-builder-workspace/.dependencies/checkouts/DGSwiftUtilities/Sources/Deprecated/RGBColor+Deprecated.swift (in target 'DGSwiftUtilities' from project 'DGSwiftUtilities')
    cd /Users/admin/builder/spi-builder-workspace/.swiftpm/xcode
    builtin-SwiftPerFileCompile RGBColor+Deprecated.swift
SwiftCompile normal arm64 /Users/admin/builder/spi-builder-workspace/.dependencies/checkouts/DGSwiftUtilities/Sources/Deprecated/Transform3D+Deprecated.swift (in target 'DGSwiftUtilities' from project 'DGSwiftUtilities')
    cd /Users/admin/builder/spi-builder-workspace/.swiftpm/xcode
    builtin-SwiftPerFileCompile Transform3D+Deprecated.swift
SwiftCompile normal arm64 /Users/admin/builder/spi-builder-workspace/.dependencies/checkouts/DGSwiftUtilities/Sources/Deprecated/VerboseErrorSharedEnv+Deprecated.swift (in target 'DGSwiftUtilities' from project 'DGSwiftUtilities')
    cd /Users/admin/builder/spi-builder-workspace/.swiftpm/xcode
    builtin-SwiftPerFileCompile VerboseErrorSharedEnv+Deprecated.swift
SwiftCompile normal arm64 Compiling\ CardConfig.swift,\ CardContentItem.swift,\ CardLabelValueDisplayConfig.swift,\ CardLabelValueDisplayItemConfig.swift,\ CardViewController.swift,\ ColorPresets.swift,\ ColorThemeConfig.swift,\ InterpolationEasing+CaseIterable.swift,\ CGPoint+ElementInterpolatable.swift,\ CGRect+ElementInterpolatable.swift,\ CGSize+ElementInterpolatable.swift,\ ColorHSBA+ElementInterpolatable.swift,\ Transform3D+ElementInterpolatable.swift,\ UIEdgeInsets+ElementInterpolatable.swift,\ NumericLogicalExpression+EnumCaseStringRepresentable.swift,\ AnyArray+Helpers.swift,\ AnyKeyPath+Helpers.swift,\ Array+AnyClass.swift,\ Array+AttributedStringConfigHelpers.swift,\ Array+BinaryFloatingPointHelpers.swift,\ Array+CGAffineTransformHelpers.swift,\ Array+CGPointHelpers.swift,\ Array+ComparableHelpers.swift,\ Array+Helpers.swift /Users/admin/builder/spi-builder-workspace/.dependencies/checkouts/DGSwiftUtilities/Sources/ExampleComponents/CardConfig.swift /Users/admin/builder/spi-builder-workspace/.dependencies/checkouts/DGSwiftUtilities/Sources/ExampleComponents/CardContentItem.swift /Users/admin/builder/spi-builder-workspace/.dependencies/checkouts/DGSwiftUtilities/Sources/ExampleComponents/CardLabelValueDisplayConfig.swift /Users/admin/builder/spi-builder-workspace/.dependencies/checkouts/DGSwiftUtilities/Sources/ExampleComponents/CardLabelValueDisplayItemConfig.swift /Users/admin/builder/spi-builder-workspace/.dependencies/checkouts/DGSwiftUtilities/Sources/ExampleComponents/CardViewController.swift /Users/admin/builder/spi-builder-workspace/.dependencies/checkouts/DGSwiftUtilities/Sources/ExampleComponents/ColorPresets.swift /Users/admin/builder/spi-builder-workspace/.dependencies/checkouts/DGSwiftUtilities/Sources/ExampleComponents/ColorThemeConfig.swift /Users/admin/builder/spi-builder-workspace/.dependencies/checkouts/DGSwiftUtilities/Sources/Extension+CaseIterable/InterpolationEasing+CaseIterable.swift /Users/admin/builder/spi-builder-workspace/.dependencies/checkouts/DGSwiftUtilities/Sources/Extension+ElementInterpolatable/CGPoint+ElementInterpolatable.swift /Users/admin/builder/spi-builder-workspace/.dependencies/checkouts/DGSwiftUtilities/Sources/Extension+ElementInterpolatable/CGRect+ElementInterpolatable.swift /Users/admin/builder/spi-builder-workspace/.dependencies/checkouts/DGSwiftUtilities/Sources/Extension+ElementInterpolatable/CGSize+ElementInterpolatable.swift /Users/admin/builder/spi-builder-workspace/.dependencies/checkouts/DGSwiftUtilities/Sources/Extension+ElementInterpolatable/ColorHSBA+ElementInterpolatable.swift /Users/admin/builder/spi-builder-workspace/.dependencies/checkouts/DGSwiftUtilities/Sources/Extension+ElementInterpolatable/Transform3D+ElementInterpolatable.swift /Users/admin/builder/spi-builder-workspace/.dependencies/checkouts/DGSwiftUtilities/Sources/Extension+ElementInterpolatable/UIEdgeInsets+ElementInterpolatable.swift /Users/admin/builder/spi-builder-workspace/.dependencies/checkouts/DGSwiftUtilities/Sources/Extension+EnumCaseStringRepresentable/NumericLogicalExpression+EnumCaseStringRepresentable.swift /Users/admin/builder/spi-builder-workspace/.dependencies/checkouts/DGSwiftUtilities/Sources/Extension+Helpers/AnyArray+Helpers.swift /Users/admin/builder/spi-builder-workspace/.dependencies/checkouts/DGSwiftUtilities/Sources/Extension+Helpers/AnyKeyPath+Helpers.swift /Users/admin/builder/spi-builder-workspace/.dependencies/checkouts/DGSwiftUtilities/Sources/Extension+Helpers/Array+AnyClass.swift /Users/admin/builder/spi-builder-workspace/.dependencies/checkouts/DGSwiftUtilities/Sources/Extension+Helpers/Array+AttributedStringConfigHelpers.swift /Users/admin/builder/spi-builder-workspace/.dependencies/checkouts/DGSwiftUtilities/Sources/Extension+Helpers/Array+BinaryFloatingPointHelpers.swift /Users/admin/builder/spi-builder-workspace/.dependencies/checkouts/DGSwiftUtilities/Sources/Extension+Helpers/Array+CGAffineTransformHelpers.swift /Users/admin/builder/spi-builder-workspace/.dependencies/checkouts/DGSwiftUtilities/Sources/Extension+Helpers/Array+CGPointHelpers.swift /Users/admin/builder/spi-builder-workspace/.dependencies/checkouts/DGSwiftUtilities/Sources/Extension+Helpers/Array+ComparableHelpers.swift /Users/admin/builder/spi-builder-workspace/.dependencies/checkouts/DGSwiftUtilities/Sources/Extension+Helpers/Array+Helpers.swift (in target 'DGSwiftUtilities' from project 'DGSwiftUtilities')
/Users/admin/builder/spi-builder-workspace/.dependencies/checkouts/DGSwiftUtilities/Sources/Config/AttributedStringConfig/AttributedStringConfig.swift:156:28: error: 'systemFontSize' is unavailable in tvOS
154 |   public init(
155 |     text: String,
156 |     size: CGFloat = UIFont.systemFontSize,
    |                            `- error: 'systemFontSize' is unavailable in tvOS
157 |     weight: UIFont.Weight = .regular,
158 |     isBold: Bool = false,
/Applications/Xcode-27.0.0-Release.Candidate.app/Contents/Developer/Platforms/AppleTVOS.platform/Developer/SDKs/AppleTVOS27.0.sdk/System/Library/Frameworks/UIKit.framework/Headers/UIInterface.h:271:47: note: 'systemFontSize' has been explicitly marked unavailable here
269 | @property(class, nonatomic, readonly) CGFloat buttonFontSize API_UNAVAILABLE(tvos, watchos);
270 | @property(class, nonatomic, readonly) CGFloat smallSystemFontSize API_UNAVAILABLE(tvos, watchos);
271 | @property(class, nonatomic, readonly) CGFloat systemFontSize API_UNAVAILABLE(tvos, watchos);
    |                                               `- note: 'systemFontSize' has been explicitly marked unavailable here
272 | @property(class, nonatomic, readonly) CGFloat defaultFontSize API_UNAVAILABLE(macos, ios, tvos, watchos);
273 | @property(class, nonatomic, readonly) CGFloat systemMinimumFontSize API_UNAVAILABLE(macos, ios, tvos, watchos);
/Users/admin/builder/spi-builder-workspace/.dependencies/checkouts/DGSwiftUtilities/Sources/ExampleComponents/CardContentItem.swift:30:18: error: 'UISlider' is unavailable in tvOS
 28 |     setup: ((
 29 |       _ context: CardConfig,
 30 |       _ control: UISlider
    |                  `- error: 'UISlider' is unavailable in tvOS
 31 |     ) -> Void)? = nil,
 32 |     onValueTrackingStarted: ((
/Applications/Xcode-27.0.0-Release.Candidate.app/Contents/Developer/Platforms/AppleTVOS.platform/Developer/SDKs/AppleTVOS27.0.sdk/System/Library/Frameworks/UIKit.framework/Headers/UISlider.h:26:12: note: 'UISlider' has been explicitly marked unavailable here
24 |
25 | UIKIT_EXTERN API_AVAILABLE(ios(2.0)) API_UNAVAILABLE(tvos, watchos) NS_SWIFT_UI_ACTOR
26 | @interface UISlider : UIControl <NSCoding>
   |            `- note: 'UISlider' has been explicitly marked unavailable here
27 |
28 | @property(nonatomic) float value;                                 // default 0.0. this value will be pinned to min/max
/Users/admin/builder/spi-builder-workspace/.dependencies/checkouts/DGSwiftUtilities/Sources/ExampleComponents/CardContentItem.swift:34:18: error: 'UISlider' is unavailable in tvOS
 32 |     onValueTrackingStarted: ((
 33 |       _ context: CardConfig,
 34 |       _ control: UISlider
    |                  `- error: 'UISlider' is unavailable in tvOS
 35 |     ) -> Void)? = nil,
 36 |     onValueTrackingEnded: ((
/Applications/Xcode-27.0.0-Release.Candidate.app/Contents/Developer/Platforms/AppleTVOS.platform/Developer/SDKs/AppleTVOS27.0.sdk/System/Library/Frameworks/UIKit.framework/Headers/UISlider.h:26:12: note: 'UISlider' has been explicitly marked unavailable here
24 |
25 | UIKIT_EXTERN API_AVAILABLE(ios(2.0)) API_UNAVAILABLE(tvos, watchos) NS_SWIFT_UI_ACTOR
26 | @interface UISlider : UIControl <NSCoding>
   |            `- note: 'UISlider' has been explicitly marked unavailable here
27 |
28 | @property(nonatomic) float value;                                 // default 0.0. this value will be pinned to min/max
/Users/admin/builder/spi-builder-workspace/.dependencies/checkouts/DGSwiftUtilities/Sources/ExampleComponents/CardContentItem.swift:38:18: error: 'UISlider' is unavailable in tvOS
 36 |     onValueTrackingEnded: ((
 37 |       _ context: CardConfig,
 38 |       _ control: UISlider
    |                  `- error: 'UISlider' is unavailable in tvOS
 39 |     ) -> Void)? = nil,
 40 |     onValueChanged: ((
/Applications/Xcode-27.0.0-Release.Candidate.app/Contents/Developer/Platforms/AppleTVOS.platform/Developer/SDKs/AppleTVOS27.0.sdk/System/Library/Frameworks/UIKit.framework/Headers/UISlider.h:26:12: note: 'UISlider' has been explicitly marked unavailable here
24 |
25 | UIKIT_EXTERN API_AVAILABLE(ios(2.0)) API_UNAVAILABLE(tvos, watchos) NS_SWIFT_UI_ACTOR
26 | @interface UISlider : UIControl <NSCoding>
   |            `- note: 'UISlider' has been explicitly marked unavailable here
27 |
28 | @property(nonatomic) float value;                                 // default 0.0. this value will be pinned to min/max
/Users/admin/builder/spi-builder-workspace/.dependencies/checkouts/DGSwiftUtilities/Sources/ExampleComponents/CardContentItem.swift:42:18: error: 'UISlider' is unavailable in tvOS
 40 |     onValueChanged: ((
 41 |       _ context: CardConfig,
 42 |       _ control: UISlider
    |                  `- error: 'UISlider' is unavailable in tvOS
 43 |     ) -> Void)? = nil
 44 |   );
/Applications/Xcode-27.0.0-Release.Candidate.app/Contents/Developer/Platforms/AppleTVOS.platform/Developer/SDKs/AppleTVOS27.0.sdk/System/Library/Frameworks/UIKit.framework/Headers/UISlider.h:26:12: note: 'UISlider' has been explicitly marked unavailable here
24 |
25 | UIKIT_EXTERN API_AVAILABLE(ios(2.0)) API_UNAVAILABLE(tvos, watchos) NS_SWIFT_UI_ACTOR
26 | @interface UISlider : UIControl <NSCoding>
   |            `- note: 'UISlider' has been explicitly marked unavailable here
27 |
28 | @property(nonatomic) float value;                                 // default 0.0. this value will be pinned to min/max
/Users/admin/builder/spi-builder-workspace/.dependencies/checkouts/DGSwiftUtilities/Sources/ExampleComponents/CardContentItem.swift:56:17: error: 'UIStepper' is unavailable in tvOS
 54 |     setup: ((
 55 |       _ context: CardConfig,
 56 |       _ button: UIStepper
    |                 `- error: 'UIStepper' is unavailable in tvOS
 57 |     ) -> Void)? = nil,
 58 |     onValueChanged: ((
/Applications/Xcode-27.0.0-Release.Candidate.app/Contents/Developer/Platforms/AppleTVOS.platform/Developer/SDKs/AppleTVOS27.0.sdk/System/Library/Frameworks/UIKit.framework/Headers/UIStepper.h:18:12: note: 'UIStepper' has been explicitly marked unavailable here
16 |
17 | UIKIT_EXTERN API_AVAILABLE(ios(5.0)) API_UNAVAILABLE(tvos, watchos) NS_SWIFT_UI_ACTOR
18 | @interface UIStepper : UIControl
   |            `- note: 'UIStepper' has been explicitly marked unavailable here
19 |
20 | @property(nonatomic,getter=isContinuous) BOOL continuous; // if YES, value change events are sent any time the value changes during interaction. default = YES
/Users/admin/builder/spi-builder-workspace/.dependencies/checkouts/DGSwiftUtilities/Sources/ExampleComponents/CardContentItem.swift:60:18: error: 'UIStepper' is unavailable in tvOS
 58 |     onValueChanged: ((
 59 |       _ context: CardConfig,
 60 |       _ control: UIStepper
    |                  `- error: 'UIStepper' is unavailable in tvOS
 61 |     ) -> Void)? = nil
 62 |   );
/Applications/Xcode-27.0.0-Release.Candidate.app/Contents/Developer/Platforms/AppleTVOS.platform/Developer/SDKs/AppleTVOS27.0.sdk/System/Library/Frameworks/UIKit.framework/Headers/UIStepper.h:18:12: note: 'UIStepper' has been explicitly marked unavailable here
16 |
17 | UIKIT_EXTERN API_AVAILABLE(ios(5.0)) API_UNAVAILABLE(tvos, watchos) NS_SWIFT_UI_ACTOR
18 | @interface UIStepper : UIControl
   |            `- note: 'UIStepper' has been explicitly marked unavailable here
19 |
20 | @property(nonatomic,getter=isContinuous) BOOL continuous; // if YES, value change events are sent any time the value changes during interaction. default = YES
/Users/admin/builder/spi-builder-workspace/.dependencies/checkouts/DGSwiftUtilities/Sources/Config/AttributedStringConfig/FontConfig.swift:46:38: error: 'systemFontSize' is unavailable in tvOS
 44 |
 45 |   public static let baseFont =
 46 |     UIFont.systemFont(ofSize: UIFont.systemFontSize);
    |                                      `- error: 'systemFontSize' is unavailable in tvOS
 47 |
 48 |   // MARK: - Properties
/Applications/Xcode-27.0.0-Release.Candidate.app/Contents/Developer/Platforms/AppleTVOS.platform/Developer/SDKs/AppleTVOS27.0.sdk/System/Library/Frameworks/UIKit.framework/Headers/UIInterface.h:271:47: note: 'systemFontSize' has been explicitly marked unavailable here
269 | @property(class, nonatomic, readonly) CGFloat buttonFontSize API_UNAVAILABLE(tvos, watchos);
270 | @property(class, nonatomic, readonly) CGFloat smallSystemFontSize API_UNAVAILABLE(tvos, watchos);
271 | @property(class, nonatomic, readonly) CGFloat systemFontSize API_UNAVAILABLE(tvos, watchos);
    |                                               `- note: 'systemFontSize' has been explicitly marked unavailable here
272 | @property(class, nonatomic, readonly) CGFloat defaultFontSize API_UNAVAILABLE(macos, ios, tvos, watchos);
273 | @property(class, nonatomic, readonly) CGFloat systemMinimumFontSize API_UNAVAILABLE(macos, ios, tvos, watchos);
/Users/admin/builder/spi-builder-workspace/.dependencies/checkouts/DGSwiftUtilities/Sources/ExampleComponents/CardContentItem.swift:258:22: error: 'UISlider' is unavailable in tvOS
256 |         }();
257 |
258 |         let slider = UISlider();
    |                      `- error: 'UISlider' is unavailable in tvOS
259 |         slider.minimumValue = minValue;
260 |         slider.maximumValue = maxValue;
/Applications/Xcode-27.0.0-Release.Candidate.app/Contents/Developer/Platforms/AppleTVOS.platform/Developer/SDKs/AppleTVOS27.0.sdk/System/Library/Frameworks/UIKit.framework/Headers/UISlider.h:26:12: note: 'UISlider' has been explicitly marked unavailable here
24 |
25 | UIKIT_EXTERN API_AVAILABLE(ios(2.0)) API_UNAVAILABLE(tvos, watchos) NS_SWIFT_UI_ACTOR
26 | @interface UISlider : UIControl <NSCoding>
   |            `- note: 'UISlider' has been explicitly marked unavailable here
27 |
28 | @property(nonatomic) float value;                                 // default 0.0. this value will be pinned to min/max
/Users/admin/builder/spi-builder-workspace/.dependencies/checkouts/DGSwiftUtilities/Sources/ExampleComponents/CardContentItem.swift:365:22: error: 'UIStepper' is unavailable in tvOS
363 |         }();
364 |
365 |         let stepper: UIStepper = {
    |                      `- error: 'UIStepper' is unavailable in tvOS
366 |           let stepper = UIStepper();
367 |           stepper.minimumValue = minValue;
/Applications/Xcode-27.0.0-Release.Candidate.app/Contents/Developer/Platforms/AppleTVOS.platform/Developer/SDKs/AppleTVOS27.0.sdk/System/Library/Frameworks/UIKit.framework/Headers/UIStepper.h:18:12: note: 'UIStepper' has been explicitly marked unavailable here
16 |
17 | UIKIT_EXTERN API_AVAILABLE(ios(5.0)) API_UNAVAILABLE(tvos, watchos) NS_SWIFT_UI_ACTOR
18 | @interface UIStepper : UIControl
   |            `- note: 'UIStepper' has been explicitly marked unavailable here
19 |
20 | @property(nonatomic,getter=isContinuous) BOOL continuous; // if YES, value change events are sent any time the value changes during interaction. default = YES
SwiftCompile normal arm64 /Users/admin/builder/spi-builder-workspace/.dependencies/checkouts/DGSwiftUtilities/Sources/ExampleComponents/CardConfig.swift (in target 'DGSwiftUtilities' from project 'DGSwiftUtilities')
    cd /Users/admin/builder/spi-builder-workspace/.swiftpm/xcode
    builtin-SwiftPerFileCompile CardConfig.swift
SwiftCompile normal arm64 /Users/admin/builder/spi-builder-workspace/.dependencies/checkouts/DGSwiftUtilities/Sources/ExampleComponents/CardContentItem.swift (in target 'DGSwiftUtilities' from project 'DGSwiftUtilities')
    cd /Users/admin/builder/spi-builder-workspace/.swiftpm/xcode
    builtin-SwiftPerFileCompile CardContentItem.swift
SwiftCompile normal arm64 /Users/admin/builder/spi-builder-workspace/.dependencies/checkouts/DGSwiftUtilities/Sources/ExampleComponents/CardLabelValueDisplayConfig.swift (in target 'DGSwiftUtilities' from project 'DGSwiftUtilities')
    cd /Users/admin/builder/spi-builder-workspace/.swiftpm/xcode
    builtin-SwiftPerFileCompile CardLabelValueDisplayConfig.swift
SwiftCompile normal arm64 /Users/admin/builder/spi-builder-workspace/.dependencies/checkouts/DGSwiftUtilities/Sources/ExampleComponents/CardLabelValueDisplayItemConfig.swift (in target 'DGSwiftUtilities' from project 'DGSwiftUtilities')
    cd /Users/admin/builder/spi-builder-workspace/.swiftpm/xcode
    builtin-SwiftPerFileCompile CardLabelValueDisplayItemConfig.swift
SwiftCompile normal arm64 /Users/admin/builder/spi-builder-workspace/.dependencies/checkouts/DGSwiftUtilities/Sources/ExampleComponents/CardViewController.swift (in target 'DGSwiftUtilities' from project 'DGSwiftUtilities')
    cd /Users/admin/builder/spi-builder-workspace/.swiftpm/xcode
    builtin-SwiftPerFileCompile CardViewController.swift
SwiftCompile normal arm64 /Users/admin/builder/spi-builder-workspace/.dependencies/checkouts/DGSwiftUtilities/Sources/ExampleComponents/ColorPresets.swift (in target 'DGSwiftUtilities' from project 'DGSwiftUtilities')
    cd /Users/admin/builder/spi-builder-workspace/.swiftpm/xcode
    builtin-SwiftPerFileCompile ColorPresets.swift
SwiftCompile normal arm64 /Users/admin/builder/spi-builder-workspace/.dependencies/checkouts/DGSwiftUtilities/Sources/ExampleComponents/ColorThemeConfig.swift (in target 'DGSwiftUtilities' from project 'DGSwiftUtilities')
    cd /Users/admin/builder/spi-builder-workspace/.swiftpm/xcode
    builtin-SwiftPerFileCompile ColorThemeConfig.swift
SwiftCompile normal arm64 /Users/admin/builder/spi-builder-workspace/.dependencies/checkouts/DGSwiftUtilities/Sources/Extension+CaseIterable/InterpolationEasing+CaseIterable.swift (in target 'DGSwiftUtilities' from project 'DGSwiftUtilities')
    cd /Users/admin/builder/spi-builder-workspace/.swiftpm/xcode
    builtin-SwiftPerFileCompile InterpolationEasing+CaseIterable.swift
SwiftCompile normal arm64 /Users/admin/builder/spi-builder-workspace/.dependencies/checkouts/DGSwiftUtilities/Sources/Extension+ElementInterpolatable/CGPoint+ElementInterpolatable.swift (in target 'DGSwiftUtilities' from project 'DGSwiftUtilities')
    cd /Users/admin/builder/spi-builder-workspace/.swiftpm/xcode
    builtin-SwiftPerFileCompile CGPoint+ElementInterpolatable.swift
SwiftCompile normal arm64 /Users/admin/builder/spi-builder-workspace/.dependencies/checkouts/DGSwiftUtilities/Sources/Extension+ElementInterpolatable/CGRect+ElementInterpolatable.swift (in target 'DGSwiftUtilities' from project 'DGSwiftUtilities')
    cd /Users/admin/builder/spi-builder-workspace/.swiftpm/xcode
    builtin-SwiftPerFileCompile CGRect+ElementInterpolatable.swift
SwiftCompile normal arm64 /Users/admin/builder/spi-builder-workspace/.dependencies/checkouts/DGSwiftUtilities/Sources/Extension+ElementInterpolatable/CGSize+ElementInterpolatable.swift (in target 'DGSwiftUtilities' from project 'DGSwiftUtilities')
    cd /Users/admin/builder/spi-builder-workspace/.swiftpm/xcode
    builtin-SwiftPerFileCompile CGSize+ElementInterpolatable.swift
SwiftCompile normal arm64 /Users/admin/builder/spi-builder-workspace/.dependencies/checkouts/DGSwiftUtilities/Sources/Extension+ElementInterpolatable/ColorHSBA+ElementInterpolatable.swift (in target 'DGSwiftUtilities' from project 'DGSwiftUtilities')
    cd /Users/admin/builder/spi-builder-workspace/.swiftpm/xcode
    builtin-SwiftPerFileCompile ColorHSBA+ElementInterpolatable.swift
SwiftCompile normal arm64 /Users/admin/builder/spi-builder-workspace/.dependencies/checkouts/DGSwiftUtilities/Sources/Extension+ElementInterpolatable/Transform3D+ElementInterpolatable.swift (in target 'DGSwiftUtilities' from project 'DGSwiftUtilities')
    cd /Users/admin/builder/spi-builder-workspace/.swiftpm/xcode
    builtin-SwiftPerFileCompile Transform3D+ElementInterpolatable.swift
SwiftCompile normal arm64 /Users/admin/builder/spi-builder-workspace/.dependencies/checkouts/DGSwiftUtilities/Sources/Extension+ElementInterpolatable/UIEdgeInsets+ElementInterpolatable.swift (in target 'DGSwiftUtilities' from project 'DGSwiftUtilities')
    cd /Users/admin/builder/spi-builder-workspace/.swiftpm/xcode
    builtin-SwiftPerFileCompile UIEdgeInsets+ElementInterpolatable.swift
SwiftCompile normal arm64 /Users/admin/builder/spi-builder-workspace/.dependencies/checkouts/DGSwiftUtilities/Sources/Extension+EnumCaseStringRepresentable/NumericLogicalExpression+EnumCaseStringRepresentable.swift (in target 'DGSwiftUtilities' from project 'DGSwiftUtilities')
    cd /Users/admin/builder/spi-builder-workspace/.swiftpm/xcode
    builtin-SwiftPerFileCompile NumericLogicalExpression+EnumCaseStringRepresentable.swift
SwiftCompile normal arm64 /Users/admin/builder/spi-builder-workspace/.dependencies/checkouts/DGSwiftUtilities/Sources/Extension+Helpers/AnyArray+Helpers.swift (in target 'DGSwiftUtilities' from project 'DGSwiftUtilities')
    cd /Users/admin/builder/spi-builder-workspace/.swiftpm/xcode
    builtin-SwiftPerFileCompile AnyArray+Helpers.swift
SwiftCompile normal arm64 /Users/admin/builder/spi-builder-workspace/.dependencies/checkouts/DGSwiftUtilities/Sources/Extension+Helpers/AnyKeyPath+Helpers.swift (in target 'DGSwiftUtilities' from project 'DGSwiftUtilities')
    cd /Users/admin/builder/spi-builder-workspace/.swiftpm/xcode
    builtin-SwiftPerFileCompile AnyKeyPath+Helpers.swift
SwiftCompile normal arm64 /Users/admin/builder/spi-builder-workspace/.dependencies/checkouts/DGSwiftUtilities/Sources/Extension+Helpers/Array+AnyClass.swift (in target 'DGSwiftUtilities' from project 'DGSwiftUtilities')
    cd /Users/admin/builder/spi-builder-workspace/.swiftpm/xcode
    builtin-SwiftPerFileCompile Array+AnyClass.swift
SwiftCompile normal arm64 /Users/admin/builder/spi-builder-workspace/.dependencies/checkouts/DGSwiftUtilities/Sources/Extension+Helpers/Array+AttributedStringConfigHelpers.swift (in target 'DGSwiftUtilities' from project 'DGSwiftUtilities')
    cd /Users/admin/builder/spi-builder-workspace/.swiftpm/xcode
    builtin-SwiftPerFileCompile Array+AttributedStringConfigHelpers.swift
SwiftCompile normal arm64 /Users/admin/builder/spi-builder-workspace/.dependencies/checkouts/DGSwiftUtilities/Sources/Extension+Helpers/Array+BinaryFloatingPointHelpers.swift (in target 'DGSwiftUtilities' from project 'DGSwiftUtilities')
    cd /Users/admin/builder/spi-builder-workspace/.swiftpm/xcode
    builtin-SwiftPerFileCompile Array+BinaryFloatingPointHelpers.swift
SwiftCompile normal arm64 /Users/admin/builder/spi-builder-workspace/.dependencies/checkouts/DGSwiftUtilities/Sources/Extension+Helpers/Array+CGAffineTransformHelpers.swift (in target 'DGSwiftUtilities' from project 'DGSwiftUtilities')
    cd /Users/admin/builder/spi-builder-workspace/.swiftpm/xcode
    builtin-SwiftPerFileCompile Array+CGAffineTransformHelpers.swift
SwiftCompile normal arm64 /Users/admin/builder/spi-builder-workspace/.dependencies/checkouts/DGSwiftUtilities/Sources/Extension+Helpers/Array+CGPointHelpers.swift (in target 'DGSwiftUtilities' from project 'DGSwiftUtilities')
    cd /Users/admin/builder/spi-builder-workspace/.swiftpm/xcode
    builtin-SwiftPerFileCompile Array+CGPointHelpers.swift
SwiftCompile normal arm64 /Users/admin/builder/spi-builder-workspace/.dependencies/checkouts/DGSwiftUtilities/Sources/Extension+Helpers/Array+ComparableHelpers.swift (in target 'DGSwiftUtilities' from project 'DGSwiftUtilities')
    cd /Users/admin/builder/spi-builder-workspace/.swiftpm/xcode
    builtin-SwiftPerFileCompile Array+ComparableHelpers.swift
SwiftCompile normal arm64 /Users/admin/builder/spi-builder-workspace/.dependencies/checkouts/DGSwiftUtilities/Sources/Extension+Helpers/Array+Helpers.swift (in target 'DGSwiftUtilities' from project 'DGSwiftUtilities')
    cd /Users/admin/builder/spi-builder-workspace/.swiftpm/xcode
    builtin-SwiftPerFileCompile Array+Helpers.swift
SwiftCompile normal arm64 Compiling\ RawValueToStringConvertible.swift,\ Singleton.swift,\ StringAnyKeyPathMapping+Functions.swift,\ StringAnyKeyPathMapping.swift,\ StringKeyPathMapping.swift,\ StringPartialKeyPathMapping+StringAnyKeyPathMapping.swift,\ StringPartialKeyPathMapping.swift,\ StringMappedRawRepresentable.swift,\ CAAnimation+Block.swift,\ CAAnimationBlockDelegate.swift,\ CAAnimationMulticastDelegate.swift,\ ClassMetadata.swift,\ ClassRegistry.swift,\ ClosureInjector.swift,\ UIControl+ClosureInjector.swift,\ FauxDictionary.swift,\ GenericError.swift,\ GenericErrorCode.swift,\ GenericErrorCodes.swift,\ HashedStringDecodable+Default.swift,\ HashedStringDecodable.swift,\ InLineDisplayLink.swift,\ InLineDisplayLinkDelegate.swift,\ MappedMulticastDelegate.swift /Users/admin/builder/spi-builder-workspace/.dependencies/checkouts/DGSwiftUtilities/Sources/Protocols/RawValueToStringConvertible.swift /Users/admin/builder/spi-builder-workspace/.dependencies/checkouts/DGSwiftUtilities/Sources/Protocols/Singleton.swift /Users/admin/builder/spi-builder-workspace/.dependencies/checkouts/DGSwiftUtilities/Sources/Protocols/StringKeyPathMapping/StringAnyKeyPathMapping+Functions.swift /Users/admin/builder/spi-builder-workspace/.dependencies/checkouts/DGSwiftUtilities/Sources/Protocols/StringKeyPathMapping/StringAnyKeyPathMapping.swift /Users/admin/builder/spi-builder-workspace/.dependencies/checkouts/DGSwiftUtilities/Sources/Protocols/StringKeyPathMapping/StringKeyPathMapping.swift /Users/admin/builder/spi-builder-workspace/.dependencies/checkouts/DGSwiftUtilities/Sources/Protocols/StringKeyPathMapping/StringPartialKeyPathMapping+StringAnyKeyPathMapping.swift /Users/admin/builder/spi-builder-workspace/.dependencies/checkouts/DGSwiftUtilities/Sources/Protocols/StringKeyPathMapping/StringPartialKeyPathMapping.swift /Users/admin/builder/spi-builder-workspace/.dependencies/checkouts/DGSwiftUtilities/Sources/Protocols/StringMappedRawRepresentable.swift /Users/admin/builder/spi-builder-workspace/.dependencies/checkouts/DGSwiftUtilities/Sources/Utilities/CAAnimationBlockDelegate/CAAnimation+Block.swift /Users/admin/builder/spi-builder-workspace/.dependencies/checkouts/DGSwiftUtilities/Sources/Utilities/CAAnimationBlockDelegate/CAAnimationBlockDelegate.swift /Users/admin/builder/spi-builder-workspace/.dependencies/checkouts/DGSwiftUtilities/Sources/Utilities/CAAnimationBlockDelegate/CAAnimationMulticastDelegate.swift /Users/admin/builder/spi-builder-workspace/.dependencies/checkouts/DGSwiftUtilities/Sources/Utilities/ClassMetadata.swift /Users/admin/builder/spi-builder-workspace/.dependencies/checkouts/DGSwiftUtilities/Sources/Utilities/ClassRegistry.swift /Users/admin/builder/spi-builder-workspace/.dependencies/checkouts/DGSwiftUtilities/Sources/Utilities/ClosureInjector/ClosureInjector.swift /Users/admin/builder/spi-builder-workspace/.dependencies/checkouts/DGSwiftUtilities/Sources/Utilities/ClosureInjector/UIControl+ClosureInjector.swift /Users/admin/builder/spi-builder-workspace/.dependencies/checkouts/DGSwiftUtilities/Sources/Utilities/FauxDictionary.swift /Users/admin/builder/spi-builder-workspace/.dependencies/checkouts/DGSwiftUtilities/Sources/Utilities/GenericError/GenericError.swift /Users/admin/builder/spi-builder-workspace/.dependencies/checkouts/DGSwiftUtilities/Sources/Utilities/GenericError/GenericErrorCode.swift /Users/admin/builder/spi-builder-workspace/.dependencies/checkouts/DGSwiftUtilities/Sources/Utilities/GenericError/GenericErrorCodes.swift /Users/admin/builder/spi-builder-workspace/.dependencies/checkouts/DGSwiftUtilities/Sources/Utilities/HashedStringDecodable/HashedStringDecodable+Default.swift /Users/admin/builder/spi-builder-workspace/.dependencies/checkouts/DGSwiftUtilities/Sources/Utilities/HashedStringDecodable/HashedStringDecodable.swift /Users/admin/builder/spi-builder-workspace/.dependencies/checkouts/DGSwiftUtilities/Sources/Utilities/InLineDisplayLink/InLineDisplayLink.swift /Users/admin/builder/spi-builder-workspace/.dependencies/checkouts/DGSwiftUtilities/Sources/Utilities/InLineDisplayLink/InLineDisplayLinkDelegate.swift /Users/admin/builder/spi-builder-workspace/.dependencies/checkouts/DGSwiftUtilities/Sources/Utilities/MappedMulticastDelegate.swift (in target 'DGSwiftUtilities' from project 'DGSwiftUtilities')
SwiftCompile normal arm64 /Users/admin/builder/spi-builder-workspace/.dependencies/checkouts/DGSwiftUtilities/Sources/Protocols/RawValueToStringConvertible.swift (in target 'DGSwiftUtilities' from project 'DGSwiftUtilities')
    cd /Users/admin/builder/spi-builder-workspace/.swiftpm/xcode
    builtin-SwiftPerFileCompile RawValueToStringConvertible.swift
SwiftCompile normal arm64 /Users/admin/builder/spi-builder-workspace/.dependencies/checkouts/DGSwiftUtilities/Sources/Protocols/Singleton.swift (in target 'DGSwiftUtilities' from project 'DGSwiftUtilities')
    cd /Users/admin/builder/spi-builder-workspace/.swiftpm/xcode
    builtin-SwiftPerFileCompile Singleton.swift
SwiftCompile normal arm64 /Users/admin/builder/spi-builder-workspace/.dependencies/checkouts/DGSwiftUtilities/Sources/Protocols/StringKeyPathMapping/StringAnyKeyPathMapping+Functions.swift (in target 'DGSwiftUtilities' from project 'DGSwiftUtilities')
    cd /Users/admin/builder/spi-builder-workspace/.swiftpm/xcode
    builtin-SwiftPerFileCompile StringAnyKeyPathMapping+Functions.swift
SwiftCompile normal arm64 /Users/admin/builder/spi-builder-workspace/.dependencies/checkouts/DGSwiftUtilities/Sources/Protocols/StringKeyPathMapping/StringAnyKeyPathMapping.swift (in target 'DGSwiftUtilities' from project 'DGSwiftUtilities')
    cd /Users/admin/builder/spi-builder-workspace/.swiftpm/xcode
    builtin-SwiftPerFileCompile StringAnyKeyPathMapping.swift
SwiftCompile normal arm64 /Users/admin/builder/spi-builder-workspace/.dependencies/checkouts/DGSwiftUtilities/Sources/Protocols/StringKeyPathMapping/StringKeyPathMapping.swift (in target 'DGSwiftUtilities' from project 'DGSwiftUtilities')
    cd /Users/admin/builder/spi-builder-workspace/.swiftpm/xcode
    builtin-SwiftPerFileCompile StringKeyPathMapping.swift
SwiftCompile normal arm64 /Users/admin/builder/spi-builder-workspace/.dependencies/checkouts/DGSwiftUtilities/Sources/Protocols/StringKeyPathMapping/StringPartialKeyPathMapping+StringAnyKeyPathMapping.swift (in target 'DGSwiftUtilities' from project 'DGSwiftUtilities')
    cd /Users/admin/builder/spi-builder-workspace/.swiftpm/xcode
    builtin-SwiftPerFileCompile StringPartialKeyPathMapping+StringAnyKeyPathMapping.swift
SwiftCompile normal arm64 /Users/admin/builder/spi-builder-workspace/.dependencies/checkouts/DGSwiftUtilities/Sources/Protocols/StringKeyPathMapping/StringPartialKeyPathMapping.swift (in target 'DGSwiftUtilities' from project 'DGSwiftUtilities')
    cd /Users/admin/builder/spi-builder-workspace/.swiftpm/xcode
    builtin-SwiftPerFileCompile StringPartialKeyPathMapping.swift
SwiftCompile normal arm64 /Users/admin/builder/spi-builder-workspace/.dependencies/checkouts/DGSwiftUtilities/Sources/Protocols/StringMappedRawRepresentable.swift (in target 'DGSwiftUtilities' from project 'DGSwiftUtilities')
    cd /Users/admin/builder/spi-builder-workspace/.swiftpm/xcode
    builtin-SwiftPerFileCompile StringMappedRawRepresentable.swift
SwiftCompile normal arm64 /Users/admin/builder/spi-builder-workspace/.dependencies/checkouts/DGSwiftUtilities/Sources/Utilities/CAAnimationBlockDelegate/CAAnimation+Block.swift (in target 'DGSwiftUtilities' from project 'DGSwiftUtilities')
    cd /Users/admin/builder/spi-builder-workspace/.swiftpm/xcode
    builtin-SwiftPerFileCompile CAAnimation+Block.swift
SwiftCompile normal arm64 /Users/admin/builder/spi-builder-workspace/.dependencies/checkouts/DGSwiftUtilities/Sources/Utilities/CAAnimationBlockDelegate/CAAnimationBlockDelegate.swift (in target 'DGSwiftUtilities' from project 'DGSwiftUtilities')
    cd /Users/admin/builder/spi-builder-workspace/.swiftpm/xcode
    builtin-SwiftPerFileCompile CAAnimationBlockDelegate.swift
SwiftCompile normal arm64 /Users/admin/builder/spi-builder-workspace/.dependencies/checkouts/DGSwiftUtilities/Sources/Utilities/CAAnimationBlockDelegate/CAAnimationMulticastDelegate.swift (in target 'DGSwiftUtilities' from project 'DGSwiftUtilities')
    cd /Users/admin/builder/spi-builder-workspace/.swiftpm/xcode
    builtin-SwiftPerFileCompile CAAnimationMulticastDelegate.swift
SwiftCompile normal arm64 /Users/admin/builder/spi-builder-workspace/.dependencies/checkouts/DGSwiftUtilities/Sources/Utilities/ClassMetadata.swift (in target 'DGSwiftUtilities' from project 'DGSwiftUtilities')
    cd /Users/admin/builder/spi-builder-workspace/.swiftpm/xcode
    builtin-SwiftPerFileCompile ClassMetadata.swift
SwiftCompile normal arm64 /Users/admin/builder/spi-builder-workspace/.dependencies/checkouts/DGSwiftUtilities/Sources/Utilities/ClassRegistry.swift (in target 'DGSwiftUtilities' from project 'DGSwiftUtilities')
    cd /Users/admin/builder/spi-builder-workspace/.swiftpm/xcode
    builtin-SwiftPerFileCompile ClassRegistry.swift
SwiftCompile normal arm64 /Users/admin/builder/spi-builder-workspace/.dependencies/checkouts/DGSwiftUtilities/Sources/Utilities/ClosureInjector/ClosureInjector.swift (in target 'DGSwiftUtilities' from project 'DGSwiftUtilities')
    cd /Users/admin/builder/spi-builder-workspace/.swiftpm/xcode
    builtin-SwiftPerFileCompile ClosureInjector.swift
SwiftCompile normal arm64 /Users/admin/builder/spi-builder-workspace/.dependencies/checkouts/DGSwiftUtilities/Sources/Utilities/ClosureInjector/UIControl+ClosureInjector.swift (in target 'DGSwiftUtilities' from project 'DGSwiftUtilities')
    cd /Users/admin/builder/spi-builder-workspace/.swiftpm/xcode
    builtin-SwiftPerFileCompile UIControl+ClosureInjector.swift
SwiftCompile normal arm64 /Users/admin/builder/spi-builder-workspace/.dependencies/checkouts/DGSwiftUtilities/Sources/Utilities/FauxDictionary.swift (in target 'DGSwiftUtilities' from project 'DGSwiftUtilities')
    cd /Users/admin/builder/spi-builder-workspace/.swiftpm/xcode
    builtin-SwiftPerFileCompile FauxDictionary.swift
SwiftCompile normal arm64 /Users/admin/builder/spi-builder-workspace/.dependencies/checkouts/DGSwiftUtilities/Sources/Utilities/GenericError/GenericError.swift (in target 'DGSwiftUtilities' from project 'DGSwiftUtilities')
    cd /Users/admin/builder/spi-builder-workspace/.swiftpm/xcode
    builtin-SwiftPerFileCompile GenericError.swift
SwiftCompile normal arm64 /Users/admin/builder/spi-builder-workspace/.dependencies/checkouts/DGSwiftUtilities/Sources/Utilities/GenericError/GenericErrorCode.swift (in target 'DGSwiftUtilities' from project 'DGSwiftUtilities')
    cd /Users/admin/builder/spi-builder-workspace/.swiftpm/xcode
    builtin-SwiftPerFileCompile GenericErrorCode.swift
SwiftCompile normal arm64 /Users/admin/builder/spi-builder-workspace/.dependencies/checkouts/DGSwiftUtilities/Sources/Utilities/GenericError/GenericErrorCodes.swift (in target 'DGSwiftUtilities' from project 'DGSwiftUtilities')
    cd /Users/admin/builder/spi-builder-workspace/.swiftpm/xcode
    builtin-SwiftPerFileCompile GenericErrorCodes.swift
SwiftCompile normal arm64 /Users/admin/builder/spi-builder-workspace/.dependencies/checkouts/DGSwiftUtilities/Sources/Utilities/HashedStringDecodable/HashedStringDecodable+Default.swift (in target 'DGSwiftUtilities' from project 'DGSwiftUtilities')
    cd /Users/admin/builder/spi-builder-workspace/.swiftpm/xcode
    builtin-SwiftPerFileCompile HashedStringDecodable+Default.swift
SwiftCompile normal arm64 /Users/admin/builder/spi-builder-workspace/.dependencies/checkouts/DGSwiftUtilities/Sources/Utilities/HashedStringDecodable/HashedStringDecodable.swift (in target 'DGSwiftUtilities' from project 'DGSwiftUtilities')
    cd /Users/admin/builder/spi-builder-workspace/.swiftpm/xcode
    builtin-SwiftPerFileCompile HashedStringDecodable.swift
SwiftCompile normal arm64 /Users/admin/builder/spi-builder-workspace/.dependencies/checkouts/DGSwiftUtilities/Sources/Utilities/InLineDisplayLink/InLineDisplayLink.swift (in target 'DGSwiftUtilities' from project 'DGSwiftUtilities')
    cd /Users/admin/builder/spi-builder-workspace/.swiftpm/xcode
    builtin-SwiftPerFileCompile InLineDisplayLink.swift
SwiftCompile normal arm64 /Users/admin/builder/spi-builder-workspace/.dependencies/checkouts/DGSwiftUtilities/Sources/Utilities/InLineDisplayLink/InLineDisplayLinkDelegate.swift (in target 'DGSwiftUtilities' from project 'DGSwiftUtilities')
    cd /Users/admin/builder/spi-builder-workspace/.swiftpm/xcode
    builtin-SwiftPerFileCompile InLineDisplayLinkDelegate.swift
SwiftCompile normal arm64 /Users/admin/builder/spi-builder-workspace/.dependencies/checkouts/DGSwiftUtilities/Sources/Utilities/MappedMulticastDelegate.swift (in target 'DGSwiftUtilities' from project 'DGSwiftUtilities')
    cd /Users/admin/builder/spi-builder-workspace/.swiftpm/xcode
    builtin-SwiftPerFileCompile MappedMulticastDelegate.swift
SwiftEmitModule normal arm64 Emitting\ module\ for\ DGSwiftUtilities (in target 'DGSwiftUtilities' from project 'DGSwiftUtilities')
/Users/admin/builder/spi-builder-workspace/.dependencies/checkouts/DGSwiftUtilities/Sources/Config/AttributedStringConfig/AttributedStringConfig.swift:156:28: error: 'systemFontSize' is unavailable in tvOS
154 |   public init(
155 |     text: String,
156 |     size: CGFloat = UIFont.systemFontSize,
    |                            `- error: 'systemFontSize' is unavailable in tvOS
157 |     weight: UIFont.Weight = .regular,
158 |     isBold: Bool = false,
/Applications/Xcode-27.0.0-Release.Candidate.app/Contents/Developer/Platforms/AppleTVOS.platform/Developer/SDKs/AppleTVOS27.0.sdk/System/Library/Frameworks/UIKit.framework/Headers/UIInterface.h:271:47: note: 'systemFontSize' has been explicitly marked unavailable here
269 | @property(class, nonatomic, readonly) CGFloat buttonFontSize API_UNAVAILABLE(tvos, watchos);
270 | @property(class, nonatomic, readonly) CGFloat smallSystemFontSize API_UNAVAILABLE(tvos, watchos);
271 | @property(class, nonatomic, readonly) CGFloat systemFontSize API_UNAVAILABLE(tvos, watchos);
    |                                               `- note: 'systemFontSize' has been explicitly marked unavailable here
272 | @property(class, nonatomic, readonly) CGFloat defaultFontSize API_UNAVAILABLE(macos, ios, tvos, watchos);
273 | @property(class, nonatomic, readonly) CGFloat systemMinimumFontSize API_UNAVAILABLE(macos, ios, tvos, watchos);
/Users/admin/builder/spi-builder-workspace/.dependencies/checkouts/DGSwiftUtilities/Sources/Config/AttributedStringConfig/FontConfig.swift:46:38: error: 'systemFontSize' is unavailable in tvOS
 44 |
 45 |   public static let baseFont =
 46 |     UIFont.systemFont(ofSize: UIFont.systemFontSize);
    |                                      `- error: 'systemFontSize' is unavailable in tvOS
 47 |
 48 |   // MARK: - Properties
/Applications/Xcode-27.0.0-Release.Candidate.app/Contents/Developer/Platforms/AppleTVOS.platform/Developer/SDKs/AppleTVOS27.0.sdk/System/Library/Frameworks/UIKit.framework/Headers/UIInterface.h:271:47: note: 'systemFontSize' has been explicitly marked unavailable here
269 | @property(class, nonatomic, readonly) CGFloat buttonFontSize API_UNAVAILABLE(tvos, watchos);
270 | @property(class, nonatomic, readonly) CGFloat smallSystemFontSize API_UNAVAILABLE(tvos, watchos);
271 | @property(class, nonatomic, readonly) CGFloat systemFontSize API_UNAVAILABLE(tvos, watchos);
    |                                               `- note: 'systemFontSize' has been explicitly marked unavailable here
272 | @property(class, nonatomic, readonly) CGFloat defaultFontSize API_UNAVAILABLE(macos, ios, tvos, watchos);
273 | @property(class, nonatomic, readonly) CGFloat systemMinimumFontSize API_UNAVAILABLE(macos, ios, tvos, watchos);
/Users/admin/builder/spi-builder-workspace/.dependencies/checkouts/DGSwiftUtilities/Sources/Config/AttributedStringConfig/FontConfig.swift:40:58: error: 'systemFontSize' is unavailable in tvOS
 38 |   // ---------------
 39 |
 40 |   public static let `default`: Self = .init(size: UIFont.systemFontSize);
    |                                                          `- error: 'systemFontSize' is unavailable in tvOS
 41 |
 42 |   // MARK: - Other Static Properties
/Applications/Xcode-27.0.0-Release.Candidate.app/Contents/Developer/Platforms/AppleTVOS.platform/Developer/SDKs/AppleTVOS27.0.sdk/System/Library/Frameworks/UIKit.framework/Headers/UIInterface.h:271:47: note: 'systemFontSize' has been explicitly marked unavailable here
269 | @property(class, nonatomic, readonly) CGFloat buttonFontSize API_UNAVAILABLE(tvos, watchos);
270 | @property(class, nonatomic, readonly) CGFloat smallSystemFontSize API_UNAVAILABLE(tvos, watchos);
271 | @property(class, nonatomic, readonly) CGFloat systemFontSize API_UNAVAILABLE(tvos, watchos);
    |                                               `- note: 'systemFontSize' has been explicitly marked unavailable here
272 | @property(class, nonatomic, readonly) CGFloat defaultFontSize API_UNAVAILABLE(macos, ios, tvos, watchos);
273 | @property(class, nonatomic, readonly) CGFloat systemMinimumFontSize API_UNAVAILABLE(macos, ios, tvos, watchos);
/Users/admin/builder/spi-builder-workspace/.dependencies/checkouts/DGSwiftUtilities/Sources/ExampleComponents/CardContentItem.swift:30:18: error: 'UISlider' is unavailable in tvOS
 28 |     setup: ((
 29 |       _ context: CardConfig,
 30 |       _ control: UISlider
    |                  `- error: 'UISlider' is unavailable in tvOS
 31 |     ) -> Void)? = nil,
 32 |     onValueTrackingStarted: ((
/Applications/Xcode-27.0.0-Release.Candidate.app/Contents/Developer/Platforms/AppleTVOS.platform/Developer/SDKs/AppleTVOS27.0.sdk/System/Library/Frameworks/UIKit.framework/Headers/UISlider.h:26:12: note: 'UISlider' has been explicitly marked unavailable here
24 |
25 | UIKIT_EXTERN API_AVAILABLE(ios(2.0)) API_UNAVAILABLE(tvos, watchos) NS_SWIFT_UI_ACTOR
26 | @interface UISlider : UIControl <NSCoding>
   |            `- note: 'UISlider' has been explicitly marked unavailable here
27 |
28 | @property(nonatomic) float value;                                 // default 0.0. this value will be pinned to min/max
/Users/admin/builder/spi-builder-workspace/.dependencies/checkouts/DGSwiftUtilities/Sources/ExampleComponents/CardContentItem.swift:34:18: error: 'UISlider' is unavailable in tvOS
 32 |     onValueTrackingStarted: ((
 33 |       _ context: CardConfig,
 34 |       _ control: UISlider
    |                  `- error: 'UISlider' is unavailable in tvOS
 35 |     ) -> Void)? = nil,
 36 |     onValueTrackingEnded: ((
/Applications/Xcode-27.0.0-Release.Candidate.app/Contents/Developer/Platforms/AppleTVOS.platform/Developer/SDKs/AppleTVOS27.0.sdk/System/Library/Frameworks/UIKit.framework/Headers/UISlider.h:26:12: note: 'UISlider' has been explicitly marked unavailable here
24 |
25 | UIKIT_EXTERN API_AVAILABLE(ios(2.0)) API_UNAVAILABLE(tvos, watchos) NS_SWIFT_UI_ACTOR
26 | @interface UISlider : UIControl <NSCoding>
   |            `- note: 'UISlider' has been explicitly marked unavailable here
27 |
28 | @property(nonatomic) float value;                                 // default 0.0. this value will be pinned to min/max
/Users/admin/builder/spi-builder-workspace/.dependencies/checkouts/DGSwiftUtilities/Sources/ExampleComponents/CardContentItem.swift:38:18: error: 'UISlider' is unavailable in tvOS
 36 |     onValueTrackingEnded: ((
 37 |       _ context: CardConfig,
 38 |       _ control: UISlider
    |                  `- error: 'UISlider' is unavailable in tvOS
 39 |     ) -> Void)? = nil,
 40 |     onValueChanged: ((
/Applications/Xcode-27.0.0-Release.Candidate.app/Contents/Developer/Platforms/AppleTVOS.platform/Developer/SDKs/AppleTVOS27.0.sdk/System/Library/Frameworks/UIKit.framework/Headers/UISlider.h:26:12: note: 'UISlider' has been explicitly marked unavailable here
24 |
25 | UIKIT_EXTERN API_AVAILABLE(ios(2.0)) API_UNAVAILABLE(tvos, watchos) NS_SWIFT_UI_ACTOR
26 | @interface UISlider : UIControl <NSCoding>
   |            `- note: 'UISlider' has been explicitly marked unavailable here
27 |
28 | @property(nonatomic) float value;                                 // default 0.0. this value will be pinned to min/max
/Users/admin/builder/spi-builder-workspace/.dependencies/checkouts/DGSwiftUtilities/Sources/ExampleComponents/CardContentItem.swift:42:18: error: 'UISlider' is unavailable in tvOS
 40 |     onValueChanged: ((
 41 |       _ context: CardConfig,
 42 |       _ control: UISlider
    |                  `- error: 'UISlider' is unavailable in tvOS
 43 |     ) -> Void)? = nil
 44 |   );
/Applications/Xcode-27.0.0-Release.Candidate.app/Contents/Developer/Platforms/AppleTVOS.platform/Developer/SDKs/AppleTVOS27.0.sdk/System/Library/Frameworks/UIKit.framework/Headers/UISlider.h:26:12: note: 'UISlider' has been explicitly marked unavailable here
24 |
25 | UIKIT_EXTERN API_AVAILABLE(ios(2.0)) API_UNAVAILABLE(tvos, watchos) NS_SWIFT_UI_ACTOR
26 | @interface UISlider : UIControl <NSCoding>
   |            `- note: 'UISlider' has been explicitly marked unavailable here
27 |
28 | @property(nonatomic) float value;                                 // default 0.0. this value will be pinned to min/max
/Users/admin/builder/spi-builder-workspace/.dependencies/checkouts/DGSwiftUtilities/Sources/ExampleComponents/CardContentItem.swift:56:17: error: 'UIStepper' is unavailable in tvOS
 54 |     setup: ((
 55 |       _ context: CardConfig,
 56 |       _ button: UIStepper
    |                 `- error: 'UIStepper' is unavailable in tvOS
 57 |     ) -> Void)? = nil,
 58 |     onValueChanged: ((
/Applications/Xcode-27.0.0-Release.Candidate.app/Contents/Developer/Platforms/AppleTVOS.platform/Developer/SDKs/AppleTVOS27.0.sdk/System/Library/Frameworks/UIKit.framework/Headers/UIStepper.h:18:12: note: 'UIStepper' has been explicitly marked unavailable here
16 |
17 | UIKIT_EXTERN API_AVAILABLE(ios(5.0)) API_UNAVAILABLE(tvos, watchos) NS_SWIFT_UI_ACTOR
18 | @interface UIStepper : UIControl
   |            `- note: 'UIStepper' has been explicitly marked unavailable here
19 |
20 | @property(nonatomic,getter=isContinuous) BOOL continuous; // if YES, value change events are sent any time the value changes during interaction. default = YES
/Users/admin/builder/spi-builder-workspace/.dependencies/checkouts/DGSwiftUtilities/Sources/ExampleComponents/CardContentItem.swift:60:18: error: 'UIStepper' is unavailable in tvOS
 58 |     onValueChanged: ((
 59 |       _ context: CardConfig,
 60 |       _ control: UIStepper
    |                  `- error: 'UIStepper' is unavailable in tvOS
 61 |     ) -> Void)? = nil
 62 |   );
/Applications/Xcode-27.0.0-Release.Candidate.app/Contents/Developer/Platforms/AppleTVOS.platform/Developer/SDKs/AppleTVOS27.0.sdk/System/Library/Frameworks/UIKit.framework/Headers/UIStepper.h:18:12: note: 'UIStepper' has been explicitly marked unavailable here
16 |
17 | UIKIT_EXTERN API_AVAILABLE(ios(5.0)) API_UNAVAILABLE(tvos, watchos) NS_SWIFT_UI_ACTOR
18 | @interface UIStepper : UIControl
   |            `- note: 'UIStepper' has been explicitly marked unavailable here
19 |
20 | @property(nonatomic,getter=isContinuous) BOOL continuous; // if YES, value change events are sent any time the value changes during interaction. default = YES
/Users/admin/builder/spi-builder-workspace/.dependencies/checkouts/DGSwiftUtilities/Sources/Extension+RawValueToStringConvertible/UIContextMenuInteractionCommitStyle+RawValueToStringConvertible.swift:11:11: error: 'UIContextMenuInteractionCommitStyle' is unavailable in tvOS
 9 |
10 | @available(iOS 13.0, *)
11 | extension UIContextMenuInteractionCommitStyle: RawValueToStringConvertible {
   |           `- error: 'UIContextMenuInteractionCommitStyle' is unavailable in tvOS
12 |
13 |   // MARK: - CaseIterable
/Applications/Xcode-27.0.0-Release.Candidate.app/Contents/Developer/Platforms/AppleTVOS.platform/Developer/SDKs/AppleTVOS27.0.sdk/System/Library/Frameworks/UIKit.framework/Headers/UIContextMenuInteraction.h:20:28: note: 'UIContextMenuInteractionCommitStyle' has been explicitly marked unavailable here
 18 | @protocol UIContextMenuInteractionDelegate;
 19 |
 20 | typedef NS_ENUM(NSInteger, UIContextMenuInteractionCommitStyle) {
    |                            `- note: 'UIContextMenuInteractionCommitStyle' has been explicitly marked unavailable here
 21 |     UIContextMenuInteractionCommitStyleDismiss = 0,
 22 |     UIContextMenuInteractionCommitStylePop,
/Users/admin/builder/spi-builder-workspace/.dependencies/checkouts/DGSwiftUtilities/Sources/Extension+RawValueToStringConvertible/UIDeviceBatteryState+RawValueToStringConvertible.swift:11:20: error: 'BatteryState' is unavailable in tvOS
 9 |
10 |
11 | extension UIDevice.BatteryState: RawValueToStringConvertible {
   |                    `- error: 'BatteryState' is unavailable in tvOS
12 |
13 |   // MARK: - CaseIterable
/Applications/Xcode-27.0.0-Release.Candidate.app/Contents/Developer/Platforms/AppleTVOS.platform/Developer/SDKs/AppleTVOS27.0.sdk/System/Library/Frameworks/UIKit.framework/Headers/UIDevice.h:15:28: note: 'BatteryState' has been explicitly marked unavailable here
13 | NS_HEADER_AUDIT_BEGIN(nullability, sendability)
14 |
15 | typedef NS_ENUM(NSInteger, UIDeviceBatteryState) {
   |                            `- note: 'BatteryState' has been explicitly marked unavailable here
16 |     UIDeviceBatteryStateUnknown,
17 |     UIDeviceBatteryStateUnplugged,   // on battery, discharging
/Users/admin/builder/spi-builder-workspace/.dependencies/checkouts/DGSwiftUtilities/Sources/Extension+RawValueToStringConvertible/UIDeviceOrientation+RawValueToStringConvertible.swift:10:11: error: 'UIDeviceOrientation' is unavailable in tvOS
 8 | import UIKit
 9 |
10 | extension UIDeviceOrientation: RawValueToStringConvertible {
   |           `- error: 'UIDeviceOrientation' is unavailable in tvOS
11 |
12 |   // MARK: - CaseIterable
/Applications/Xcode-27.0.0-Release.Candidate.app/Contents/Developer/Platforms/AppleTVOS.platform/Developer/SDKs/AppleTVOS27.0.sdk/System/Library/Frameworks/UIKit.framework/Headers/UIOrientation.h:13:28: note: 'UIDeviceOrientation' has been explicitly marked unavailable here
11 | NS_HEADER_AUDIT_BEGIN(nullability, sendability)
12 |
13 | typedef NS_ENUM(NSInteger, UIDeviceOrientation) {
   |                            `- note: 'UIDeviceOrientation' has been explicitly marked unavailable here
14 |     UIDeviceOrientationUnknown,
15 |     UIDeviceOrientationPortrait,            // Device oriented vertically, home button on the bottom
/Users/admin/builder/spi-builder-workspace/.dependencies/checkouts/DGSwiftUtilities/Sources/Extension+RawValueToStringConvertible/UIFontTextStyle+RawValueToStringConvertible.swift:24:8: error: 'largeTitle' is unavailable in tvOS
22 |       .headline,
23 |       .subheadline,
24 |       .largeTitle,
   |        `- error: 'largeTitle' is unavailable in tvOS
25 |       .title1,
26 |       .title2,
/Applications/Xcode-27.0.0-Release.Candidate.app/Contents/Developer/Platforms/AppleTVOS.platform/Developer/SDKs/AppleTVOS27.0.sdk/System/Library/Frameworks/UIKit.framework/Headers/UIFontDescriptor.h:176:36: note: 'largeTitle' has been explicitly marked unavailable here
174 |
175 | // Font text styles, semantic descriptions of the intended use for a font returned by +[UIFont preferredFontForTextStyle:]
176 | UIKIT_EXTERN UIFontTextStyle const UIFontTextStyleLargeTitle API_AVAILABLE(ios(11.0), watchos(5.0)) API_UNAVAILABLE(tvos);
    |                                    `- note: 'largeTitle' has been explicitly marked unavailable here
177 | UIKIT_EXTERN UIFontTextStyle const UIFontTextStyleExtraLargeTitle API_AVAILABLE(ios(17.0), watchos(10.0));
178 | UIKIT_EXTERN UIFontTextStyle const UIFontTextStyleExtraLargeTitle2 API_AVAILABLE(ios(17.0), watchos(10.0));
/Users/admin/builder/spi-builder-workspace/.dependencies/checkouts/DGSwiftUtilities/Sources/Extension+RawValueToStringConvertible/UIFontTextStyle+RawValueToStringConvertible.swift:31:21: error: 'extraLargeTitle' is only available in tvOS 17.0 or newer
 8 | import UIKit
 9 |
10 | extension UIFont.TextStyle: RawValueToStringConvertible {
   | `- note: add '@available' attribute to enclosing extension
11 |
12 |   // MARK: - CaseIterable
13 |   // --------------------
14 |
15 |   public static var allCases: [Self] = {
   |                     `- note: add '@available' attribute to enclosing static property
16 |     var cases: [Self] = [
17 |       .body,
   :
29 |
30 |     if #available(iOS 17.0, *) {
31 |       cases.append(.extraLargeTitle)
   |                     |- error: 'extraLargeTitle' is only available in tvOS 17.0 or newer
   |                     `- note: add 'if #available' version check
32 |       cases.append(.extraLargeTitle2)
33 |     }
/Users/admin/builder/spi-builder-workspace/.dependencies/checkouts/DGSwiftUtilities/Sources/Extension+RawValueToStringConvertible/UIFontTextStyle+RawValueToStringConvertible.swift:32:21: error: 'extraLargeTitle2' is only available in tvOS 17.0 or newer
 8 | import UIKit
 9 |
10 | extension UIFont.TextStyle: RawValueToStringConvertible {
   | `- note: add '@available' attribute to enclosing extension
11 |
12 |   // MARK: - CaseIterable
13 |   // --------------------
14 |
15 |   public static var allCases: [Self] = {
   |                     `- note: add '@available' attribute to enclosing static property
16 |     var cases: [Self] = [
17 |       .body,
   :
30 |     if #available(iOS 17.0, *) {
31 |       cases.append(.extraLargeTitle)
32 |       cases.append(.extraLargeTitle2)
   |                     |- error: 'extraLargeTitle2' is only available in tvOS 17.0 or newer
   |                     `- note: add 'if #available' version check
33 |     }
34 |
/Users/admin/builder/spi-builder-workspace/.dependencies/checkouts/DGSwiftUtilities/Sources/Extension+RawValueToStringConvertible/UIInterfaceOrientation+RawValueToStringConvertible.swift:10:11: error: 'UIInterfaceOrientation' is unavailable in tvOS
 8 | import UIKit
 9 |
10 | extension UIInterfaceOrientation: RawValueToStringConvertible {
   |           `- error: 'UIInterfaceOrientation' is unavailable in tvOS
11 |
12 |   // MARK: - CaseIterable
/Applications/Xcode-27.0.0-Release.Candidate.app/Contents/Developer/Platforms/AppleTVOS.platform/Developer/SDKs/AppleTVOS27.0.sdk/System/Library/Frameworks/UIKit.framework/Headers/UIOrientation.h:41:28: note: 'UIInterfaceOrientation' has been explicitly marked unavailable here
39 | // Note that UIInterfaceOrientationLandscapeLeft is equal to UIDeviceOrientationLandscapeRight (and vice versa).
40 | // This is because rotating the device to the left requires rotating the content to the right.
41 | typedef NS_ENUM(NSInteger, UIInterfaceOrientation) {
   |                            `- note: 'UIInterfaceOrientation' has been explicitly marked unavailable here
42 |     UIInterfaceOrientationUnknown            = UIDeviceOrientationUnknown,
43 |     UIInterfaceOrientationPortrait           = UIDeviceOrientationPortrait,
/Users/admin/builder/spi-builder-workspace/.dependencies/checkouts/DGSwiftUtilities/Sources/Extension+RawValueToStringConvertible/UIMenuElementAttributes+RawValueToStringConvertible.swift:26:21: error: 'keepsMenuPresented' is only available in tvOS 16.0 or newer
 9 |
10 | @available(iOS 13.0, *)
11 | extension UIMenuElement.Attributes: RawValueToStringConvertible {
   | `- note: add '@available' attribute to enclosing extension
12 |
13 |   // MARK: - CaseIterable
14 |   // --------------------
15 |
16 |   public static var allCases: [Self] = {
   |                     `- note: add '@available' attribute to enclosing static property
17 |     var cases: [Self] = [
18 |       .hidden,
   :
24 |     #if swift(>=5.7)
25 |     if #available(iOS 16.0, *) {
26 |       cases.append(.keepsMenuPresented);
   |                     |- error: 'keepsMenuPresented' is only available in tvOS 16.0 or newer
   |                     `- note: add 'if #available' version check
27 |     };
28 |     #endif
/Users/admin/builder/spi-builder-workspace/.dependencies/checkouts/DGSwiftUtilities/Sources/Extension+RawValueToStringConvertible/UIUserInterfaceLevel+RawValueToStringConvertible.swift:11:11: error: 'UIUserInterfaceLevel' is unavailable in tvOS
 9 |
10 | @available(iOS 13.0, *)
11 | extension UIUserInterfaceLevel: RawValueToStringConvertible {
   |           `- error: 'UIUserInterfaceLevel' is unavailable in tvOS
12 |
13 |   // MARK: - CaseIterable
/Applications/Xcode-27.0.0-Release.Candidate.app/Contents/Developer/Platforms/AppleTVOS.platform/Developer/SDKs/AppleTVOS27.0.sdk/System/Library/Frameworks/UIKit.framework/Headers/UIInterface.h:72:28: note: 'UIUserInterfaceLevel' has been explicitly marked unavailable here
 70 | } API_AVAILABLE(ios(13.0), tvos(13.0)) API_UNAVAILABLE(watchos);
 71 |
 72 | typedef NS_ENUM(NSInteger, UIUserInterfaceLevel) {
    |                            `- note: 'UIUserInterfaceLevel' has been explicitly marked unavailable here
 73 |     UIUserInterfaceLevelUnspecified = -1,
 74 |     UIUserInterfaceLevelBase,
/Users/admin/builder/spi-builder-workspace/.dependencies/checkouts/DGSwiftUtilities/Sources/Extension+RawValueToStringConvertible/UIVibrancyEffectStyle+RawValueToStringConvertible.swift:13:32: error: 'UIVibrancyEffectStyle' is unavailable in tvOS
11 | extension UIVibrancyEffectStyle: RawValueToStringConvertible {
12 |
13 |   public static var allCases: [UIVibrancyEffectStyle] {
   |                                `- error: 'UIVibrancyEffectStyle' is unavailable in tvOS
14 |     return [
15 |       .label,
/Applications/Xcode-27.0.0-Release.Candidate.app/Contents/Developer/Platforms/AppleTVOS.platform/Developer/SDKs/AppleTVOS27.0.sdk/System/Library/Frameworks/UIKit.framework/Headers/UIVibrancyEffect.h:31:28: note: 'UIVibrancyEffectStyle' has been explicitly marked unavailable here
29 |  * to be used. Color information is ignored. (UIVibrancyEffectStyleLabel is an exception; it passes color through.)
30 |  */
31 | typedef NS_ENUM(NSInteger, UIVibrancyEffectStyle) {
   |                            `- note: 'UIVibrancyEffectStyle' has been explicitly marked unavailable here
32 |     /* Vibrancy for text labels.
33 |      */
/Users/admin/builder/spi-builder-workspace/.dependencies/checkouts/DGSwiftUtilities/Sources/Extension+RawValueToStringConvertible/UIVibrancyEffectStyle+RawValueToStringConvertible.swift:11:11: error: 'UIVibrancyEffectStyle' is unavailable in tvOS
 9 |
10 | @available(iOS 13.0, *)
11 | extension UIVibrancyEffectStyle: RawValueToStringConvertible {
   |           `- error: 'UIVibrancyEffectStyle' is unavailable in tvOS
12 |
13 |   public static var allCases: [UIVibrancyEffectStyle] {
/Applications/Xcode-27.0.0-Release.Candidate.app/Contents/Developer/Platforms/AppleTVOS.platform/Developer/SDKs/AppleTVOS27.0.sdk/System/Library/Frameworks/UIKit.framework/Headers/UIVibrancyEffect.h:31:28: note: 'UIVibrancyEffectStyle' has been explicitly marked unavailable here
29 |  * to be used. Color information is ignored. (UIVibrancyEffectStyleLabel is an exception; it passes color through.)
30 |  */
31 | typedef NS_ENUM(NSInteger, UIVibrancyEffectStyle) {
   |                            `- note: 'UIVibrancyEffectStyle' has been explicitly marked unavailable here
32 |     /* Vibrancy for text labels.
33 |      */
/Users/admin/builder/spi-builder-workspace/.dependencies/checkouts/DGSwiftUtilities/Sources/Extension+StringKeyPathMapping/UIDevice+StringKeyPathMapping.swift:19:22: error: 'orientation' is unavailable in tvOS
17 |     "systemName": \.systemName,
18 |     "systemVersion": \.systemVersion,
19 |     "orientation": \.orientation,
   |                      `- error: 'orientation' is unavailable in tvOS
20 |     "identifierForVendor": \.identifierForVendor,
21 |     "isGeneratingDeviceOrientationNotifications": \.isGeneratingDeviceOrientationNotifications,
/Applications/Xcode-27.0.0-Release.Candidate.app/Contents/Developer/Platforms/AppleTVOS.platform/Developer/SDKs/AppleTVOS27.0.sdk/System/Library/Frameworks/UIKit.framework/Headers/UIDevice.h:44:51: note: 'orientation' has been explicitly marked unavailable here
42 | @property(nonatomic,readonly,strong) NSString    *systemName;        // e.g. @"iOS"
43 | @property(nonatomic,readonly,strong) NSString    *systemVersion;     // e.g. @"4.0"
44 | @property(nonatomic,readonly) UIDeviceOrientation orientation API_UNAVAILABLE(tvos, visionos);       // return current device orientation.  this will return UIDeviceOrientationUnknown unless device orientation notifications are being generated.
   |                                                   `- note: 'orientation' has been explicitly marked unavailable here
45 |
46 | @property(nullable, nonatomic,readonly,strong) NSUUID      *identifierForVendor API_AVAILABLE(ios(6.0));      // a UUID that may be used to uniquely identify the device, same across apps from a single vendor.
/Users/admin/builder/spi-builder-workspace/.dependencies/checkouts/DGSwiftUtilities/Sources/Extension+StringKeyPathMapping/UIDevice+StringKeyPathMapping.swift:21:53: error: 'isGeneratingDeviceOrientationNotifications' is unavailable in tvOS
19 |     "orientation": \.orientation,
20 |     "identifierForVendor": \.identifierForVendor,
21 |     "isGeneratingDeviceOrientationNotifications": \.isGeneratingDeviceOrientationNotifications,
   |                                                     `- error: 'isGeneratingDeviceOrientationNotifications' is unavailable in tvOS
22 |     "isBatteryMonitoringEnabled": \.isBatteryMonitoringEnabled,
23 |     "batteryState": \.batteryState,
/Applications/Xcode-27.0.0-Release.Candidate.app/Contents/Developer/Platforms/AppleTVOS.platform/Developer/SDKs/AppleTVOS27.0.sdk/System/Library/Frameworks/UIKit.framework/Headers/UIDevice.h:48:86: note: 'isGeneratingDeviceOrientationNotifications' has been explicitly marked unavailable here
46 | @property(nullable, nonatomic,readonly,strong) NSUUID      *identifierForVendor API_AVAILABLE(ios(6.0));      // a UUID that may be used to uniquely identify the device, same across apps from a single vendor.
47 |
48 | @property(nonatomic,readonly,getter=isGeneratingDeviceOrientationNotifications) BOOL generatesDeviceOrientationNotifications API_UNAVAILABLE(tvos, visionos);
   |                                                                                      `- note: 'isGeneratingDeviceOrientationNotifications' has been explicitly marked unavailable here
49 | - (void)beginGeneratingDeviceOrientationNotifications API_UNAVAILABLE(tvos, visionos);      // nestable
50 | - (void)endGeneratingDeviceOrientationNotifications API_UNAVAILABLE(tvos, visionos);
/Users/admin/builder/spi-builder-workspace/.dependencies/checkouts/DGSwiftUtilities/Sources/Extension+StringKeyPathMapping/UIDevice+StringKeyPathMapping.swift:22:37: error: 'isBatteryMonitoringEnabled' is unavailable in tvOS
20 |     "identifierForVendor": \.identifierForVendor,
21 |     "isGeneratingDeviceOrientationNotifications": \.isGeneratingDeviceOrientationNotifications,
22 |     "isBatteryMonitoringEnabled": \.isBatteryMonitoringEnabled,
   |                                     `- error: 'isBatteryMonitoringEnabled' is unavailable in tvOS
23 |     "batteryState": \.batteryState,
24 |     "batteryLevel": \.batteryLevel,
/Applications/Xcode-27.0.0-Release.Candidate.app/Contents/Developer/Platforms/AppleTVOS.platform/Developer/SDKs/AppleTVOS27.0.sdk/System/Library/Frameworks/UIKit.framework/Headers/UIDevice.h:52:61: note: 'isBatteryMonitoringEnabled' has been explicitly marked unavailable here
50 | - (void)endGeneratingDeviceOrientationNotifications API_UNAVAILABLE(tvos, visionos);
51 |
52 | @property(nonatomic,getter=isBatteryMonitoringEnabled) BOOL batteryMonitoringEnabled API_AVAILABLE(ios(3.0)) API_UNAVAILABLE(tvos);  // default is NO
   |                                                             `- note: 'isBatteryMonitoringEnabled' has been explicitly marked unavailable here
53 | @property(nonatomic,readonly) UIDeviceBatteryState          batteryState API_AVAILABLE(ios(3.0)) API_UNAVAILABLE(tvos);  // UIDeviceBatteryStateUnknown if monitoring disabled
54 | @property(nonatomic,readonly) float                         batteryLevel API_AVAILABLE(ios(3.0)) API_UNAVAILABLE(tvos);  // 0 .. 1.0. -1.0 if UIDeviceBatteryStateUnknown
/Users/admin/builder/spi-builder-workspace/.dependencies/checkouts/DGSwiftUtilities/Sources/Extension+StringKeyPathMapping/UIDevice+StringKeyPathMapping.swift:23:23: error: 'batteryState' is unavailable in tvOS
21 |     "isGeneratingDeviceOrientationNotifications": \.isGeneratingDeviceOrientationNotifications,
22 |     "isBatteryMonitoringEnabled": \.isBatteryMonitoringEnabled,
23 |     "batteryState": \.batteryState,
   |                       `- error: 'batteryState' is unavailable in tvOS
24 |     "batteryLevel": \.batteryLevel,
25 |     "isProximityMonitoringEnabled": \.isProximityMonitoringEnabled,
/Applications/Xcode-27.0.0-Release.Candidate.app/Contents/Developer/Platforms/AppleTVOS.platform/Developer/SDKs/AppleTVOS27.0.sdk/System/Library/Frameworks/UIKit.framework/Headers/UIDevice.h:53:61: note: 'batteryState' has been explicitly marked unavailable here
51 |
52 | @property(nonatomic,getter=isBatteryMonitoringEnabled) BOOL batteryMonitoringEnabled API_AVAILABLE(ios(3.0)) API_UNAVAILABLE(tvos);  // default is NO
53 | @property(nonatomic,readonly) UIDeviceBatteryState          batteryState API_AVAILABLE(ios(3.0)) API_UNAVAILABLE(tvos);  // UIDeviceBatteryStateUnknown if monitoring disabled
   |                                                             `- note: 'batteryState' has been explicitly marked unavailable here
54 | @property(nonatomic,readonly) float                         batteryLevel API_AVAILABLE(ios(3.0)) API_UNAVAILABLE(tvos);  // 0 .. 1.0. -1.0 if UIDeviceBatteryStateUnknown
55 |
/Users/admin/builder/spi-builder-workspace/.dependencies/checkouts/DGSwiftUtilities/Sources/Extension+StringKeyPathMapping/UIDevice+StringKeyPathMapping.swift:24:23: error: 'batteryLevel' is unavailable in tvOS
22 |     "isBatteryMonitoringEnabled": \.isBatteryMonitoringEnabled,
23 |     "batteryState": \.batteryState,
24 |     "batteryLevel": \.batteryLevel,
   |                       `- error: 'batteryLevel' is unavailable in tvOS
25 |     "isProximityMonitoringEnabled": \.isProximityMonitoringEnabled,
26 |     "proximityState": \.proximityState,
/Applications/Xcode-27.0.0-Release.Candidate.app/Contents/Developer/Platforms/AppleTVOS.platform/Developer/SDKs/AppleTVOS27.0.sdk/System/Library/Frameworks/UIKit.framework/Headers/UIDevice.h:54:61: note: 'batteryLevel' has been explicitly marked unavailable here
52 | @property(nonatomic,getter=isBatteryMonitoringEnabled) BOOL batteryMonitoringEnabled API_AVAILABLE(ios(3.0)) API_UNAVAILABLE(tvos);  // default is NO
53 | @property(nonatomic,readonly) UIDeviceBatteryState          batteryState API_AVAILABLE(ios(3.0)) API_UNAVAILABLE(tvos);  // UIDeviceBatteryStateUnknown if monitoring disabled
54 | @property(nonatomic,readonly) float                         batteryLevel API_AVAILABLE(ios(3.0)) API_UNAVAILABLE(tvos);  // 0 .. 1.0. -1.0 if UIDeviceBatteryStateUnknown
   |                                                             `- note: 'batteryLevel' has been explicitly marked unavailable here
55 |
56 | @property(nonatomic,getter=isProximityMonitoringEnabled) BOOL proximityMonitoringEnabled API_AVAILABLE(ios(3.0)); // default is NO
Failed frontend command:
/Applications/Xcode-27.0.0-Release.Candidate.app/Contents/Developer/Toolchains/XcodeDefault.xctoolchain/usr/bin/swift-frontend -frontend -emit-module -experimental-skip-non-inlinable-function-bodies-without-types /Users/admin/builder/spi-builder-workspace/.dependencies/checkouts/DGSwiftUtilities/Sources/Common/DisplayLinkAnimator/DisplayLinkAnimator.swift /Users/admin/builder/spi-builder-workspace/.dependencies/checkouts/DGSwiftUtilities/Sources/Common/DisplayLinkAnimator/DisplayLinkAnimatorSize.swift /Users/admin/builder/spi-builder-workspace/.dependencies/checkouts/DGSwiftUtilities/Sources/Common/Interpolator/AnyInterpolator.swift /Users/admin/builder/spi-builder-workspace/.dependencies/checkouts/DGSwiftUtilities/Sources/Common/Interpolator/AnyRangeInterpolating.swift /Users/admin/builder/spi-builder-workspace/.dependencies/checkouts/DGSwiftUtilities/Sources/Common/Interpolator/AnyRangeInterpolatorStateTracking.swift /Users/admin/builder/spi-builder-workspace/.dependencies/checkouts/DGSwiftUtilities/Sources/Common/Interpolator/Array+AnyInterpolator.swift /Users/admin/builder/spi-builder-workspace/.dependencies/checkouts/DGSwiftUtilities/Sources/Common/Interpolator/ClampingOptions.swift /Users/admin/builder/spi-builder-workspace/.dependencies/checkouts/DGSwiftUtilities/Sources/Common/Interpolator/CompositeInterpolatable.swift /Users/admin/builder/spi-builder-workspace/.dependencies/checkouts/DGSwiftUtilities/Sources/Common/Interpolator/CompositeInterpolatableElements.swift /Users/admin/builder/spi-builder-workspace/.dependencies/checkouts/DGSwiftUtilities/Sources/Common/Interpolator/CompositeInterpolatableMappingProvider.swift /Users/admin/builder/spi-builder-workspace/.dependencies/checkouts/DGSwiftUtilities/Sources/Common/Interpolator/ElementInterpolatable.swift /Users/admin/builder/spi-builder-workspace/.dependencies/checkouts/DGSwiftUtilities/Sources/Common/Interpolator/InterpolationEasing+StaticAlias.swift /Users/admin/builder/spi-builder-workspace/.dependencies/checkouts/DGSwiftUtilities/Sources/Common/Interpolator/InterpolationEasing.swift /Users/admin/builder/spi-builder-workspace/.dependencies/checkouts/DGSwiftUtilities/Sources/Common/Interpolator/Interpolator.swift /Users/admin/builder/spi-builder-workspace/.dependencies/checkouts/DGSwiftUtilities/Sources/Common/Interpolator/InterpolatorHelpers.swift /Users/admin/builder/spi-builder-workspace/.dependencies/checkouts/DGSwiftUtilities/Sources/Common/Interpolator/RangeInterpolating.swift /Users/admin/builder/spi-builder-workspace/.dependencies/checkouts/DGSwiftUtilities/Sources/Common/Interpolator/RangeInterpolationMode.swift /Users/admin/builder/spi-builder-workspace/.dependencies/checkouts/DGSwiftUtilities/Sources/Common/Interpolator/RangeInterpolator.swift /Users/admin/builder/spi-builder-workspace/.dependencies/checkouts/DGSwiftUtilities/Sources/Common/Interpolator/RangeInterpolatorGroup.swift /Users/admin/builder/spi-builder-workspace/.dependencies/checkouts/DGSwiftUtilities/Sources/Common/Interpolator/RangeInterpolatorStateTracking.swift /Users/admin/builder/spi-builder-workspace/.dependencies/checkouts/DGSwiftUtilities/Sources/Common/Interpolator/RangeInterpolatorStateless.swift /Users/admin/builder/spi-builder-workspace/.dependencies/checkouts/DGSwiftUtilities/Sources/Common/Interpolator/UniformInterpolatable.swift /Users/admin/builder/spi-builder-workspace/.dependencies/checkouts/DGSwiftUtilities/Sources/Common/TableViewCellReorderControlWrapper.swift /Users/admin/builder/spi-builder-workspace/.dependencies/checkouts/DGSwiftUtilities/Sources/Common/ViewPropertyAnimatorWrapper.swift /Users/admin/builder/spi-builder-workspace/.dependencies/checkouts/DGSwiftUtilities/Sources/Config/AnimationConfig/AnimationConfig+CustomStringConvertible.swift /Users/admin/builder/spi-builder-workspace/.dependencies/checkouts/DGSwiftUtilities/Sources/Config/AnimationConfig/AnimationConfig.swift /Users/admin/builder/spi-builder-workspace/.dependencies/checkouts/DGSwiftUtilities/Sources/Config/AttributedStringConfig/AttributedStringConfig.swift /Users/admin/builder/spi-builder-workspace/.dependencies/checkouts/DGSwiftUtilities/Sources/Config/AttributedStringConfig/FontConfig.swift /Users/admin/builder/spi-builder-workspace/.dependencies/checkouts/DGSwiftUtilities/Sources/Config/ColorHSBA.swift /Users/admin/builder/spi-builder-workspace/.dependencies/checkouts/DGSwiftUtilities/Sources/Config/ColorRGBA.swift /Users/admin/builder/spi-builder-workspace/.dependencies/checkouts/DGSwiftUtilities/Sources/Config/Geometry/Angle.swift /Users/admin/builder/spi-builder-workspace/.dependencies/checkouts/DGSwiftUtilities/Sources/Config/Geometry/BezierPathOperation.swift /Users/admin/builder/spi-builder-workspace/.dependencies/checkouts/DGSwiftUtilities/Sources/Config/Geometry/Line.swift /Users/admin/builder/spi-builder-workspace/.dependencies/checkouts/DGSwiftUtilities/Sources/Config/Geometry/PointConnectionStrategy.swift /Users/admin/builder/spi-builder-workspace/.dependencies/checkouts/DGSwiftUtilities/Sources/Config/Geometry/PointGroupAdjustment.swift /Users/admin/builder/spi-builder-workspace/.dependencies/checkouts/DGSwiftUtilities/Sources/Config/Geometry/PolygonPreset.swift /Users/admin/builder/spi-builder-workspace/.dependencies/checkouts/DGSwiftUtilities/Sources/Config/Geometry/ShapePreset.swift /Users/admin/builder/spi-builder-workspace/.dependencies/checkouts/DGSwiftUtilities/Sources/Config/Geometry/Triangle.swift /Users/admin/builder/spi-builder-workspace/.dependencies/checkouts/DGSwiftUtilities/Sources/Config/HorizontalAlignmentPosition.swift /Users/admin/builder/spi-builder-workspace/.dependencies/checkouts/DGSwiftUtilities/Sources/Config/ImageConfig/ImageConfig.swift /Users/admin/builder/spi-builder-workspace/.dependencies/checkouts/DGSwiftUtilities/Sources/Config/ImageConfig/ImageConfigGradient.swift /Users/admin/builder/spi-builder-workspace/.dependencies/checkouts/DGSwiftUtilities/Sources/Config/ImageConfig/ImageConfigLoader.swift /Users/admin/builder/spi-builder-workspace/.dependencies/checkouts/DGSwiftUtilities/Sources/Config/ImageConfig/ImageConfigLoaderEventsNotifiable.swift /Users/admin/builder/spi-builder-workspace/.dependencies/checkouts/DGSwiftUtilities/Sources/Config/ImageConfig/ImageConfigParsing.swift /Users/admin/builder/spi-builder-workspace/.dependencies/checkouts/DGSwiftUtilities/Sources/Config/ImageConfig/ImageConfigSolid.swift /Users/admin/builder/spi-builder-workspace/.dependencies/checkouts/DGSwiftUtilities/Sources/Config/ImageConfig/ImageConfigSystem.swift /Users/admin/builder/spi-builder-workspace/.dependencies/checkouts/DGSwiftUtilities/Sources/Config/ImageConfig/ImageConfigWithSize.swift /Users/admin/builder/spi-builder-workspace/.dependencies/checkouts/DGSwiftUtilities/Sources/Config/LoadingState.swift /Users/admin/builder/spi-builder-workspace/.dependencies/checkouts/DGSwiftUtilities/Sources/Config/NumericLogicalExpression.swift /Users/admin/builder/spi-builder-workspace/.dependencies/checkouts/DGSwiftUtilities/Sources/Config/NumericOperation.swift /Users/admin/builder/spi-builder-workspace/.dependencies/checkouts/DGSwiftUtilities/Sources/Config/PointPreset/HorizontalPointPreset.swift /Users/admin/builder/spi-builder-workspace/.dependencies/checkouts/DGSwiftUtilities/Sources/Config/PointPreset/PointDirectionPreset+StaticAlias.swift /Users/admin/builder/spi-builder-workspace/.dependencies/checkouts/DGSwiftUtilities/Sources/Config/PointPreset/PointDirectionPreset.swift /Users/admin/builder/spi-builder-workspace/.dependencies/checkouts/DGSwiftUtilities/Sources/Config/PointPreset/PointPreset+StaticAlias.swift /Users/admin/builder/spi-builder-workspace/.dependencies/checkouts/DGSwiftUtilities/Sources/Config/PointPreset/PointPreset.swift /Users/admin/builder/spi-builder-workspace/.dependencies/checkouts/DGSwiftUtilities/Sources/Config/PointPreset/VerticalPointPreset.swift /Users/admin/builder/spi-builder-workspace/.dependencies/checkouts/DGSwiftUtilities/Sources/Config/ShapeLayer/LineDashPattern.swift /Users/admin/builder/spi-builder-workspace/.dependencies/checkouts/DGSwiftUtilities/Sources/Config/ShapeLayer/ShapeLayerStrokeStyle.swift /Users/admin/builder/spi-builder-workspace/.dependencies/checkouts/DGSwiftUtilities/Sources/Config/StringComparisonMode.swift /Users/admin/builder/spi-builder-workspace/.dependencies/checkouts/DGSwiftUtilities/Sources/Config/Transform3D.swift /Users/admin/builder/spi-builder-workspace/.dependencies/checkouts/DGSwiftUtilities/Sources/Config/VerticalAlignmentPosition.swift /Users/admin/builder/spi-builder-workspace/.dependencies/checkouts/DGSwiftUtilities/Sources/Config/VerticalAnchorPosition.swift /Users/admin/builder/spi-builder-workspace/.dependencies/checkouts/DGSwiftUtilities/Sources/Config/VerticalAnchorPositionMode.swift /Users/admin/builder/spi-builder-workspace/.dependencies/checkouts/DGSwiftUtilities/Sources/Deprecated/ClassRegistry+Deprecated.swift /Users/admin/builder/spi-builder-workspace/.dependencies/checkouts/DGSwiftUtilities/Sources/Deprecated/Collection+Deprecated.swift /Users/admin/builder/spi-builder-workspace/.dependencies/checkouts/DGSwiftUtilities/Sources/Deprecated/Dictionary+DeprecatedHelpers.swift /Users/admin/builder/spi-builder-workspace/.dependencies/checkouts/DGSwiftUtilities/Sources/Deprecated/InitializableFromDictionary+Deprecated.swift /Users/admin/builder/spi-builder-workspace/.dependencies/checkouts/DGSwiftUtilities/Sources/Deprecated/InitializableFromString+Deprecated.swift /Users/admin/builder/spi-builder-workspace/.dependencies/checkouts/DGSwiftUtilities/Sources/Deprecated/InterpolationHelpers.swift /Users/admin/builder/spi-builder-workspace/.dependencies/checkouts/DGSwiftUtilities/Sources/Deprecated/RGBColor+Deprecated.swift /Users/admin/builder/spi-builder-workspace/.dependencies/checkouts/DGSwiftUtilities/Sources/Deprecated/Transform3D+Deprecated.swift /Users/admin/builder/spi-builder-workspace/.dependencies/checkouts/DGSwiftUtilities/Sources/Deprecated/VerboseErrorSharedEnv+Deprecated.swift /Users/admin/builder/spi-builder-workspace/.dependencies/checkouts/DGSwiftUtilities/Sources/ExampleComponents/CardConfig.swift /Users/admin/builder/spi-builder-workspace/.dependencies/checkouts/DGSwiftUtilities/Sources/ExampleComponents/CardContentItem.swift /Users/admin/builder/spi-builder-workspace/.dependencies/checkouts/DGSwiftUtilities/Sources/ExampleComponents/CardLabelValueDisplayConfig.swift /Users/admin/builder/spi-builder-workspace/.dependencies/checkouts/DGSwiftUtilities/Sources/ExampleComponents/CardLabelValueDisplayItemConfig.swift /Users/admin/builder/spi-builder-workspace/.dependencies/checkouts/DGSwiftUtilities/Sources/ExampleComponents/CardViewController.swift /Users/admin/builder/spi-builder-workspace/.dependencies/checkouts/DGSwiftUtilities/Sources/ExampleComponents/ColorPresets.swift /Users/admin/builder/spi-builder-workspace/.dependencies/checkouts/DGSwiftUtilities/Sources/ExampleComponents/ColorThemeConfig.swift /Users/admin/builder/spi-builder-workspace/.dependencies/checkouts/DGSwiftUtilities/Sources/Extension+CaseIterable/InterpolationEasing+CaseIterable.swift /Users/admin/builder/spi-builder-workspace/.dependencies/checkouts/DGSwiftUtilities/Sources/Extension+ElementInterpolatable/CGPoint+ElementInterpolatable.swift /Users/admin/builder/spi-builder-workspace/.dependencies/checkouts/DGSwiftUtilities/Sources/Extension+ElementInterpolatable/CGRect+ElementInterpolatable.swift /Users/admin/builder/spi-builder-workspace/.dependencies/checkouts/DGSwiftUtilities/Sources/Extension+ElementInterpolatable/CGSize+ElementInterpolatable.swift /Users/admin/builder/spi-builder-workspace/.dependencies/checkouts/DGSwiftUtilities/Sources/Extension+ElementInterpolatable/ColorHSBA+ElementInterpolatable.swift /Users/admin/builder/spi-builder-workspace/.dependencies/checkouts/DGSwiftUtilities/Sources/Extension+ElementInterpolatable/Transform3D+ElementInterpolatable.swift /Users/admin/builder/spi-builder-workspace/.dependencies/checkouts/DGSwiftUtilities/Sources/Extension+ElementInterpolatable/UIEdgeInsets+ElementInterpolatable.swift /Users/admin/builder/spi-builder-workspace/.dependencies/checkouts/DGSwiftUtilities/Sources/Extension+EnumCaseStringRepresentable/NumericLogicalExpression+EnumCaseStringRepresentable.swift /Users/admin/builder/spi-builder-workspace/.dependencies/checkouts/DGSwiftUtilities/Sources/Extension+Helpers/AnyArray+Helpers.swift /Users/admin/builder/spi-builder-workspace/.dependencies/checkouts/DGSwiftUtilities/Sources/Extension+Helpers/AnyKeyPath+Helpers.swift /Users/admin/builder/spi-builder-workspace/.dependencies/checkouts/DGSwiftUtilities/Sources/Extension+Helpers/Array+AnyClass.swift /Users/admin/builder/spi-builder-workspace/.dependencies/checkouts/DGSwiftUtilities/Sources/Extension+Helpers/Array+AttributedStringConfigHelpers.swift /Users/admin/builder/spi-builder-workspace/.dependencies/checkouts/DGSwiftUtilities/Sources/Extension+Helpers/Array+BinaryFloatingPointHelpers.swift /Users/admin/builder/spi-builder-workspace/.dependencies/checkouts/DGSwiftUtilities/Sources/Extension+Helpers/Array+CGAffineTransformHelpers.swift /Users/admin/builder/spi-builder-workspace/.dependencies/checkouts/DGSwiftUtilities/Sources/Extension+Helpers/Array+CGPointHelpers.swift /Users/admin/builder/spi-builder-workspace/.dependencies/checkouts/DGSwiftUtilities/Sources/Extension+Helpers/Array+ComparableHelpers.swift /Users/admin/builder/spi-builder-workspace/.dependencies/checkouts/DGSwiftUtilities/Sources/Extension+Helpers/Array+Helpers.swift /Users/admin/builder/spi-builder-workspace/.dependencies/checkouts/DGSwiftUtilities/Sources/Extension+Helpers/BinaryFloatingPoint+Helpers.swift /Users/admin/builder/spi-builder-workspace/.dependencies/checkouts/DGSwiftUtilities/Sources/Extension+Helpers/CAAnimation+Helpers.swift /Users/admin/builder/spi-builder-workspace/.dependencies/checkouts/DGSwiftUtilities/Sources/Extension+Helpers/CACornerMask+Helpers.swift /Users/admin/builder/spi-builder-workspace/.dependencies/checkouts/DGSwiftUtilities/Sources/Extension+Helpers/CACornerMask+StaticAlias.swift /Users/admin/builder/spi-builder-workspace/.dependencies/checkouts/DGSwiftUtilities/Sources/Extension+Helpers/CALayer+Helpers.swift /Users/admin/builder/spi-builder-workspace/.dependencies/checkouts/DGSwiftUtilities/Sources/Extension+Helpers/CATransform3D+Equatable.swift /Users/admin/builder/spi-builder-workspace/.dependencies/checkouts/DGSwiftUtilities/Sources/Extension+Helpers/CGPoint+CustomOperators.swift /Users/admin/builder/spi-builder-workspace/.dependencies/checkouts/DGSwiftUtilities/Sources/Extension+Helpers/CGPoint+Helpers.swift /Users/admin/builder/spi-builder-workspace/.dependencies/checkouts/DGSwiftUtilities/Sources/Extension+Helpers/CGRect+Helpers.swift /Users/admin/builder/spi-builder-workspace/.dependencies/checkouts/DGSwiftUtilities/Sources/Extension+Helpers/CGSize+Helpers.swift /Users/admin/builder/spi-builder-workspace/.dependencies/checkouts/DGSwiftUtilities/Sources/Extension+Helpers/CGVector+CustomOperators.swift /Users/admin/builder/spi-builder-workspace/.dependencies/checkouts/DGSwiftUtilities/Sources/Extension+Helpers/CGVector+Helpers.swift /Users/admin/builder/spi-builder-workspace/.dependencies/checkouts/DGSwiftUtilities/Sources/Extension+Helpers/Collection+Helpers.swift /Users/admin/builder/spi-builder-workspace/.dependencies/checkouts/DGSwiftUtilities/Sources/Extension+Helpers/Comparable+Helpers.swift /Users/admin/builder/spi-builder-workspace/.dependencies/checkouts/DGSwiftUtilities/Sources/Extension+Helpers/Dictionary+Hepers.swift /Users/admin/builder/spi-builder-workspace/.dependencies/checkouts/DGSwiftUtilities/Sources/Extension+Helpers/DictionaryStringKeyAnyValue+Helpers.swift /Users/admin/builder/spi-builder-workspace/.dependencies/checkouts/DGSwiftUtilities/Sources/Extension+Helpers/Encodable+Helpers.swift /Users/admin/builder/spi-builder-workspace/.dependencies/checkouts/DGSwiftUtilities/Sources/Extension+Helpers/Equatable+Helpers.swift /Users/admin/builder/spi-builder-workspace/.dependencies/checkouts/DGSwiftUtilities/Sources/Extension+Helpers/NSArray+Helpers.swift /Users/admin/builder/spi-builder-workspace/.dependencies/checkouts/DGSwiftUtilities/Sources/Extension+Helpers/NSDictionary+Helpers.swift /Users/admin/builder/spi-builder-workspace/.dependencies/checkouts/DGSwiftUtilities/Sources/Extension+Helpers/NSObject+Helpers.swift /Users/admin/builder/spi-builder-workspace/.dependencies/checkouts/DGSwiftUtilities/Sources/Extension+Helpers/Numeric+Helpers.swift /Users/admin/builder/spi-builder-workspace/.dependencies/checkouts/DGSwiftUtilities/Sources/Extension+Helpers/String+Helpers.swift /Users/admin/builder/spi-builder-workspace/.dependencies/checkouts/DGSwiftUtilities/Sources/Extension+Helpers/String+RawRepresentable.swift /Users/admin/builder/spi-builder-workspace/.dependencies/checkouts/DGSwiftUtilities/Sources/Extension+Helpers/UIApplication+Helpers.swift /Users/admin/builder/spi-builder-workspace/.dependencies/checkouts/DGSwiftUtilities/Sources/Extension+Helpers/UIBezierPath+Helpers.swift /Users/admin/builder/spi-builder-workspace/.dependencies/checkouts/DGSwiftUtilities/Sources/Extension+Helpers/UIBezierPath+VariadicCornerRadius.swift /Users/admin/builder/spi-builder-workspace/.dependencies/checkouts/DGSwiftUtilities/Sources/Extension+Helpers/UIColor+Helpers.swift /Users/admin/builder/spi-builder-workspace/.dependencies/checkouts/DGSwiftUtilities/Sources/Extension+Helpers/UIGestureRecognizer+AddTargetBlock.swift /Users/admin/builder/spi-builder-workspace/.dependencies/checkouts/DGSwiftUtilities/Sources/Extension+Helpers/UIGestureRecognizer+Helpers.swift /Users/admin/builder/spi-builder-workspace/.dependencies/checkouts/DGSwiftUtilities/Sources/Extension+Helpers/UIGestureRecognizerState+Helpers.swift /Users/admin/builder/spi-builder-workspace/.dependencies/checkouts/DGSwiftUtilities/Sources/Extension+Helpers/UIResponder+Helpers.swift /Users/admin/builder/spi-builder-workspace/.dependencies/checkouts/DGSwiftUtilities/Sources/Extension+Helpers/UIScrollView+Helpers.swift /Users/admin/builder/spi-builder-workspace/.dependencies/checkouts/DGSwiftUtilities/Sources/Extension+Helpers/UIStackView+Helpers.swift /Users/admin/builder/spi-builder-workspace/.dependencies/checkouts/DGSwiftUtilities/Sources/Extension+Helpers/UIView+Helpers.swift /Users/admin/builder/spi-builder-workspace/.dependencies/checkouts/DGSwiftUtilities/Sources/Extension+Helpers/UIViewAnimationCurve+Helpers.swift /Users/admin/builder/spi-builder-workspace/.dependencies/checkouts/DGSwiftUtilities/Sources/Extension+Helpers/UIViewController+Helpers.swift /Users/admin/builder/spi-builder-workspace/.dependencies/checkouts/DGSwiftUtilities/Sources/Extension+Helpers/UIWindow+Helpers.swift /Users/admin/builder/spi-builder-workspace/.dependencies/checkouts/DGSwiftUtilities/Sources/Extension+Init/CGRect+Init.swift /Users/admin/builder/spi-builder-workspace/.dependencies/checkouts/DGSwiftUtilities/Sources/Extension+RawValueToStringConvertible/CACornerMask+RawValueToStringConvertible.swift /Users/admin/builder/spi-builder-workspace/.dependencies/checkouts/DGSwiftUtilities/Sources/Extension+RawValueToStringConvertible/CAGradientLayerType+RawValueToStringConvertible.swift /Users/admin/builder/spi-builder-workspace/.dependencies/checkouts/DGSwiftUtilities/Sources/Extension+RawValueToStringConvertible/UIBlurEffectStyle+RawValueToStringConvertible.swift /Users/admin/builder/spi-builder-workspace/.dependencies/checkouts/DGSwiftUtilities/Sources/Extension+RawValueToStringConvertible/UIContextMenuInteractionCommitStyle+RawValueToStringConvertible.swift /Users/admin/builder/spi-builder-workspace/.dependencies/checkouts/DGSwiftUtilities/Sources/Extension+RawValueToStringConvertible/UIDeviceBatteryState+RawValueToStringConvertible.swift /Users/admin/builder/spi-builder-workspace/.dependencies/checkouts/DGSwiftUtilities/Sources/Extension+RawValueToStringConvertible/UIDeviceOrientation+RawValueToStringConvertible.swift /Users/admin/builder/spi-builder-workspace/.dependencies/checkouts/DGSwiftUtilities/Sources/Extension+RawValueToStringConvertible/UIFontTextStyle+RawValueToStringConvertible.swift /Users/admin/builder/spi-builder-workspace/.dependencies/checkouts/DGSwiftUtilities/Sources/Extension+RawValueToStringConvertible/UIImageRenderingMode+RawValueToStringConvertible.swift /Users/admin/builder/spi-builder-workspace/.dependencies/checkouts/DGSwiftUtilities/Sources/Extension+RawValueToStringConvertible/UIImageSymbolScale+RawValueToStringConvertible.swift /Users/admin/builder/spi-builder-workspace/.dependencies/checkouts/DGSwiftUtilities/Sources/Extension+RawValueToStringConvertible/UIImageSymbolWeight+RawValueToStringConvertible.swift /Users/admin/builder/spi-builder-workspace/.dependencies/checkouts/DGSwiftUtilities/Sources/Extension+RawValueToStringConvertible/UIInterfaceOrientation+RawValueToStringConvertible.swift /Users/admin/builder/spi-builder-workspace/.dependencies/checkouts/DGSwiftUtilities/Sources/Extension+RawValueToStringConvertible/UIMenuElementAttributes+RawValueToStringConvertible.swift /Users/admin/builder/spi-builder-workspace/.dependencies/checkouts/DGSwiftUtilities/Sources/Extension+RawValueToStringConvertible/UIMenuElementState+RawValueToStringConvertible.swift /Users/admin/builder/spi-builder-workspace/.dependencies/checkouts/DGSwiftUtilities/Sources/Extension+RawValueToStringConvertible/UIModalPresentationStyle+CustomStringConvertible.swift /Users/admin/builder/spi-builder-workspace/.dependencies/checkouts/DGSwiftUtilities/Sources/Extension+RawValueToStringConvertible/UITraitEnvironmentLayoutDirection+RawValueToStringConvertible.swift /Users/admin/builder/spi-builder-workspace/.dependencies/checkouts/DGSwiftUtilities/Sources/Extension+RawValueToStringConvertible/UIUserInterfaceActiveAppearance+RawValueToStringConvertible.swift /Users/admin/builder/spi-builder-workspace/.dependencies/checkouts/DGSwiftUtilities/Sources/Extension+RawValueToStringConvertible/UIUserInterfaceIdiom+RawValueToStringConvertible.swift /Users/admin/builder/spi-builder-workspace/.dependencies/checkouts/DGSwiftUtilities/Sources/Extension+RawValueToStringConvertible/UIUserInterfaceLevel+RawValueToStringConvertible.swift /Users/admin/builder/spi-builder-workspace/.dependencies/checkouts/DGSwiftUtilities/Sources/Extension+RawValueToStringConvertible/UIUserInterfaceSizeClass+RawValueToStringConvertible.swift /Users/admin/builder/spi-builder-workspace/.dependencies/checkouts/DGSwiftUtilities/Sources/Extension+RawValueToStringConvertible/UIUserInterfaceStyle+RawValueToStringConvertible.swift /Users/admin/builder/spi-builder-workspace/.dependencies/checkouts/DGSwiftUtilities/Sources/Extension+RawValueToStringConvertible/UIVibrancyEffectStyle+RawValueToStringConvertible.swift /Users/admin/builder/spi-builder-workspace/.dependencies/checkouts/DGSwiftUtilities/Sources/Extension+RawValueToStringConvertible/UIViewAnimate+RawValueToStringConvertible.swift /Users/admin/builder/spi-builder-workspace/.dependencies/checkouts/DGSwiftUtilities/Sources/Extension+RawValueToStringConvertible/UIViewAnimatingPosition+RawValueToStringConvertible.swift /Users/admin/builder/spi-builder-workspace/.dependencies/checkouts/DGSwiftUtilities/Sources/Extension+RawValueToStringConvertible/UIViewAnimatingState+RawValueToStringConvertible.swift /Users/admin/builder/spi-builder-workspace/.dependencies/checkouts/DGSwiftUtilities/Sources/Extension+RawValueToStringConvertible/UIViewAnimationCurve+RawValueToStringConvertible.swift /Users/admin/builder/spi-builder-workspace/.dependencies/checkouts/DGSwiftUtilities/Sources/Extension+StringKeyPathMapping/CGPoint+StringKeyPathMapping.swift /Users/admin/builder/spi-builder-workspace/.dependencies/checkouts/DGSwiftUtilities/Sources/Extension+StringKeyPathMapping/CGRect+StringKeyPathMapping.swift /Users/admin/builder/spi-builder-workspace/.dependencies/checkouts/DGSwiftUtilities/Sources/Extension+StringKeyPathMapping/CGSize+StringKeyPathMapping.swift /Users/admin/builder/spi-builder-workspace/.dependencies/checkouts/DGSwiftUtilities/Sources/Extension+StringKeyPathMapping/UIDevice+StringKeyPathMapping.swift /Users/admin/builder/spi-builder-workspace/.dependencies/checkouts/DGSwiftUtilities/Sources/Extension+StringKeyPathMapping/UIEdgeInsets+StringKeyPathMapping.swift /Users/admin/builder/spi-builder-workspace/.dependencies/checkouts/DGSwiftUtilities/Sources/Extension+UniformInterpolatable/Angle+UniformInterpolatable.swift /Users/admin/builder/spi-builder-workspace/.dependencies/checkouts/DGSwiftUtilities/Sources/Extension+UniformInterpolatable/CGFloat+UniformInterpolatable.swift /Users/admin/builder/spi-builder-workspace/.dependencies/checkouts/DGSwiftUtilities/Sources/Extension+UniformInterpolatable/Float+UniformInterpolatable.swift /Users/admin/builder/spi-builder-workspace/.dependencies/checkouts/DGSwiftUtilities/Sources/Extension+UniformInterpolatable/UIColor+UniformInterpolatable.swift /Users/admin/builder/spi-builder-workspace/.dependencies/checkouts/DGSwiftUtilities/Sources/Helpers/Helpers.swift /Users/admin/builder/spi-builder-workspace/.dependencies/checkouts/DGSwiftUtilities/Sources/Helpers/SwizzlingHelpers.swift /Users/admin/builder/spi-builder-workspace/.dependencies/checkouts/DGSwiftUtilities/Sources/Helpers/ViewControllerHelpers.swift /Users/admin/builder/spi-builder-workspace/.dependencies/checkouts/DGSwiftUtilities/Sources/Helpers/ViewHelpers.swift /Users/admin/builder/spi-builder-workspace/.dependencies/checkouts/DGSwiftUtilities/Sources/Protocols/CreatableFromDictionary.swift /Users/admin/builder/spi-builder-workspace/.dependencies/checkouts/DGSwiftUtilities/Sources/Protocols/DeinitialzationObserver/DeinitializationObserver.swift /Users/admin/builder/spi-builder-workspace/.dependencies/checkouts/DGSwiftUtilities/Sources/Protocols/DeinitialzationObserver/DeinitializationObserverable+Default.swift /Users/admin/builder/spi-builder-workspace/.dependencies/checkouts/DGSwiftUtilities/Sources/Protocols/DeinitialzationObserver/DeinitializationObserverable.swift /Users/admin/builder/spi-builder-workspace/.dependencies/checkouts/DGSwiftUtilities/Sources/Protocols/DeinitialzationObserver/DeinitilizationNotifiable.swift /Users/admin/builder/spi-builder-workspace/.dependencies/checkouts/DGSwiftUtilities/Sources/Protocols/EnumCaseStringRepresentable.swift /Users/admin/builder/spi-builder-workspace/.dependencies/checkouts/DGSwiftUtilities/Sources/Protocols/InitialzableFromDictionary.swift /Users/admin/builder/spi-builder-workspace/.dependencies/checkouts/DGSwiftUtilities/Sources/Protocols/InitialzableFromString.swift /Users/admin/builder/spi-builder-workspace/.dependencies/checkouts/DGSwiftUtilities/Sources/Protocols/Keyframeable/BaseFrameLayoutKeyframe.swift /Users/admin/builder/spi-builder-workspace/.dependencies/checkouts/DGSwiftUtilities/Sources/Protocols/Keyframeable/BaseLayerKeyframeConfig.swift /Users/admin/builder/spi-builder-workspace/.dependencies/checkouts/DGSwiftUtilities/Sources/Protocols/Keyframeable/BaseViewKeyframeConfig.swift /Users/admin/builder/spi-builder-workspace/.dependencies/checkouts/DGSwiftUtilities/Sources/Protocols/Keyframeable/BasicViewKeyframe.swift /Users/admin/builder/spi-builder-workspace/.dependencies/checkouts/DGSwiftUtilities/Sources/Protocols/Keyframeable/GenericViewKeyframe.swift /Users/admin/builder/spi-builder-workspace/.dependencies/checkouts/DGSwiftUtilities/Sources/Protocols/Keyframeable/KeyframeConfig.swift /Users/admin/builder/spi-builder-workspace/.dependencies/checkouts/DGSwiftUtilities/Sources/Protocols/Keyframeable/KeyframeConfigAnimating.swift /Users/admin/builder/spi-builder-workspace/.dependencies/checkouts/DGSwiftUtilities/Sources/Protocols/Keyframeable/Keyframeable.swift /Users/admin/builder/spi-builder-workspace/.dependencies/checkouts/DGSwiftUtilities/Sources/Protocols/Keyframeable/KeyframeableViaConfig.swift /Users/admin/builder/spi-builder-workspace/.dependencies/checkouts/DGSwiftUtilities/Sources/Protocols/OptionalUnwrappable/Optional+OptionalUnwrappable.swift /Users/admin/builder/spi-builder-workspace/.dependencies/checkouts/DGSwiftUtilities/Sources/Protocols/OptionalUnwrappable/OptionalUnwrappable.swift /Users/admin/builder/spi-builder-workspace/.dependencies/checkouts/DGSwiftUtilities/Sources/Protocols/RawValueToStringConvertible.swift /Users/admin/builder/spi-builder-workspace/.dependencies/checkouts/DGSwiftUtilities/Sources/Protocols/Singleton.swift /Users/admin/builder/spi-builder-workspace/.dependencies/checkouts/DGSwiftUtilities/Sources/Protocols/StringKeyPathMapping/StringAnyKeyPathMapping+Functions.swift /Users/admin/builder/spi-builder-workspace/.dependencies/checkouts/DGSwiftUtilities/Sources/Protocols/StringKeyPathMapping/StringAnyKeyPathMapping.swift /Users/admin/builder/spi-builder-workspace/.dependencies/checkouts/DGSwiftUtilities/Sources/Protocols/StringKeyPathMapping/StringKeyPathMapping.swift /Users/admin/builder/spi-builder-workspace/.dependencies/checkouts/DGSwiftUtilities/Sources/Protocols/StringKeyPathMapping/StringPartialKeyPathMapping+StringAnyKeyPathMapping.swift /Users/admin/builder/spi-builder-workspace/.dependencies/checkouts/DGSwiftUtilities/Sources/Protocols/StringKeyPathMapping/StringPartialKeyPathMapping.swift /Users/admin/builder/spi-builder-workspace/.dependencies/checkouts/DGSwiftUtilities/Sources/Protocols/StringMappedRawRepresentable.swift /Users/admin/builder/spi-builder-workspace/.dependencies/checkouts/DGSwiftUtilities/Sources/Utilities/CAAnimationBlockDelegate/CAAnimation+Block.swift /Users/admin/builder/spi-builder-workspace/.dependencies/checkouts/DGSwiftUtilities/Sources/Utilities/CAAnimationBlockDelegate/CAAnimationBlockDelegate.swift /Users/admin/builder/spi-builder-workspace/.dependencies/checkouts/DGSwiftUtilities/Sources/Utilities/CAAnimationBlockDelegate/CAAnimationMulticastDelegate.swift /Users/admin/builder/spi-builder-workspace/.dependencies/checkouts/DGSwiftUtilities/Sources/Utilities/ClassMetadata.swift /Users/admin/builder/spi-builder-workspace/.dependencies/checkouts/DGSwiftUtilities/Sources/Utilities/ClassRegistry.swift /Users/admin/builder/spi-builder-workspace/.dependencies/checkouts/DGSwiftUtilities/Sources/Utilities/ClosureInjector/ClosureInjector.swift /Users/admin/builder/spi-builder-workspace/.dependencies/checkouts/DGSwiftUtilities/Sources/Utilities/ClosureInjector/UIControl+ClosureInjector.swift /Users/admin/builder/spi-builder-workspace/.dependencies/checkouts/DGSwiftUtilities/Sources/Utilities/FauxDictionary.swift /Users/admin/builder/spi-builder-workspace/.dependencies/checkouts/DGSwiftUtilities/Sources/Utilities/GenericError/GenericError.swift /Users/admin/builder/spi-builder-workspace/.dependencies/checkouts/DGSwiftUtilities/Sources/Utilities/GenericError/GenericErrorCode.swift /Users/admin/builder/spi-builder-workspace/.dependencies/checkouts/DGSwiftUtilities/Sources/Utilities/GenericError/GenericErrorCodes.swift /Users/admin/builder/spi-builder-workspace/.dependencies/checkouts/DGSwiftUtilities/Sources/Utilities/HashedStringDecodable/HashedStringDecodable+Default.swift /Users/admin/builder/spi-builder-workspace/.dependencies/checkouts/DGSwiftUtilities/Sources/Utilities/HashedStringDecodable/HashedStringDecodable.swift /Users/admin/builder/spi-builder-workspace/.dependencies/checkouts/DGSwiftUtilities/Sources/Utilities/InLineDisplayLink/InLineDisplayLink.swift /Users/admin/builder/spi-builder-workspace/.dependencies/checkouts/DGSwiftUtilities/Sources/Utilities/InLineDisplayLink/InLineDisplayLinkDelegate.swift /Users/admin/builder/spi-builder-workspace/.dependencies/checkouts/DGSwiftUtilities/Sources/Utilities/MappedMulticastDelegate.swift /Users/admin/builder/spi-builder-workspace/.dependencies/checkouts/DGSwiftUtilities/Sources/Utilities/MulticastDelegate.swift /Users/admin/builder/spi-builder-workspace/.dependencies/checkouts/DGSwiftUtilities/Sources/Utilities/MutableReference.swift /Users/admin/builder/spi-builder-workspace/.dependencies/checkouts/DGSwiftUtilities/Sources/Utilities/ObjectMetadata/ObjectMetadata+Default.swift /Users/admin/builder/spi-builder-workspace/.dependencies/checkouts/DGSwiftUtilities/Sources/Utilities/ObjectMetadata/ObjectMetadata.swift /Users/admin/builder/spi-builder-workspace/.dependencies/checkouts/DGSwiftUtilities/Sources/Utilities/ObjectWrapper/ObjectContainer.swift /Users/admin/builder/spi-builder-workspace/.dependencies/checkouts/DGSwiftUtilities/Sources/Utilities/ObjectWrapper/ObjectWrapper.swift /Users/admin/builder/spi-builder-workspace/.dependencies/checkouts/DGSwiftUtilities/Sources/Utilities/ObjectWrapper/ObjectWrapperHelpers.swift /Users/admin/builder/spi-builder-workspace/.dependencies/checkouts/DGSwiftUtilities/Sources/Utilities/ObjectWrapper/PrivateObjectWrapper.swift /Users/admin/builder/spi-builder-workspace/.dependencies/checkouts/DGSwiftUtilities/Sources/Utilities/ObjectWrapper/PrivateObjectWrappingEncodedString.swift /Users/admin/builder/spi-builder-workspace/.dependencies/checkouts/DGSwiftUtilities/Sources/Utilities/RepeatedExecution.swift /Users/admin/builder/spi-builder-workspace/.dependencies/checkouts/DGSwiftUtilities/Sources/Utilities/ValueInjectable/ValueInjectable+Default.swift /Users/admin/builder/spi-builder-workspace/.dependencies/checkouts/DGSwiftUtilities/Sources/Utilities/ValueInjectable/ValueInjectable.swift /Users/admin/builder/spi-builder-workspace/.dependencies/checkouts/DGSwiftUtilities/Sources/Utilities/VerboseError/ErrorCode.swift /Users/admin/builder/spi-builder-workspace/.dependencies/checkouts/DGSwiftUtilities/Sources/Utilities/VerboseError/ErrorMetadata.swift /Users/admin/builder/spi-builder-workspace/.dependencies/checkouts/DGSwiftUtilities/Sources/Utilities/VerboseError/VerboseError.swift /Users/admin/builder/spi-builder-workspace/.dependencies/checkouts/DGSwiftUtilities/Sources/Utilities/VerboseError/VerboseErrorSharedEnv.swift /Users/admin/builder/spi-builder-workspace/.dependencies/checkouts/DGSwiftUtilities/Sources/Utilities/Weak/SelectorProxy.swift /Users/admin/builder/spi-builder-workspace/.dependencies/checkouts/DGSwiftUtilities/Sources/Utilities/Weak/WeakArray.swift /Users/admin/builder/spi-builder-workspace/.dependencies/checkouts/DGSwiftUtilities/Sources/Utilities/Weak/WeakDictionary.swift /Users/admin/builder/spi-builder-workspace/.dependencies/checkouts/DGSwiftUtilities/Sources/Utilities/Weak/WeakElement.swift /Users/admin/builder/spi-builder-workspace/.dependencies/checkouts/DGSwiftUtilities/Sources/Utilities/Weak/WeakRef.swift /Users/admin/builder/spi-builder-workspace/.dependencies/checkouts/DGSwiftUtilities/Sources/Views/PassthroughView.swift /Users/admin/builder/spi-builder-workspace/.dependencies/checkouts/DGSwiftUtilities/Sources/Views/ShapeView.swift -target arm64-apple-tvos15.0 -disable-cross-import-overlay-search -load-resolved-plugin /Applications/Xcode-27.0.0-Release.Candidate.app/Contents/Developer/Platforms/AppleTVOS.platform/Developer/usr/lib/swift/host/plugins/libFoundationMacros.dylib\#/Applications/Xcode-27.0.0-Release.Candidate.app/Contents/Developer/Platforms/AppleTVOS.platform/Developer/usr/bin/swift-plugin-server\#FoundationMacros -load-resolved-plugin /Applications/Xcode-27.0.0-Release.Candidate.app/Contents/Developer/Platforms/AppleTVOS.platform/Developer/usr/lib/swift/host/plugins/libObservationMacros.dylib\#/Applications/Xcode-27.0.0-Release.Candidate.app/Contents/Developer/Platforms/AppleTVOS.platform/Developer/usr/bin/swift-plugin-server\#ObservationMacros -load-resolved-plugin /Applications/Xcode-27.0.0-Release.Candidate.app/Contents/Developer/Platforms/AppleTVOS.platform/Developer/usr/lib/swift/host/plugins/libPreviewsMacros.dylib\#/Applications/Xcode-27.0.0-Release.Candidate.app/Contents/Developer/Platforms/AppleTVOS.platform/Developer/usr/bin/swift-plugin-server\#PreviewsMacros -load-resolved-plugin /Applications/Xcode-27.0.0-Release.Candidate.app/Contents/Developer/Platforms/AppleTVOS.platform/Developer/usr/lib/swift/host/plugins/libSwiftMacros.dylib\#/Applications/Xcode-27.0.0-Release.Candidate.app/Contents/Developer/Platforms/AppleTVOS.platform/Developer/usr/bin/swift-plugin-server\#SwiftMacros -load-resolved-plugin /Applications/Xcode-27.0.0-Release.Candidate.app/Contents/Developer/Platforms/AppleTVOS.platform/Developer/usr/lib/swift/host/plugins/libSwiftUIMacros.dylib\#/Applications/Xcode-27.0.0-Release.Candidate.app/Contents/Developer/Platforms/AppleTVOS.platform/Developer/usr/bin/swift-plugin-server\#SwiftUIMacros -disable-implicit-swift-modules -Xcc -fno-implicit-modules -Xcc -fno-implicit-module-maps -explicit-swift-module-map-file /Users/admin/builder/spi-builder-workspace/.derivedData/Build/Intermediates.noindex/DGSwiftUtilities.build/Debug-appletvos/DGSwiftUtilities-t.build/Objects-normal/arm64/DGSwiftUtilities-dependencies-1.json -Xllvm -aarch64-use-tbi -enable-objc-interop -stack-check -sdk /Applications/Xcode-27.0.0-Release.Candidate.app/Contents/Developer/Platforms/AppleTVOS.platform/Developer/SDKs/AppleTVOS27.0.sdk -I /Users/admin/builder/spi-builder-workspace/.derivedData/Build/Products/Debug-appletvos -Isystem /Applications/Xcode-27.0.0-Release.Candidate.app/Contents/Developer/Platforms/AppleTVOS.platform/Developer/usr/lib -F /Users/admin/builder/spi-builder-workspace/.derivedData/Build/Products/Debug-appletvos -F /Applications/Xcode-27.0.0-Release.Candidate.app/Contents/Developer/Platforms/AppleTVOS.platform/Developer/Library/Frameworks -F /Applications/Xcode-27.0.0-Release.Candidate.app/Contents/Developer/Platforms/AppleTVOS.platform/Developer/SDKs/AppleTVOS27.0.sdk/Developer/Library/Frameworks -module-cache-path /Users/admin/builder/spi-builder-workspace/.derivedData/Build/Intermediates.noindex/SwiftExplicitPrecompiledModules -no-color-diagnostics -Xcc -fno-color-diagnostics -enable-testing -g -debug-info-format\=dwarf -dwarf-version\=4 -suppress-warnings -swift-version 5 -Onone -D SWIFT_PACKAGE -D DEBUG -D SWIFT_MODULE_RESOURCE_BUNDLE_UNAVAILABLE -D Xcode -serialize-debugging-options -enable-experimental-feature DebugDescriptionMacro -empty-abi-descriptor -validate-clang-modules-once -clang-build-session-file /Users/admin/builder/spi-builder-workspace/.derivedData/ModuleCache.noindex/Session.modulevalidation -Xcc -working-directory -Xcc /Users/admin/builder/spi-builder-workspace/.swiftpm/xcode -enable-anonymous-context-mangled-names -file-compilation-dir /Users/admin/builder/spi-builder-workspace/.swiftpm/xcode -Xcc -D_LIBCPP_HARDENING_MODE\=_LIBCPP_HARDENING_MODE_DEBUG -Xcc -ivfsstatcache -Xcc /Users/admin/builder/spi-builder-workspace/.derivedData/SDKStatCaches.noindex/appletvos27.0-24J360-e829b21a6f8c9b70876ba0858053c044b32bfd8d43560033f8d89884cdb90028.sdkstatcache -Xcc -fmodules-prune-interval\=86400 -Xcc -fmodules-prune-after\=345600 -Xcc -I/Users/admin/builder/spi-builder-workspace/.derivedData/Build/Products/Debug-appletvos/include -Xcc -I/Users/admin/builder/spi-builder-workspace/.derivedData/Build/Intermediates.noindex/DGSwiftUtilities.build/Debug-appletvos/DGSwiftUtilities-t.build/DerivedSources-normal/arm64 -Xcc -I/Users/admin/builder/spi-builder-workspace/.derivedData/Build/Intermediates.noindex/DGSwiftUtilities.build/Debug-appletvos/DGSwiftUtilities-t.build/DerivedSources/arm64 -Xcc -I/Users/admin/builder/spi-builder-workspace/.derivedData/Build/Intermediates.noindex/DGSwiftUtilities.build/Debug-appletvos/DGSwiftUtilities-t.build/DerivedSources -Xcc -DSWIFT_PACKAGE -Xcc -DDEBUG\=1 -no-auto-bridging-header-chaining -module-name DGSwiftUtilities -package-name dgswiftutilities -const-gather-protocols-file /Users/admin/builder/spi-builder-workspace/.derivedData/Build/Intermediates.noindex/DGSwiftUtilities.build/Debug-appletvos/DGSwiftUtilities-t.build/Objects-normal/arm64/DGSwiftUtilities_const_extract_protocols.json -disable-clang-spi -clang-target arm64-apple-tvos27.0 -target-sdk-version 27.0 -target-sdk-name appletvos27.0 -in-process-plugin-server-path /Applications/Xcode-27.0.0-Release.Candidate.app/Contents/Developer/Toolchains/XcodeDefault.xctoolchain/usr/lib/swift/host/libSwiftInProcPluginServer.dylib -emit-module-doc-path /Users/admin/builder/spi-builder-workspace/.derivedData/Build/Intermediates.noindex/DGSwiftUtilities.build/Debug-appletvos/DGSwiftUtilities-t.build/Objects-normal/arm64/DGSwiftUtilities.swiftdoc -emit-module-source-info-path /Users/admin/builder/spi-builder-workspace/.derivedData/Build/Intermediates.noindex/DGSwiftUtilities.build/Debug-appletvos/DGSwiftUtilities-t.build/Objects-normal/arm64/DGSwiftUtilities.swiftsourceinfo -emit-objc-header-path /Users/admin/builder/spi-builder-workspace/.derivedData/Build/Intermediates.noindex/DGSwiftUtilities.build/Debug-appletvos/DGSwiftUtilities-t.build/Objects-normal/arm64/DGSwiftUtilities-Swift.h -serialize-diagnostics-path /Users/admin/builder/spi-builder-workspace/.derivedData/Build/Intermediates.noindex/DGSwiftUtilities.build/Debug-appletvos/DGSwiftUtilities-t.build/Objects-normal/arm64/DGSwiftUtilities-primary-emit-module.dia -emit-dependencies-path /Users/admin/builder/spi-builder-workspace/.derivedData/Build/Intermediates.noindex/DGSwiftUtilities.build/Debug-appletvos/DGSwiftUtilities-t.build/Objects-normal/arm64/DGSwiftUtilities-primary-emit-module.d -parse-as-library -o /Users/admin/builder/spi-builder-workspace/.derivedData/Build/Intermediates.noindex/DGSwiftUtilities.build/Debug-appletvos/DGSwiftUtilities-t.build/Objects-normal/arm64/DGSwiftUtilities.swiftmodule -emit-abi-descriptor-path /Users/admin/builder/spi-builder-workspace/.derivedData/Build/Intermediates.noindex/DGSwiftUtilities.build/Debug-appletvos/DGSwiftUtilities-t.build/Objects-normal/arm64/DGSwiftUtilities.abi.json
SwiftCompile normal arm64 (in target 'DGSwiftUtilities' from project 'DGSwiftUtilities')
    cd /Users/admin/builder/spi-builder-workspace/.swiftpm/xcode

SwiftCompile normal arm64 Compiling\ MulticastDelegate.swift,\ MutableReference.swift,\ ObjectMetadata+Default.swift,\ ObjectMetadata.swift,\ ObjectContainer.swift,\ ObjectWrapper.swift,\ ObjectWrapperHelpers.swift,\ PrivateObjectWrapper.swift,\ PrivateObjectWrappingEncodedString.swift,\ RepeatedExecution.swift,\ ValueInjectable+Default.swift,\ ValueInjectable.swift,\ ErrorCode.swift,\ ErrorMetadata.swift,\ VerboseError.swift,\ VerboseErrorSharedEnv.swift,\ SelectorProxy.swift,\ WeakArray.swift,\ WeakDictionary.swift,\ WeakElement.swift,\ WeakRef.swift,\ PassthroughView.swift,\ ShapeView.swift /Users/admin/builder/spi-builder-workspace/.dependencies/checkouts/DGSwiftUtilities/Sources/Utilities/MulticastDelegate.swift /Users/admin/builder/spi-builder-workspace/.dependencies/checkouts/DGSwiftUtilities/Sources/Utilities/MutableReference.swift /Users/admin/builder/spi-builder-workspace/.dependencies/checkouts/DGSwiftUtilities/Sources/Utilities/ObjectMetadata/ObjectMetadata+Default.swift /Users/admin/builder/spi-builder-workspace/.dependencies/checkouts/DGSwiftUtilities/Sources/Utilities/ObjectMetadata/ObjectMetadata.swift /Users/admin/builder/spi-builder-workspace/.dependencies/checkouts/DGSwiftUtilities/Sources/Utilities/ObjectWrapper/ObjectContainer.swift /Users/admin/builder/spi-builder-workspace/.dependencies/checkouts/DGSwiftUtilities/Sources/Utilities/ObjectWrapper/ObjectWrapper.swift /Users/admin/builder/spi-builder-workspace/.dependencies/checkouts/DGSwiftUtilities/Sources/Utilities/ObjectWrapper/ObjectWrapperHelpers.swift /Users/admin/builder/spi-builder-workspace/.dependencies/checkouts/DGSwiftUtilities/Sources/Utilities/ObjectWrapper/PrivateObjectWrapper.swift /Users/admin/builder/spi-builder-workspace/.dependencies/checkouts/DGSwiftUtilities/Sources/Utilities/ObjectWrapper/PrivateObjectWrappingEncodedString.swift /Users/admin/builder/spi-builder-workspace/.dependencies/checkouts/DGSwiftUtilities/Sources/Utilities/RepeatedExecution.swift /Users/admin/builder/spi-builder-workspace/.dependencies/checkouts/DGSwiftUtilities/Sources/Utilities/ValueInjectable/ValueInjectable+Default.swift /Users/admin/builder/spi-builder-workspace/.dependencies/checkouts/DGSwiftUtilities/Sources/Utilities/ValueInjectable/ValueInjectable.swift /Users/admin/builder/spi-builder-workspace/.dependencies/checkouts/DGSwiftUtilities/Sources/Utilities/VerboseError/ErrorCode.swift /Users/admin/builder/spi-builder-workspace/.dependencies/checkouts/DGSwiftUtilities/Sources/Utilities/VerboseError/ErrorMetadata.swift /Users/admin/builder/spi-builder-workspace/.dependencies/checkouts/DGSwiftUtilities/Sources/Utilities/VerboseError/VerboseError.swift /Users/admin/builder/spi-builder-workspace/.dependencies/checkouts/DGSwiftUtilities/Sources/Utilities/VerboseError/VerboseErrorSharedEnv.swift /Users/admin/builder/spi-builder-workspace/.dependencies/checkouts/DGSwiftUtilities/Sources/Utilities/Weak/SelectorProxy.swift /Users/admin/builder/spi-builder-workspace/.dependencies/checkouts/DGSwiftUtilities/Sources/Utilities/Weak/WeakArray.swift /Users/admin/builder/spi-builder-workspace/.dependencies/checkouts/DGSwiftUtilities/Sources/Utilities/Weak/WeakDictionary.swift /Users/admin/builder/spi-builder-workspace/.dependencies/checkouts/DGSwiftUtilities/Sources/Utilities/Weak/WeakElement.swift /Users/admin/builder/spi-builder-workspace/.dependencies/checkouts/DGSwiftUtilities/Sources/Utilities/Weak/WeakRef.swift /Users/admin/builder/spi-builder-workspace/.dependencies/checkouts/DGSwiftUtilities/Sources/Views/PassthroughView.swift /Users/admin/builder/spi-builder-workspace/.dependencies/checkouts/DGSwiftUtilities/Sources/Views/ShapeView.swift (in target 'DGSwiftUtilities' from project 'DGSwiftUtilities')
SwiftCompile normal arm64 /Users/admin/builder/spi-builder-workspace/.dependencies/checkouts/DGSwiftUtilities/Sources/Utilities/MulticastDelegate.swift (in target 'DGSwiftUtilities' from project 'DGSwiftUtilities')
    cd /Users/admin/builder/spi-builder-workspace/.swiftpm/xcode
    builtin-SwiftPerFileCompile MulticastDelegate.swift
SwiftCompile normal arm64 /Users/admin/builder/spi-builder-workspace/.dependencies/checkouts/DGSwiftUtilities/Sources/Utilities/MutableReference.swift (in target 'DGSwiftUtilities' from project 'DGSwiftUtilities')
    cd /Users/admin/builder/spi-builder-workspace/.swiftpm/xcode
    builtin-SwiftPerFileCompile MutableReference.swift
SwiftCompile normal arm64 /Users/admin/builder/spi-builder-workspace/.dependencies/checkouts/DGSwiftUtilities/Sources/Utilities/ObjectMetadata/ObjectMetadata+Default.swift (in target 'DGSwiftUtilities' from project 'DGSwiftUtilities')
    cd /Users/admin/builder/spi-builder-workspace/.swiftpm/xcode
    builtin-SwiftPerFileCompile ObjectMetadata+Default.swift
SwiftCompile normal arm64 /Users/admin/builder/spi-builder-workspace/.dependencies/checkouts/DGSwiftUtilities/Sources/Utilities/ObjectMetadata/ObjectMetadata.swift (in target 'DGSwiftUtilities' from project 'DGSwiftUtilities')
    cd /Users/admin/builder/spi-builder-workspace/.swiftpm/xcode
    builtin-SwiftPerFileCompile ObjectMetadata.swift
SwiftCompile normal arm64 /Users/admin/builder/spi-builder-workspace/.dependencies/checkouts/DGSwiftUtilities/Sources/Utilities/ObjectWrapper/ObjectContainer.swift (in target 'DGSwiftUtilities' from project 'DGSwiftUtilities')
    cd /Users/admin/builder/spi-builder-workspace/.swiftpm/xcode
    builtin-SwiftPerFileCompile ObjectContainer.swift
SwiftCompile normal arm64 /Users/admin/builder/spi-builder-workspace/.dependencies/checkouts/DGSwiftUtilities/Sources/Utilities/ObjectWrapper/ObjectWrapper.swift (in target 'DGSwiftUtilities' from project 'DGSwiftUtilities')
    cd /Users/admin/builder/spi-builder-workspace/.swiftpm/xcode
    builtin-SwiftPerFileCompile ObjectWrapper.swift
SwiftCompile normal arm64 /Users/admin/builder/spi-builder-workspace/.dependencies/checkouts/DGSwiftUtilities/Sources/Utilities/ObjectWrapper/ObjectWrapperHelpers.swift (in target 'DGSwiftUtilities' from project 'DGSwiftUtilities')
    cd /Users/admin/builder/spi-builder-workspace/.swiftpm/xcode
    builtin-SwiftPerFileCompile ObjectWrapperHelpers.swift
SwiftCompile normal arm64 /Users/admin/builder/spi-builder-workspace/.dependencies/checkouts/DGSwiftUtilities/Sources/Utilities/ObjectWrapper/PrivateObjectWrapper.swift (in target 'DGSwiftUtilities' from project 'DGSwiftUtilities')
    cd /Users/admin/builder/spi-builder-workspace/.swiftpm/xcode
    builtin-SwiftPerFileCompile PrivateObjectWrapper.swift
SwiftCompile normal arm64 /Users/admin/builder/spi-builder-workspace/.dependencies/checkouts/DGSwiftUtilities/Sources/Utilities/ObjectWrapper/PrivateObjectWrappingEncodedString.swift (in target 'DGSwiftUtilities' from project 'DGSwiftUtilities')
    cd /Users/admin/builder/spi-builder-workspace/.swiftpm/xcode
    builtin-SwiftPerFileCompile PrivateObjectWrappingEncodedString.swift
SwiftCompile normal arm64 /Users/admin/builder/spi-builder-workspace/.dependencies/checkouts/DGSwiftUtilities/Sources/Utilities/RepeatedExecution.swift (in target 'DGSwiftUtilities' from project 'DGSwiftUtilities')
    cd /Users/admin/builder/spi-builder-workspace/.swiftpm/xcode
    builtin-SwiftPerFileCompile RepeatedExecution.swift
SwiftCompile normal arm64 /Users/admin/builder/spi-builder-workspace/.dependencies/checkouts/DGSwiftUtilities/Sources/Utilities/ValueInjectable/ValueInjectable+Default.swift (in target 'DGSwiftUtilities' from project 'DGSwiftUtilities')
    cd /Users/admin/builder/spi-builder-workspace/.swiftpm/xcode
    builtin-SwiftPerFileCompile ValueInjectable+Default.swift
SwiftCompile normal arm64 /Users/admin/builder/spi-builder-workspace/.dependencies/checkouts/DGSwiftUtilities/Sources/Utilities/ValueInjectable/ValueInjectable.swift (in target 'DGSwiftUtilities' from project 'DGSwiftUtilities')
    cd /Users/admin/builder/spi-builder-workspace/.swiftpm/xcode
    builtin-SwiftPerFileCompile ValueInjectable.swift
SwiftCompile normal arm64 /Users/admin/builder/spi-builder-workspace/.dependencies/checkouts/DGSwiftUtilities/Sources/Utilities/VerboseError/ErrorCode.swift (in target 'DGSwiftUtilities' from project 'DGSwiftUtilities')
    cd /Users/admin/builder/spi-builder-workspace/.swiftpm/xcode
    builtin-SwiftPerFileCompile ErrorCode.swift
SwiftCompile normal arm64 /Users/admin/builder/spi-builder-workspace/.dependencies/checkouts/DGSwiftUtilities/Sources/Utilities/VerboseError/ErrorMetadata.swift (in target 'DGSwiftUtilities' from project 'DGSwiftUtilities')
    cd /Users/admin/builder/spi-builder-workspace/.swiftpm/xcode
    builtin-SwiftPerFileCompile ErrorMetadata.swift
SwiftCompile normal arm64 /Users/admin/builder/spi-builder-workspace/.dependencies/checkouts/DGSwiftUtilities/Sources/Utilities/VerboseError/VerboseError.swift (in target 'DGSwiftUtilities' from project 'DGSwiftUtilities')
    cd /Users/admin/builder/spi-builder-workspace/.swiftpm/xcode
    builtin-SwiftPerFileCompile VerboseError.swift
SwiftCompile normal arm64 /Users/admin/builder/spi-builder-workspace/.dependencies/checkouts/DGSwiftUtilities/Sources/Utilities/VerboseError/VerboseErrorSharedEnv.swift (in target 'DGSwiftUtilities' from project 'DGSwiftUtilities')
    cd /Users/admin/builder/spi-builder-workspace/.swiftpm/xcode
    builtin-SwiftPerFileCompile VerboseErrorSharedEnv.swift
SwiftCompile normal arm64 /Users/admin/builder/spi-builder-workspace/.dependencies/checkouts/DGSwiftUtilities/Sources/Utilities/Weak/SelectorProxy.swift (in target 'DGSwiftUtilities' from project 'DGSwiftUtilities')
    cd /Users/admin/builder/spi-builder-workspace/.swiftpm/xcode
    builtin-SwiftPerFileCompile SelectorProxy.swift
SwiftCompile normal arm64 /Users/admin/builder/spi-builder-workspace/.dependencies/checkouts/DGSwiftUtilities/Sources/Utilities/Weak/WeakArray.swift (in target 'DGSwiftUtilities' from project 'DGSwiftUtilities')
    cd /Users/admin/builder/spi-builder-workspace/.swiftpm/xcode
    builtin-SwiftPerFileCompile WeakArray.swift
SwiftCompile normal arm64 /Users/admin/builder/spi-builder-workspace/.dependencies/checkouts/DGSwiftUtilities/Sources/Utilities/Weak/WeakDictionary.swift (in target 'DGSwiftUtilities' from project 'DGSwiftUtilities')
    cd /Users/admin/builder/spi-builder-workspace/.swiftpm/xcode
    builtin-SwiftPerFileCompile WeakDictionary.swift
SwiftCompile normal arm64 /Users/admin/builder/spi-builder-workspace/.dependencies/checkouts/DGSwiftUtilities/Sources/Utilities/Weak/WeakElement.swift (in target 'DGSwiftUtilities' from project 'DGSwiftUtilities')
    cd /Users/admin/builder/spi-builder-workspace/.swiftpm/xcode
    builtin-SwiftPerFileCompile WeakElement.swift
SwiftCompile normal arm64 /Users/admin/builder/spi-builder-workspace/.dependencies/checkouts/DGSwiftUtilities/Sources/Utilities/Weak/WeakRef.swift (in target 'DGSwiftUtilities' from project 'DGSwiftUtilities')
    cd /Users/admin/builder/spi-builder-workspace/.swiftpm/xcode
    builtin-SwiftPerFileCompile WeakRef.swift
SwiftCompile normal arm64 /Users/admin/builder/spi-builder-workspace/.dependencies/checkouts/DGSwiftUtilities/Sources/Views/PassthroughView.swift (in target 'DGSwiftUtilities' from project 'DGSwiftUtilities')
    cd /Users/admin/builder/spi-builder-workspace/.swiftpm/xcode
    builtin-SwiftPerFileCompile PassthroughView.swift
SwiftCompile normal arm64 /Users/admin/builder/spi-builder-workspace/.dependencies/checkouts/DGSwiftUtilities/Sources/Views/ShapeView.swift (in target 'DGSwiftUtilities' from project 'DGSwiftUtilities')
    cd /Users/admin/builder/spi-builder-workspace/.swiftpm/xcode
    builtin-SwiftPerFileCompile ShapeView.swift
SwiftCompile normal arm64 Compiling\ BinaryFloatingPoint+Helpers.swift,\ CAAnimation+Helpers.swift,\ CACornerMask+Helpers.swift,\ CACornerMask+StaticAlias.swift,\ CALayer+Helpers.swift,\ CATransform3D+Equatable.swift,\ CGPoint+CustomOperators.swift,\ CGPoint+Helpers.swift,\ CGRect+Helpers.swift,\ CGSize+Helpers.swift,\ CGVector+CustomOperators.swift,\ CGVector+Helpers.swift,\ Collection+Helpers.swift,\ Comparable+Helpers.swift,\ Dictionary+Hepers.swift,\ DictionaryStringKeyAnyValue+Helpers.swift,\ Encodable+Helpers.swift,\ Equatable+Helpers.swift,\ NSArray+Helpers.swift,\ NSDictionary+Helpers.swift,\ NSObject+Helpers.swift,\ Numeric+Helpers.swift,\ String+Helpers.swift,\ String+RawRepresentable.swift /Users/admin/builder/spi-builder-workspace/.dependencies/checkouts/DGSwiftUtilities/Sources/Extension+Helpers/BinaryFloatingPoint+Helpers.swift /Users/admin/builder/spi-builder-workspace/.dependencies/checkouts/DGSwiftUtilities/Sources/Extension+Helpers/CAAnimation+Helpers.swift /Users/admin/builder/spi-builder-workspace/.dependencies/checkouts/DGSwiftUtilities/Sources/Extension+Helpers/CACornerMask+Helpers.swift /Users/admin/builder/spi-builder-workspace/.dependencies/checkouts/DGSwiftUtilities/Sources/Extension+Helpers/CACornerMask+StaticAlias.swift /Users/admin/builder/spi-builder-workspace/.dependencies/checkouts/DGSwiftUtilities/Sources/Extension+Helpers/CALayer+Helpers.swift /Users/admin/builder/spi-builder-workspace/.dependencies/checkouts/DGSwiftUtilities/Sources/Extension+Helpers/CATransform3D+Equatable.swift /Users/admin/builder/spi-builder-workspace/.dependencies/checkouts/DGSwiftUtilities/Sources/Extension+Helpers/CGPoint+CustomOperators.swift /Users/admin/builder/spi-builder-workspace/.dependencies/checkouts/DGSwiftUtilities/Sources/Extension+Helpers/CGPoint+Helpers.swift /Users/admin/builder/spi-builder-workspace/.dependencies/checkouts/DGSwiftUtilities/Sources/Extension+Helpers/CGRect+Helpers.swift /Users/admin/builder/spi-builder-workspace/.dependencies/checkouts/DGSwiftUtilities/Sources/Extension+Helpers/CGSize+Helpers.swift /Users/admin/builder/spi-builder-workspace/.dependencies/checkouts/DGSwiftUtilities/Sources/Extension+Helpers/CGVector+CustomOperators.swift /Users/admin/builder/spi-builder-workspace/.dependencies/checkouts/DGSwiftUtilities/Sources/Extension+Helpers/CGVector+Helpers.swift /Users/admin/builder/spi-builder-workspace/.dependencies/checkouts/DGSwiftUtilities/Sources/Extension+Helpers/Collection+Helpers.swift /Users/admin/builder/spi-builder-workspace/.dependencies/checkouts/DGSwiftUtilities/Sources/Extension+Helpers/Comparable+Helpers.swift /Users/admin/builder/spi-builder-workspace/.dependencies/checkouts/DGSwiftUtilities/Sources/Extension+Helpers/Dictionary+Hepers.swift /Users/admin/builder/spi-builder-workspace/.dependencies/checkouts/DGSwiftUtilities/Sources/Extension+Helpers/DictionaryStringKeyAnyValue+Helpers.swift /Users/admin/builder/spi-builder-workspace/.dependencies/checkouts/DGSwiftUtilities/Sources/Extension+Helpers/Encodable+Helpers.swift /Users/admin/builder/spi-builder-workspace/.dependencies/checkouts/DGSwiftUtilities/Sources/Extension+Helpers/Equatable+Helpers.swift /Users/admin/builder/spi-builder-workspace/.dependencies/checkouts/DGSwiftUtilities/Sources/Extension+Helpers/NSArray+Helpers.swift /Users/admin/builder/spi-builder-workspace/.dependencies/checkouts/DGSwiftUtilities/Sources/Extension+Helpers/NSDictionary+Helpers.swift /Users/admin/builder/spi-builder-workspace/.dependencies/checkouts/DGSwiftUtilities/Sources/Extension+Helpers/NSObject+Helpers.swift /Users/admin/builder/spi-builder-workspace/.dependencies/checkouts/DGSwiftUtilities/Sources/Extension+Helpers/Numeric+Helpers.swift /Users/admin/builder/spi-builder-workspace/.dependencies/checkouts/DGSwiftUtilities/Sources/Extension+Helpers/String+Helpers.swift /Users/admin/builder/spi-builder-workspace/.dependencies/checkouts/DGSwiftUtilities/Sources/Extension+Helpers/String+RawRepresentable.swift (in target 'DGSwiftUtilities' from project 'DGSwiftUtilities')
SwiftCompile normal arm64 /Users/admin/builder/spi-builder-workspace/.dependencies/checkouts/DGSwiftUtilities/Sources/Extension+Helpers/BinaryFloatingPoint+Helpers.swift (in target 'DGSwiftUtilities' from project 'DGSwiftUtilities')
    cd /Users/admin/builder/spi-builder-workspace/.swiftpm/xcode
    builtin-SwiftPerFileCompile BinaryFloatingPoint+Helpers.swift
SwiftCompile normal arm64 /Users/admin/builder/spi-builder-workspace/.dependencies/checkouts/DGSwiftUtilities/Sources/Extension+Helpers/CAAnimation+Helpers.swift (in target 'DGSwiftUtilities' from project 'DGSwiftUtilities')
    cd /Users/admin/builder/spi-builder-workspace/.swiftpm/xcode
    builtin-SwiftPerFileCompile CAAnimation+Helpers.swift
SwiftCompile normal arm64 /Users/admin/builder/spi-builder-workspace/.dependencies/checkouts/DGSwiftUtilities/Sources/Extension+Helpers/CACornerMask+Helpers.swift (in target 'DGSwiftUtilities' from project 'DGSwiftUtilities')
    cd /Users/admin/builder/spi-builder-workspace/.swiftpm/xcode
    builtin-SwiftPerFileCompile CACornerMask+Helpers.swift
SwiftCompile normal arm64 /Users/admin/builder/spi-builder-workspace/.dependencies/checkouts/DGSwiftUtilities/Sources/Extension+Helpers/CACornerMask+StaticAlias.swift (in target 'DGSwiftUtilities' from project 'DGSwiftUtilities')
    cd /Users/admin/builder/spi-builder-workspace/.swiftpm/xcode
    builtin-SwiftPerFileCompile CACornerMask+StaticAlias.swift
SwiftCompile normal arm64 /Users/admin/builder/spi-builder-workspace/.dependencies/checkouts/DGSwiftUtilities/Sources/Extension+Helpers/CALayer+Helpers.swift (in target 'DGSwiftUtilities' from project 'DGSwiftUtilities')
    cd /Users/admin/builder/spi-builder-workspace/.swiftpm/xcode
    builtin-SwiftPerFileCompile CALayer+Helpers.swift
SwiftCompile normal arm64 /Users/admin/builder/spi-builder-workspace/.dependencies/checkouts/DGSwiftUtilities/Sources/Extension+Helpers/CATransform3D+Equatable.swift (in target 'DGSwiftUtilities' from project 'DGSwiftUtilities')
    cd /Users/admin/builder/spi-builder-workspace/.swiftpm/xcode
    builtin-SwiftPerFileCompile CATransform3D+Equatable.swift
SwiftCompile normal arm64 /Users/admin/builder/spi-builder-workspace/.dependencies/checkouts/DGSwiftUtilities/Sources/Extension+Helpers/CGPoint+CustomOperators.swift (in target 'DGSwiftUtilities' from project 'DGSwiftUtilities')
    cd /Users/admin/builder/spi-builder-workspace/.swiftpm/xcode
    builtin-SwiftPerFileCompile CGPoint+CustomOperators.swift
SwiftCompile normal arm64 /Users/admin/builder/spi-builder-workspace/.dependencies/checkouts/DGSwiftUtilities/Sources/Extension+Helpers/CGPoint+Helpers.swift (in target 'DGSwiftUtilities' from project 'DGSwiftUtilities')
    cd /Users/admin/builder/spi-builder-workspace/.swiftpm/xcode
    builtin-SwiftPerFileCompile CGPoint+Helpers.swift
SwiftCompile normal arm64 /Users/admin/builder/spi-builder-workspace/.dependencies/checkouts/DGSwiftUtilities/Sources/Extension+Helpers/CGRect+Helpers.swift (in target 'DGSwiftUtilities' from project 'DGSwiftUtilities')
    cd /Users/admin/builder/spi-builder-workspace/.swiftpm/xcode
    builtin-SwiftPerFileCompile CGRect+Helpers.swift
SwiftCompile normal arm64 /Users/admin/builder/spi-builder-workspace/.dependencies/checkouts/DGSwiftUtilities/Sources/Extension+Helpers/CGSize+Helpers.swift (in target 'DGSwiftUtilities' from project 'DGSwiftUtilities')
    cd /Users/admin/builder/spi-builder-workspace/.swiftpm/xcode
    builtin-SwiftPerFileCompile CGSize+Helpers.swift
SwiftCompile normal arm64 /Users/admin/builder/spi-builder-workspace/.dependencies/checkouts/DGSwiftUtilities/Sources/Extension+Helpers/CGVector+CustomOperators.swift (in target 'DGSwiftUtilities' from project 'DGSwiftUtilities')
    cd /Users/admin/builder/spi-builder-workspace/.swiftpm/xcode
    builtin-SwiftPerFileCompile CGVector+CustomOperators.swift
SwiftCompile normal arm64 /Users/admin/builder/spi-builder-workspace/.dependencies/checkouts/DGSwiftUtilities/Sources/Extension+Helpers/CGVector+Helpers.swift (in target 'DGSwiftUtilities' from project 'DGSwiftUtilities')
    cd /Users/admin/builder/spi-builder-workspace/.swiftpm/xcode
    builtin-SwiftPerFileCompile CGVector+Helpers.swift
SwiftCompile normal arm64 /Users/admin/builder/spi-builder-workspace/.dependencies/checkouts/DGSwiftUtilities/Sources/Extension+Helpers/Collection+Helpers.swift (in target 'DGSwiftUtilities' from project 'DGSwiftUtilities')
    cd /Users/admin/builder/spi-builder-workspace/.swiftpm/xcode
    builtin-SwiftPerFileCompile Collection+Helpers.swift
SwiftCompile normal arm64 /Users/admin/builder/spi-builder-workspace/.dependencies/checkouts/DGSwiftUtilities/Sources/Extension+Helpers/Comparable+Helpers.swift (in target 'DGSwiftUtilities' from project 'DGSwiftUtilities')
    cd /Users/admin/builder/spi-builder-workspace/.swiftpm/xcode
    builtin-SwiftPerFileCompile Comparable+Helpers.swift
SwiftCompile normal arm64 /Users/admin/builder/spi-builder-workspace/.dependencies/checkouts/DGSwiftUtilities/Sources/Extension+Helpers/Dictionary+Hepers.swift (in target 'DGSwiftUtilities' from project 'DGSwiftUtilities')
    cd /Users/admin/builder/spi-builder-workspace/.swiftpm/xcode
    builtin-SwiftPerFileCompile Dictionary+Hepers.swift
SwiftCompile normal arm64 /Users/admin/builder/spi-builder-workspace/.dependencies/checkouts/DGSwiftUtilities/Sources/Extension+Helpers/DictionaryStringKeyAnyValue+Helpers.swift (in target 'DGSwiftUtilities' from project 'DGSwiftUtilities')
    cd /Users/admin/builder/spi-builder-workspace/.swiftpm/xcode
    builtin-SwiftPerFileCompile DictionaryStringKeyAnyValue+Helpers.swift
SwiftCompile normal arm64 /Users/admin/builder/spi-builder-workspace/.dependencies/checkouts/DGSwiftUtilities/Sources/Extension+Helpers/Encodable+Helpers.swift (in target 'DGSwiftUtilities' from project 'DGSwiftUtilities')
    cd /Users/admin/builder/spi-builder-workspace/.swiftpm/xcode
    builtin-SwiftPerFileCompile Encodable+Helpers.swift
SwiftCompile normal arm64 /Users/admin/builder/spi-builder-workspace/.dependencies/checkouts/DGSwiftUtilities/Sources/Extension+Helpers/Equatable+Helpers.swift (in target 'DGSwiftUtilities' from project 'DGSwiftUtilities')
    cd /Users/admin/builder/spi-builder-workspace/.swiftpm/xcode
    builtin-SwiftPerFileCompile Equatable+Helpers.swift
SwiftCompile normal arm64 /Users/admin/builder/spi-builder-workspace/.dependencies/checkouts/DGSwiftUtilities/Sources/Extension+Helpers/NSArray+Helpers.swift (in target 'DGSwiftUtilities' from project 'DGSwiftUtilities')
    cd /Users/admin/builder/spi-builder-workspace/.swiftpm/xcode
    builtin-SwiftPerFileCompile NSArray+Helpers.swift
SwiftCompile normal arm64 /Users/admin/builder/spi-builder-workspace/.dependencies/checkouts/DGSwiftUtilities/Sources/Extension+Helpers/NSDictionary+Helpers.swift (in target 'DGSwiftUtilities' from project 'DGSwiftUtilities')
    cd /Users/admin/builder/spi-builder-workspace/.swiftpm/xcode
    builtin-SwiftPerFileCompile NSDictionary+Helpers.swift
SwiftCompile normal arm64 /Users/admin/builder/spi-builder-workspace/.dependencies/checkouts/DGSwiftUtilities/Sources/Extension+Helpers/NSObject+Helpers.swift (in target 'DGSwiftUtilities' from project 'DGSwiftUtilities')
    cd /Users/admin/builder/spi-builder-workspace/.swiftpm/xcode
    builtin-SwiftPerFileCompile NSObject+Helpers.swift
SwiftCompile normal arm64 /Users/admin/builder/spi-builder-workspace/.dependencies/checkouts/DGSwiftUtilities/Sources/Extension+Helpers/Numeric+Helpers.swift (in target 'DGSwiftUtilities' from project 'DGSwiftUtilities')
    cd /Users/admin/builder/spi-builder-workspace/.swiftpm/xcode
    builtin-SwiftPerFileCompile Numeric+Helpers.swift
SwiftCompile normal arm64 /Users/admin/builder/spi-builder-workspace/.dependencies/checkouts/DGSwiftUtilities/Sources/Extension+Helpers/String+Helpers.swift (in target 'DGSwiftUtilities' from project 'DGSwiftUtilities')
    cd /Users/admin/builder/spi-builder-workspace/.swiftpm/xcode
    builtin-SwiftPerFileCompile String+Helpers.swift
SwiftCompile normal arm64 /Users/admin/builder/spi-builder-workspace/.dependencies/checkouts/DGSwiftUtilities/Sources/Extension+Helpers/String+RawRepresentable.swift (in target 'DGSwiftUtilities' from project 'DGSwiftUtilities')
    cd /Users/admin/builder/spi-builder-workspace/.swiftpm/xcode
    builtin-SwiftPerFileCompile String+RawRepresentable.swift
PruneExplicitPrecompiledModules /Users/admin/builder/spi-builder-workspace/.derivedData/Build/Intermediates.noindex/SwiftExplicitPrecompiledModules
PruneExplicitPrecompiledModules /Users/admin/builder/spi-builder-workspace/.derivedData/SDKExplicitPrecompiledModules
PruneExplicitPrecompiledModules /Users/admin/builder/spi-builder-workspace/.derivedData/Build/Intermediates.noindex/ExplicitPrecompiledModules
2026-09-22 13:50:57.810 xcodebuild[804:5091] [MT] IDERunDestination: Supported platforms for the buildables in the current scheme is empty.
** BUILD FAILED **
The following build commands failed:
	SwiftEmitModule normal arm64 Emitting\ module\ for\ DGSwiftUtilities (in target 'DGSwiftUtilities' from project 'DGSwiftUtilities')
	SwiftCompile normal arm64 (in target 'DGSwiftUtilities' from project 'DGSwiftUtilities')
	Building workspace VisualEffectBlurView with scheme VisualEffectBlurView
(3 failures)
BUILD FAILURE 6.4 tvOS