Build Information
Failed to build swift-testing-performance, reference main (9df558), with Swift 6.3 for visionOS using Xcode 26.4 on 21 Oct 2026 19:26:29 UTC.
Build Command
No build command. This typically means the build failed at an early stage where we determine the build command.Build Log
========================================
RunAll
========================================
Builder version: 5.1.3
Interrupt handler set up.
========================================
Checkout
========================================
Clone URL: https://github.com/swift-compositions/swift-testing-performance.git
Reference: main
Initialized empty Git repository in /Users/admin/builder/spi-builder-workspace/.git/
From https://github.com/swift-compositions/swift-testing-performance
* branch main -> FETCH_HEAD
* [new branch] main -> origin/main
HEAD is now at 9df5589 Assert allocation magnitudes only where the tracker measures them, which excludes Windows
Cloned https://github.com/swift-compositions/swift-testing-performance.git
Revision (git rev-parse @):
9df558930785fb495f70e63f491b68339f011b78
SPI manifest file found: $PWD/.spi.yml
SUCCESS checkout https://github.com/swift-compositions/swift-testing-performance.git at main
========================================
Build
========================================
Selected platform: visionOS
Swift version: 6.3
Building package at path: $PWD
https://github.com/swift-compositions/swift-testing-performance.git
Command line invocation:
/Applications/Xcode-26.5.0.app/Contents/Developer/usr/bin/xcodebuild -IDEClonedSourcePackagesDirPathOverride=/Users/admin/builder/spi-builder-workspace/.dependencies -resolvePackageDependencies
Resolve Package Graph
package 'spi-builder-workspace' is using Swift tools version 6.4.0 but the installed version is 6.3.2
Resolved source packages:
spi-builder-workspace: (null)
2026-10-21 15:26:28.170 xcodebuild[542:3130] Writing error result bundle to /var/folders/xq/y_g06wb113726d38xsyx71_h0000gn/T/ResultBundle_2026-21-10_15-26-0028.xcresult
xcodebuild: error: Could not resolve package dependencies:
package 'spi-builder-workspace' is using Swift tools version 6.4.0 but the installed version is 6.3.2
Command line invocation:
/Applications/Xcode-26.5.0.app/Contents/Developer/usr/bin/xcodebuild -IDEClonedSourcePackagesDirPathOverride=/Users/admin/builder/spi-builder-workspace/.dependencies -resolvePackageDependencies
Resolve Package Graph
package 'spi-builder-workspace' is using Swift tools version 6.4.0 but the installed version is 6.3.2
Resolved source packages:
spi-builder-workspace: (null)
2026-10-21 15:26:29.675 xcodebuild[610:3640] Writing error result bundle to /var/folders/xq/y_g06wb113726d38xsyx71_h0000gn/T/ResultBundle_2026-21-10_15-26-0029.xcresult
xcodebuild: error: Could not resolve package dependencies:
package 'spi-builder-workspace' is using Swift tools version 6.4.0 but the installed version is 6.3.2
BUILD FAILURE 6.3 visionOS