Build Information
Failed to build MapsIndoorsMapbox, reference main (4006a9), with Swift 6.1 for Linux on 4 Oct 2026 10:43:49 UTC.
Build Command
bash -c docker run --pull=always --rm -v "checkouts-54344844-0":/host -w "$PWD" -e JAVA_HOME="/root/.sdkman/candidates/java/current" -e SPI_BUILD="1" -e SPI_PROCESSING="1" registry.gitlab.com/saguaro1/spi-images:basic-6.1-latest swift build --triple x86_64-unknown-linux-gnu 2>&1Build Log
========================================
RunAll
========================================
Builder version: 5.1.1
Interrupt handler set up.
========================================
Checkout
========================================
Clone URL: https://github.com/MapsPeople/mapsindoors-mapbox-ios.git
Reference: main
Initialized empty Git repository in /host/spi-builder-workspace/.git/
hint: Using 'master' as the name for the initial branch. This default branch name
hint: is subject to change. To configure the initial branch name to use in all
hint: of your new repositories, which will suppress this warning, call:
hint:
hint: git config --global init.defaultBranch <name>
hint:
hint: Names commonly chosen instead of 'master' are 'main', 'trunk' and
hint: 'development'. The just-created branch can be renamed via this command:
hint:
hint: git branch -m <name>
From https://github.com/MapsPeople/mapsindoors-mapbox-ios
* branch main -> FETCH_HEAD
* [new branch] main -> origin/main
HEAD is now at 4006a9b Release version 4.22.0
Cloned https://github.com/MapsPeople/mapsindoors-mapbox-ios.git
Revision (git rev-parse @):
4006a9b1a9e84b5c7559743ad7ee51a7ce3520d3
SPI manifest file found: $PWD/.spi.yml
SUCCESS checkout https://github.com/MapsPeople/mapsindoors-mapbox-ios.git at main
========================================
Build
========================================
Selected platform: linux
Swift version: 6.1
Building package at path: $PWD
https://github.com/MapsPeople/mapsindoors-mapbox-ios.git
https://github.com/MapsPeople/mapsindoors-mapbox-ios.git
WARNING: environment variable SUPPRESS_SWIFT_6_FLAGS is not set
Running build ...
bash -c docker run --pull=always --rm -v "checkouts-54344844-0":/host -w "$PWD" -e JAVA_HOME="/root/.sdkman/candidates/java/current" -e SPI_BUILD="1" -e SPI_PROCESSING="1" registry.gitlab.com/saguaro1/spi-images:basic-6.1-latest swift build --triple x86_64-unknown-linux-gnu -Xswiftc -Xfrontend -Xswiftc -stats-output-dir -Xswiftc -Xfrontend -Xswiftc .stats -Xswiftc -strict-concurrency=complete -Xswiftc -enable-upcoming-feature -Xswiftc StrictConcurrency -Xswiftc -enable-upcoming-feature -Xswiftc DisableOutwardActorInference -Xswiftc -enable-upcoming-feature -Xswiftc GlobalActorIsolatedTypesUsability -Xswiftc -enable-upcoming-feature -Xswiftc InferSendableFromCaptures 2>&1
basic-6.1-latest: Pulling from saguaro1/spi-images
Digest: sha256:bebe373f64586285d153a73cebf57004d534988a7110464fd581e50dd24c756b
Status: Image is up to date for registry.gitlab.com/saguaro1/spi-images:basic-6.1-latest
Fetching https://github.com/MapsPeople/mapsindoors-core-ios.git
Fetching https://github.com/mapbox/mapbox-maps-ios.git
[1/433] Fetching mapsindoors-core-ios
[434/121932] Fetching mapsindoors-core-ios, mapbox-maps-ios
Fetched https://github.com/MapsPeople/mapsindoors-core-ios.git from cache (7.83s)
Fetched https://github.com/mapbox/mapbox-maps-ios.git from cache (8.02s)
Computing version for https://github.com/mapbox/mapbox-maps-ios.git
Computed https://github.com/mapbox/mapbox-maps-ios.git at 11.25.0 (9.45s)
Fetching https://github.com/mapbox/mapbox-core-maps-ios.git
Fetching https://github.com/mapbox/mapbox-common-ios.git
Fetching https://github.com/mapbox/turf-swift.git
[1/6174] Fetching turf-swift
[63/15064] Fetching turf-swift, mapbox-common-ios
[5467/20456] Fetching turf-swift, mapbox-common-ios, mapbox-core-maps-ios
Fetched https://github.com/mapbox/mapbox-core-maps-ios.git from cache (0.81s)
[8121/15064] Fetching turf-swift, mapbox-common-ios
Fetched https://github.com/mapbox/turf-swift.git from cache (1.02s)
Fetched https://github.com/mapbox/mapbox-common-ios.git from cache (1.28s)
Computing version for https://github.com/MapsPeople/mapsindoors-core-ios.git
Computed https://github.com/MapsPeople/mapsindoors-core-ios.git at 4.22.0 (1.52s)
Fetching https://github.com/MapsPeople/mapsindoors-ios.git
[1/425] Fetching mapsindoors-ios
Fetched https://github.com/MapsPeople/mapsindoors-ios.git from cache (0.42s)
Computing version for https://github.com/mapbox/mapbox-core-maps-ios.git
Computed https://github.com/mapbox/mapbox-core-maps-ios.git at 11.25.0 (0.68s)
Computing version for https://github.com/mapbox/mapbox-common-ios.git
Computed https://github.com/mapbox/mapbox-common-ios.git at 24.25.0 (0.26s)
Computing version for https://github.com/mapbox/turf-swift.git
Computed https://github.com/mapbox/turf-swift.git at 4.0.0 (0.25s)
Computing version for https://github.com/MapsPeople/mapsindoors-ios.git
Computed https://github.com/MapsPeople/mapsindoors-ios.git at 4.22.0 (0.22s)
Creating working copy for https://github.com/MapsPeople/mapsindoors-core-ios.git
Working copy of https://github.com/MapsPeople/mapsindoors-core-ios.git resolved at 4.22.0
Creating working copy for https://github.com/mapbox/mapbox-common-ios.git
Working copy of https://github.com/mapbox/mapbox-common-ios.git resolved at 24.25.0
Creating working copy for https://github.com/mapbox/mapbox-core-maps-ios.git
Working copy of https://github.com/mapbox/mapbox-core-maps-ios.git resolved at 11.25.0
Creating working copy for https://github.com/mapbox/mapbox-maps-ios.git
Working copy of https://github.com/mapbox/mapbox-maps-ios.git resolved at 11.25.0
Creating working copy for https://github.com/MapsPeople/mapsindoors-ios.git
Working copy of https://github.com/MapsPeople/mapsindoors-ios.git resolved at 4.22.0
Creating working copy for https://github.com/mapbox/turf-swift.git
Working copy of https://github.com/mapbox/turf-swift.git resolved at 4.0.0
Downloading binary artifact https://api.mapbox.com/downloads/v2/mapbox-common/releases/ios/packages/24.25.0/MapboxCommon.zip
Downloading binary artifact https://api.mapbox.com/downloads/v2/mobile-maps-core/releases/ios/packages/11.25.0/MapboxCoreMaps.xcframework-dynamic.zip
Downloading binary artifact https://github.com/MapsPeople/MapsIndoors-SDK-iOS/releases/download/4.22.0/MapsIndoorsCore.xcframework.zip
Downloading binary artifact https://github.com/MapsPeople/MapsIndoors-SDK-iOS/releases/download/4.22.0/MapsIndoors.xcframework.zip
[794/2791829] Downloading https://github.com/MapsPeople/MapsIndoors-SDK-iOS/releases/download/4.22.0/MapsIndoors.xcframework.zip
[49001/9151398] Downloading https://github.com/MapsPeople/MapsIndoors-SDK-iOS/releases/download/4.22.0/MapsIndoors.xcframework.zip, https://github.com/MapsPeople/MapsIndoors-SDK-iOS/releases/download/4.22.0/MapsIndoorsCore.xcframework.zip
Downloaded https://github.com/MapsPeople/MapsIndoors-SDK-iOS/releases/download/4.22.0/MapsIndoors.xcframework.zip (0.61s)
[7874/7874] Downloading https://api.mapbox.com/downloads/v2/mobile-maps-core/releases/ios/packages/11.25.0/MapboxCoreMaps.xcframework-dynamic.zip
[32787/32787] Downloading https://api.mapbox.com/downloads/v2/mobile-maps-core/releases/ios/packages/11.25.0/MapboxCoreMaps.xcframework-dynamic.zip, https://api.mapbox.com/downloads/v2/mapbox-common/releases/ios/packages/24.25.0/MapboxCommon.zip
Downloaded https://github.com/MapsPeople/MapsIndoors-SDK-iOS/releases/download/4.22.0/MapsIndoorsCore.xcframework.zip (0.92s)
[392094/392094] Downloading https://api.mapbox.com/downloads/v2/mapbox-common/releases/ios/packages/24.25.0/MapboxCommon.zip
[1349012/1349012] Downloading https://api.mapbox.com/downloads/v2/mapbox-common/releases/ios/packages/24.25.0/MapboxCommon.zip, https://api.mapbox.com/downloads/v2/mobile-maps-core/releases/ios/packages/11.25.0/MapboxCoreMaps.xcframework-dynamic.zip
Downloaded https://api.mapbox.com/downloads/v2/mapbox-common/releases/ios/packages/24.25.0/MapboxCommon.zip (4.18s)
Downloaded https://api.mapbox.com/downloads/v2/mobile-maps-core/releases/ios/packages/11.25.0/MapboxCoreMaps.xcframework-dynamic.zip (6.57s)
warning: 'mapbox-maps-ios': found 3 file(s) which are unhandled; explicitly declare them as resources or exclude from the target
/host/spi-builder-workspace/.build/checkouts/mapbox-maps-ios/Sources/MapboxMaps/Location/Puck/IndicatorAssets.xcassets
/host/spi-builder-workspace/.build/checkouts/mapbox-maps-ios/Sources/MapboxMaps/SwiftUI/README.md
/host/spi-builder-workspace/.build/checkouts/mapbox-maps-ios/Sources/MapboxMaps/Annotations/MarkerAssets.xcassets
Building for debugging...
[0/86] Write sources
[0/86] Copying CompassDirectionShort.strings
[0/86] Copying CompassDirectionLong.strings
[0/86] Copying OrnamentsLocalizable.strings
[0/86] Copying CompassDirectionShort.strings
[0/86] Copying CompassDirectionLong.strings
[0/86] Copying CompassDirectionShort.strings
[0/86] Copying OrnamentsLocalizable.strings
[0/86] Copying CompassDirectionLong.strings
[0/86] Copying OrnamentsLocalizable.strings
[0/86] Copying CompassDirectionShort.strings
[0/86] Copying CompassDirectionLong.strings
[0/86] Copying OrnamentsLocalizable.strings
[0/86] Copying CompassDirectionShort.strings
[0/86] Copying CompassDirectionLong.strings
[0/86] Copying CompassDirectionShort.strings
[0/86] Copying CompassDirectionLong.strings
[0/86] Copying OrnamentsLocalizable.strings
[0/86] Copying CompassDirectionShort.strings
[0/86] Copying CompassDirectionLong.strings
[0/86] Copying OrnamentsLocalizable.strings
[0/86] Copying CompassDirectionShort.strings
[0/86] Copying CompassDirectionLong.strings
[0/86] Copying OrnamentsLocalizable.strings
[0/86] Copying CompassDirectionShort.strings
[0/86] Copying CompassDirectionLong.strings
[0/86] Copying OrnamentsLocalizable.strings
[0/86] Copying CompassDirectionShort.strings
[0/86] Copying CompassDirectionLong.strings
[0/86] Copying CompassDirectionShort.strings
[0/86] Copying OrnamentsLocalizable.strings
[0/86] Copying CompassDirectionShort.strings
[0/86] Copying CompassDirectionLong.strings
[0/86] Copying OrnamentsLocalizable.strings
[0/86] Copying CompassDirectionShort.strings
[0/86] Copying CompassDirectionLong.strings
[0/86] Copying OrnamentsLocalizable.strings
[0/86] Write sources
[0/86] Copying OrnamentsLocalizable.strings
[0/86] Copying CompassDirectionShort.strings
[0/86] Copying CompassDirectionLong.strings
[0/86] Copying CompassDirectionShort.strings
[0/86] Copying OrnamentsLocalizable.strings
[0/86] Copying CompassDirectionLong.strings
[0/86] Copying OrnamentsLocalizable.strings
[0/86] Copying CompassDirectionShort.strings
[0/86] Copying CompassDirectionLong.strings
[0/86] Copying CompassDirectionShort.strings
[0/86] Copying OrnamentsLocalizable.strings
[0/86] Copying CompassDirectionLong.strings
[0/86] Copying OrnamentsLocalizable.strings
[0/86] Copying CompassDirectionShort.strings
[0/86] Copying CompassDirectionLong.strings
[0/86] Copying OrnamentsLocalizable.strings
[0/86] Copying CompassDirectionShort.strings
[0/86] Copying CompassDirectionLong.strings
[0/86] Copying OrnamentsLocalizable.strings
[0/86] Copying CompassDirectionShort.strings
[0/86] Copying CompassDirectionLong.strings
[0/86] Copying CompassDirectionShort.strings
[0/86] Copying OrnamentsLocalizable.strings
[0/86] Copying CompassDirectionLong.strings
[0/86] Copying CompassDirectionShort.strings
[0/86] Copying OrnamentsLocalizable.strings
[0/86] Copying CompassDirectionShort.strings
[0/86] Copying CompassDirectionLong.strings
[0/86] Copying OrnamentsLocalizable.strings
[0/86] Copying CompassDirectionLong.strings
[0/86] Copying CompassDirectionShort.strings
[0/86] Copying PrivacyInfo.xcprivacy
[0/86] Copying MapboxMaps.json
[0/86] Write sources
[0/86] Copying Info.plist
[0/86] Write sources
[0/86] Copying OrnamentsLocalizable.strings
[0/86] Write sources
[85/86] Write swift-version-24593BA9C3E375BF.txt
[87/110] Emitting module Turf
[88/113] Compiling Turf BoundingBox.swift
[89/113] Compiling Turf Codable.swift
[90/113] Compiling Turf Consumer+WKT.swift
[91/113] Compiling Turf Spline.swift
[92/113] Compiling Turf Turf.swift
[93/113] Compiling Turf WKT.swift
error: emit-module command failed with exit code 1 (use -v to see invocation)
[94/113] Emitting module MapsIndoorsCoreWrapper
/host/spi-builder-workspace/.build/checkouts/mapsindoors-core-ios/Sources/MapsIndoorsCoreWrapper/MPEmpty.swift:9:8: error: no such module 'MapsIndoors'
7 |
8 | import Foundation
9 | import MapsIndoors
| `- error: no such module 'MapsIndoors'
10 |
[95/113] Compiling MapsIndoorsCoreWrapper MPEmpty.swift
/host/spi-builder-workspace/.build/checkouts/mapsindoors-core-ios/Sources/MapsIndoorsCoreWrapper/MPEmpty.swift:9:8: error: no such module 'MapsIndoors'
7 |
8 | import Foundation
9 | import MapsIndoors
| `- error: no such module 'MapsIndoors'
10 |
Running build ...
bash -c docker run --pull=always --rm -v "checkouts-54344844-0":/host -w "$PWD" -e JAVA_HOME="/root/.sdkman/candidates/java/current" -e SPI_BUILD="1" -e SPI_PROCESSING="1" registry.gitlab.com/saguaro1/spi-images:basic-6.1-latest swift build --triple x86_64-unknown-linux-gnu 2>&1
basic-6.1-latest: Pulling from saguaro1/spi-images
Digest: sha256:bebe373f64586285d153a73cebf57004d534988a7110464fd581e50dd24c756b
Status: Image is up to date for registry.gitlab.com/saguaro1/spi-images:basic-6.1-latest
warning: 'mapbox-maps-ios': found 3 file(s) which are unhandled; explicitly declare them as resources or exclude from the target
/host/spi-builder-workspace/.build/checkouts/mapbox-maps-ios/Sources/MapboxMaps/Annotations/MarkerAssets.xcassets
/host/spi-builder-workspace/.build/checkouts/mapbox-maps-ios/Sources/MapboxMaps/SwiftUI/README.md
/host/spi-builder-workspace/.build/checkouts/mapbox-maps-ios/Sources/MapboxMaps/Location/Puck/IndicatorAssets.xcassets
[0/1] Planning build
Building for debugging...
[0/1] Write swift-version-24593BA9C3E375BF.txt
[2/25] Compiling MapsIndoorsCoreWrapper MPEmpty.swift
/host/spi-builder-workspace/.build/checkouts/mapsindoors-core-ios/Sources/MapsIndoorsCoreWrapper/MPEmpty.swift:9:8: error: no such module 'MapsIndoors'
7 |
8 | import Foundation
9 | import MapsIndoors
| `- error: no such module 'MapsIndoors'
10 |
error: emit-module command failed with exit code 1 (use -v to see invocation)
[3/25] Emitting module MapsIndoorsCoreWrapper
/host/spi-builder-workspace/.build/checkouts/mapsindoors-core-ios/Sources/MapsIndoorsCoreWrapper/MPEmpty.swift:9:8: error: no such module 'MapsIndoors'
7 |
8 | import Foundation
9 | import MapsIndoors
| `- error: no such module 'MapsIndoors'
10 |
BUILD FAILURE 6.1 linux