Build Information
Failed to build NotarizeProcess, reference 0.2.3 (ae77b9), with Swift 6.4 for watchOS using Xcode 27.0 on 16 Sep 2026 15:46:23 UTC.
Build Command
env DEVELOPER_DIR=/Applications/Xcode-27.0.0-Release.Candidate.app xcrun xcodebuild -IDEClonedSourcePackagesDirPathOverride=$PWD/.dependencies -skipMacroValidation -skipPackagePluginValidation -derivedDataPath $PWD/.derivedData build -scheme NotarizeProcess -destination generic/platform=watchOSBuild Log
cd /Users/admin/builder/spi-builder-workspace/.swiftpm/xcode
builtin-create-build-directory /Users/admin/builder/spi-builder-workspace/.derivedData/Build/Products/Debug-watchos
CreateBuildDirectory /Users/admin/builder/spi-builder-workspace/.derivedData/Build/Intermediates.noindex/EagerLinkingTBDs/Debug-watchos
cd /Users/admin/builder/spi-builder-workspace/.swiftpm/xcode
builtin-create-build-directory /Users/admin/builder/spi-builder-workspace/.derivedData/Build/Intermediates.noindex/EagerLinkingTBDs/Debug-watchos
CreateBuildDirectory /Users/admin/builder/spi-builder-workspace/.derivedData/Build/Products/Debug-watchos/PackageFrameworks
cd /Users/admin/builder/spi-builder-workspace/.swiftpm/xcode
builtin-create-build-directory /Users/admin/builder/spi-builder-workspace/.derivedData/Build/Products/Debug-watchos/PackageFrameworks
WriteAuxiliaryFile /Users/admin/builder/spi-builder-workspace/.derivedData/Build/Intermediates.noindex/NotarizationInfo.build/Debug-watchos/NotarizationInfo-t.build/NotarizationInfo.modulemap (in target 'NotarizationInfo' from project 'NotarizationInfo')
cd /Users/admin/builder/spi-builder-workspace/.dependencies/checkouts/NotarizationInfo
write-file /Users/admin/builder/spi-builder-workspace/.derivedData/Build/Intermediates.noindex/NotarizationInfo.build/Debug-watchos/NotarizationInfo-t.build/NotarizationInfo.modulemap
WriteAuxiliaryFile /Users/admin/builder/spi-builder-workspace/.derivedData/Build/Intermediates.noindex/NotarizationInfo.build/Debug-watchos/NotarizationInfo-t.build/Objects-normal/arm64_32/NotarizationInfo.SwiftFileList (in target 'NotarizationInfo' from project 'NotarizationInfo')
cd /Users/admin/builder/spi-builder-workspace/.dependencies/checkouts/NotarizationInfo
write-file /Users/admin/builder/spi-builder-workspace/.derivedData/Build/Intermediates.noindex/NotarizationInfo.build/Debug-watchos/NotarizationInfo-t.build/Objects-normal/arm64_32/NotarizationInfo.SwiftFileList
WriteAuxiliaryFile /Users/admin/builder/spi-builder-workspace/.derivedData/Build/Intermediates.noindex/NotarizationInfo.build/Debug-watchos/NotarizationInfo-t.build/Objects-normal/arm64_32/NotarizationInfo.SwiftConstValuesFileList (in target 'NotarizationInfo' from project 'NotarizationInfo')
cd /Users/admin/builder/spi-builder-workspace/.dependencies/checkouts/NotarizationInfo
write-file /Users/admin/builder/spi-builder-workspace/.derivedData/Build/Intermediates.noindex/NotarizationInfo.build/Debug-watchos/NotarizationInfo-t.build/Objects-normal/arm64_32/NotarizationInfo.SwiftConstValuesFileList
WriteAuxiliaryFile /Users/admin/builder/spi-builder-workspace/.derivedData/Build/Intermediates.noindex/NotarizationInfo.build/Debug-watchos/NotarizationInfo-t.build/Objects-normal/arm64_32/NotarizationInfo.LinkFileList (in target 'NotarizationInfo' from project 'NotarizationInfo')
cd /Users/admin/builder/spi-builder-workspace/.dependencies/checkouts/NotarizationInfo
write-file /Users/admin/builder/spi-builder-workspace/.derivedData/Build/Intermediates.noindex/NotarizationInfo.build/Debug-watchos/NotarizationInfo-t.build/Objects-normal/arm64_32/NotarizationInfo.LinkFileList
WriteAuxiliaryFile /Users/admin/builder/spi-builder-workspace/.derivedData/Build/Intermediates.noindex/NotarizationInfo.build/Debug-watchos/NotarizationInfo-t.build/Objects-normal/arm64_32/NotarizationInfo_const_extract_protocols.json (in target 'NotarizationInfo' from project 'NotarizationInfo')
cd /Users/admin/builder/spi-builder-workspace/.dependencies/checkouts/NotarizationInfo
write-file /Users/admin/builder/spi-builder-workspace/.derivedData/Build/Intermediates.noindex/NotarizationInfo.build/Debug-watchos/NotarizationInfo-t.build/Objects-normal/arm64_32/NotarizationInfo_const_extract_protocols.json
WriteAuxiliaryFile /Users/admin/builder/spi-builder-workspace/.derivedData/Build/Intermediates.noindex/NotarizeProcess.build/Debug-watchos/NotarizeProcess-t.build/Objects-normal/arm64_32/NotarizeProcess_const_extract_protocols.json (in target 'NotarizeProcess' from project 'NotarizeProcess')
cd /Users/admin/builder/spi-builder-workspace
write-file /Users/admin/builder/spi-builder-workspace/.derivedData/Build/Intermediates.noindex/NotarizeProcess.build/Debug-watchos/NotarizeProcess-t.build/Objects-normal/arm64_32/NotarizeProcess_const_extract_protocols.json
WriteAuxiliaryFile /Users/admin/builder/spi-builder-workspace/.derivedData/Build/Intermediates.noindex/NotarizeProcess.build/Debug-watchos/NotarizeProcess-t.build/Objects-normal/arm64_32/NotarizeProcess.SwiftConstValuesFileList (in target 'NotarizeProcess' from project 'NotarizeProcess')
cd /Users/admin/builder/spi-builder-workspace
write-file /Users/admin/builder/spi-builder-workspace/.derivedData/Build/Intermediates.noindex/NotarizeProcess.build/Debug-watchos/NotarizeProcess-t.build/Objects-normal/arm64_32/NotarizeProcess.SwiftConstValuesFileList
WriteAuxiliaryFile /Users/admin/builder/spi-builder-workspace/.derivedData/Build/Intermediates.noindex/NotarizeProcess.build/Debug-watchos/NotarizeProcess-t.build/Objects-normal/arm64_32/NotarizeProcess.SwiftFileList (in target 'NotarizeProcess' from project 'NotarizeProcess')
cd /Users/admin/builder/spi-builder-workspace
write-file /Users/admin/builder/spi-builder-workspace/.derivedData/Build/Intermediates.noindex/NotarizeProcess.build/Debug-watchos/NotarizeProcess-t.build/Objects-normal/arm64_32/NotarizeProcess.SwiftFileList
WriteAuxiliaryFile /Users/admin/builder/spi-builder-workspace/.derivedData/Build/Intermediates.noindex/NotarizeProcess.build/Debug-watchos/NotarizeProcess-t.build/Objects-normal/arm64_32/NotarizeProcess.LinkFileList (in target 'NotarizeProcess' from project 'NotarizeProcess')
cd /Users/admin/builder/spi-builder-workspace
write-file /Users/admin/builder/spi-builder-workspace/.derivedData/Build/Intermediates.noindex/NotarizeProcess.build/Debug-watchos/NotarizeProcess-t.build/Objects-normal/arm64_32/NotarizeProcess.LinkFileList
WriteAuxiliaryFile /Users/admin/builder/spi-builder-workspace/.derivedData/Build/Intermediates.noindex/NotarizeProcess.build/Debug-watchos/NotarizeProcess-t.build/Objects-normal/arm64_32/NotarizeProcess-OutputFileMap.json (in target 'NotarizeProcess' from project 'NotarizeProcess')
cd /Users/admin/builder/spi-builder-workspace
write-file /Users/admin/builder/spi-builder-workspace/.derivedData/Build/Intermediates.noindex/NotarizeProcess.build/Debug-watchos/NotarizeProcess-t.build/Objects-normal/arm64_32/NotarizeProcess-OutputFileMap.json
WriteAuxiliaryFile /Users/admin/builder/spi-builder-workspace/.derivedData/Build/Intermediates.noindex/NotarizeProcess.build/Debug-watchos/NotarizeProcess-t.build/Objects-normal/arm64/NotarizeProcess_const_extract_protocols.json (in target 'NotarizeProcess' from project 'NotarizeProcess')
cd /Users/admin/builder/spi-builder-workspace
write-file /Users/admin/builder/spi-builder-workspace/.derivedData/Build/Intermediates.noindex/NotarizeProcess.build/Debug-watchos/NotarizeProcess-t.build/Objects-normal/arm64/NotarizeProcess_const_extract_protocols.json
WriteAuxiliaryFile /Users/admin/builder/spi-builder-workspace/.derivedData/Build/Intermediates.noindex/NotarizeProcess.build/Debug-watchos/NotarizeProcess-t.build/Objects-normal/arm64/NotarizeProcess.SwiftFileList (in target 'NotarizeProcess' from project 'NotarizeProcess')
cd /Users/admin/builder/spi-builder-workspace
write-file /Users/admin/builder/spi-builder-workspace/.derivedData/Build/Intermediates.noindex/NotarizeProcess.build/Debug-watchos/NotarizeProcess-t.build/Objects-normal/arm64/NotarizeProcess.SwiftFileList
WriteAuxiliaryFile /Users/admin/builder/spi-builder-workspace/.derivedData/Build/Intermediates.noindex/NotarizeProcess.build/Debug-watchos/NotarizeProcess-t.build/Objects-normal/arm64/NotarizeProcess.SwiftConstValuesFileList (in target 'NotarizeProcess' from project 'NotarizeProcess')
cd /Users/admin/builder/spi-builder-workspace
write-file /Users/admin/builder/spi-builder-workspace/.derivedData/Build/Intermediates.noindex/NotarizeProcess.build/Debug-watchos/NotarizeProcess-t.build/Objects-normal/arm64/NotarizeProcess.SwiftConstValuesFileList
WriteAuxiliaryFile /Users/admin/builder/spi-builder-workspace/.derivedData/Build/Intermediates.noindex/NotarizeProcess.build/Debug-watchos/NotarizeProcess-t.build/Objects-normal/arm64/NotarizeProcess.LinkFileList (in target 'NotarizeProcess' from project 'NotarizeProcess')
cd /Users/admin/builder/spi-builder-workspace
write-file /Users/admin/builder/spi-builder-workspace/.derivedData/Build/Intermediates.noindex/NotarizeProcess.build/Debug-watchos/NotarizeProcess-t.build/Objects-normal/arm64/NotarizeProcess.LinkFileList
WriteAuxiliaryFile /Users/admin/builder/spi-builder-workspace/.derivedData/Build/Intermediates.noindex/NotarizeProcess.build/Debug-watchos/NotarizeProcess-t.build/Objects-normal/arm64/NotarizeProcess-OutputFileMap.json (in target 'NotarizeProcess' from project 'NotarizeProcess')
cd /Users/admin/builder/spi-builder-workspace
write-file /Users/admin/builder/spi-builder-workspace/.derivedData/Build/Intermediates.noindex/NotarizeProcess.build/Debug-watchos/NotarizeProcess-t.build/Objects-normal/arm64/NotarizeProcess-OutputFileMap.json
WriteAuxiliaryFile /Users/admin/builder/spi-builder-workspace/.derivedData/Build/Intermediates.noindex/NotarizeProcess.build/Debug-watchos/NotarizeProcess-t.build/NotarizeProcess.modulemap (in target 'NotarizeProcess' from project 'NotarizeProcess')
cd /Users/admin/builder/spi-builder-workspace
write-file /Users/admin/builder/spi-builder-workspace/.derivedData/Build/Intermediates.noindex/NotarizeProcess.build/Debug-watchos/NotarizeProcess-t.build/NotarizeProcess.modulemap
WriteAuxiliaryFile /Users/admin/builder/spi-builder-workspace/.derivedData/Build/Intermediates.noindex/NotarizeProcess.build/Debug-watchos/NotarizeProcess-t.build/NotarizeProcess.DependencyStaticMetadataFileList (in target 'NotarizeProcess' from project 'NotarizeProcess')
cd /Users/admin/builder/spi-builder-workspace
write-file /Users/admin/builder/spi-builder-workspace/.derivedData/Build/Intermediates.noindex/NotarizeProcess.build/Debug-watchos/NotarizeProcess-t.build/NotarizeProcess.DependencyStaticMetadataFileList
WriteAuxiliaryFile /Users/admin/builder/spi-builder-workspace/.derivedData/Build/Intermediates.noindex/NotarizeProcess.build/Debug-watchos/NotarizeProcess-t.build/NotarizeProcess.DependencyMetadataFileList (in target 'NotarizeProcess' from project 'NotarizeProcess')
cd /Users/admin/builder/spi-builder-workspace
write-file /Users/admin/builder/spi-builder-workspace/.derivedData/Build/Intermediates.noindex/NotarizeProcess.build/Debug-watchos/NotarizeProcess-t.build/NotarizeProcess.DependencyMetadataFileList
WriteAuxiliaryFile /Users/admin/builder/spi-builder-workspace/.derivedData/Build/Intermediates.noindex/NotarizationInfo.build/Debug-watchos/NotarizationInfo-t.build/Objects-normal/arm64_32/NotarizationInfo-OutputFileMap.json (in target 'NotarizationInfo' from project 'NotarizationInfo')
cd /Users/admin/builder/spi-builder-workspace/.dependencies/checkouts/NotarizationInfo
write-file /Users/admin/builder/spi-builder-workspace/.derivedData/Build/Intermediates.noindex/NotarizationInfo.build/Debug-watchos/NotarizationInfo-t.build/Objects-normal/arm64_32/NotarizationInfo-OutputFileMap.json
WriteAuxiliaryFile /Users/admin/builder/spi-builder-workspace/.derivedData/Build/Intermediates.noindex/NotarizationInfo.build/Debug-watchos/NotarizationInfo-t.build/Objects-normal/arm64/NotarizationInfo.SwiftFileList (in target 'NotarizationInfo' from project 'NotarizationInfo')
cd /Users/admin/builder/spi-builder-workspace/.dependencies/checkouts/NotarizationInfo
write-file /Users/admin/builder/spi-builder-workspace/.derivedData/Build/Intermediates.noindex/NotarizationInfo.build/Debug-watchos/NotarizationInfo-t.build/Objects-normal/arm64/NotarizationInfo.SwiftFileList
WriteAuxiliaryFile /Users/admin/builder/spi-builder-workspace/.derivedData/Build/Intermediates.noindex/NotarizationInfo.build/Debug-watchos/NotarizationInfo-t.build/Objects-normal/arm64/NotarizationInfo_const_extract_protocols.json (in target 'NotarizationInfo' from project 'NotarizationInfo')
cd /Users/admin/builder/spi-builder-workspace/.dependencies/checkouts/NotarizationInfo
write-file /Users/admin/builder/spi-builder-workspace/.derivedData/Build/Intermediates.noindex/NotarizationInfo.build/Debug-watchos/NotarizationInfo-t.build/Objects-normal/arm64/NotarizationInfo_const_extract_protocols.json
WriteAuxiliaryFile /Users/admin/builder/spi-builder-workspace/.derivedData/Build/Intermediates.noindex/NotarizationInfo.build/Debug-watchos/NotarizationInfo-t.build/Objects-normal/arm64/NotarizationInfo.SwiftConstValuesFileList (in target 'NotarizationInfo' from project 'NotarizationInfo')
cd /Users/admin/builder/spi-builder-workspace/.dependencies/checkouts/NotarizationInfo
write-file /Users/admin/builder/spi-builder-workspace/.derivedData/Build/Intermediates.noindex/NotarizationInfo.build/Debug-watchos/NotarizationInfo-t.build/Objects-normal/arm64/NotarizationInfo.SwiftConstValuesFileList
WriteAuxiliaryFile /Users/admin/builder/spi-builder-workspace/.derivedData/Build/Intermediates.noindex/NotarizationInfo.build/Debug-watchos/NotarizationInfo-t.build/Objects-normal/arm64/NotarizationInfo.LinkFileList (in target 'NotarizationInfo' from project 'NotarizationInfo')
cd /Users/admin/builder/spi-builder-workspace/.dependencies/checkouts/NotarizationInfo
write-file /Users/admin/builder/spi-builder-workspace/.derivedData/Build/Intermediates.noindex/NotarizationInfo.build/Debug-watchos/NotarizationInfo-t.build/Objects-normal/arm64/NotarizationInfo.LinkFileList
WriteAuxiliaryFile /Users/admin/builder/spi-builder-workspace/.derivedData/Build/Intermediates.noindex/NotarizationInfo.build/Debug-watchos/NotarizationInfo-t.build/Objects-normal/arm64/NotarizationInfo-OutputFileMap.json (in target 'NotarizationInfo' from project 'NotarizationInfo')
cd /Users/admin/builder/spi-builder-workspace/.dependencies/checkouts/NotarizationInfo
write-file /Users/admin/builder/spi-builder-workspace/.derivedData/Build/Intermediates.noindex/NotarizationInfo.build/Debug-watchos/NotarizationInfo-t.build/Objects-normal/arm64/NotarizationInfo-OutputFileMap.json
WriteAuxiliaryFile /Users/admin/builder/spi-builder-workspace/.derivedData/Build/Intermediates.noindex/NotarizationInfo.build/Debug-watchos/NotarizationInfo-t.build/NotarizationInfo.DependencyStaticMetadataFileList (in target 'NotarizationInfo' from project 'NotarizationInfo')
cd /Users/admin/builder/spi-builder-workspace/.dependencies/checkouts/NotarizationInfo
write-file /Users/admin/builder/spi-builder-workspace/.derivedData/Build/Intermediates.noindex/NotarizationInfo.build/Debug-watchos/NotarizationInfo-t.build/NotarizationInfo.DependencyStaticMetadataFileList
Copy /Users/admin/builder/spi-builder-workspace/.derivedData/Build/Intermediates.noindex/GeneratedModuleMaps-watchos/NotarizeProcess.modulemap /Users/admin/builder/spi-builder-workspace/.derivedData/Build/Intermediates.noindex/NotarizeProcess.build/Debug-watchos/NotarizeProcess-t.build/NotarizeProcess.modulemap (in target 'NotarizeProcess' from project 'NotarizeProcess')
cd /Users/admin/builder/spi-builder-workspace
builtin-copy -exclude .DS_Store -exclude CVS -exclude .svn -exclude .git -exclude .hg -resolve-src-symlinks /Users/admin/builder/spi-builder-workspace/.derivedData/Build/Intermediates.noindex/NotarizeProcess.build/Debug-watchos/NotarizeProcess-t.build/NotarizeProcess.modulemap /Users/admin/builder/spi-builder-workspace/.derivedData/Build/Intermediates.noindex/GeneratedModuleMaps-watchos
WriteAuxiliaryFile /Users/admin/builder/spi-builder-workspace/.derivedData/Build/Intermediates.noindex/NotarizationInfo.build/Debug-watchos/NotarizationInfo-t.build/NotarizationInfo.DependencyMetadataFileList (in target 'NotarizationInfo' from project 'NotarizationInfo')
cd /Users/admin/builder/spi-builder-workspace/.dependencies/checkouts/NotarizationInfo
write-file /Users/admin/builder/spi-builder-workspace/.derivedData/Build/Intermediates.noindex/NotarizationInfo.build/Debug-watchos/NotarizationInfo-t.build/NotarizationInfo.DependencyMetadataFileList
Copy /Users/admin/builder/spi-builder-workspace/.derivedData/Build/Intermediates.noindex/GeneratedModuleMaps-watchos/NotarizationInfo.modulemap /Users/admin/builder/spi-builder-workspace/.derivedData/Build/Intermediates.noindex/NotarizationInfo.build/Debug-watchos/NotarizationInfo-t.build/NotarizationInfo.modulemap (in target 'NotarizationInfo' from project 'NotarizationInfo')
cd /Users/admin/builder/spi-builder-workspace/.dependencies/checkouts/NotarizationInfo
builtin-copy -exclude .DS_Store -exclude CVS -exclude .svn -exclude .git -exclude .hg -resolve-src-symlinks /Users/admin/builder/spi-builder-workspace/.derivedData/Build/Intermediates.noindex/NotarizationInfo.build/Debug-watchos/NotarizationInfo-t.build/NotarizationInfo.modulemap /Users/admin/builder/spi-builder-workspace/.derivedData/Build/Intermediates.noindex/GeneratedModuleMaps-watchos
WriteAuxiliaryFile /Users/admin/builder/spi-builder-workspace/.derivedData/Build/Intermediates.noindex/NotarizationAuditLog.build/Debug-watchos/NotarizationAuditLog-t.build/Objects-normal/arm64_32/NotarizationAuditLog_const_extract_protocols.json (in target 'NotarizationAuditLog' from project 'NotarizationAuditLog')
cd /Users/admin/builder/spi-builder-workspace/.dependencies/checkouts/NotarizationAuditLog
write-file /Users/admin/builder/spi-builder-workspace/.derivedData/Build/Intermediates.noindex/NotarizationAuditLog.build/Debug-watchos/NotarizationAuditLog-t.build/Objects-normal/arm64_32/NotarizationAuditLog_const_extract_protocols.json
WriteAuxiliaryFile /Users/admin/builder/spi-builder-workspace/.derivedData/Build/Intermediates.noindex/NotarizationAuditLog.build/Debug-watchos/NotarizationAuditLog-t.build/Objects-normal/arm64_32/NotarizationAuditLog.SwiftConstValuesFileList (in target 'NotarizationAuditLog' from project 'NotarizationAuditLog')
cd /Users/admin/builder/spi-builder-workspace/.dependencies/checkouts/NotarizationAuditLog
write-file /Users/admin/builder/spi-builder-workspace/.derivedData/Build/Intermediates.noindex/NotarizationAuditLog.build/Debug-watchos/NotarizationAuditLog-t.build/Objects-normal/arm64_32/NotarizationAuditLog.SwiftConstValuesFileList
WriteAuxiliaryFile /Users/admin/builder/spi-builder-workspace/.derivedData/Build/Intermediates.noindex/NotarizationAuditLog.build/Debug-watchos/NotarizationAuditLog-t.build/Objects-normal/arm64_32/NotarizationAuditLog.SwiftFileList (in target 'NotarizationAuditLog' from project 'NotarizationAuditLog')
cd /Users/admin/builder/spi-builder-workspace/.dependencies/checkouts/NotarizationAuditLog
write-file /Users/admin/builder/spi-builder-workspace/.derivedData/Build/Intermediates.noindex/NotarizationAuditLog.build/Debug-watchos/NotarizationAuditLog-t.build/Objects-normal/arm64_32/NotarizationAuditLog.SwiftFileList
WriteAuxiliaryFile /Users/admin/builder/spi-builder-workspace/.derivedData/Build/Intermediates.noindex/NotarizationAuditLog.build/Debug-watchos/NotarizationAuditLog-t.build/Objects-normal/arm64_32/NotarizationAuditLog.LinkFileList (in target 'NotarizationAuditLog' from project 'NotarizationAuditLog')
cd /Users/admin/builder/spi-builder-workspace/.dependencies/checkouts/NotarizationAuditLog
write-file /Users/admin/builder/spi-builder-workspace/.derivedData/Build/Intermediates.noindex/NotarizationAuditLog.build/Debug-watchos/NotarizationAuditLog-t.build/Objects-normal/arm64_32/NotarizationAuditLog.LinkFileList
WriteAuxiliaryFile /Users/admin/builder/spi-builder-workspace/.derivedData/Build/Intermediates.noindex/NotarizationAuditLog.build/Debug-watchos/NotarizationAuditLog-t.build/Objects-normal/arm64_32/NotarizationAuditLog-OutputFileMap.json (in target 'NotarizationAuditLog' from project 'NotarizationAuditLog')
cd /Users/admin/builder/spi-builder-workspace/.dependencies/checkouts/NotarizationAuditLog
write-file /Users/admin/builder/spi-builder-workspace/.derivedData/Build/Intermediates.noindex/NotarizationAuditLog.build/Debug-watchos/NotarizationAuditLog-t.build/Objects-normal/arm64_32/NotarizationAuditLog-OutputFileMap.json
WriteAuxiliaryFile /Users/admin/builder/spi-builder-workspace/.derivedData/Build/Intermediates.noindex/NotarizationAuditLog.build/Debug-watchos/NotarizationAuditLog-t.build/Objects-normal/arm64/NotarizationAuditLog_const_extract_protocols.json (in target 'NotarizationAuditLog' from project 'NotarizationAuditLog')
cd /Users/admin/builder/spi-builder-workspace/.dependencies/checkouts/NotarizationAuditLog
write-file /Users/admin/builder/spi-builder-workspace/.derivedData/Build/Intermediates.noindex/NotarizationAuditLog.build/Debug-watchos/NotarizationAuditLog-t.build/Objects-normal/arm64/NotarizationAuditLog_const_extract_protocols.json
WriteAuxiliaryFile /Users/admin/builder/spi-builder-workspace/.derivedData/Build/Intermediates.noindex/NotarizationAuditLog.build/Debug-watchos/NotarizationAuditLog-t.build/Objects-normal/arm64/NotarizationAuditLog.SwiftFileList (in target 'NotarizationAuditLog' from project 'NotarizationAuditLog')
cd /Users/admin/builder/spi-builder-workspace/.dependencies/checkouts/NotarizationAuditLog
write-file /Users/admin/builder/spi-builder-workspace/.derivedData/Build/Intermediates.noindex/NotarizationAuditLog.build/Debug-watchos/NotarizationAuditLog-t.build/Objects-normal/arm64/NotarizationAuditLog.SwiftFileList
WriteAuxiliaryFile /Users/admin/builder/spi-builder-workspace/.derivedData/Build/Intermediates.noindex/NotarizationAuditLog.build/Debug-watchos/NotarizationAuditLog-t.build/Objects-normal/arm64/NotarizationAuditLog.SwiftConstValuesFileList (in target 'NotarizationAuditLog' from project 'NotarizationAuditLog')
cd /Users/admin/builder/spi-builder-workspace/.dependencies/checkouts/NotarizationAuditLog
write-file /Users/admin/builder/spi-builder-workspace/.derivedData/Build/Intermediates.noindex/NotarizationAuditLog.build/Debug-watchos/NotarizationAuditLog-t.build/Objects-normal/arm64/NotarizationAuditLog.SwiftConstValuesFileList
WriteAuxiliaryFile /Users/admin/builder/spi-builder-workspace/.derivedData/Build/Intermediates.noindex/NotarizationAuditLog.build/Debug-watchos/NotarizationAuditLog-t.build/Objects-normal/arm64/NotarizationAuditLog.LinkFileList (in target 'NotarizationAuditLog' from project 'NotarizationAuditLog')
cd /Users/admin/builder/spi-builder-workspace/.dependencies/checkouts/NotarizationAuditLog
write-file /Users/admin/builder/spi-builder-workspace/.derivedData/Build/Intermediates.noindex/NotarizationAuditLog.build/Debug-watchos/NotarizationAuditLog-t.build/Objects-normal/arm64/NotarizationAuditLog.LinkFileList
WriteAuxiliaryFile /Users/admin/builder/spi-builder-workspace/.derivedData/Build/Intermediates.noindex/NotarizationAuditLog.build/Debug-watchos/NotarizationAuditLog-t.build/Objects-normal/arm64/NotarizationAuditLog-OutputFileMap.json (in target 'NotarizationAuditLog' from project 'NotarizationAuditLog')
cd /Users/admin/builder/spi-builder-workspace/.dependencies/checkouts/NotarizationAuditLog
write-file /Users/admin/builder/spi-builder-workspace/.derivedData/Build/Intermediates.noindex/NotarizationAuditLog.build/Debug-watchos/NotarizationAuditLog-t.build/Objects-normal/arm64/NotarizationAuditLog-OutputFileMap.json
WriteAuxiliaryFile /Users/admin/builder/spi-builder-workspace/.derivedData/Build/Intermediates.noindex/NotarizationAuditLog.build/Debug-watchos/NotarizationAuditLog-t.build/NotarizationAuditLog.modulemap (in target 'NotarizationAuditLog' from project 'NotarizationAuditLog')
cd /Users/admin/builder/spi-builder-workspace/.dependencies/checkouts/NotarizationAuditLog
write-file /Users/admin/builder/spi-builder-workspace/.derivedData/Build/Intermediates.noindex/NotarizationAuditLog.build/Debug-watchos/NotarizationAuditLog-t.build/NotarizationAuditLog.modulemap
WriteAuxiliaryFile /Users/admin/builder/spi-builder-workspace/.derivedData/Build/Intermediates.noindex/NotarizationAuditLog.build/Debug-watchos/NotarizationAuditLog-t.build/NotarizationAuditLog.DependencyStaticMetadataFileList (in target 'NotarizationAuditLog' from project 'NotarizationAuditLog')
cd /Users/admin/builder/spi-builder-workspace/.dependencies/checkouts/NotarizationAuditLog
write-file /Users/admin/builder/spi-builder-workspace/.derivedData/Build/Intermediates.noindex/NotarizationAuditLog.build/Debug-watchos/NotarizationAuditLog-t.build/NotarizationAuditLog.DependencyStaticMetadataFileList
WriteAuxiliaryFile /Users/admin/builder/spi-builder-workspace/.derivedData/Build/Intermediates.noindex/NotarizationAuditLog.build/Debug-watchos/NotarizationAuditLog-t.build/NotarizationAuditLog.DependencyMetadataFileList (in target 'NotarizationAuditLog' from project 'NotarizationAuditLog')
cd /Users/admin/builder/spi-builder-workspace/.dependencies/checkouts/NotarizationAuditLog
write-file /Users/admin/builder/spi-builder-workspace/.derivedData/Build/Intermediates.noindex/NotarizationAuditLog.build/Debug-watchos/NotarizationAuditLog-t.build/NotarizationAuditLog.DependencyMetadataFileList
Copy /Users/admin/builder/spi-builder-workspace/.derivedData/Build/Intermediates.noindex/GeneratedModuleMaps-watchos/NotarizationAuditLog.modulemap /Users/admin/builder/spi-builder-workspace/.derivedData/Build/Intermediates.noindex/NotarizationAuditLog.build/Debug-watchos/NotarizationAuditLog-t.build/NotarizationAuditLog.modulemap (in target 'NotarizationAuditLog' from project 'NotarizationAuditLog')
cd /Users/admin/builder/spi-builder-workspace/.dependencies/checkouts/NotarizationAuditLog
builtin-copy -exclude .DS_Store -exclude CVS -exclude .svn -exclude .git -exclude .hg -resolve-src-symlinks /Users/admin/builder/spi-builder-workspace/.derivedData/Build/Intermediates.noindex/NotarizationAuditLog.build/Debug-watchos/NotarizationAuditLog-t.build/NotarizationAuditLog.modulemap /Users/admin/builder/spi-builder-workspace/.derivedData/Build/Intermediates.noindex/GeneratedModuleMaps-watchos
SwiftDriver NotarizationInfo normal arm64_32 com.apple.xcode.tools.swift.compiler (in target 'NotarizationInfo' from project 'NotarizationInfo')
cd /Users/admin/builder/spi-builder-workspace/.swiftpm/xcode
builtin-SwiftDriver -- /Applications/Xcode-27.0.0-Release.Candidate.app/Contents/Developer/Toolchains/XcodeDefault.xctoolchain/usr/bin/swiftc -parse-as-library -module-name NotarizationInfo -Onone @/Users/admin/builder/spi-builder-workspace/.derivedData/Build/Intermediates.noindex/NotarizationInfo.build/Debug-watchos/NotarizationInfo-t.build/Objects-normal/arm64_32/NotarizationInfo.SwiftFileList -DSWIFT_PACKAGE -DDEBUG -DSWIFT_MODULE_RESOURCE_BUNDLE_UNAVAILABLE -DXcode -plugin-path /Applications/Xcode-27.0.0-Release.Candidate.app/Contents/Developer/Toolchains/XcodeDefault.xctoolchain/usr/lib/swift/host/plugins/testing -enable-experimental-feature DebugDescriptionMacro -sdk /Applications/Xcode-27.0.0-Release.Candidate.app/Contents/Developer/Platforms/WatchOS.platform/Developer/SDKs/WatchOS27.0.sdk -target arm64_32-apple-watchos9.0 -g -module-cache-path /Users/admin/builder/spi-builder-workspace/.derivedData/ModuleCache.noindex -Xfrontend -serialize-debugging-options -profile-coverage-mapping -profile-generate -enable-testing -suppress-warnings -index-store-path /Users/admin/builder/spi-builder-workspace/.derivedData/Index.noindex/DataStore -Xcc -D_LIBCPP_HARDENING_MODE\=_LIBCPP_HARDENING_MODE_DEBUG -swift-version 5 -I /Users/admin/builder/spi-builder-workspace/.derivedData/Build/Products/Debug-watchos -Isystem /Applications/Xcode-27.0.0-Release.Candidate.app/Contents/Developer/Platforms/WatchOS.platform/Developer/usr/lib -F /Users/admin/builder/spi-builder-workspace/.derivedData/Build/Products/Debug-watchos -F /Applications/Xcode-27.0.0-Release.Candidate.app/Contents/Developer/Platforms/WatchOS.platform/Developer/Library/Frameworks -F /Applications/Xcode-27.0.0-Release.Candidate.app/Contents/Developer/Platforms/WatchOS.platform/Developer/SDKs/WatchOS27.0.sdk/Developer/Library/Frameworks -c -j10 -enable-batch-mode -incremental -Xcc -ivfsstatcache -Xcc /Users/admin/builder/spi-builder-workspace/.derivedData/SDKStatCaches.noindex/watchos27.0-24R360-e829b21a6f8c9b70876ba0858053c04477534ef55a1706bf4c1112bbb242f0a2.sdkstatcache -output-file-map /Users/admin/builder/spi-builder-workspace/.derivedData/Build/Intermediates.noindex/NotarizationInfo.build/Debug-watchos/NotarizationInfo-t.build/Objects-normal/arm64_32/NotarizationInfo-OutputFileMap.json -save-temps -no-color-diagnostics -explicit-module-build -module-cache-path /Users/admin/builder/spi-builder-workspace/.derivedData/Build/Intermediates.noindex/SwiftExplicitPrecompiledModules -clang-scanner-module-cache-path /Users/admin/builder/spi-builder-workspace/.derivedData/ModuleCache.noindex -sdk-module-cache-path /Users/admin/builder/spi-builder-workspace/.derivedData/SDKExplicitPrecompiledModules -emit-dependencies -emit-module -emit-module-path /Users/admin/builder/spi-builder-workspace/.derivedData/Build/Intermediates.noindex/NotarizationInfo.build/Debug-watchos/NotarizationInfo-t.build/Objects-normal/arm64_32/NotarizationInfo.swiftmodule -serialize-diagnostics -dependency-scan-serialize-diagnostics-path /Users/admin/builder/spi-builder-workspace/.derivedData/Build/Intermediates.noindex/NotarizationInfo.build/Debug-watchos/NotarizationInfo-t.build/Objects-normal/arm64_32/NotarizationInfo-dependency-scan.dia -validate-clang-modules-once -clang-build-session-file /Users/admin/builder/spi-builder-workspace/.derivedData/ModuleCache.noindex/Session.modulevalidation -Xcc -fmodules-prune-interval\=86400 -Xcc -fmodules-prune-after\=345600 -emit-const-values -const-gather-protocols-list /Users/admin/builder/spi-builder-workspace/.derivedData/Build/Intermediates.noindex/NotarizationInfo.build/Debug-watchos/NotarizationInfo-t.build/Objects-normal/arm64_32/NotarizationInfo_const_extract_protocols.json -Xcc -I/Users/admin/builder/spi-builder-workspace/.derivedData/Build/Products/Debug-watchos/include -Xcc -I/Users/admin/builder/spi-builder-workspace/.derivedData/Build/Intermediates.noindex/NotarizationInfo.build/Debug-watchos/NotarizationInfo-t.build/DerivedSources-normal/arm64_32 -Xcc -I/Users/admin/builder/spi-builder-workspace/.derivedData/Build/Intermediates.noindex/NotarizationInfo.build/Debug-watchos/NotarizationInfo-t.build/DerivedSources/arm64_32 -Xcc -I/Users/admin/builder/spi-builder-workspace/.derivedData/Build/Intermediates.noindex/NotarizationInfo.build/Debug-watchos/NotarizationInfo-t.build/DerivedSources -Xcc -DSWIFT_PACKAGE -Xcc -DDEBUG\=1 -emit-objc-header -emit-objc-header-path /Users/admin/builder/spi-builder-workspace/.derivedData/Build/Intermediates.noindex/NotarizationInfo.build/Debug-watchos/NotarizationInfo-t.build/Objects-normal/arm64_32/NotarizationInfo-Swift.h -working-directory /Users/admin/builder/spi-builder-workspace/.swiftpm/xcode -experimental-emit-module-separately -disable-cmo
SwiftDriver NotarizationAuditLog normal arm64_32 com.apple.xcode.tools.swift.compiler (in target 'NotarizationAuditLog' from project 'NotarizationAuditLog')
cd /Users/admin/builder/spi-builder-workspace/.swiftpm/xcode
builtin-SwiftDriver -- /Applications/Xcode-27.0.0-Release.Candidate.app/Contents/Developer/Toolchains/XcodeDefault.xctoolchain/usr/bin/swiftc -parse-as-library -module-name NotarizationAuditLog -Onone @/Users/admin/builder/spi-builder-workspace/.derivedData/Build/Intermediates.noindex/NotarizationAuditLog.build/Debug-watchos/NotarizationAuditLog-t.build/Objects-normal/arm64_32/NotarizationAuditLog.SwiftFileList -DSWIFT_PACKAGE -DDEBUG -DSWIFT_MODULE_RESOURCE_BUNDLE_UNAVAILABLE -DXcode -plugin-path /Applications/Xcode-27.0.0-Release.Candidate.app/Contents/Developer/Toolchains/XcodeDefault.xctoolchain/usr/lib/swift/host/plugins/testing -enable-experimental-feature DebugDescriptionMacro -sdk /Applications/Xcode-27.0.0-Release.Candidate.app/Contents/Developer/Platforms/WatchOS.platform/Developer/SDKs/WatchOS27.0.sdk -target arm64_32-apple-watchos9.0 -g -module-cache-path /Users/admin/builder/spi-builder-workspace/.derivedData/ModuleCache.noindex -Xfrontend -serialize-debugging-options -profile-coverage-mapping -profile-generate -enable-testing -suppress-warnings -index-store-path /Users/admin/builder/spi-builder-workspace/.derivedData/Index.noindex/DataStore -Xcc -D_LIBCPP_HARDENING_MODE\=_LIBCPP_HARDENING_MODE_DEBUG -swift-version 5 -I /Users/admin/builder/spi-builder-workspace/.derivedData/Build/Products/Debug-watchos -Isystem /Applications/Xcode-27.0.0-Release.Candidate.app/Contents/Developer/Platforms/WatchOS.platform/Developer/usr/lib -F /Users/admin/builder/spi-builder-workspace/.derivedData/Build/Products/Debug-watchos -F /Applications/Xcode-27.0.0-Release.Candidate.app/Contents/Developer/Platforms/WatchOS.platform/Developer/Library/Frameworks -F /Applications/Xcode-27.0.0-Release.Candidate.app/Contents/Developer/Platforms/WatchOS.platform/Developer/SDKs/WatchOS27.0.sdk/Developer/Library/Frameworks -c -j10 -enable-batch-mode -incremental -Xcc -ivfsstatcache -Xcc /Users/admin/builder/spi-builder-workspace/.derivedData/SDKStatCaches.noindex/watchos27.0-24R360-e829b21a6f8c9b70876ba0858053c04477534ef55a1706bf4c1112bbb242f0a2.sdkstatcache -output-file-map /Users/admin/builder/spi-builder-workspace/.derivedData/Build/Intermediates.noindex/NotarizationAuditLog.build/Debug-watchos/NotarizationAuditLog-t.build/Objects-normal/arm64_32/NotarizationAuditLog-OutputFileMap.json -save-temps -no-color-diagnostics -explicit-module-build -module-cache-path /Users/admin/builder/spi-builder-workspace/.derivedData/Build/Intermediates.noindex/SwiftExplicitPrecompiledModules -clang-scanner-module-cache-path /Users/admin/builder/spi-builder-workspace/.derivedData/ModuleCache.noindex -sdk-module-cache-path /Users/admin/builder/spi-builder-workspace/.derivedData/SDKExplicitPrecompiledModules -emit-dependencies -emit-module -emit-module-path /Users/admin/builder/spi-builder-workspace/.derivedData/Build/Intermediates.noindex/NotarizationAuditLog.build/Debug-watchos/NotarizationAuditLog-t.build/Objects-normal/arm64_32/NotarizationAuditLog.swiftmodule -serialize-diagnostics -dependency-scan-serialize-diagnostics-path /Users/admin/builder/spi-builder-workspace/.derivedData/Build/Intermediates.noindex/NotarizationAuditLog.build/Debug-watchos/NotarizationAuditLog-t.build/Objects-normal/arm64_32/NotarizationAuditLog-dependency-scan.dia -validate-clang-modules-once -clang-build-session-file /Users/admin/builder/spi-builder-workspace/.derivedData/ModuleCache.noindex/Session.modulevalidation -Xcc -fmodules-prune-interval\=86400 -Xcc -fmodules-prune-after\=345600 -emit-const-values -const-gather-protocols-list /Users/admin/builder/spi-builder-workspace/.derivedData/Build/Intermediates.noindex/NotarizationAuditLog.build/Debug-watchos/NotarizationAuditLog-t.build/Objects-normal/arm64_32/NotarizationAuditLog_const_extract_protocols.json -Xcc -I/Users/admin/builder/spi-builder-workspace/.derivedData/Build/Products/Debug-watchos/include -Xcc -I/Users/admin/builder/spi-builder-workspace/.derivedData/Build/Intermediates.noindex/NotarizationAuditLog.build/Debug-watchos/NotarizationAuditLog-t.build/DerivedSources-normal/arm64_32 -Xcc -I/Users/admin/builder/spi-builder-workspace/.derivedData/Build/Intermediates.noindex/NotarizationAuditLog.build/Debug-watchos/NotarizationAuditLog-t.build/DerivedSources/arm64_32 -Xcc -I/Users/admin/builder/spi-builder-workspace/.derivedData/Build/Intermediates.noindex/NotarizationAuditLog.build/Debug-watchos/NotarizationAuditLog-t.build/DerivedSources -Xcc -DSWIFT_PACKAGE -Xcc -DDEBUG\=1 -emit-objc-header -emit-objc-header-path /Users/admin/builder/spi-builder-workspace/.derivedData/Build/Intermediates.noindex/NotarizationAuditLog.build/Debug-watchos/NotarizationAuditLog-t.build/Objects-normal/arm64_32/NotarizationAuditLog-Swift.h -working-directory /Users/admin/builder/spi-builder-workspace/.swiftpm/xcode -experimental-emit-module-separately -disable-cmo
SwiftDriver NotarizationInfo normal arm64 com.apple.xcode.tools.swift.compiler (in target 'NotarizationInfo' from project 'NotarizationInfo')
cd /Users/admin/builder/spi-builder-workspace/.swiftpm/xcode
builtin-SwiftDriver -- /Applications/Xcode-27.0.0-Release.Candidate.app/Contents/Developer/Toolchains/XcodeDefault.xctoolchain/usr/bin/swiftc -parse-as-library -module-name NotarizationInfo -Onone @/Users/admin/builder/spi-builder-workspace/.derivedData/Build/Intermediates.noindex/NotarizationInfo.build/Debug-watchos/NotarizationInfo-t.build/Objects-normal/arm64/NotarizationInfo.SwiftFileList -DSWIFT_PACKAGE -DDEBUG -DSWIFT_MODULE_RESOURCE_BUNDLE_UNAVAILABLE -DXcode -plugin-path /Applications/Xcode-27.0.0-Release.Candidate.app/Contents/Developer/Toolchains/XcodeDefault.xctoolchain/usr/lib/swift/host/plugins/testing -enable-experimental-feature DebugDescriptionMacro -sdk /Applications/Xcode-27.0.0-Release.Candidate.app/Contents/Developer/Platforms/WatchOS.platform/Developer/SDKs/WatchOS27.0.sdk -target arm64-apple-watchos9.0 -g -module-cache-path /Users/admin/builder/spi-builder-workspace/.derivedData/ModuleCache.noindex -Xfrontend -serialize-debugging-options -profile-coverage-mapping -profile-generate -enable-testing -suppress-warnings -index-store-path /Users/admin/builder/spi-builder-workspace/.derivedData/Index.noindex/DataStore -Xcc -D_LIBCPP_HARDENING_MODE\=_LIBCPP_HARDENING_MODE_DEBUG -swift-version 5 -I /Users/admin/builder/spi-builder-workspace/.derivedData/Build/Products/Debug-watchos -Isystem /Applications/Xcode-27.0.0-Release.Candidate.app/Contents/Developer/Platforms/WatchOS.platform/Developer/usr/lib -F /Users/admin/builder/spi-builder-workspace/.derivedData/Build/Products/Debug-watchos -F /Applications/Xcode-27.0.0-Release.Candidate.app/Contents/Developer/Platforms/WatchOS.platform/Developer/Library/Frameworks -F /Applications/Xcode-27.0.0-Release.Candidate.app/Contents/Developer/Platforms/WatchOS.platform/Developer/SDKs/WatchOS27.0.sdk/Developer/Library/Frameworks -c -j10 -enable-batch-mode -incremental -Xcc -ivfsstatcache -Xcc /Users/admin/builder/spi-builder-workspace/.derivedData/SDKStatCaches.noindex/watchos27.0-24R360-e829b21a6f8c9b70876ba0858053c04477534ef55a1706bf4c1112bbb242f0a2.sdkstatcache -output-file-map /Users/admin/builder/spi-builder-workspace/.derivedData/Build/Intermediates.noindex/NotarizationInfo.build/Debug-watchos/NotarizationInfo-t.build/Objects-normal/arm64/NotarizationInfo-OutputFileMap.json -save-temps -no-color-diagnostics -explicit-module-build -module-cache-path /Users/admin/builder/spi-builder-workspace/.derivedData/Build/Intermediates.noindex/SwiftExplicitPrecompiledModules -clang-scanner-module-cache-path /Users/admin/builder/spi-builder-workspace/.derivedData/ModuleCache.noindex -sdk-module-cache-path /Users/admin/builder/spi-builder-workspace/.derivedData/SDKExplicitPrecompiledModules -emit-dependencies -emit-module -emit-module-path /Users/admin/builder/spi-builder-workspace/.derivedData/Build/Intermediates.noindex/NotarizationInfo.build/Debug-watchos/NotarizationInfo-t.build/Objects-normal/arm64/NotarizationInfo.swiftmodule -serialize-diagnostics -dependency-scan-serialize-diagnostics-path /Users/admin/builder/spi-builder-workspace/.derivedData/Build/Intermediates.noindex/NotarizationInfo.build/Debug-watchos/NotarizationInfo-t.build/Objects-normal/arm64/NotarizationInfo-dependency-scan.dia -validate-clang-modules-once -clang-build-session-file /Users/admin/builder/spi-builder-workspace/.derivedData/ModuleCache.noindex/Session.modulevalidation -Xcc -fmodules-prune-interval\=86400 -Xcc -fmodules-prune-after\=345600 -emit-const-values -const-gather-protocols-list /Users/admin/builder/spi-builder-workspace/.derivedData/Build/Intermediates.noindex/NotarizationInfo.build/Debug-watchos/NotarizationInfo-t.build/Objects-normal/arm64/NotarizationInfo_const_extract_protocols.json -Xcc -I/Users/admin/builder/spi-builder-workspace/.derivedData/Build/Products/Debug-watchos/include -Xcc -I/Users/admin/builder/spi-builder-workspace/.derivedData/Build/Intermediates.noindex/NotarizationInfo.build/Debug-watchos/NotarizationInfo-t.build/DerivedSources-normal/arm64 -Xcc -I/Users/admin/builder/spi-builder-workspace/.derivedData/Build/Intermediates.noindex/NotarizationInfo.build/Debug-watchos/NotarizationInfo-t.build/DerivedSources/arm64 -Xcc -I/Users/admin/builder/spi-builder-workspace/.derivedData/Build/Intermediates.noindex/NotarizationInfo.build/Debug-watchos/NotarizationInfo-t.build/DerivedSources -Xcc -DSWIFT_PACKAGE -Xcc -DDEBUG\=1 -emit-objc-header -emit-objc-header-path /Users/admin/builder/spi-builder-workspace/.derivedData/Build/Intermediates.noindex/NotarizationInfo.build/Debug-watchos/NotarizationInfo-t.build/Objects-normal/arm64/NotarizationInfo-Swift.h -working-directory /Users/admin/builder/spi-builder-workspace/.swiftpm/xcode -experimental-emit-module-separately -disable-cmo
SwiftDriver NotarizationAuditLog normal arm64 com.apple.xcode.tools.swift.compiler (in target 'NotarizationAuditLog' from project 'NotarizationAuditLog')
cd /Users/admin/builder/spi-builder-workspace/.swiftpm/xcode
builtin-SwiftDriver -- /Applications/Xcode-27.0.0-Release.Candidate.app/Contents/Developer/Toolchains/XcodeDefault.xctoolchain/usr/bin/swiftc -parse-as-library -module-name NotarizationAuditLog -Onone @/Users/admin/builder/spi-builder-workspace/.derivedData/Build/Intermediates.noindex/NotarizationAuditLog.build/Debug-watchos/NotarizationAuditLog-t.build/Objects-normal/arm64/NotarizationAuditLog.SwiftFileList -DSWIFT_PACKAGE -DDEBUG -DSWIFT_MODULE_RESOURCE_BUNDLE_UNAVAILABLE -DXcode -plugin-path /Applications/Xcode-27.0.0-Release.Candidate.app/Contents/Developer/Toolchains/XcodeDefault.xctoolchain/usr/lib/swift/host/plugins/testing -enable-experimental-feature DebugDescriptionMacro -sdk /Applications/Xcode-27.0.0-Release.Candidate.app/Contents/Developer/Platforms/WatchOS.platform/Developer/SDKs/WatchOS27.0.sdk -target arm64-apple-watchos9.0 -g -module-cache-path /Users/admin/builder/spi-builder-workspace/.derivedData/ModuleCache.noindex -Xfrontend -serialize-debugging-options -profile-coverage-mapping -profile-generate -enable-testing -suppress-warnings -index-store-path /Users/admin/builder/spi-builder-workspace/.derivedData/Index.noindex/DataStore -Xcc -D_LIBCPP_HARDENING_MODE\=_LIBCPP_HARDENING_MODE_DEBUG -swift-version 5 -I /Users/admin/builder/spi-builder-workspace/.derivedData/Build/Products/Debug-watchos -Isystem /Applications/Xcode-27.0.0-Release.Candidate.app/Contents/Developer/Platforms/WatchOS.platform/Developer/usr/lib -F /Users/admin/builder/spi-builder-workspace/.derivedData/Build/Products/Debug-watchos -F /Applications/Xcode-27.0.0-Release.Candidate.app/Contents/Developer/Platforms/WatchOS.platform/Developer/Library/Frameworks -F /Applications/Xcode-27.0.0-Release.Candidate.app/Contents/Developer/Platforms/WatchOS.platform/Developer/SDKs/WatchOS27.0.sdk/Developer/Library/Frameworks -c -j10 -enable-batch-mode -incremental -Xcc -ivfsstatcache -Xcc /Users/admin/builder/spi-builder-workspace/.derivedData/SDKStatCaches.noindex/watchos27.0-24R360-e829b21a6f8c9b70876ba0858053c04477534ef55a1706bf4c1112bbb242f0a2.sdkstatcache -output-file-map /Users/admin/builder/spi-builder-workspace/.derivedData/Build/Intermediates.noindex/NotarizationAuditLog.build/Debug-watchos/NotarizationAuditLog-t.build/Objects-normal/arm64/NotarizationAuditLog-OutputFileMap.json -save-temps -no-color-diagnostics -explicit-module-build -module-cache-path /Users/admin/builder/spi-builder-workspace/.derivedData/Build/Intermediates.noindex/SwiftExplicitPrecompiledModules -clang-scanner-module-cache-path /Users/admin/builder/spi-builder-workspace/.derivedData/ModuleCache.noindex -sdk-module-cache-path /Users/admin/builder/spi-builder-workspace/.derivedData/SDKExplicitPrecompiledModules -emit-dependencies -emit-module -emit-module-path /Users/admin/builder/spi-builder-workspace/.derivedData/Build/Intermediates.noindex/NotarizationAuditLog.build/Debug-watchos/NotarizationAuditLog-t.build/Objects-normal/arm64/NotarizationAuditLog.swiftmodule -serialize-diagnostics -dependency-scan-serialize-diagnostics-path /Users/admin/builder/spi-builder-workspace/.derivedData/Build/Intermediates.noindex/NotarizationAuditLog.build/Debug-watchos/NotarizationAuditLog-t.build/Objects-normal/arm64/NotarizationAuditLog-dependency-scan.dia -validate-clang-modules-once -clang-build-session-file /Users/admin/builder/spi-builder-workspace/.derivedData/ModuleCache.noindex/Session.modulevalidation -Xcc -fmodules-prune-interval\=86400 -Xcc -fmodules-prune-after\=345600 -emit-const-values -const-gather-protocols-list /Users/admin/builder/spi-builder-workspace/.derivedData/Build/Intermediates.noindex/NotarizationAuditLog.build/Debug-watchos/NotarizationAuditLog-t.build/Objects-normal/arm64/NotarizationAuditLog_const_extract_protocols.json -Xcc -I/Users/admin/builder/spi-builder-workspace/.derivedData/Build/Products/Debug-watchos/include -Xcc -I/Users/admin/builder/spi-builder-workspace/.derivedData/Build/Intermediates.noindex/NotarizationAuditLog.build/Debug-watchos/NotarizationAuditLog-t.build/DerivedSources-normal/arm64 -Xcc -I/Users/admin/builder/spi-builder-workspace/.derivedData/Build/Intermediates.noindex/NotarizationAuditLog.build/Debug-watchos/NotarizationAuditLog-t.build/DerivedSources/arm64 -Xcc -I/Users/admin/builder/spi-builder-workspace/.derivedData/Build/Intermediates.noindex/NotarizationAuditLog.build/Debug-watchos/NotarizationAuditLog-t.build/DerivedSources -Xcc -DSWIFT_PACKAGE -Xcc -DDEBUG\=1 -emit-objc-header -emit-objc-header-path /Users/admin/builder/spi-builder-workspace/.derivedData/Build/Intermediates.noindex/NotarizationAuditLog.build/Debug-watchos/NotarizationAuditLog-t.build/Objects-normal/arm64/NotarizationAuditLog-Swift.h -working-directory /Users/admin/builder/spi-builder-workspace/.swiftpm/xcode -experimental-emit-module-separately -disable-cmo
SwiftExplicitDependencyGeneratePcm arm64_32 /Users/admin/builder/spi-builder-workspace/.derivedData/SDKExplicitPrecompiledModules/_SwiftConcurrencyShims-6RTBPQ03V7BM9SPRK8SUE055H.pcm
SwiftExplicitDependencyGeneratePcm arm64 /Users/admin/builder/spi-builder-workspace/.derivedData/SDKExplicitPrecompiledModules/_SwiftConcurrencyShims-659N52XSKR5F0QSB880BH2FJR.pcm
SwiftExplicitDependencyGeneratePcm arm64 /Users/admin/builder/spi-builder-workspace/.derivedData/SDKExplicitPrecompiledModules/SwiftShims-4MXFZPV6FEB0XBYXCGPWAMQGL.pcm
SwiftExplicitDependencyGeneratePcm arm64_32 /Users/admin/builder/spi-builder-workspace/.derivedData/SDKExplicitPrecompiledModules/SwiftShims-9CQQGWTSNTN9EB5NSHDWUJICH.pcm
SwiftEmitModule normal arm64_32 Emitting\ module\ for\ NotarizationAuditLog (in target 'NotarizationAuditLog' from project 'NotarizationAuditLog')
SwiftCompile normal arm64_32 (in target 'NotarizationAuditLog' from project 'NotarizationAuditLog')
cd /Users/admin/builder/spi-builder-workspace/.swiftpm/xcode
SwiftCompile normal arm64_32 Compiling\ NotarizationAuditLog.swift /Users/admin/builder/spi-builder-workspace/.dependencies/checkouts/NotarizationAuditLog/Sources/NotarizationAuditLog/NotarizationAuditLog.swift (in target 'NotarizationAuditLog' from project 'NotarizationAuditLog')
SwiftCompile normal arm64_32 /Users/admin/builder/spi-builder-workspace/.dependencies/checkouts/NotarizationAuditLog/Sources/NotarizationAuditLog/NotarizationAuditLog.swift (in target 'NotarizationAuditLog' from project 'NotarizationAuditLog')
cd /Users/admin/builder/spi-builder-workspace/.swiftpm/xcode
builtin-SwiftPerFileCompile NotarizationAuditLog.swift
SwiftCompile normal arm64 Compiling\ NotarizationAuditLog.swift /Users/admin/builder/spi-builder-workspace/.dependencies/checkouts/NotarizationAuditLog/Sources/NotarizationAuditLog/NotarizationAuditLog.swift (in target 'NotarizationAuditLog' from project 'NotarizationAuditLog')
SwiftCompile normal arm64 /Users/admin/builder/spi-builder-workspace/.dependencies/checkouts/NotarizationAuditLog/Sources/NotarizationAuditLog/NotarizationAuditLog.swift (in target 'NotarizationAuditLog' from project 'NotarizationAuditLog')
cd /Users/admin/builder/spi-builder-workspace/.swiftpm/xcode
builtin-SwiftPerFileCompile NotarizationAuditLog.swift
SwiftEmitModule normal arm64 Emitting\ module\ for\ NotarizationAuditLog (in target 'NotarizationAuditLog' from project 'NotarizationAuditLog')
SwiftCompile normal arm64 (in target 'NotarizationAuditLog' from project 'NotarizationAuditLog')
cd /Users/admin/builder/spi-builder-workspace/.swiftpm/xcode
SwiftDriverJobDiscovery normal arm64_32 Emitting module for NotarizationAuditLog (in target 'NotarizationAuditLog' from project 'NotarizationAuditLog')
SwiftDriver\ Compilation\ Requirements NotarizationAuditLog normal arm64_32 com.apple.xcode.tools.swift.compiler (in target 'NotarizationAuditLog' from project 'NotarizationAuditLog')
cd /Users/admin/builder/spi-builder-workspace/.swiftpm/xcode
builtin-Swift-Compilation-Requirements -- /Applications/Xcode-27.0.0-Release.Candidate.app/Contents/Developer/Toolchains/XcodeDefault.xctoolchain/usr/bin/swiftc -parse-as-library -module-name NotarizationAuditLog -Onone @/Users/admin/builder/spi-builder-workspace/.derivedData/Build/Intermediates.noindex/NotarizationAuditLog.build/Debug-watchos/NotarizationAuditLog-t.build/Objects-normal/arm64_32/NotarizationAuditLog.SwiftFileList -DSWIFT_PACKAGE -DDEBUG -DSWIFT_MODULE_RESOURCE_BUNDLE_UNAVAILABLE -DXcode -plugin-path /Applications/Xcode-27.0.0-Release.Candidate.app/Contents/Developer/Toolchains/XcodeDefault.xctoolchain/usr/lib/swift/host/plugins/testing -enable-experimental-feature DebugDescriptionMacro -sdk /Applications/Xcode-27.0.0-Release.Candidate.app/Contents/Developer/Platforms/WatchOS.platform/Developer/SDKs/WatchOS27.0.sdk -target arm64_32-apple-watchos9.0 -g -module-cache-path /Users/admin/builder/spi-builder-workspace/.derivedData/ModuleCache.noindex -Xfrontend -serialize-debugging-options -profile-coverage-mapping -profile-generate -enable-testing -suppress-warnings -index-store-path /Users/admin/builder/spi-builder-workspace/.derivedData/Index.noindex/DataStore -Xcc -D_LIBCPP_HARDENING_MODE\=_LIBCPP_HARDENING_MODE_DEBUG -swift-version 5 -I /Users/admin/builder/spi-builder-workspace/.derivedData/Build/Products/Debug-watchos -Isystem /Applications/Xcode-27.0.0-Release.Candidate.app/Contents/Developer/Platforms/WatchOS.platform/Developer/usr/lib -F /Users/admin/builder/spi-builder-workspace/.derivedData/Build/Products/Debug-watchos -F /Applications/Xcode-27.0.0-Release.Candidate.app/Contents/Developer/Platforms/WatchOS.platform/Developer/Library/Frameworks -F /Applications/Xcode-27.0.0-Release.Candidate.app/Contents/Developer/Platforms/WatchOS.platform/Developer/SDKs/WatchOS27.0.sdk/Developer/Library/Frameworks -c -j10 -enable-batch-mode -incremental -Xcc -ivfsstatcache -Xcc /Users/admin/builder/spi-builder-workspace/.derivedData/SDKStatCaches.noindex/watchos27.0-24R360-e829b21a6f8c9b70876ba0858053c04477534ef55a1706bf4c1112bbb242f0a2.sdkstatcache -output-file-map /Users/admin/builder/spi-builder-workspace/.derivedData/Build/Intermediates.noindex/NotarizationAuditLog.build/Debug-watchos/NotarizationAuditLog-t.build/Objects-normal/arm64_32/NotarizationAuditLog-OutputFileMap.json -save-temps -no-color-diagnostics -explicit-module-build -module-cache-path /Users/admin/builder/spi-builder-workspace/.derivedData/Build/Intermediates.noindex/SwiftExplicitPrecompiledModules -clang-scanner-module-cache-path /Users/admin/builder/spi-builder-workspace/.derivedData/ModuleCache.noindex -sdk-module-cache-path /Users/admin/builder/spi-builder-workspace/.derivedData/SDKExplicitPrecompiledModules -emit-dependencies -emit-module -emit-module-path /Users/admin/builder/spi-builder-workspace/.derivedData/Build/Intermediates.noindex/NotarizationAuditLog.build/Debug-watchos/NotarizationAuditLog-t.build/Objects-normal/arm64_32/NotarizationAuditLog.swiftmodule -serialize-diagnostics -dependency-scan-serialize-diagnostics-path /Users/admin/builder/spi-builder-workspace/.derivedData/Build/Intermediates.noindex/NotarizationAuditLog.build/Debug-watchos/NotarizationAuditLog-t.build/Objects-normal/arm64_32/NotarizationAuditLog-dependency-scan.dia -validate-clang-modules-once -clang-build-session-file /Users/admin/builder/spi-builder-workspace/.derivedData/ModuleCache.noindex/Session.modulevalidation -Xcc -fmodules-prune-interval\=86400 -Xcc -fmodules-prune-after\=345600 -emit-const-values -const-gather-protocols-list /Users/admin/builder/spi-builder-workspace/.derivedData/Build/Intermediates.noindex/NotarizationAuditLog.build/Debug-watchos/NotarizationAuditLog-t.build/Objects-normal/arm64_32/NotarizationAuditLog_const_extract_protocols.json -Xcc -I/Users/admin/builder/spi-builder-workspace/.derivedData/Build/Products/Debug-watchos/include -Xcc -I/Users/admin/builder/spi-builder-workspace/.derivedData/Build/Intermediates.noindex/NotarizationAuditLog.build/Debug-watchos/NotarizationAuditLog-t.build/DerivedSources-normal/arm64_32 -Xcc -I/Users/admin/builder/spi-builder-workspace/.derivedData/Build/Intermediates.noindex/NotarizationAuditLog.build/Debug-watchos/NotarizationAuditLog-t.build/DerivedSources/arm64_32 -Xcc -I/Users/admin/builder/spi-builder-workspace/.derivedData/Build/Intermediates.noindex/NotarizationAuditLog.build/Debug-watchos/NotarizationAuditLog-t.build/DerivedSources -Xcc -DSWIFT_PACKAGE -Xcc -DDEBUG\=1 -emit-objc-header -emit-objc-header-path /Users/admin/builder/spi-builder-workspace/.derivedData/Build/Intermediates.noindex/NotarizationAuditLog.build/Debug-watchos/NotarizationAuditLog-t.build/Objects-normal/arm64_32/NotarizationAuditLog-Swift.h -working-directory /Users/admin/builder/spi-builder-workspace/.swiftpm/xcode -experimental-emit-module-separately -disable-cmo
SwiftDriverJobDiscovery normal arm64 Emitting module for NotarizationAuditLog (in target 'NotarizationAuditLog' from project 'NotarizationAuditLog')
SwiftDriver\ Compilation\ Requirements NotarizationAuditLog normal arm64 com.apple.xcode.tools.swift.compiler (in target 'NotarizationAuditLog' from project 'NotarizationAuditLog')
cd /Users/admin/builder/spi-builder-workspace/.swiftpm/xcode
builtin-Swift-Compilation-Requirements -- /Applications/Xcode-27.0.0-Release.Candidate.app/Contents/Developer/Toolchains/XcodeDefault.xctoolchain/usr/bin/swiftc -parse-as-library -module-name NotarizationAuditLog -Onone @/Users/admin/builder/spi-builder-workspace/.derivedData/Build/Intermediates.noindex/NotarizationAuditLog.build/Debug-watchos/NotarizationAuditLog-t.build/Objects-normal/arm64/NotarizationAuditLog.SwiftFileList -DSWIFT_PACKAGE -DDEBUG -DSWIFT_MODULE_RESOURCE_BUNDLE_UNAVAILABLE -DXcode -plugin-path /Applications/Xcode-27.0.0-Release.Candidate.app/Contents/Developer/Toolchains/XcodeDefault.xctoolchain/usr/lib/swift/host/plugins/testing -enable-experimental-feature DebugDescriptionMacro -sdk /Applications/Xcode-27.0.0-Release.Candidate.app/Contents/Developer/Platforms/WatchOS.platform/Developer/SDKs/WatchOS27.0.sdk -target arm64-apple-watchos9.0 -g -module-cache-path /Users/admin/builder/spi-builder-workspace/.derivedData/ModuleCache.noindex -Xfrontend -serialize-debugging-options -profile-coverage-mapping -profile-generate -enable-testing -suppress-warnings -index-store-path /Users/admin/builder/spi-builder-workspace/.derivedData/Index.noindex/DataStore -Xcc -D_LIBCPP_HARDENING_MODE\=_LIBCPP_HARDENING_MODE_DEBUG -swift-version 5 -I /Users/admin/builder/spi-builder-workspace/.derivedData/Build/Products/Debug-watchos -Isystem /Applications/Xcode-27.0.0-Release.Candidate.app/Contents/Developer/Platforms/WatchOS.platform/Developer/usr/lib -F /Users/admin/builder/spi-builder-workspace/.derivedData/Build/Products/Debug-watchos -F /Applications/Xcode-27.0.0-Release.Candidate.app/Contents/Developer/Platforms/WatchOS.platform/Developer/Library/Frameworks -F /Applications/Xcode-27.0.0-Release.Candidate.app/Contents/Developer/Platforms/WatchOS.platform/Developer/SDKs/WatchOS27.0.sdk/Developer/Library/Frameworks -c -j10 -enable-batch-mode -incremental -Xcc -ivfsstatcache -Xcc /Users/admin/builder/spi-builder-workspace/.derivedData/SDKStatCaches.noindex/watchos27.0-24R360-e829b21a6f8c9b70876ba0858053c04477534ef55a1706bf4c1112bbb242f0a2.sdkstatcache -output-file-map /Users/admin/builder/spi-builder-workspace/.derivedData/Build/Intermediates.noindex/NotarizationAuditLog.build/Debug-watchos/NotarizationAuditLog-t.build/Objects-normal/arm64/NotarizationAuditLog-OutputFileMap.json -save-temps -no-color-diagnostics -explicit-module-build -module-cache-path /Users/admin/builder/spi-builder-workspace/.derivedData/Build/Intermediates.noindex/SwiftExplicitPrecompiledModules -clang-scanner-module-cache-path /Users/admin/builder/spi-builder-workspace/.derivedData/ModuleCache.noindex -sdk-module-cache-path /Users/admin/builder/spi-builder-workspace/.derivedData/SDKExplicitPrecompiledModules -emit-dependencies -emit-module -emit-module-path /Users/admin/builder/spi-builder-workspace/.derivedData/Build/Intermediates.noindex/NotarizationAuditLog.build/Debug-watchos/NotarizationAuditLog-t.build/Objects-normal/arm64/NotarizationAuditLog.swiftmodule -serialize-diagnostics -dependency-scan-serialize-diagnostics-path /Users/admin/builder/spi-builder-workspace/.derivedData/Build/Intermediates.noindex/NotarizationAuditLog.build/Debug-watchos/NotarizationAuditLog-t.build/Objects-normal/arm64/NotarizationAuditLog-dependency-scan.dia -validate-clang-modules-once -clang-build-session-file /Users/admin/builder/spi-builder-workspace/.derivedData/ModuleCache.noindex/Session.modulevalidation -Xcc -fmodules-prune-interval\=86400 -Xcc -fmodules-prune-after\=345600 -emit-const-values -const-gather-protocols-list /Users/admin/builder/spi-builder-workspace/.derivedData/Build/Intermediates.noindex/NotarizationAuditLog.build/Debug-watchos/NotarizationAuditLog-t.build/Objects-normal/arm64/NotarizationAuditLog_const_extract_protocols.json -Xcc -I/Users/admin/builder/spi-builder-workspace/.derivedData/Build/Products/Debug-watchos/include -Xcc -I/Users/admin/builder/spi-builder-workspace/.derivedData/Build/Intermediates.noindex/NotarizationAuditLog.build/Debug-watchos/NotarizationAuditLog-t.build/DerivedSources-normal/arm64 -Xcc -I/Users/admin/builder/spi-builder-workspace/.derivedData/Build/Intermediates.noindex/NotarizationAuditLog.build/Debug-watchos/NotarizationAuditLog-t.build/DerivedSources/arm64 -Xcc -I/Users/admin/builder/spi-builder-workspace/.derivedData/Build/Intermediates.noindex/NotarizationAuditLog.build/Debug-watchos/NotarizationAuditLog-t.build/DerivedSources -Xcc -DSWIFT_PACKAGE -Xcc -DDEBUG\=1 -emit-objc-header -emit-objc-header-path /Users/admin/builder/spi-builder-workspace/.derivedData/Build/Intermediates.noindex/NotarizationAuditLog.build/Debug-watchos/NotarizationAuditLog-t.build/Objects-normal/arm64/NotarizationAuditLog-Swift.h -working-directory /Users/admin/builder/spi-builder-workspace/.swiftpm/xcode -experimental-emit-module-separately -disable-cmo
Copy /Users/admin/builder/spi-builder-workspace/.derivedData/Build/Products/Debug-watchos/NotarizationAuditLog.swiftmodule/arm64_32-apple-watchos.swiftmodule /Users/admin/builder/spi-builder-workspace/.derivedData/Build/Intermediates.noindex/NotarizationAuditLog.build/Debug-watchos/NotarizationAuditLog-t.build/Objects-normal/arm64_32/NotarizationAuditLog.swiftmodule (in target 'NotarizationAuditLog' from project 'NotarizationAuditLog')
cd /Users/admin/builder/spi-builder-workspace/.dependencies/checkouts/NotarizationAuditLog
builtin-copy -exclude .DS_Store -exclude CVS -exclude .svn -exclude .git -exclude .hg -resolve-src-symlinks -rename /Users/admin/builder/spi-builder-workspace/.derivedData/Build/Intermediates.noindex/NotarizationAuditLog.build/Debug-watchos/NotarizationAuditLog-t.build/Objects-normal/arm64_32/NotarizationAuditLog.swiftmodule /Users/admin/builder/spi-builder-workspace/.derivedData/Build/Products/Debug-watchos/NotarizationAuditLog.swiftmodule/arm64_32-apple-watchos.swiftmodule
Copy /Users/admin/builder/spi-builder-workspace/.derivedData/Build/Products/Debug-watchos/NotarizationAuditLog.swiftmodule/arm64_32-apple-watchos.abi.json /Users/admin/builder/spi-builder-workspace/.derivedData/Build/Intermediates.noindex/NotarizationAuditLog.build/Debug-watchos/NotarizationAuditLog-t.build/Objects-normal/arm64_32/NotarizationAuditLog.abi.json (in target 'NotarizationAuditLog' from project 'NotarizationAuditLog')
cd /Users/admin/builder/spi-builder-workspace/.dependencies/checkouts/NotarizationAuditLog
builtin-copy -exclude .DS_Store -exclude CVS -exclude .svn -exclude .git -exclude .hg -resolve-src-symlinks -rename /Users/admin/builder/spi-builder-workspace/.derivedData/Build/Intermediates.noindex/NotarizationAuditLog.build/Debug-watchos/NotarizationAuditLog-t.build/Objects-normal/arm64_32/NotarizationAuditLog.abi.json /Users/admin/builder/spi-builder-workspace/.derivedData/Build/Products/Debug-watchos/NotarizationAuditLog.swiftmodule/arm64_32-apple-watchos.abi.json
Copy /Users/admin/builder/spi-builder-workspace/.derivedData/Build/Products/Debug-watchos/NotarizationAuditLog.swiftmodule/arm64_32-apple-watchos.swiftdoc /Users/admin/builder/spi-builder-workspace/.derivedData/Build/Intermediates.noindex/NotarizationAuditLog.build/Debug-watchos/NotarizationAuditLog-t.build/Objects-normal/arm64_32/NotarizationAuditLog.swiftdoc (in target 'NotarizationAuditLog' from project 'NotarizationAuditLog')
cd /Users/admin/builder/spi-builder-workspace/.dependencies/checkouts/NotarizationAuditLog
builtin-copy -exclude .DS_Store -exclude CVS -exclude .svn -exclude .git -exclude .hg -resolve-src-symlinks -rename /Users/admin/builder/spi-builder-workspace/.derivedData/Build/Intermediates.noindex/NotarizationAuditLog.build/Debug-watchos/NotarizationAuditLog-t.build/Objects-normal/arm64_32/NotarizationAuditLog.swiftdoc /Users/admin/builder/spi-builder-workspace/.derivedData/Build/Products/Debug-watchos/NotarizationAuditLog.swiftmodule/arm64_32-apple-watchos.swiftdoc
Copy /Users/admin/builder/spi-builder-workspace/.derivedData/Build/Products/Debug-watchos/NotarizationAuditLog.swiftmodule/Project/arm64_32-apple-watchos.swiftsourceinfo /Users/admin/builder/spi-builder-workspace/.derivedData/Build/Intermediates.noindex/NotarizationAuditLog.build/Debug-watchos/NotarizationAuditLog-t.build/Objects-normal/arm64_32/NotarizationAuditLog.swiftsourceinfo (in target 'NotarizationAuditLog' from project 'NotarizationAuditLog')
cd /Users/admin/builder/spi-builder-workspace/.dependencies/checkouts/NotarizationAuditLog
builtin-copy -exclude .DS_Store -exclude CVS -exclude .svn -exclude .git -exclude .hg -resolve-src-symlinks -rename /Users/admin/builder/spi-builder-workspace/.derivedData/Build/Intermediates.noindex/NotarizationAuditLog.build/Debug-watchos/NotarizationAuditLog-t.build/Objects-normal/arm64_32/NotarizationAuditLog.swiftsourceinfo /Users/admin/builder/spi-builder-workspace/.derivedData/Build/Products/Debug-watchos/NotarizationAuditLog.swiftmodule/Project/arm64_32-apple-watchos.swiftsourceinfo
SwiftMergeGeneratedHeaders /Users/admin/builder/spi-builder-workspace/.derivedData/Build/Intermediates.noindex/GeneratedModuleMaps-watchos/NotarizationAuditLog-Swift.h /Users/admin/builder/spi-builder-workspace/.derivedData/Build/Intermediates.noindex/NotarizationAuditLog.build/Debug-watchos/NotarizationAuditLog-t.build/Objects-normal/arm64/NotarizationAuditLog-Swift.h /Users/admin/builder/spi-builder-workspace/.derivedData/Build/Intermediates.noindex/NotarizationAuditLog.build/Debug-watchos/NotarizationAuditLog-t.build/Objects-normal/arm64_32/NotarizationAuditLog-Swift.h (in target 'NotarizationAuditLog' from project 'NotarizationAuditLog')
cd /Users/admin/builder/spi-builder-workspace/.dependencies/checkouts/NotarizationAuditLog
builtin-swiftHeaderTool -arch arm64 /Users/admin/builder/spi-builder-workspace/.derivedData/Build/Intermediates.noindex/NotarizationAuditLog.build/Debug-watchos/NotarizationAuditLog-t.build/Objects-normal/arm64/NotarizationAuditLog-Swift.h -arch arm64_32 /Users/admin/builder/spi-builder-workspace/.derivedData/Build/Intermediates.noindex/NotarizationAuditLog.build/Debug-watchos/NotarizationAuditLog-t.build/Objects-normal/arm64_32/NotarizationAuditLog-Swift.h -o /Users/admin/builder/spi-builder-workspace/.derivedData/Build/Intermediates.noindex/GeneratedModuleMaps-watchos/NotarizationAuditLog-Swift.h
Copy /Users/admin/builder/spi-builder-workspace/.derivedData/Build/Products/Debug-watchos/NotarizationAuditLog.swiftmodule/arm64-apple-watchos.swiftmodule /Users/admin/builder/spi-builder-workspace/.derivedData/Build/Intermediates.noindex/NotarizationAuditLog.build/Debug-watchos/NotarizationAuditLog-t.build/Objects-normal/arm64/NotarizationAuditLog.swiftmodule (in target 'NotarizationAuditLog' from project 'NotarizationAuditLog')
cd /Users/admin/builder/spi-builder-workspace/.dependencies/checkouts/NotarizationAuditLog
builtin-copy -exclude .DS_Store -exclude CVS -exclude .svn -exclude .git -exclude .hg -resolve-src-symlinks -rename /Users/admin/builder/spi-builder-workspace/.derivedData/Build/Intermediates.noindex/NotarizationAuditLog.build/Debug-watchos/NotarizationAuditLog-t.build/Objects-normal/arm64/NotarizationAuditLog.swiftmodule /Users/admin/builder/spi-builder-workspace/.derivedData/Build/Products/Debug-watchos/NotarizationAuditLog.swiftmodule/arm64-apple-watchos.swiftmodule
Copy /Users/admin/builder/spi-builder-workspace/.derivedData/Build/Products/Debug-watchos/NotarizationAuditLog.swiftmodule/arm64-apple-watchos.swiftdoc /Users/admin/builder/spi-builder-workspace/.derivedData/Build/Intermediates.noindex/NotarizationAuditLog.build/Debug-watchos/NotarizationAuditLog-t.build/Objects-normal/arm64/NotarizationAuditLog.swiftdoc (in target 'NotarizationAuditLog' from project 'NotarizationAuditLog')
cd /Users/admin/builder/spi-builder-workspace/.dependencies/checkouts/NotarizationAuditLog
builtin-copy -exclude .DS_Store -exclude CVS -exclude .svn -exclude .git -exclude .hg -resolve-src-symlinks -rename /Users/admin/builder/spi-builder-workspace/.derivedData/Build/Intermediates.noindex/NotarizationAuditLog.build/Debug-watchos/NotarizationAuditLog-t.build/Objects-normal/arm64/NotarizationAuditLog.swiftdoc /Users/admin/builder/spi-builder-workspace/.derivedData/Build/Products/Debug-watchos/NotarizationAuditLog.swiftmodule/arm64-apple-watchos.swiftdoc
Copy /Users/admin/builder/spi-builder-workspace/.derivedData/Build/Products/Debug-watchos/NotarizationAuditLog.swiftmodule/arm64-apple-watchos.abi.json /Users/admin/builder/spi-builder-workspace/.derivedData/Build/Intermediates.noindex/NotarizationAuditLog.build/Debug-watchos/NotarizationAuditLog-t.build/Objects-normal/arm64/NotarizationAuditLog.abi.json (in target 'NotarizationAuditLog' from project 'NotarizationAuditLog')
cd /Users/admin/builder/spi-builder-workspace/.dependencies/checkouts/NotarizationAuditLog
builtin-copy -exclude .DS_Store -exclude CVS -exclude .svn -exclude .git -exclude .hg -resolve-src-symlinks -rename /Users/admin/builder/spi-builder-workspace/.derivedData/Build/Intermediates.noindex/NotarizationAuditLog.build/Debug-watchos/NotarizationAuditLog-t.build/Objects-normal/arm64/NotarizationAuditLog.abi.json /Users/admin/builder/spi-builder-workspace/.derivedData/Build/Products/Debug-watchos/NotarizationAuditLog.swiftmodule/arm64-apple-watchos.abi.json
Copy /Users/admin/builder/spi-builder-workspace/.derivedData/Build/Products/Debug-watchos/NotarizationAuditLog.swiftmodule/Project/arm64-apple-watchos.swiftsourceinfo /Users/admin/builder/spi-builder-workspace/.derivedData/Build/Intermediates.noindex/NotarizationAuditLog.build/Debug-watchos/NotarizationAuditLog-t.build/Objects-normal/arm64/NotarizationAuditLog.swiftsourceinfo (in target 'NotarizationAuditLog' from project 'NotarizationAuditLog')
cd /Users/admin/builder/spi-builder-workspace/.dependencies/checkouts/NotarizationAuditLog
builtin-copy -exclude .DS_Store -exclude CVS -exclude .svn -exclude .git -exclude .hg -resolve-src-symlinks -rename /Users/admin/builder/spi-builder-workspace/.derivedData/Build/Intermediates.noindex/NotarizationAuditLog.build/Debug-watchos/NotarizationAuditLog-t.build/Objects-normal/arm64/NotarizationAuditLog.swiftsourceinfo /Users/admin/builder/spi-builder-workspace/.derivedData/Build/Products/Debug-watchos/NotarizationAuditLog.swiftmodule/Project/arm64-apple-watchos.swiftsourceinfo
SwiftExplicitDependencyGeneratePcm arm64 /Users/admin/builder/spi-builder-workspace/.derivedData/SDKExplicitPrecompiledModules/_AvailabilityInternal-BUNV3UXM65NT37THI4W1AM0SF.pcm
SwiftExplicitDependencyGeneratePcm arm64 /Users/admin/builder/spi-builder-workspace/.derivedData/SDKExplicitPrecompiledModules/ptrauth-3TZ9WJCGLYD25HQPWH4968ONX.pcm
SwiftExplicitDependencyGeneratePcm arm64 /Users/admin/builder/spi-builder-workspace/.derivedData/SDKExplicitPrecompiledModules/_Builtin_stdbool-83J96QSOFE9VX04AAS6310UAE.pcm
SwiftExplicitDependencyGeneratePcm arm64 /Users/admin/builder/spi-builder-workspace/.derivedData/SDKExplicitPrecompiledModules/ptrcheck-AIF0NDOYZ8ORBNHQAQR5NNB8M.pcm
SwiftExplicitDependencyGeneratePcm arm64 /Users/admin/builder/spi-builder-workspace/.derivedData/SDKExplicitPrecompiledModules/_Builtin_float-C0CW5Q4HGBQYKE77TC42IAFB5.pcm
SwiftExplicitDependencyGeneratePcm arm64 /Users/admin/builder/spi-builder-workspace/.derivedData/SDKExplicitPrecompiledModules/_Builtin_stddef-1FU30Y8SWFB7OUUHMJQH5J6FM.pcm
SwiftExplicitDependencyGeneratePcm arm64 /Users/admin/builder/spi-builder-workspace/.derivedData/SDKExplicitPrecompiledModules/_Builtin_stdarg-A7UU8LE6MP85SM26YO7PBZNUQ.pcm
SwiftExplicitDependencyGeneratePcm arm64_32 /Users/admin/builder/spi-builder-workspace/.derivedData/SDKExplicitPrecompiledModules/_Builtin_stdarg-D305JG44A2WPI6CJY37X3QJE8.pcm
SwiftExplicitDependencyGeneratePcm arm64_32 /Users/admin/builder/spi-builder-workspace/.derivedData/SDKExplicitPrecompiledModules/ptrauth-BFXF358ME5AK535N5A9Z766WU.pcm
SwiftExplicitDependencyGeneratePcm arm64_32 /Users/admin/builder/spi-builder-workspace/.derivedData/SDKExplicitPrecompiledModules/_AvailabilityInternal-244WAN3Z1QBT7PIA64EZEFY1R.pcm
SwiftExplicitDependencyGeneratePcm arm64_32 /Users/admin/builder/spi-builder-workspace/.derivedData/SDKExplicitPrecompiledModules/ptrcheck-7ELIH9BTIGVKX3UBITM9N72WD.pcm
SwiftExplicitDependencyGeneratePcm arm64_32 /Users/admin/builder/spi-builder-workspace/.derivedData/SDKExplicitPrecompiledModules/_Builtin_stddef-H44EFHQX6XSS5MZ7QP6YJZ76.pcm
SwiftExplicitDependencyGeneratePcm arm64_32 /Users/admin/builder/spi-builder-workspace/.derivedData/SDKExplicitPrecompiledModules/_Builtin_stdbool-A967K8W8YUYEC9SN52KJ7OO88.pcm
SwiftExplicitDependencyGeneratePcm arm64_32 /Users/admin/builder/spi-builder-workspace/.derivedData/SDKExplicitPrecompiledModules/_Builtin_float-6KO8O3PEWRCA4WC6PPLOYO6WJ.pcm
SwiftExplicitDependencyGeneratePcm arm64 /Users/admin/builder/spi-builder-workspace/.derivedData/SDKExplicitPrecompiledModules/_DarwinFoundation1-7SPX3MD0HMP55E4OLNCPNDQ53.pcm
SwiftExplicitDependencyGeneratePcm arm64_32 /Users/admin/builder/spi-builder-workspace/.derivedData/SDKExplicitPrecompiledModules/_DarwinFoundation1-2GWF9RFMPLQW4PDHS3NARVI3G.pcm
SwiftDriverJobDiscovery normal arm64 Compiling NotarizationAuditLog.swift (in target 'NotarizationAuditLog' from project 'NotarizationAuditLog')
SwiftDriver\ Compilation NotarizationAuditLog normal arm64 com.apple.xcode.tools.swift.compiler (in target 'NotarizationAuditLog' from project 'NotarizationAuditLog')
cd /Users/admin/builder/spi-builder-workspace/.swiftpm/xcode
builtin-Swift-Compilation -- /Applications/Xcode-27.0.0-Release.Candidate.app/Contents/Developer/Toolchains/XcodeDefault.xctoolchain/usr/bin/swiftc -parse-as-library -module-name NotarizationAuditLog -Onone @/Users/admin/builder/spi-builder-workspace/.derivedData/Build/Intermediates.noindex/NotarizationAuditLog.build/Debug-watchos/NotarizationAuditLog-t.build/Objects-normal/arm64/NotarizationAuditLog.SwiftFileList -DSWIFT_PACKAGE -DDEBUG -DSWIFT_MODULE_RESOURCE_BUNDLE_UNAVAILABLE -DXcode -plugin-path /Applications/Xcode-27.0.0-Release.Candidate.app/Contents/Developer/Toolchains/XcodeDefault.xctoolchain/usr/lib/swift/host/plugins/testing -enable-experimental-feature DebugDescriptionMacro -sdk /Applications/Xcode-27.0.0-Release.Candidate.app/Contents/Developer/Platforms/WatchOS.platform/Developer/SDKs/WatchOS27.0.sdk -target arm64-apple-watchos9.0 -g -module-cache-path /Users/admin/builder/spi-builder-workspace/.derivedData/ModuleCache.noindex -Xfrontend -serialize-debugging-options -profile-coverage-mapping -profile-generate -enable-testing -suppress-warnings -index-store-path /Users/admin/builder/spi-builder-workspace/.derivedData/Index.noindex/DataStore -Xcc -D_LIBCPP_HARDENING_MODE\=_LIBCPP_HARDENING_MODE_DEBUG -swift-version 5 -I /Users/admin/builder/spi-builder-workspace/.derivedData/Build/Products/Debug-watchos -Isystem /Applications/Xcode-27.0.0-Release.Candidate.app/Contents/Developer/Platforms/WatchOS.platform/Developer/usr/lib -F /Users/admin/builder/spi-builder-workspace/.derivedData/Build/Products/Debug-watchos -F /Applications/Xcode-27.0.0-Release.Candidate.app/Contents/Developer/Platforms/WatchOS.platform/Developer/Library/Frameworks -F /Applications/Xcode-27.0.0-Release.Candidate.app/Contents/Developer/Platforms/WatchOS.platform/Developer/SDKs/WatchOS27.0.sdk/Developer/Library/Frameworks -c -j10 -enable-batch-mode -incremental -Xcc -ivfsstatcache -Xcc /Users/admin/builder/spi-builder-workspace/.derivedData/SDKStatCaches.noindex/watchos27.0-24R360-e829b21a6f8c9b70876ba0858053c04477534ef55a1706bf4c1112bbb242f0a2.sdkstatcache -output-file-map /Users/admin/builder/spi-builder-workspace/.derivedData/Build/Intermediates.noindex/NotarizationAuditLog.build/Debug-watchos/NotarizationAuditLog-t.build/Objects-normal/arm64/NotarizationAuditLog-OutputFileMap.json -save-temps -no-color-diagnostics -explicit-module-build -module-cache-path /Users/admin/builder/spi-builder-workspace/.derivedData/Build/Intermediates.noindex/SwiftExplicitPrecompiledModules -clang-scanner-module-cache-path /Users/admin/builder/spi-builder-workspace/.derivedData/ModuleCache.noindex -sdk-module-cache-path /Users/admin/builder/spi-builder-workspace/.derivedData/SDKExplicitPrecompiledModules -emit-dependencies -emit-module -emit-module-path /Users/admin/builder/spi-builder-workspace/.derivedData/Build/Intermediates.noindex/NotarizationAuditLog.build/Debug-watchos/NotarizationAuditLog-t.build/Objects-normal/arm64/NotarizationAuditLog.swiftmodule -serialize-diagnostics -dependency-scan-serialize-diagnostics-path /Users/admin/builder/spi-builder-workspace/.derivedData/Build/Intermediates.noindex/NotarizationAuditLog.build/Debug-watchos/NotarizationAuditLog-t.build/Objects-normal/arm64/NotarizationAuditLog-dependency-scan.dia -validate-clang-modules-once -clang-build-session-file /Users/admin/builder/spi-builder-workspace/.derivedData/ModuleCache.noindex/Session.modulevalidation -Xcc -fmodules-prune-interval\=86400 -Xcc -fmodules-prune-after\=345600 -emit-const-values -const-gather-protocols-list /Users/admin/builder/spi-builder-workspace/.derivedData/Build/Intermediates.noindex/NotarizationAuditLog.build/Debug-watchos/NotarizationAuditLog-t.build/Objects-normal/arm64/NotarizationAuditLog_const_extract_protocols.json -Xcc -I/Users/admin/builder/spi-builder-workspace/.derivedData/Build/Products/Debug-watchos/include -Xcc -I/Users/admin/builder/spi-builder-workspace/.derivedData/Build/Intermediates.noindex/NotarizationAuditLog.build/Debug-watchos/NotarizationAuditLog-t.build/DerivedSources-normal/arm64 -Xcc -I/Users/admin/builder/spi-builder-workspace/.derivedData/Build/Intermediates.noindex/NotarizationAuditLog.build/Debug-watchos/NotarizationAuditLog-t.build/DerivedSources/arm64 -Xcc -I/Users/admin/builder/spi-builder-workspace/.derivedData/Build/Intermediates.noindex/NotarizationAuditLog.build/Debug-watchos/NotarizationAuditLog-t.build/DerivedSources -Xcc -DSWIFT_PACKAGE -Xcc -DDEBUG\=1 -emit-objc-header -emit-objc-header-path /Users/admin/builder/spi-builder-workspace/.derivedData/Build/Intermediates.noindex/NotarizationAuditLog.build/Debug-watchos/NotarizationAuditLog-t.build/Objects-normal/arm64/NotarizationAuditLog-Swift.h -working-directory /Users/admin/builder/spi-builder-workspace/.swiftpm/xcode -experimental-emit-module-separately -disable-cmo
SwiftExplicitDependencyGeneratePcm arm64 /Users/admin/builder/spi-builder-workspace/.derivedData/SDKExplicitPrecompiledModules/_Builtin_limits-9GWPA2B0H20DYUNYHYCWKABJG.pcm
SwiftExplicitDependencyGeneratePcm arm64 /Users/admin/builder/spi-builder-workspace/.derivedData/SDKExplicitPrecompiledModules/_DarwinFoundation2-D0XAPJU49S5E9XMKYOFGSTB1Q.pcm
Ld /Users/admin/builder/spi-builder-workspace/.derivedData/Build/Intermediates.noindex/NotarizationAuditLog.build/Debug-watchos/NotarizationAuditLog-t.build/Objects-normal/arm64/Binary/NotarizationAuditLog.o normal arm64 (in target 'NotarizationAuditLog' from project 'NotarizationAuditLog')
cd /Users/admin/builder/spi-builder-workspace/.dependencies/checkouts/NotarizationAuditLog
/Applications/Xcode-27.0.0-Release.Candidate.app/Contents/Developer/Toolchains/XcodeDefault.xctoolchain/usr/bin/clang -Xlinker -reproducible -target arm64-apple-watchos9.0 -r -isysroot /Applications/Xcode-27.0.0-Release.Candidate.app/Contents/Developer/Platforms/WatchOS.platform/Developer/SDKs/WatchOS27.0.sdk -O0 -w -Xlinker -no_warn_duplicate_libraries -F/Users/admin/builder/spi-builder-workspace/.derivedData/Build/Intermediates.noindex/EagerLinkingTBDs/Debug-watchos -F/Users/admin/builder/spi-builder-workspace/.derivedData/Build/Products/Debug-watchos -iframework /Applications/Xcode-27.0.0-Release.Candidate.app/Contents/Developer/Platforms/WatchOS.platform/Developer/Library/Frameworks -iframework /Applications/Xcode-27.0.0-Release.Candidate.app/Contents/Developer/Platforms/WatchOS.platform/Developer/SDKs/WatchOS27.0.sdk/Developer/Library/Frameworks -filelist /Users/admin/builder/spi-builder-workspace/.derivedData/Build/Intermediates.noindex/NotarizationAuditLog.build/Debug-watchos/NotarizationAuditLog-t.build/Objects-normal/arm64/NotarizationAuditLog.LinkFileList -nostdlib -Xlinker -object_path_lto -Xlinker /Users/admin/builder/spi-builder-workspace/.derivedData/Build/Intermediates.noindex/NotarizationAuditLog.build/Debug-watchos/NotarizationAuditLog-t.build/Objects-normal/arm64/NotarizationAuditLog_lto.o -Xlinker -no_deduplicate -Xlinker -debug_variant -Xlinker -dependency_info -Xlinker /Users/admin/builder/spi-builder-workspace/.derivedData/Build/Intermediates.noindex/NotarizationAuditLog.build/Debug-watchos/NotarizationAuditLog-t.build/Objects-normal/arm64/NotarizationAuditLog_dependency_info.dat -fobjc-link-runtime -L/Applications/Xcode-27.0.0-Release.Candidate.app/Contents/Developer/Toolchains/XcodeDefault.xctoolchain/usr/lib/swift/watchos -L/usr/lib/swift -Xlinker -add_ast_path -Xlinker /Users/admin/builder/spi-builder-workspace/.derivedData/Build/Intermediates.noindex/NotarizationAuditLog.build/Debug-watchos/NotarizationAuditLog-t.build/Objects-normal/arm64/NotarizationAuditLog.swiftmodule -o /Users/admin/builder/spi-builder-workspace/.derivedData/Build/Intermediates.noindex/NotarizationAuditLog.build/Debug-watchos/NotarizationAuditLog-t.build/Objects-normal/arm64/Binary/NotarizationAuditLog.o
SwiftDriverJobDiscovery normal arm64_32 Compiling NotarizationAuditLog.swift (in target 'NotarizationAuditLog' from project 'NotarizationAuditLog')
SwiftDriver\ Compilation NotarizationAuditLog normal arm64_32 com.apple.xcode.tools.swift.compiler (in target 'NotarizationAuditLog' from project 'NotarizationAuditLog')
cd /Users/admin/builder/spi-builder-workspace/.swiftpm/xcode
builtin-Swift-Compilation -- /Applications/Xcode-27.0.0-Release.Candidate.app/Contents/Developer/Toolchains/XcodeDefault.xctoolchain/usr/bin/swiftc -parse-as-library -module-name NotarizationAuditLog -Onone @/Users/admin/builder/spi-builder-workspace/.derivedData/Build/Intermediates.noindex/NotarizationAuditLog.build/Debug-watchos/NotarizationAuditLog-t.build/Objects-normal/arm64_32/NotarizationAuditLog.SwiftFileList -DSWIFT_PACKAGE -DDEBUG -DSWIFT_MODULE_RESOURCE_BUNDLE_UNAVAILABLE -DXcode -plugin-path /Applications/Xcode-27.0.0-Release.Candidate.app/Contents/Developer/Toolchains/XcodeDefault.xctoolchain/usr/lib/swift/host/plugins/testing -enable-experimental-feature DebugDescriptionMacro -sdk /Applications/Xcode-27.0.0-Release.Candidate.app/Contents/Developer/Platforms/WatchOS.platform/Developer/SDKs/WatchOS27.0.sdk -target arm64_32-apple-watchos9.0 -g -module-cache-path /Users/admin/builder/spi-builder-workspace/.derivedData/ModuleCache.noindex -Xfrontend -serialize-debugging-options -profile-coverage-mapping -profile-generate -enable-testing -suppress-warnings -index-store-path /Users/admin/builder/spi-builder-workspace/.derivedData/Index.noindex/DataStore -Xcc -D_LIBCPP_HARDENING_MODE\=_LIBCPP_HARDENING_MODE_DEBUG -swift-version 5 -I /Users/admin/builder/spi-builder-workspace/.derivedData/Build/Products/Debug-watchos -Isystem /Applications/Xcode-27.0.0-Release.Candidate.app/Contents/Developer/Platforms/WatchOS.platform/Developer/usr/lib -F /Users/admin/builder/spi-builder-workspace/.derivedData/Build/Products/Debug-watchos -F /Applications/Xcode-27.0.0-Release.Candidate.app/Contents/Developer/Platforms/WatchOS.platform/Developer/Library/Frameworks -F /Applications/Xcode-27.0.0-Release.Candidate.app/Contents/Developer/Platforms/WatchOS.platform/Developer/SDKs/WatchOS27.0.sdk/Developer/Library/Frameworks -c -j10 -enable-batch-mode -incremental -Xcc -ivfsstatcache -Xcc /Users/admin/builder/spi-builder-workspace/.derivedData/SDKStatCaches.noindex/watchos27.0-24R360-e829b21a6f8c9b70876ba0858053c04477534ef55a1706bf4c1112bbb242f0a2.sdkstatcache -output-file-map /Users/admin/builder/spi-builder-workspace/.derivedData/Build/Intermediates.noindex/NotarizationAuditLog.build/Debug-watchos/NotarizationAuditLog-t.build/Objects-normal/arm64_32/NotarizationAuditLog-OutputFileMap.json -save-temps -no-color-diagnostics -explicit-module-build -module-cache-path /Users/admin/builder/spi-builder-workspace/.derivedData/Build/Intermediates.noindex/SwiftExplicitPrecompiledModules -clang-scanner-module-cache-path /Users/admin/builder/spi-builder-workspace/.derivedData/ModuleCache.noindex -sdk-module-cache-path /Users/admin/builder/spi-builder-workspace/.derivedData/SDKExplicitPrecompiledModules -emit-dependencies -emit-module -emit-module-path /Users/admin/builder/spi-builder-workspace/.derivedData/Build/Intermediates.noindex/NotarizationAuditLog.build/Debug-watchos/NotarizationAuditLog-t.build/Objects-normal/arm64_32/NotarizationAuditLog.swiftmodule -serialize-diagnostics -dependency-scan-serialize-diagnostics-path /Users/admin/builder/spi-builder-workspace/.derivedData/Build/Intermediates.noindex/NotarizationAuditLog.build/Debug-watchos/NotarizationAuditLog-t.build/Objects-normal/arm64_32/NotarizationAuditLog-dependency-scan.dia -validate-clang-modules-once -clang-build-session-file /Users/admin/builder/spi-builder-workspace/.derivedData/ModuleCache.noindex/Session.modulevalidation -Xcc -fmodules-prune-interval\=86400 -Xcc -fmodules-prune-after\=345600 -emit-const-values -const-gather-protocols-list /Users/admin/builder/spi-builder-workspace/.derivedData/Build/Intermediates.noindex/NotarizationAuditLog.build/Debug-watchos/NotarizationAuditLog-t.build/Objects-normal/arm64_32/NotarizationAuditLog_const_extract_protocols.json -Xcc -I/Users/admin/builder/spi-builder-workspace/.derivedData/Build/Products/Debug-watchos/include -Xcc -I/Users/admin/builder/spi-builder-workspace/.derivedData/Build/Intermediates.noindex/NotarizationAuditLog.build/Debug-watchos/NotarizationAuditLog-t.build/DerivedSources-normal/arm64_32 -Xcc -I/Users/admin/builder/spi-builder-workspace/.derivedData/Build/Intermediates.noindex/NotarizationAuditLog.build/Debug-watchos/NotarizationAuditLog-t.build/DerivedSources/arm64_32 -Xcc -I/Users/admin/builder/spi-builder-workspace/.derivedData/Build/Intermediates.noindex/NotarizationAuditLog.build/Debug-watchos/NotarizationAuditLog-t.build/DerivedSources -Xcc -DSWIFT_PACKAGE -Xcc -DDEBUG\=1 -emit-objc-header -emit-objc-header-path /Users/admin/builder/spi-builder-workspace/.derivedData/Build/Intermediates.noindex/NotarizationAuditLog.build/Debug-watchos/NotarizationAuditLog-t.build/Objects-normal/arm64_32/NotarizationAuditLog-Swift.h -working-directory /Users/admin/builder/spi-builder-workspace/.swiftpm/xcode -experimental-emit-module-separately -disable-cmo
Ld /Users/admin/builder/spi-builder-workspace/.derivedData/Build/Intermediates.noindex/NotarizationAuditLog.build/Debug-watchos/NotarizationAuditLog-t.build/Objects-normal/arm64_32/Binary/NotarizationAuditLog.o normal arm64_32 (in target 'NotarizationAuditLog' from project 'NotarizationAuditLog')
cd /Users/admin/builder/spi-builder-workspace/.dependencies/checkouts/NotarizationAuditLog
/Applications/Xcode-27.0.0-Release.Candidate.app/Contents/Developer/Toolchains/XcodeDefault.xctoolchain/usr/bin/clang -Xlinker -reproducible -target arm64_32-apple-watchos9.0 -r -isysroot /Applications/Xcode-27.0.0-Release.Candidate.app/Contents/Developer/Platforms/WatchOS.platform/Developer/SDKs/WatchOS27.0.sdk -O0 -w -Xlinker -no_warn_duplicate_libraries -F/Users/admin/builder/spi-builder-workspace/.derivedData/Build/Intermediates.noindex/EagerLinkingTBDs/Debug-watchos -F/Users/admin/builder/spi-builder-workspace/.derivedData/Build/Products/Debug-watchos -iframework /Applications/Xcode-27.0.0-Release.Candidate.app/Contents/Developer/Platforms/WatchOS.platform/Developer/Library/Frameworks -iframework /Applications/Xcode-27.0.0-Release.Candidate.app/Contents/Developer/Platforms/WatchOS.platform/Developer/SDKs/WatchOS27.0.sdk/Developer/Library/Frameworks -filelist /Users/admin/builder/spi-builder-workspace/.derivedData/Build/Intermediates.noindex/NotarizationAuditLog.build/Debug-watchos/NotarizationAuditLog-t.build/Objects-normal/arm64_32/NotarizationAuditLog.LinkFileList -nostdlib -Xlinker -object_path_lto -Xlinker /Users/admin/builder/spi-builder-workspace/.derivedData/Build/Intermediates.noindex/NotarizationAuditLog.build/Debug-watchos/NotarizationAuditLog-t.build/Objects-normal/arm64_32/NotarizationAuditLog_lto.o -Xlinker -no_deduplicate -Xlinker -debug_variant -Xlinker -dependency_info -Xlinker /Users/admin/builder/spi-builder-workspace/.derivedData/Build/Intermediates.noindex/NotarizationAuditLog.build/Debug-watchos/NotarizationAuditLog-t.build/Objects-normal/arm64_32/NotarizationAuditLog_dependency_info.dat -fobjc-link-runtime -L/Applications/Xcode-27.0.0-Release.Candidate.app/Contents/Developer/Toolchains/XcodeDefault.xctoolchain/usr/lib/swift/watchos -L/usr/lib/swift -Xlinker -add_ast_path -Xlinker /Users/admin/builder/spi-builder-workspace/.derivedData/Build/Intermediates.noindex/NotarizationAuditLog.build/Debug-watchos/NotarizationAuditLog-t.build/Objects-normal/arm64_32/NotarizationAuditLog.swiftmodule -o /Users/admin/builder/spi-builder-workspace/.derivedData/Build/Intermediates.noindex/NotarizationAuditLog.build/Debug-watchos/NotarizationAuditLog-t.build/Objects-normal/arm64_32/Binary/NotarizationAuditLog.o
SwiftExplicitDependencyGeneratePcm arm64_32 /Users/admin/builder/spi-builder-workspace/.derivedData/SDKExplicitPrecompiledModules/_Builtin_limits-3VKBU2AFTD65PAJZ5CJ3LHFM2.pcm
SwiftExplicitDependencyGeneratePcm arm64_32 /Users/admin/builder/spi-builder-workspace/.derivedData/SDKExplicitPrecompiledModules/_DarwinFoundation2-9MY8GOSYRO0M9MKNXF6D3MBNK.pcm
CreateUniversalBinary /Users/admin/builder/spi-builder-workspace/.derivedData/Build/Products/Debug-watchos/NotarizationAuditLog.o normal arm64\ arm64_32 (in target 'NotarizationAuditLog' from project 'NotarizationAuditLog')
cd /Users/admin/builder/spi-builder-workspace/.dependencies/checkouts/NotarizationAuditLog
/Applications/Xcode-27.0.0-Release.Candidate.app/Contents/Developer/Toolchains/XcodeDefault.xctoolchain/usr/bin/lipo -create /Users/admin/builder/spi-builder-workspace/.derivedData/Build/Intermediates.noindex/NotarizationAuditLog.build/Debug-watchos/NotarizationAuditLog-t.build/Objects-normal/arm64/Binary/NotarizationAuditLog.o /Users/admin/builder/spi-builder-workspace/.derivedData/Build/Intermediates.noindex/NotarizationAuditLog.build/Debug-watchos/NotarizationAuditLog-t.build/Objects-normal/arm64_32/Binary/NotarizationAuditLog.o -output /Users/admin/builder/spi-builder-workspace/.derivedData/Build/Products/Debug-watchos/NotarizationAuditLog.o
ExtractAppIntentsMetadata (in target 'NotarizationAuditLog' from project 'NotarizationAuditLog')
cd /Users/admin/builder/spi-builder-workspace/.dependencies/checkouts/NotarizationAuditLog
/Applications/Xcode-27.0.0-Release.Candidate.app/Contents/Developer/Toolchains/XcodeDefault.xctoolchain/usr/bin/appintentsmetadataprocessor --toolchain-dir /var/run/com.apple.security.cryptexd/mnt/com.apple.MobileAsset.MetalToolchain-v27.1.266.1.q7v01D/Metal.xctoolchain --module-name NotarizationAuditLog --sdk-root /Applications/Xcode-27.0.0-Release.Candidate.app/Contents/Developer/Platforms/WatchOS.platform/Developer/SDKs/WatchOS27.0.sdk --xcode-version 27A266a --platform-family watchOS --deployment-target 9.0 --bundle-identifier notarizationauditlog.NotarizationAuditLog --output /Users/admin/builder/spi-builder-workspace/.derivedData/Build/Products/Debug-watchos/NotarizationAuditLog.appintents --target-triple arm64-apple-watchos9.0 --target-triple arm64_32-apple-watchos9.0 --binary-file /Users/admin/builder/spi-builder-workspace/.derivedData/Build/Products/Debug-watchos/NotarizationAuditLog.o --dependency-file /Users/admin/builder/spi-builder-workspace/.derivedData/Build/Intermediates.noindex/NotarizationAuditLog.build/Debug-watchos/NotarizationAuditLog-t.build/Objects-normal/arm64/NotarizationAuditLog_dependency_info.dat --dependency-file /Users/admin/builder/spi-builder-workspace/.derivedData/Build/Intermediates.noindex/NotarizationAuditLog.build/Debug-watchos/NotarizationAuditLog-t.build/Objects-normal/arm64_32/NotarizationAuditLog_dependency_info.dat --stringsdata-file /Users/admin/builder/spi-builder-workspace/.derivedData/Build/Intermediates.noindex/NotarizationAuditLog.build/Debug-watchos/NotarizationAuditLog-t.build/Objects-normal/arm64/ExtractedAppShortcutsMetadata.stringsdata --stringsdata-file /Users/admin/builder/spi-builder-workspace/.derivedData/Build/Intermediates.noindex/NotarizationAuditLog.build/Debug-watchos/NotarizationAuditLog-t.build/Objects-normal/arm64_32/ExtractedAppShortcutsMetadata.stringsdata --source-file-list /Users/admin/builder/spi-builder-workspace/.derivedData/Build/Intermediates.noindex/NotarizationAuditLog.build/Debug-watchos/NotarizationAuditLog-t.build/Objects-normal/arm64/NotarizationAuditLog.SwiftFileList --source-file-list /Users/admin/builder/spi-builder-workspace/.derivedData/Build/Intermediates.noindex/NotarizationAuditLog.build/Debug-watchos/NotarizationAuditLog-t.build/Objects-normal/arm64_32/NotarizationAuditLog.SwiftFileList --metadata-file-list /Users/admin/builder/spi-builder-workspace/.derivedData/Build/Intermediates.noindex/NotarizationAuditLog.build/Debug-watchos/NotarizationAuditLog-t.build/NotarizationAuditLog.DependencyMetadataFileList --static-metadata-file-list /Users/admin/builder/spi-builder-workspace/.derivedData/Build/Intermediates.noindex/NotarizationAuditLog.build/Debug-watchos/NotarizationAuditLog-t.build/NotarizationAuditLog.DependencyStaticMetadataFileList --swift-const-vals-list /Users/admin/builder/spi-builder-workspace/.derivedData/Build/Intermediates.noindex/NotarizationAuditLog.build/Debug-watchos/NotarizationAuditLog-t.build/Objects-normal/arm64/NotarizationAuditLog.SwiftConstValuesFileList --swift-const-vals-list /Users/admin/builder/spi-builder-workspace/.derivedData/Build/Intermediates.noindex/NotarizationAuditLog.build/Debug-watchos/NotarizationAuditLog-t.build/Objects-normal/arm64_32/NotarizationAuditLog.SwiftConstValuesFileList --force --compile-time-extraction --deployment-aware-processing --no-app-shortcuts-localization
2026-09-16 11:46:15.006 appintentsmetadataprocessor[784:4860] Starting appintentsmetadataprocessor export
2026-09-16 11:46:15.108 appintentsmetadataprocessor[784:4860] Extracted no relevant App Intents symbols, skipping writing output
SwiftExplicitDependencyGeneratePcm arm64 /Users/admin/builder/spi-builder-workspace/.derivedData/SDKExplicitPrecompiledModules/_Builtin_stdint-8XMILLJZEGRN2XG7XZUXZ5RLX.pcm
SwiftExplicitDependencyGeneratePcm arm64 /Users/admin/builder/spi-builder-workspace/.derivedData/SDKExplicitPrecompiledModules/string_h-E6PRXK75PHIPCZFWOFCQ3QBMK.pcm
SwiftExplicitDependencyGeneratePcm arm64 /Users/admin/builder/spi-builder-workspace/.derivedData/SDKExplicitPrecompiledModules/sys_types-2KXQLI78OUCDP779AE68GZJ2.pcm
SwiftExplicitDependencyGeneratePcm arm64_32 /Users/admin/builder/spi-builder-workspace/.derivedData/SDKExplicitPrecompiledModules/sys_types-8TLLMW08ZJWDGIIPKOYFGHHZW.pcm
SwiftExplicitDependencyGeneratePcm arm64_32 /Users/admin/builder/spi-builder-workspace/.derivedData/SDKExplicitPrecompiledModules/string_h-BFVLUQUSBZWYMLCU9QI7VZALW.pcm
SwiftExplicitDependencyGeneratePcm arm64_32 /Users/admin/builder/spi-builder-workspace/.derivedData/SDKExplicitPrecompiledModules/_Builtin_stdint-1HMXWI3V0V4TXHRWZOMZGZ80Y.pcm
SwiftExplicitDependencyGeneratePcm arm64 /Users/admin/builder/spi-builder-workspace/.derivedData/SDKExplicitPrecompiledModules/_DarwinFoundation3-B97LRG0E9GON2NUE65TVG81HU.pcm
SwiftExplicitDependencyGeneratePcm arm64_32 /Users/admin/builder/spi-builder-workspace/.derivedData/SDKExplicitPrecompiledModules/_DarwinFoundation3-3DUTYQDQSD9HUAAVY947NMWOI.pcm
SwiftExplicitDependencyGeneratePcm arm64 /Users/admin/builder/spi-builder-workspace/.derivedData/SDKExplicitPrecompiledModules/_Builtin_inttypes-3UQSCM7WNM9EK4HZML8TY5J3D.pcm
SwiftExplicitDependencyGeneratePcm arm64_32 /Users/admin/builder/spi-builder-workspace/.derivedData/SDKExplicitPrecompiledModules/_Builtin_inttypes-D2KPCR4PEX9AQA33NGLUT5SBR.pcm
SwiftExplicitDependencyGeneratePcm arm64 /Users/admin/builder/spi-builder-workspace/.derivedData/SDKExplicitPrecompiledModules/Darwin-3984OXKFNSPE77NT743WK8SEX.pcm
SwiftExplicitDependencyGeneratePcm arm64_32 /Users/admin/builder/spi-builder-workspace/.derivedData/SDKExplicitPrecompiledModules/Darwin-3FVT1SKLN2ZQ5RVOABMTQBB34.pcm
SwiftExplicitDependencyGeneratePcm arm64 /Users/admin/builder/spi-builder-workspace/.derivedData/SDKExplicitPrecompiledModules/ObjectiveC-72IVD3VS2RS8Q28D9PIMY0KQP.pcm
SwiftExplicitDependencyGeneratePcm arm64_32 /Users/admin/builder/spi-builder-workspace/.derivedData/SDKExplicitPrecompiledModules/ObjectiveC-6IJNELR2E80E7LUKESVCP2KET.pcm
SwiftExplicitDependencyGeneratePcm arm64 /Users/admin/builder/spi-builder-workspace/.derivedData/SDKExplicitPrecompiledModules/os_object-3SDKD7F87FTZ26OON37DRYT6O.pcm
SwiftExplicitDependencyGeneratePcm arm64_32 /Users/admin/builder/spi-builder-workspace/.derivedData/SDKExplicitPrecompiledModules/os_object-5YWTC6L4756IWSTPGXS5NM0D0.pcm
SwiftExplicitDependencyGeneratePcm arm64 /Users/admin/builder/spi-builder-workspace/.derivedData/SDKExplicitPrecompiledModules/os_workgroup-89GG5G7YC2D0ZTK6AZXXQ20DH.pcm
SwiftExplicitDependencyGeneratePcm arm64_32 /Users/admin/builder/spi-builder-workspace/.derivedData/SDKExplicitPrecompiledModules/os_workgroup-5JHTPDMNBUNHLJI8LPHKQK1JK.pcm
SwiftExplicitDependencyGeneratePcm arm64 /Users/admin/builder/spi-builder-workspace/.derivedData/SDKExplicitPrecompiledModules/Dispatch-1NLJOVAK60XP0DUB05XA59EIM.pcm
SwiftExplicitDependencyGeneratePcm arm64_32 /Users/admin/builder/spi-builder-workspace/.derivedData/SDKExplicitPrecompiledModules/Dispatch-2P62F1T4XV63S4P99TUDTOK2Q.pcm
SwiftExplicitDependencyGeneratePcm arm64 /Users/admin/builder/spi-builder-workspace/.derivedData/SDKExplicitPrecompiledModules/XPC-40DR0X1DHKGCV4J1IOLFS8MOU.pcm
SwiftExplicitDependencyGeneratePcm arm64 /Users/admin/builder/spi-builder-workspace/.derivedData/SDKExplicitPrecompiledModules/CoreFoundation-8T2L24YC5NU7WO6WQJWRY7W08.pcm
SwiftExplicitDependencyGeneratePcm arm64_32 /Users/admin/builder/spi-builder-workspace/.derivedData/SDKExplicitPrecompiledModules/CoreFoundation-8E6Y4BA3EXYKUGJ24GT9LGV3N.pcm
SwiftExplicitDependencyGeneratePcm arm64_32 /Users/admin/builder/spi-builder-workspace/.derivedData/SDKExplicitPrecompiledModules/XPC-81Y45QFY96XYYFCW2GT6FY8S4.pcm
SwiftExplicitDependencyGeneratePcm arm64 /Users/admin/builder/spi-builder-workspace/.derivedData/SDKExplicitPrecompiledModules/Security-6RZ6YBRU8WCUHRFFRVUK5WKMM.pcm
SwiftExplicitDependencyGeneratePcm arm64_32 /Users/admin/builder/spi-builder-workspace/.derivedData/SDKExplicitPrecompiledModules/Security-D7TOWF88VWF67TB9HAFP5UWB1.pcm
SwiftExplicitDependencyGeneratePcm arm64 /Users/admin/builder/spi-builder-workspace/.derivedData/SDKExplicitPrecompiledModules/Foundation-DLBKUSGXN8QHAT8W0OARR9S8A.pcm
SwiftExplicitDependencyGeneratePcm arm64_32 /Users/admin/builder/spi-builder-workspace/.derivedData/SDKExplicitPrecompiledModules/Foundation-BJ2VQGI3OGR34500MEQ1VKHPH.pcm
SwiftEmitModule normal arm64 Emitting\ module\ for\ NotarizationInfo (in target 'NotarizationInfo' from project 'NotarizationInfo')
SwiftCompile normal arm64 (in target 'NotarizationInfo' from project 'NotarizationInfo')
cd /Users/admin/builder/spi-builder-workspace/.swiftpm/xcode
SwiftCompile normal arm64 Compiling\ NotarizationInfo.swift /Users/admin/builder/spi-builder-workspace/.dependencies/checkouts/NotarizationInfo/Sources/NotarizationInfo/NotarizationInfo.swift (in target 'NotarizationInfo' from project 'NotarizationInfo')
SwiftCompile normal arm64 /Users/admin/builder/spi-builder-workspace/.dependencies/checkouts/NotarizationInfo/Sources/NotarizationInfo/NotarizationInfo.swift (in target 'NotarizationInfo' from project 'NotarizationInfo')
cd /Users/admin/builder/spi-builder-workspace/.swiftpm/xcode
builtin-SwiftPerFileCompile NotarizationInfo.swift
SwiftCompile normal arm64 Compiling\ NotarizationUpload.swift /Users/admin/builder/spi-builder-workspace/.dependencies/checkouts/NotarizationInfo/Sources/NotarizationInfo/NotarizationUpload.swift (in target 'NotarizationInfo' from project 'NotarizationInfo')
SwiftCompile normal arm64 /Users/admin/builder/spi-builder-workspace/.dependencies/checkouts/NotarizationInfo/Sources/NotarizationInfo/NotarizationUpload.swift (in target 'NotarizationInfo' from project 'NotarizationInfo')
cd /Users/admin/builder/spi-builder-workspace/.swiftpm/xcode
builtin-SwiftPerFileCompile NotarizationUpload.swift
SwiftCompile normal arm64 Compiling\ NotarizationError.swift /Users/admin/builder/spi-builder-workspace/.dependencies/checkouts/NotarizationInfo/Sources/NotarizationInfo/NotarizationError.swift (in target 'NotarizationInfo' from project 'NotarizationInfo')
SwiftCompile normal arm64 /Users/admin/builder/spi-builder-workspace/.dependencies/checkouts/NotarizationInfo/Sources/NotarizationInfo/NotarizationError.swift (in target 'NotarizationInfo' from project 'NotarizationInfo')
cd /Users/admin/builder/spi-builder-workspace/.swiftpm/xcode
builtin-SwiftPerFileCompile NotarizationError.swift
SwiftCompile normal arm64 Compiling\ NotarizationResponse.swift /Users/admin/builder/spi-builder-workspace/.dependencies/checkouts/NotarizationInfo/Sources/NotarizationInfo/NotarizationResponse.swift (in target 'NotarizationInfo' from project 'NotarizationInfo')
SwiftCompile normal arm64 /Users/admin/builder/spi-builder-workspace/.dependencies/checkouts/NotarizationInfo/Sources/NotarizationInfo/NotarizationResponse.swift (in target 'NotarizationInfo' from project 'NotarizationInfo')
cd /Users/admin/builder/spi-builder-workspace/.swiftpm/xcode
builtin-SwiftPerFileCompile NotarizationResponse.swift
SwiftCompile normal arm64 Compiling\ NotarizationHistory.swift /Users/admin/builder/spi-builder-workspace/.dependencies/checkouts/NotarizationInfo/Sources/NotarizationInfo/NotarizationHistory.swift (in target 'NotarizationInfo' from project 'NotarizationInfo')
SwiftCompile normal arm64 /Users/admin/builder/spi-builder-workspace/.dependencies/checkouts/NotarizationInfo/Sources/NotarizationInfo/NotarizationHistory.swift (in target 'NotarizationInfo' from project 'NotarizationInfo')
cd /Users/admin/builder/spi-builder-workspace/.swiftpm/xcode
builtin-SwiftPerFileCompile NotarizationHistory.swift
SwiftCompile normal arm64 Compiling\ NotarizationStatus.swift /Users/admin/builder/spi-builder-workspace/.dependencies/checkouts/NotarizationInfo/Sources/NotarizationInfo/NotarizationStatus.swift (in target 'NotarizationInfo' from project 'NotarizationInfo')
SwiftCompile normal arm64 /Users/admin/builder/spi-builder-workspace/.dependencies/checkouts/NotarizationInfo/Sources/NotarizationInfo/NotarizationStatus.swift (in target 'NotarizationInfo' from project 'NotarizationInfo')
cd /Users/admin/builder/spi-builder-workspace/.swiftpm/xcode
builtin-SwiftPerFileCompile NotarizationStatus.swift
SwiftEmitModule normal arm64_32 Emitting\ module\ for\ NotarizationInfo (in target 'NotarizationInfo' from project 'NotarizationInfo')
SwiftCompile normal arm64_32 (in target 'NotarizationInfo' from project 'NotarizationInfo')
cd /Users/admin/builder/spi-builder-workspace/.swiftpm/xcode
SwiftCompile normal arm64_32 Compiling\ NotarizationUpload.swift /Users/admin/builder/spi-builder-workspace/.dependencies/checkouts/NotarizationInfo/Sources/NotarizationInfo/NotarizationUpload.swift (in target 'NotarizationInfo' from project 'NotarizationInfo')
SwiftCompile normal arm64_32 /Users/admin/builder/spi-builder-workspace/.dependencies/checkouts/NotarizationInfo/Sources/NotarizationInfo/NotarizationUpload.swift (in target 'NotarizationInfo' from project 'NotarizationInfo')
cd /Users/admin/builder/spi-builder-workspace/.swiftpm/xcode
builtin-SwiftPerFileCompile NotarizationUpload.swift
SwiftCompile normal arm64_32 Compiling\ NotarizationResponse.swift /Users/admin/builder/spi-builder-workspace/.dependencies/checkouts/NotarizationInfo/Sources/NotarizationInfo/NotarizationResponse.swift (in target 'NotarizationInfo' from project 'NotarizationInfo')
SwiftCompile normal arm64_32 /Users/admin/builder/spi-builder-workspace/.dependencies/checkouts/NotarizationInfo/Sources/NotarizationInfo/NotarizationResponse.swift (in target 'NotarizationInfo' from project 'NotarizationInfo')
cd /Users/admin/builder/spi-builder-workspace/.swiftpm/xcode
builtin-SwiftPerFileCompile NotarizationResponse.swift
SwiftCompile normal arm64_32 Compiling\ NotarizationHistory.swift /Users/admin/builder/spi-builder-workspace/.dependencies/checkouts/NotarizationInfo/Sources/NotarizationInfo/NotarizationHistory.swift (in target 'NotarizationInfo' from project 'NotarizationInfo')
SwiftCompile normal arm64_32 /Users/admin/builder/spi-builder-workspace/.dependencies/checkouts/NotarizationInfo/Sources/NotarizationInfo/NotarizationHistory.swift (in target 'NotarizationInfo' from project 'NotarizationInfo')
cd /Users/admin/builder/spi-builder-workspace/.swiftpm/xcode
builtin-SwiftPerFileCompile NotarizationHistory.swift
SwiftDriverJobDiscovery normal arm64 Emitting module for NotarizationInfo (in target 'NotarizationInfo' from project 'NotarizationInfo')
SwiftDriver\ Compilation\ Requirements NotarizationInfo normal arm64 com.apple.xcode.tools.swift.compiler (in target 'NotarizationInfo' from project 'NotarizationInfo')
cd /Users/admin/builder/spi-builder-workspace/.swiftpm/xcode
builtin-Swift-Compilation-Requirements -- /Applications/Xcode-27.0.0-Release.Candidate.app/Contents/Developer/Toolchains/XcodeDefault.xctoolchain/usr/bin/swiftc -parse-as-library -module-name NotarizationInfo -Onone @/Users/admin/builder/spi-builder-workspace/.derivedData/Build/Intermediates.noindex/NotarizationInfo.build/Debug-watchos/NotarizationInfo-t.build/Objects-normal/arm64/NotarizationInfo.SwiftFileList -DSWIFT_PACKAGE -DDEBUG -DSWIFT_MODULE_RESOURCE_BUNDLE_UNAVAILABLE -DXcode -plugin-path /Applications/Xcode-27.0.0-Release.Candidate.app/Contents/Developer/Toolchains/XcodeDefault.xctoolchain/usr/lib/swift/host/plugins/testing -enable-experimental-feature DebugDescriptionMacro -sdk /Applications/Xcode-27.0.0-Release.Candidate.app/Contents/Developer/Platforms/WatchOS.platform/Developer/SDKs/WatchOS27.0.sdk -target arm64-apple-watchos9.0 -g -module-cache-path /Users/admin/builder/spi-builder-workspace/.derivedData/ModuleCache.noindex -Xfrontend -serialize-debugging-options -profile-coverage-mapping -profile-generate -enable-testing -suppress-warnings -index-store-path /Users/admin/builder/spi-builder-workspace/.derivedData/Index.noindex/DataStore -Xcc -D_LIBCPP_HARDENING_MODE\=_LIBCPP_HARDENING_MODE_DEBUG -swift-version 5 -I /Users/admin/builder/spi-builder-workspace/.derivedData/Build/Products/Debug-watchos -Isystem /Applications/Xcode-27.0.0-Release.Candidate.app/Contents/Developer/Platforms/WatchOS.platform/Developer/usr/lib -F /Users/admin/builder/spi-builder-workspace/.derivedData/Build/Products/Debug-watchos -F /Applications/Xcode-27.0.0-Release.Candidate.app/Contents/Developer/Platforms/WatchOS.platform/Developer/Library/Frameworks -F /Applications/Xcode-27.0.0-Release.Candidate.app/Contents/Developer/Platforms/WatchOS.platform/Developer/SDKs/WatchOS27.0.sdk/Developer/Library/Frameworks -c -j10 -enable-batch-mode -incremental -Xcc -ivfsstatcache -Xcc /Users/admin/builder/spi-builder-workspace/.derivedData/SDKStatCaches.noindex/watchos27.0-24R360-e829b21a6f8c9b70876ba0858053c04477534ef55a1706bf4c1112bbb242f0a2.sdkstatcache -output-file-map /Users/admin/builder/spi-builder-workspace/.derivedData/Build/Intermediates.noindex/NotarizationInfo.build/Debug-watchos/NotarizationInfo-t.build/Objects-normal/arm64/NotarizationInfo-OutputFileMap.json -save-temps -no-color-diagnostics -explicit-module-build -module-cache-path /Users/admin/builder/spi-builder-workspace/.derivedData/Build/Intermediates.noindex/SwiftExplicitPrecompiledModules -clang-scanner-module-cache-path /Users/admin/builder/spi-builder-workspace/.derivedData/ModuleCache.noindex -sdk-module-cache-path /Users/admin/builder/spi-builder-workspace/.derivedData/SDKExplicitPrecompiledModules -emit-dependencies -emit-module -emit-module-path /Users/admin/builder/spi-builder-workspace/.derivedData/Build/Intermediates.noindex/NotarizationInfo.build/Debug-watchos/NotarizationInfo-t.build/Objects-normal/arm64/NotarizationInfo.swiftmodule -serialize-diagnostics -dependency-scan-serialize-diagnostics-path /Users/admin/builder/spi-builder-workspace/.derivedData/Build/Intermediates.noindex/NotarizationInfo.build/Debug-watchos/NotarizationInfo-t.build/Objects-normal/arm64/NotarizationInfo-dependency-scan.dia -validate-clang-modules-once -clang-build-session-file /Users/admin/builder/spi-builder-workspace/.derivedData/ModuleCache.noindex/Session.modulevalidation -Xcc -fmodules-prune-interval\=86400 -Xcc -fmodules-prune-after\=345600 -emit-const-values -const-gather-protocols-list /Users/admin/builder/spi-builder-workspace/.derivedData/Build/Intermediates.noindex/NotarizationInfo.build/Debug-watchos/NotarizationInfo-t.build/Objects-normal/arm64/NotarizationInfo_const_extract_protocols.json -Xcc -I/Users/admin/builder/spi-builder-workspace/.derivedData/Build/Products/Debug-watchos/include -Xcc -I/Users/admin/builder/spi-builder-workspace/.derivedData/Build/Intermediates.noindex/NotarizationInfo.build/Debug-watchos/NotarizationInfo-t.build/DerivedSources-normal/arm64 -Xcc -I/Users/admin/builder/spi-builder-workspace/.derivedData/Build/Intermediates.noindex/NotarizationInfo.build/Debug-watchos/NotarizationInfo-t.build/DerivedSources/arm64 -Xcc -I/Users/admin/builder/spi-builder-workspace/.derivedData/Build/Intermediates.noindex/NotarizationInfo.build/Debug-watchos/NotarizationInfo-t.build/DerivedSources -Xcc -DSWIFT_PACKAGE -Xcc -DDEBUG\=1 -emit-objc-header -emit-objc-header-path /Users/admin/builder/spi-builder-workspace/.derivedData/Build/Intermediates.noindex/NotarizationInfo.build/Debug-watchos/NotarizationInfo-t.build/Objects-normal/arm64/NotarizationInfo-Swift.h -working-directory /Users/admin/builder/spi-builder-workspace/.swiftpm/xcode -experimental-emit-module-separately -disable-cmo
SwiftDriverJobDiscovery normal arm64_32 Emitting module for NotarizationInfo (in target 'NotarizationInfo' from project 'NotarizationInfo')
SwiftDriver\ Compilation\ Requirements NotarizationInfo normal arm64_32 com.apple.xcode.tools.swift.compiler (in target 'NotarizationInfo' from project 'NotarizationInfo')
cd /Users/admin/builder/spi-builder-workspace/.swiftpm/xcode
builtin-Swift-Compilation-Requirements -- /Applications/Xcode-27.0.0-Release.Candidate.app/Contents/Developer/Toolchains/XcodeDefault.xctoolchain/usr/bin/swiftc -parse-as-library -module-name NotarizationInfo -Onone @/Users/admin/builder/spi-builder-workspace/.derivedData/Build/Intermediates.noindex/NotarizationInfo.build/Debug-watchos/NotarizationInfo-t.build/Objects-normal/arm64_32/NotarizationInfo.SwiftFileList -DSWIFT_PACKAGE -DDEBUG -DSWIFT_MODULE_RESOURCE_BUNDLE_UNAVAILABLE -DXcode -plugin-path /Applications/Xcode-27.0.0-Release.Candidate.app/Contents/Developer/Toolchains/XcodeDefault.xctoolchain/usr/lib/swift/host/plugins/testing -enable-experimental-feature DebugDescriptionMacro -sdk /Applications/Xcode-27.0.0-Release.Candidate.app/Contents/Developer/Platforms/WatchOS.platform/Developer/SDKs/WatchOS27.0.sdk -target arm64_32-apple-watchos9.0 -g -module-cache-path /Users/admin/builder/spi-builder-workspace/.derivedData/ModuleCache.noindex -Xfrontend -serialize-debugging-options -profile-coverage-mapping -profile-generate -enable-testing -suppress-warnings -index-store-path /Users/admin/builder/spi-builder-workspace/.derivedData/Index.noindex/DataStore -Xcc -D_LIBCPP_HARDENING_MODE\=_LIBCPP_HARDENING_MODE_DEBUG -swift-version 5 -I /Users/admin/builder/spi-builder-workspace/.derivedData/Build/Products/Debug-watchos -Isystem /Applications/Xcode-27.0.0-Release.Candidate.app/Contents/Developer/Platforms/WatchOS.platform/Developer/usr/lib -F /Users/admin/builder/spi-builder-workspace/.derivedData/Build/Products/Debug-watchos -F /Applications/Xcode-27.0.0-Release.Candidate.app/Contents/Developer/Platforms/WatchOS.platform/Developer/Library/Frameworks -F /Applications/Xcode-27.0.0-Release.Candidate.app/Contents/Developer/Platforms/WatchOS.platform/Developer/SDKs/WatchOS27.0.sdk/Developer/Library/Frameworks -c -j10 -enable-batch-mode -incremental -Xcc -ivfsstatcache -Xcc /Users/admin/builder/spi-builder-workspace/.derivedData/SDKStatCaches.noindex/watchos27.0-24R360-e829b21a6f8c9b70876ba0858053c04477534ef55a1706bf4c1112bbb242f0a2.sdkstatcache -output-file-map /Users/admin/builder/spi-builder-workspace/.derivedData/Build/Intermediates.noindex/NotarizationInfo.build/Debug-watchos/NotarizationInfo-t.build/Objects-normal/arm64_32/NotarizationInfo-OutputFileMap.json -save-temps -no-color-diagnostics -explicit-module-build -module-cache-path /Users/admin/builder/spi-builder-workspace/.derivedData/Build/Intermediates.noindex/SwiftExplicitPrecompiledModules -clang-scanner-module-cache-path /Users/admin/builder/spi-builder-workspace/.derivedData/ModuleCache.noindex -sdk-module-cache-path /Users/admin/builder/spi-builder-workspace/.derivedData/SDKExplicitPrecompiledModules -emit-dependencies -emit-module -emit-module-path /Users/admin/builder/spi-builder-workspace/.derivedData/Build/Intermediates.noindex/NotarizationInfo.build/Debug-watchos/NotarizationInfo-t.build/Objects-normal/arm64_32/NotarizationInfo.swiftmodule -serialize-diagnostics -dependency-scan-serialize-diagnostics-path /Users/admin/builder/spi-builder-workspace/.derivedData/Build/Intermediates.noindex/NotarizationInfo.build/Debug-watchos/NotarizationInfo-t.build/Objects-normal/arm64_32/NotarizationInfo-dependency-scan.dia -validate-clang-modules-once -clang-build-session-file /Users/admin/builder/spi-builder-workspace/.derivedData/ModuleCache.noindex/Session.modulevalidation -Xcc -fmodules-prune-interval\=86400 -Xcc -fmodules-prune-after\=345600 -emit-const-values -const-gather-protocols-list /Users/admin/builder/spi-builder-workspace/.derivedData/Build/Intermediates.noindex/NotarizationInfo.build/Debug-watchos/NotarizationInfo-t.build/Objects-normal/arm64_32/NotarizationInfo_const_extract_protocols.json -Xcc -I/Users/admin/builder/spi-builder-workspace/.derivedData/Build/Products/Debug-watchos/include -Xcc -I/Users/admin/builder/spi-builder-workspace/.derivedData/Build/Intermediates.noindex/NotarizationInfo.build/Debug-watchos/NotarizationInfo-t.build/DerivedSources-normal/arm64_32 -Xcc -I/Users/admin/builder/spi-builder-workspace/.derivedData/Build/Intermediates.noindex/NotarizationInfo.build/Debug-watchos/NotarizationInfo-t.build/DerivedSources/arm64_32 -Xcc -I/Users/admin/builder/spi-builder-workspace/.derivedData/Build/Intermediates.noindex/NotarizationInfo.build/Debug-watchos/NotarizationInfo-t.build/DerivedSources -Xcc -DSWIFT_PACKAGE -Xcc -DDEBUG\=1 -emit-objc-header -emit-objc-header-path /Users/admin/builder/spi-builder-workspace/.derivedData/Build/Intermediates.noindex/NotarizationInfo.build/Debug-watchos/NotarizationInfo-t.build/Objects-normal/arm64_32/NotarizationInfo-Swift.h -working-directory /Users/admin/builder/spi-builder-workspace/.swiftpm/xcode -experimental-emit-module-separately -disable-cmo
Copy /Users/admin/builder/spi-builder-workspace/.derivedData/Build/Products/Debug-watchos/NotarizationInfo.swiftmodule/arm64-apple-watchos.swiftmodule /Users/admin/builder/spi-builder-workspace/.derivedData/Build/Intermediates.noindex/NotarizationInfo.build/Debug-watchos/NotarizationInfo-t.build/Objects-normal/arm64/NotarizationInfo.swiftmodule (in target 'NotarizationInfo' from project 'NotarizationInfo')
cd /Users/admin/builder/spi-builder-workspace/.dependencies/checkouts/NotarizationInfo
builtin-copy -exclude .DS_Store -exclude CVS -exclude .svn -exclude .git -exclude .hg -resolve-src-symlinks -rename /Users/admin/builder/spi-builder-workspace/.derivedData/Build/Intermediates.noindex/NotarizationInfo.build/Debug-watchos/NotarizationInfo-t.build/Objects-normal/arm64/NotarizationInfo.swiftmodule /Users/admin/builder/spi-builder-workspace/.derivedData/Build/Products/Debug-watchos/NotarizationInfo.swiftmodule/arm64-apple-watchos.swiftmodule
SwiftMergeGeneratedHeaders /Users/admin/builder/spi-builder-workspace/.derivedData/Build/Intermediates.noindex/GeneratedModuleMaps-watchos/NotarizationInfo-Swift.h /Users/admin/builder/spi-builder-workspace/.derivedData/Build/Intermediates.noindex/NotarizationInfo.build/Debug-watchos/NotarizationInfo-t.build/Objects-normal/arm64/NotarizationInfo-Swift.h /Users/admin/builder/spi-builder-workspace/.derivedData/Build/Intermediates.noindex/NotarizationInfo.build/Debug-watchos/NotarizationInfo-t.build/Objects-normal/arm64_32/NotarizationInfo-Swift.h (in target 'NotarizationInfo' from project 'NotarizationInfo')
cd /Users/admin/builder/spi-builder-workspace/.dependencies/checkouts/NotarizationInfo
builtin-swiftHeaderTool -arch arm64 /Users/admin/builder/spi-builder-workspace/.derivedData/Build/Intermediates.noindex/NotarizationInfo.build/Debug-watchos/NotarizationInfo-t.build/Objects-normal/arm64/NotarizationInfo-Swift.h -arch arm64_32 /Users/admin/builder/spi-builder-workspace/.derivedData/Build/Intermediates.noindex/NotarizationInfo.build/Debug-watchos/NotarizationInfo-t.build/Objects-normal/arm64_32/NotarizationInfo-Swift.h -o /Users/admin/builder/spi-builder-workspace/.derivedData/Build/Intermediates.noindex/GeneratedModuleMaps-watchos/NotarizationInfo-Swift.h
Copy /Users/admin/builder/spi-builder-workspace/.derivedData/Build/Products/Debug-watchos/NotarizationInfo.swiftmodule/arm64_32-apple-watchos.swiftmodule /Users/admin/builder/spi-builder-workspace/.derivedData/Build/Intermediates.noindex/NotarizationInfo.build/Debug-watchos/NotarizationInfo-t.build/Objects-normal/arm64_32/NotarizationInfo.swiftmodule (in target 'NotarizationInfo' from project 'NotarizationInfo')
cd /Users/admin/builder/spi-builder-workspace/.dependencies/checkouts/NotarizationInfo
builtin-copy -exclude .DS_Store -exclude CVS -exclude .svn -exclude .git -exclude .hg -resolve-src-symlinks -rename /Users/admin/builder/spi-builder-workspace/.derivedData/Build/Intermediates.noindex/NotarizationInfo.build/Debug-watchos/NotarizationInfo-t.build/Objects-normal/arm64_32/NotarizationInfo.swiftmodule /Users/admin/builder/spi-builder-workspace/.derivedData/Build/Products/Debug-watchos/NotarizationInfo.swiftmodule/arm64_32-apple-watchos.swiftmodule
Copy /Users/admin/builder/spi-builder-workspace/.derivedData/Build/Products/Debug-watchos/NotarizationInfo.swiftmodule/arm64_32-apple-watchos.swiftdoc /Users/admin/builder/spi-builder-workspace/.derivedData/Build/Intermediates.noindex/NotarizationInfo.build/Debug-watchos/NotarizationInfo-t.build/Objects-normal/arm64_32/NotarizationInfo.swiftdoc (in target 'NotarizationInfo' from project 'NotarizationInfo')
cd /Users/admin/builder/spi-builder-workspace/.dependencies/checkouts/NotarizationInfo
builtin-copy -exclude .DS_Store -exclude CVS -exclude .svn -exclude .git -exclude .hg -resolve-src-symlinks -rename /Users/admin/builder/spi-builder-workspace/.derivedData/Build/Intermediates.noindex/NotarizationInfo.build/Debug-watchos/NotarizationInfo-t.build/Objects-normal/arm64_32/NotarizationInfo.swiftdoc /Users/admin/builder/spi-builder-workspace/.derivedData/Build/Products/Debug-watchos/NotarizationInfo.swiftmodule/arm64_32-apple-watchos.swiftdoc
Copy /Users/admin/builder/spi-builder-workspace/.derivedData/Build/Products/Debug-watchos/NotarizationInfo.swiftmodule/arm64_32-apple-watchos.abi.json /Users/admin/builder/spi-builder-workspace/.derivedData/Build/Intermediates.noindex/NotarizationInfo.build/Debug-watchos/NotarizationInfo-t.build/Objects-normal/arm64_32/NotarizationInfo.abi.json (in target 'NotarizationInfo' from project 'NotarizationInfo')
cd /Users/admin/builder/spi-builder-workspace/.dependencies/checkouts/NotarizationInfo
builtin-copy -exclude .DS_Store -exclude CVS -exclude .svn -exclude .git -exclude .hg -resolve-src-symlinks -rename /Users/admin/builder/spi-builder-workspace/.derivedData/Build/Intermediates.noindex/NotarizationInfo.build/Debug-watchos/NotarizationInfo-t.build/Objects-normal/arm64_32/NotarizationInfo.abi.json /Users/admin/builder/spi-builder-workspace/.derivedData/Build/Products/Debug-watchos/NotarizationInfo.swiftmodule/arm64_32-apple-watchos.abi.json
Copy /Users/admin/builder/spi-builder-workspace/.derivedData/Build/Products/Debug-watchos/NotarizationInfo.swiftmodule/arm64-apple-watchos.swiftdoc /Users/admin/builder/spi-builder-workspace/.derivedData/Build/Intermediates.noindex/NotarizationInfo.build/Debug-watchos/NotarizationInfo-t.build/Objects-normal/arm64/NotarizationInfo.swiftdoc (in target 'NotarizationInfo' from project 'NotarizationInfo')
cd /Users/admin/builder/spi-builder-workspace/.dependencies/checkouts/NotarizationInfo
builtin-copy -exclude .DS_Store -exclude CVS -exclude .svn -exclude .git -exclude .hg -resolve-src-symlinks -rename /Users/admin/builder/spi-builder-workspace/.derivedData/Build/Intermediates.noindex/NotarizationInfo.build/Debug-watchos/NotarizationInfo-t.build/Objects-normal/arm64/NotarizationInfo.swiftdoc /Users/admin/builder/spi-builder-workspace/.derivedData/Build/Products/Debug-watchos/NotarizationInfo.swiftmodule/arm64-apple-watchos.swiftdoc
Copy /Users/admin/builder/spi-builder-workspace/.derivedData/Build/Products/Debug-watchos/NotarizationInfo.swiftmodule/arm64-apple-watchos.abi.json /Users/admin/builder/spi-builder-workspace/.derivedData/Build/Intermediates.noindex/NotarizationInfo.build/Debug-watchos/NotarizationInfo-t.build/Objects-normal/arm64/NotarizationInfo.abi.json (in target 'NotarizationInfo' from project 'NotarizationInfo')
cd /Users/admin/builder/spi-builder-workspace/.dependencies/checkouts/NotarizationInfo
builtin-copy -exclude .DS_Store -exclude CVS -exclude .svn -exclude .git -exclude .hg -resolve-src-symlinks -rename /Users/admin/builder/spi-builder-workspace/.derivedData/Build/Intermediates.noindex/NotarizationInfo.build/Debug-watchos/NotarizationInfo-t.build/Objects-normal/arm64/NotarizationInfo.abi.json /Users/admin/builder/spi-builder-workspace/.derivedData/Build/Products/Debug-watchos/NotarizationInfo.swiftmodule/arm64-apple-watchos.abi.json
Copy /Users/admin/builder/spi-builder-workspace/.derivedData/Build/Products/Debug-watchos/NotarizationInfo.swiftmodule/Project/arm64_32-apple-watchos.swiftsourceinfo /Users/admin/builder/spi-builder-workspace/.derivedData/Build/Intermediates.noindex/NotarizationInfo.build/Debug-watchos/NotarizationInfo-t.build/Objects-normal/arm64_32/NotarizationInfo.swiftsourceinfo (in target 'NotarizationInfo' from project 'NotarizationInfo')
cd /Users/admin/builder/spi-builder-workspace/.dependencies/checkouts/NotarizationInfo
builtin-copy -exclude .DS_Store -exclude CVS -exclude .svn -exclude .git -exclude .hg -resolve-src-symlinks -rename /Users/admin/builder/spi-builder-workspace/.derivedData/Build/Intermediates.noindex/NotarizationInfo.build/Debug-watchos/NotarizationInfo-t.build/Objects-normal/arm64_32/NotarizationInfo.swiftsourceinfo /Users/admin/builder/spi-builder-workspace/.derivedData/Build/Products/Debug-watchos/NotarizationInfo.swiftmodule/Project/arm64_32-apple-watchos.swiftsourceinfo
Copy /Users/admin/builder/spi-builder-workspace/.derivedData/Build/Products/Debug-watchos/NotarizationInfo.swiftmodule/Project/arm64-apple-watchos.swiftsourceinfo /Users/admin/builder/spi-builder-workspace/.derivedData/Build/Intermediates.noindex/NotarizationInfo.build/Debug-watchos/NotarizationInfo-t.build/Objects-normal/arm64/NotarizationInfo.swiftsourceinfo (in target 'NotarizationInfo' from project 'NotarizationInfo')
cd /Users/admin/builder/spi-builder-workspace/.dependencies/checkouts/NotarizationInfo
builtin-copy -exclude .DS_Store -exclude CVS -exclude .svn -exclude .git -exclude .hg -resolve-src-symlinks -rename /Users/admin/builder/spi-builder-workspace/.derivedData/Build/Intermediates.noindex/NotarizationInfo.build/Debug-watchos/NotarizationInfo-t.build/Objects-normal/arm64/NotarizationInfo.swiftsourceinfo /Users/admin/builder/spi-builder-workspace/.derivedData/Build/Products/Debug-watchos/NotarizationInfo.swiftmodule/Project/arm64-apple-watchos.swiftsourceinfo
SwiftCompile normal arm64_32 Compiling\ NotarizationInfo.swift /Users/admin/builder/spi-builder-workspace/.dependencies/checkouts/NotarizationInfo/Sources/NotarizationInfo/NotarizationInfo.swift (in target 'NotarizationInfo' from project 'NotarizationInfo')
SwiftCompile normal arm64_32 /Users/admin/builder/spi-builder-workspace/.dependencies/checkouts/NotarizationInfo/Sources/NotarizationInfo/NotarizationInfo.swift (in target 'NotarizationInfo' from project 'NotarizationInfo')
cd /Users/admin/builder/spi-builder-workspace/.swiftpm/xcode
builtin-SwiftPerFileCompile NotarizationInfo.swift
SwiftDriverJobDiscovery normal arm64 Compiling NotarizationStatus.swift (in target 'NotarizationInfo' from project 'NotarizationInfo')
SwiftCompile normal arm64_32 Compiling\ NotarizationError.swift /Users/admin/builder/spi-builder-workspace/.dependencies/checkouts/NotarizationInfo/Sources/NotarizationInfo/NotarizationError.swift (in target 'NotarizationInfo' from project 'NotarizationInfo')
SwiftCompile normal arm64_32 /Users/admin/builder/spi-builder-workspace/.dependencies/checkouts/NotarizationInfo/Sources/NotarizationInfo/NotarizationError.swift (in target 'NotarizationInfo' from project 'NotarizationInfo')
cd /Users/admin/builder/spi-builder-workspace/.swiftpm/xcode
builtin-SwiftPerFileCompile NotarizationError.swift
SwiftDriverJobDiscovery normal arm64 Compiling NotarizationHistory.swift (in target 'NotarizationInfo' from project 'NotarizationInfo')
SwiftCompile normal arm64_32 Compiling\ NotarizationStatus.swift /Users/admin/builder/spi-builder-workspace/.dependencies/checkouts/NotarizationInfo/Sources/NotarizationInfo/NotarizationStatus.swift (in target 'NotarizationInfo' from project 'NotarizationInfo')
SwiftCompile normal arm64_32 /Users/admin/builder/spi-builder-workspace/.dependencies/checkouts/NotarizationInfo/Sources/NotarizationInfo/NotarizationStatus.swift (in target 'NotarizationInfo' from project 'NotarizationInfo')
cd /Users/admin/builder/spi-builder-workspace/.swiftpm/xcode
builtin-SwiftPerFileCompile NotarizationStatus.swift
SwiftDriverJobDiscovery normal arm64 Compiling NotarizationUpload.swift (in target 'NotarizationInfo' from project 'NotarizationInfo')
SwiftDriverJobDiscovery normal arm64_32 Compiling NotarizationUpload.swift (in target 'NotarizationInfo' from project 'NotarizationInfo')
SwiftDriverJobDiscovery normal arm64_32 Compiling NotarizationHistory.swift (in target 'NotarizationInfo' from project 'NotarizationInfo')
SwiftDriver NotarizeProcess normal arm64_32 com.apple.xcode.tools.swift.compiler (in target 'NotarizeProcess' from project 'NotarizeProcess')
cd /Users/admin/builder/spi-builder-workspace/.swiftpm/xcode
builtin-SwiftDriver -- /Applications/Xcode-27.0.0-Release.Candidate.app/Contents/Developer/Toolchains/XcodeDefault.xctoolchain/usr/bin/swiftc -parse-as-library -module-name NotarizeProcess -Onone @/Users/admin/builder/spi-builder-workspace/.derivedData/Build/Intermediates.noindex/NotarizeProcess.build/Debug-watchos/NotarizeProcess-t.build/Objects-normal/arm64_32/NotarizeProcess.SwiftFileList -DSWIFT_PACKAGE -DDEBUG -DSWIFT_MODULE_RESOURCE_BUNDLE_UNAVAILABLE -DXcode -plugin-path /Applications/Xcode-27.0.0-Release.Candidate.app/Contents/Developer/Toolchains/XcodeDefault.xctoolchain/usr/lib/swift/host/plugins/testing -enable-experimental-feature DebugDescriptionMacro -sdk /Applications/Xcode-27.0.0-Release.Candidate.app/Contents/Developer/Platforms/WatchOS.platform/Developer/SDKs/WatchOS27.0.sdk -target arm64_32-apple-watchos9.0 -g -module-cache-path /Users/admin/builder/spi-builder-workspace/.derivedData/ModuleCache.noindex -Xfrontend -serialize-debugging-options -profile-coverage-mapping -profile-generate -enable-testing -index-store-path /Users/admin/builder/spi-builder-workspace/.derivedData/Index.noindex/DataStore -Xcc -D_LIBCPP_HARDENING_MODE\=_LIBCPP_HARDENING_MODE_DEBUG -swift-version 5 -I /Users/admin/builder/spi-builder-workspace/.derivedData/Build/Products/Debug-watchos -Isystem /Applications/Xcode-27.0.0-Release.Candidate.app/Contents/Developer/Platforms/WatchOS.platform/Developer/usr/lib -F /Users/admin/builder/spi-builder-workspace/.derivedData/Build/Products/Debug-watchos/PackageFrameworks -F /Users/admin/builder/spi-builder-workspace/.derivedData/Build/Products/Debug-watchos -F /Applications/Xcode-27.0.0-Release.Candidate.app/Contents/Developer/Platforms/WatchOS.platform/Developer/Library/Frameworks -F /Applications/Xcode-27.0.0-Release.Candidate.app/Contents/Developer/Platforms/WatchOS.platform/Developer/SDKs/WatchOS27.0.sdk/Developer/Library/Frameworks -c -j10 -enable-batch-mode -incremental -Xcc -ivfsstatcache -Xcc /Users/admin/builder/spi-builder-workspace/.derivedData/SDKStatCaches.noindex/watchos27.0-24R360-e829b21a6f8c9b70876ba0858053c04477534ef55a1706bf4c1112bbb242f0a2.sdkstatcache -output-file-map /Users/admin/builder/spi-builder-workspace/.derivedData/Build/Intermediates.noindex/NotarizeProcess.build/Debug-watchos/NotarizeProcess-t.build/Objects-normal/arm64_32/NotarizeProcess-OutputFileMap.json -save-temps -no-color-diagnostics -explicit-module-build -module-cache-path /Users/admin/builder/spi-builder-workspace/.derivedData/Build/Intermediates.noindex/SwiftExplicitPrecompiledModules -clang-scanner-module-cache-path /Users/admin/builder/spi-builder-workspace/.derivedData/ModuleCache.noindex -sdk-module-cache-path /Users/admin/builder/spi-builder-workspace/.derivedData/SDKExplicitPrecompiledModules -emit-dependencies -emit-module -emit-module-path /Users/admin/builder/spi-builder-workspace/.derivedData/Build/Intermediates.noindex/NotarizeProcess.build/Debug-watchos/NotarizeProcess-t.build/Objects-normal/arm64_32/NotarizeProcess.swiftmodule -serialize-diagnostics -dependency-scan-serialize-diagnostics-path /Users/admin/builder/spi-builder-workspace/.derivedData/Build/Intermediates.noindex/NotarizeProcess.build/Debug-watchos/NotarizeProcess-t.build/Objects-normal/arm64_32/NotarizeProcess-dependency-scan.dia -validate-clang-modules-once -clang-build-session-file /Users/admin/builder/spi-builder-workspace/.derivedData/ModuleCache.noindex/Session.modulevalidation -Xcc -fmodules-prune-interval\=86400 -Xcc -fmodules-prune-after\=345600 -emit-const-values -const-gather-protocols-list /Users/admin/builder/spi-builder-workspace/.derivedData/Build/Intermediates.noindex/NotarizeProcess.build/Debug-watchos/NotarizeProcess-t.build/Objects-normal/arm64_32/NotarizeProcess_const_extract_protocols.json -Xcc -I/Users/admin/builder/spi-builder-workspace/.derivedData/Build/Products/Debug-watchos/include -Xcc -I/Users/admin/builder/spi-builder-workspace/.derivedData/Build/Intermediates.noindex/NotarizeProcess.build/Debug-watchos/NotarizeProcess-t.build/DerivedSources-normal/arm64_32 -Xcc -I/Users/admin/builder/spi-builder-workspace/.derivedData/Build/Intermediates.noindex/NotarizeProcess.build/Debug-watchos/NotarizeProcess-t.build/DerivedSources/arm64_32 -Xcc -I/Users/admin/builder/spi-builder-workspace/.derivedData/Build/Intermediates.noindex/NotarizeProcess.build/Debug-watchos/NotarizeProcess-t.build/DerivedSources -Xcc -DSWIFT_PACKAGE -Xcc -DDEBUG\=1 -emit-objc-header -emit-objc-header-path /Users/admin/builder/spi-builder-workspace/.derivedData/Build/Intermediates.noindex/NotarizeProcess.build/Debug-watchos/NotarizeProcess-t.build/Objects-normal/arm64_32/NotarizeProcess-Swift.h -working-directory /Users/admin/builder/spi-builder-workspace/.swiftpm/xcode -experimental-emit-module-separately -disable-cmo
SwiftDriver NotarizeProcess normal arm64 com.apple.xcode.tools.swift.compiler (in target 'NotarizeProcess' from project 'NotarizeProcess')
cd /Users/admin/builder/spi-builder-workspace/.swiftpm/xcode
builtin-SwiftDriver -- /Applications/Xcode-27.0.0-Release.Candidate.app/Contents/Developer/Toolchains/XcodeDefault.xctoolchain/usr/bin/swiftc -parse-as-library -module-name NotarizeProcess -Onone @/Users/admin/builder/spi-builder-workspace/.derivedData/Build/Intermediates.noindex/NotarizeProcess.build/Debug-watchos/NotarizeProcess-t.build/Objects-normal/arm64/NotarizeProcess.SwiftFileList -DSWIFT_PACKAGE -DDEBUG -DSWIFT_MODULE_RESOURCE_BUNDLE_UNAVAILABLE -DXcode -plugin-path /Applications/Xcode-27.0.0-Release.Candidate.app/Contents/Developer/Toolchains/XcodeDefault.xctoolchain/usr/lib/swift/host/plugins/testing -enable-experimental-feature DebugDescriptionMacro -sdk /Applications/Xcode-27.0.0-Release.Candidate.app/Contents/Developer/Platforms/WatchOS.platform/Developer/SDKs/WatchOS27.0.sdk -target arm64-apple-watchos9.0 -g -module-cache-path /Users/admin/builder/spi-builder-workspace/.derivedData/ModuleCache.noindex -Xfrontend -serialize-debugging-options -profile-coverage-mapping -profile-generate -enable-testing -index-store-path /Users/admin/builder/spi-builder-workspace/.derivedData/Index.noindex/DataStore -Xcc -D_LIBCPP_HARDENING_MODE\=_LIBCPP_HARDENING_MODE_DEBUG -swift-version 5 -I /Users/admin/builder/spi-builder-workspace/.derivedData/Build/Products/Debug-watchos -Isystem /Applications/Xcode-27.0.0-Release.Candidate.app/Contents/Developer/Platforms/WatchOS.platform/Developer/usr/lib -F /Users/admin/builder/spi-builder-workspace/.derivedData/Build/Products/Debug-watchos/PackageFrameworks -F /Users/admin/builder/spi-builder-workspace/.derivedData/Build/Products/Debug-watchos -F /Applications/Xcode-27.0.0-Release.Candidate.app/Contents/Developer/Platforms/WatchOS.platform/Developer/Library/Frameworks -F /Applications/Xcode-27.0.0-Release.Candidate.app/Contents/Developer/Platforms/WatchOS.platform/Developer/SDKs/WatchOS27.0.sdk/Developer/Library/Frameworks -c -j10 -enable-batch-mode -incremental -Xcc -ivfsstatcache -Xcc /Users/admin/builder/spi-builder-workspace/.derivedData/SDKStatCaches.noindex/watchos27.0-24R360-e829b21a6f8c9b70876ba0858053c04477534ef55a1706bf4c1112bbb242f0a2.sdkstatcache -output-file-map /Users/admin/builder/spi-builder-workspace/.derivedData/Build/Intermediates.noindex/NotarizeProcess.build/Debug-watchos/NotarizeProcess-t.build/Objects-normal/arm64/NotarizeProcess-OutputFileMap.json -save-temps -no-color-diagnostics -explicit-module-build -module-cache-path /Users/admin/builder/spi-builder-workspace/.derivedData/Build/Intermediates.noindex/SwiftExplicitPrecompiledModules -clang-scanner-module-cache-path /Users/admin/builder/spi-builder-workspace/.derivedData/ModuleCache.noindex -sdk-module-cache-path /Users/admin/builder/spi-builder-workspace/.derivedData/SDKExplicitPrecompiledModules -emit-dependencies -emit-module -emit-module-path /Users/admin/builder/spi-builder-workspace/.derivedData/Build/Intermediates.noindex/NotarizeProcess.build/Debug-watchos/NotarizeProcess-t.build/Objects-normal/arm64/NotarizeProcess.swiftmodule -serialize-diagnostics -dependency-scan-serialize-diagnostics-path /Users/admin/builder/spi-builder-workspace/.derivedData/Build/Intermediates.noindex/NotarizeProcess.build/Debug-watchos/NotarizeProcess-t.build/Objects-normal/arm64/NotarizeProcess-dependency-scan.dia -validate-clang-modules-once -clang-build-session-file /Users/admin/builder/spi-builder-workspace/.derivedData/ModuleCache.noindex/Session.modulevalidation -Xcc -fmodules-prune-interval\=86400 -Xcc -fmodules-prune-after\=345600 -emit-const-values -const-gather-protocols-list /Users/admin/builder/spi-builder-workspace/.derivedData/Build/Intermediates.noindex/NotarizeProcess.build/Debug-watchos/NotarizeProcess-t.build/Objects-normal/arm64/NotarizeProcess_const_extract_protocols.json -Xcc -I/Users/admin/builder/spi-builder-workspace/.derivedData/Build/Products/Debug-watchos/include -Xcc -I/Users/admin/builder/spi-builder-workspace/.derivedData/Build/Intermediates.noindex/NotarizeProcess.build/Debug-watchos/NotarizeProcess-t.build/DerivedSources-normal/arm64 -Xcc -I/Users/admin/builder/spi-builder-workspace/.derivedData/Build/Intermediates.noindex/NotarizeProcess.build/Debug-watchos/NotarizeProcess-t.build/DerivedSources/arm64 -Xcc -I/Users/admin/builder/spi-builder-workspace/.derivedData/Build/Intermediates.noindex/NotarizeProcess.build/Debug-watchos/NotarizeProcess-t.build/DerivedSources -Xcc -DSWIFT_PACKAGE -Xcc -DDEBUG\=1 -emit-objc-header -emit-objc-header-path /Users/admin/builder/spi-builder-workspace/.derivedData/Build/Intermediates.noindex/NotarizeProcess.build/Debug-watchos/NotarizeProcess-t.build/Objects-normal/arm64/NotarizeProcess-Swift.h -working-directory /Users/admin/builder/spi-builder-workspace/.swiftpm/xcode -experimental-emit-module-separately -disable-cmo
SwiftDriverJobDiscovery normal arm64 Compiling NotarizationError.swift (in target 'NotarizationInfo' from project 'NotarizationInfo')
SwiftDriverJobDiscovery normal arm64 Compiling NotarizationInfo.swift (in target 'NotarizationInfo' from project 'NotarizationInfo')
SwiftDriverJobDiscovery normal arm64_32 Compiling NotarizationInfo.swift (in target 'NotarizationInfo' from project 'NotarizationInfo')
SwiftDriverJobDiscovery normal arm64 Compiling NotarizationResponse.swift (in target 'NotarizationInfo' from project 'NotarizationInfo')
SwiftDriver\ Compilation NotarizationInfo normal arm64 com.apple.xcode.tools.swift.compiler (in target 'NotarizationInfo' from project 'NotarizationInfo')
cd /Users/admin/builder/spi-builder-workspace/.swiftpm/xcode
builtin-Swift-Compilation -- /Applications/Xcode-27.0.0-Release.Candidate.app/Contents/Developer/Toolchains/XcodeDefault.xctoolchain/usr/bin/swiftc -parse-as-library -module-name NotarizationInfo -Onone @/Users/admin/builder/spi-builder-workspace/.derivedData/Build/Intermediates.noindex/NotarizationInfo.build/Debug-watchos/NotarizationInfo-t.build/Objects-normal/arm64/NotarizationInfo.SwiftFileList -DSWIFT_PACKAGE -DDEBUG -DSWIFT_MODULE_RESOURCE_BUNDLE_UNAVAILABLE -DXcode -plugin-path /Applications/Xcode-27.0.0-Release.Candidate.app/Contents/Developer/Toolchains/XcodeDefault.xctoolchain/usr/lib/swift/host/plugins/testing -enable-experimental-feature DebugDescriptionMacro -sdk /Applications/Xcode-27.0.0-Release.Candidate.app/Contents/Developer/Platforms/WatchOS.platform/Developer/SDKs/WatchOS27.0.sdk -target arm64-apple-watchos9.0 -g -module-cache-path /Users/admin/builder/spi-builder-workspace/.derivedData/ModuleCache.noindex -Xfrontend -serialize-debugging-options -profile-coverage-mapping -profile-generate -enable-testing -suppress-warnings -index-store-path /Users/admin/builder/spi-builder-workspace/.derivedData/Index.noindex/DataStore -Xcc -D_LIBCPP_HARDENING_MODE\=_LIBCPP_HARDENING_MODE_DEBUG -swift-version 5 -I /Users/admin/builder/spi-builder-workspace/.derivedData/Build/Products/Debug-watchos -Isystem /Applications/Xcode-27.0.0-Release.Candidate.app/Contents/Developer/Platforms/WatchOS.platform/Developer/usr/lib -F /Users/admin/builder/spi-builder-workspace/.derivedData/Build/Products/Debug-watchos -F /Applications/Xcode-27.0.0-Release.Candidate.app/Contents/Developer/Platforms/WatchOS.platform/Developer/Library/Frameworks -F /Applications/Xcode-27.0.0-Release.Candidate.app/Contents/Developer/Platforms/WatchOS.platform/Developer/SDKs/WatchOS27.0.sdk/Developer/Library/Frameworks -c -j10 -enable-batch-mode -incremental -Xcc -ivfsstatcache -Xcc /Users/admin/builder/spi-builder-workspace/.derivedData/SDKStatCaches.noindex/watchos27.0-24R360-e829b21a6f8c9b70876ba0858053c04477534ef55a1706bf4c1112bbb242f0a2.sdkstatcache -output-file-map /Users/admin/builder/spi-builder-workspace/.derivedData/Build/Intermediates.noindex/NotarizationInfo.build/Debug-watchos/NotarizationInfo-t.build/Objects-normal/arm64/NotarizationInfo-OutputFileMap.json -save-temps -no-color-diagnostics -explicit-module-build -module-cache-path /Users/admin/builder/spi-builder-workspace/.derivedData/Build/Intermediates.noindex/SwiftExplicitPrecompiledModules -clang-scanner-module-cache-path /Users/admin/builder/spi-builder-workspace/.derivedData/ModuleCache.noindex -sdk-module-cache-path /Users/admin/builder/spi-builder-workspace/.derivedData/SDKExplicitPrecompiledModules -emit-dependencies -emit-module -emit-module-path /Users/admin/builder/spi-builder-workspace/.derivedData/Build/Intermediates.noindex/NotarizationInfo.build/Debug-watchos/NotarizationInfo-t.build/Objects-normal/arm64/NotarizationInfo.swiftmodule -serialize-diagnostics -dependency-scan-serialize-diagnostics-path /Users/admin/builder/spi-builder-workspace/.derivedData/Build/Intermediates.noindex/NotarizationInfo.build/Debug-watchos/NotarizationInfo-t.build/Objects-normal/arm64/NotarizationInfo-dependency-scan.dia -validate-clang-modules-once -clang-build-session-file /Users/admin/builder/spi-builder-workspace/.derivedData/ModuleCache.noindex/Session.modulevalidation -Xcc -fmodules-prune-interval\=86400 -Xcc -fmodules-prune-after\=345600 -emit-const-values -const-gather-protocols-list /Users/admin/builder/spi-builder-workspace/.derivedData/Build/Intermediates.noindex/NotarizationInfo.build/Debug-watchos/NotarizationInfo-t.build/Objects-normal/arm64/NotarizationInfo_const_extract_protocols.json -Xcc -I/Users/admin/builder/spi-builder-workspace/.derivedData/Build/Products/Debug-watchos/include -Xcc -I/Users/admin/builder/spi-builder-workspace/.derivedData/Build/Intermediates.noindex/NotarizationInfo.build/Debug-watchos/NotarizationInfo-t.build/DerivedSources-normal/arm64 -Xcc -I/Users/admin/builder/spi-builder-workspace/.derivedData/Build/Intermediates.noindex/NotarizationInfo.build/Debug-watchos/NotarizationInfo-t.build/DerivedSources/arm64 -Xcc -I/Users/admin/builder/spi-builder-workspace/.derivedData/Build/Intermediates.noindex/NotarizationInfo.build/Debug-watchos/NotarizationInfo-t.build/DerivedSources -Xcc -DSWIFT_PACKAGE -Xcc -DDEBUG\=1 -emit-objc-header -emit-objc-header-path /Users/admin/builder/spi-builder-workspace/.derivedData/Build/Intermediates.noindex/NotarizationInfo.build/Debug-watchos/NotarizationInfo-t.build/Objects-normal/arm64/NotarizationInfo-Swift.h -working-directory /Users/admin/builder/spi-builder-workspace/.swiftpm/xcode -experimental-emit-module-separately -disable-cmo
Ld /Users/admin/builder/spi-builder-workspace/.derivedData/Build/Intermediates.noindex/NotarizationInfo.build/Debug-watchos/NotarizationInfo-t.build/Objects-normal/arm64/Binary/NotarizationInfo.o normal arm64 (in target 'NotarizationInfo' from project 'NotarizationInfo')
cd /Users/admin/builder/spi-builder-workspace/.dependencies/checkouts/NotarizationInfo
/Applications/Xcode-27.0.0-Release.Candidate.app/Contents/Developer/Toolchains/XcodeDefault.xctoolchain/usr/bin/clang -Xlinker -reproducible -target arm64-apple-watchos9.0 -r -isysroot /Applications/Xcode-27.0.0-Release.Candidate.app/Contents/Developer/Platforms/WatchOS.platform/Developer/SDKs/WatchOS27.0.sdk -O0 -w -Xlinker -no_warn_duplicate_libraries -F/Users/admin/builder/spi-builder-workspace/.derivedData/Build/Intermediates.noindex/EagerLinkingTBDs/Debug-watchos -F/Users/admin/builder/spi-builder-workspace/.derivedData/Build/Products/Debug-watchos -iframework /Applications/Xcode-27.0.0-Release.Candidate.app/Contents/Developer/Platforms/WatchOS.platform/Developer/Library/Frameworks -iframework /Applications/Xcode-27.0.0-Release.Candidate.app/Contents/Developer/Platforms/WatchOS.platform/Developer/SDKs/WatchOS27.0.sdk/Developer/Library/Frameworks -filelist /Users/admin/builder/spi-builder-workspace/.derivedData/Build/Intermediates.noindex/NotarizationInfo.build/Debug-watchos/NotarizationInfo-t.build/Objects-normal/arm64/NotarizationInfo.LinkFileList -nostdlib -Xlinker -object_path_lto -Xlinker /Users/admin/builder/spi-builder-workspace/.derivedData/Build/Intermediates.noindex/NotarizationInfo.build/Debug-watchos/NotarizationInfo-t.build/Objects-normal/arm64/NotarizationInfo_lto.o -Xlinker -no_deduplicate -Xlinker -debug_variant -Xlinker -dependency_info -Xlinker /Users/admin/builder/spi-builder-workspace/.derivedData/Build/Intermediates.noindex/NotarizationInfo.build/Debug-watchos/NotarizationInfo-t.build/Objects-normal/arm64/NotarizationInfo_dependency_info.dat -fobjc-link-runtime -L/Applications/Xcode-27.0.0-Release.Candidate.app/Contents/Developer/Toolchains/XcodeDefault.xctoolchain/usr/lib/swift/watchos -L/usr/lib/swift -Xlinker -add_ast_path -Xlinker /Users/admin/builder/spi-builder-workspace/.derivedData/Build/Intermediates.noindex/NotarizationInfo.build/Debug-watchos/NotarizationInfo-t.build/Objects-normal/arm64/NotarizationInfo.swiftmodule -o /Users/admin/builder/spi-builder-workspace/.derivedData/Build/Intermediates.noindex/NotarizationInfo.build/Debug-watchos/NotarizationInfo-t.build/Objects-normal/arm64/Binary/NotarizationInfo.o
SwiftDriverJobDiscovery normal arm64_32 Compiling NotarizationResponse.swift (in target 'NotarizationInfo' from project 'NotarizationInfo')
SwiftDriverJobDiscovery normal arm64_32 Compiling NotarizationStatus.swift (in target 'NotarizationInfo' from project 'NotarizationInfo')
SwiftDriverJobDiscovery normal arm64_32 Compiling NotarizationError.swift (in target 'NotarizationInfo' from project 'NotarizationInfo')
SwiftDriver\ Compilation NotarizationInfo normal arm64_32 com.apple.xcode.tools.swift.compiler (in target 'NotarizationInfo' from project 'NotarizationInfo')
cd /Users/admin/builder/spi-builder-workspace/.swiftpm/xcode
builtin-Swift-Compilation -- /Applications/Xcode-27.0.0-Release.Candidate.app/Contents/Developer/Toolchains/XcodeDefault.xctoolchain/usr/bin/swiftc -parse-as-library -module-name NotarizationInfo -Onone @/Users/admin/builder/spi-builder-workspace/.derivedData/Build/Intermediates.noindex/NotarizationInfo.build/Debug-watchos/NotarizationInfo-t.build/Objects-normal/arm64_32/NotarizationInfo.SwiftFileList -DSWIFT_PACKAGE -DDEBUG -DSWIFT_MODULE_RESOURCE_BUNDLE_UNAVAILABLE -DXcode -plugin-path /Applications/Xcode-27.0.0-Release.Candidate.app/Contents/Developer/Toolchains/XcodeDefault.xctoolchain/usr/lib/swift/host/plugins/testing -enable-experimental-feature DebugDescriptionMacro -sdk /Applications/Xcode-27.0.0-Release.Candidate.app/Contents/Developer/Platforms/WatchOS.platform/Developer/SDKs/WatchOS27.0.sdk -target arm64_32-apple-watchos9.0 -g -module-cache-path /Users/admin/builder/spi-builder-workspace/.derivedData/ModuleCache.noindex -Xfrontend -serialize-debugging-options -profile-coverage-mapping -profile-generate -enable-testing -suppress-warnings -index-store-path /Users/admin/builder/spi-builder-workspace/.derivedData/Index.noindex/DataStore -Xcc -D_LIBCPP_HARDENING_MODE\=_LIBCPP_HARDENING_MODE_DEBUG -swift-version 5 -I /Users/admin/builder/spi-builder-workspace/.derivedData/Build/Products/Debug-watchos -Isystem /Applications/Xcode-27.0.0-Release.Candidate.app/Contents/Developer/Platforms/WatchOS.platform/Developer/usr/lib -F /Users/admin/builder/spi-builder-workspace/.derivedData/Build/Products/Debug-watchos -F /Applications/Xcode-27.0.0-Release.Candidate.app/Contents/Developer/Platforms/WatchOS.platform/Developer/Library/Frameworks -F /Applications/Xcode-27.0.0-Release.Candidate.app/Contents/Developer/Platforms/WatchOS.platform/Developer/SDKs/WatchOS27.0.sdk/Developer/Library/Frameworks -c -j10 -enable-batch-mode -incremental -Xcc -ivfsstatcache -Xcc /Users/admin/builder/spi-builder-workspace/.derivedData/SDKStatCaches.noindex/watchos27.0-24R360-e829b21a6f8c9b70876ba0858053c04477534ef55a1706bf4c1112bbb242f0a2.sdkstatcache -output-file-map /Users/admin/builder/spi-builder-workspace/.derivedData/Build/Intermediates.noindex/NotarizationInfo.build/Debug-watchos/NotarizationInfo-t.build/Objects-normal/arm64_32/NotarizationInfo-OutputFileMap.json -save-temps -no-color-diagnostics -explicit-module-build -module-cache-path /Users/admin/builder/spi-builder-workspace/.derivedData/Build/Intermediates.noindex/SwiftExplicitPrecompiledModules -clang-scanner-module-cache-path /Users/admin/builder/spi-builder-workspace/.derivedData/ModuleCache.noindex -sdk-module-cache-path /Users/admin/builder/spi-builder-workspace/.derivedData/SDKExplicitPrecompiledModules -emit-dependencies -emit-module -emit-module-path /Users/admin/builder/spi-builder-workspace/.derivedData/Build/Intermediates.noindex/NotarizationInfo.build/Debug-watchos/NotarizationInfo-t.build/Objects-normal/arm64_32/NotarizationInfo.swiftmodule -serialize-diagnostics -dependency-scan-serialize-diagnostics-path /Users/admin/builder/spi-builder-workspace/.derivedData/Build/Intermediates.noindex/NotarizationInfo.build/Debug-watchos/NotarizationInfo-t.build/Objects-normal/arm64_32/NotarizationInfo-dependency-scan.dia -validate-clang-modules-once -clang-build-session-file /Users/admin/builder/spi-builder-workspace/.derivedData/ModuleCache.noindex/Session.modulevalidation -Xcc -fmodules-prune-interval\=86400 -Xcc -fmodules-prune-after\=345600 -emit-const-values -const-gather-protocols-list /Users/admin/builder/spi-builder-workspace/.derivedData/Build/Intermediates.noindex/NotarizationInfo.build/Debug-watchos/NotarizationInfo-t.build/Objects-normal/arm64_32/NotarizationInfo_const_extract_protocols.json -Xcc -I/Users/admin/builder/spi-builder-workspace/.derivedData/Build/Products/Debug-watchos/include -Xcc -I/Users/admin/builder/spi-builder-workspace/.derivedData/Build/Intermediates.noindex/NotarizationInfo.build/Debug-watchos/NotarizationInfo-t.build/DerivedSources-normal/arm64_32 -Xcc -I/Users/admin/builder/spi-builder-workspace/.derivedData/Build/Intermediates.noindex/NotarizationInfo.build/Debug-watchos/NotarizationInfo-t.build/DerivedSources/arm64_32 -Xcc -I/Users/admin/builder/spi-builder-workspace/.derivedData/Build/Intermediates.noindex/NotarizationInfo.build/Debug-watchos/NotarizationInfo-t.build/DerivedSources -Xcc -DSWIFT_PACKAGE -Xcc -DDEBUG\=1 -emit-objc-header -emit-objc-header-path /Users/admin/builder/spi-builder-workspace/.derivedData/Build/Intermediates.noindex/NotarizationInfo.build/Debug-watchos/NotarizationInfo-t.build/Objects-normal/arm64_32/NotarizationInfo-Swift.h -working-directory /Users/admin/builder/spi-builder-workspace/.swiftpm/xcode -experimental-emit-module-separately -disable-cmo
Ld /Users/admin/builder/spi-builder-workspace/.derivedData/Build/Intermediates.noindex/NotarizationInfo.build/Debug-watchos/NotarizationInfo-t.build/Objects-normal/arm64_32/Binary/NotarizationInfo.o normal arm64_32 (in target 'NotarizationInfo' from project 'NotarizationInfo')
cd /Users/admin/builder/spi-builder-workspace/.dependencies/checkouts/NotarizationInfo
/Applications/Xcode-27.0.0-Release.Candidate.app/Contents/Developer/Toolchains/XcodeDefault.xctoolchain/usr/bin/clang -Xlinker -reproducible -target arm64_32-apple-watchos9.0 -r -isysroot /Applications/Xcode-27.0.0-Release.Candidate.app/Contents/Developer/Platforms/WatchOS.platform/Developer/SDKs/WatchOS27.0.sdk -O0 -w -Xlinker -no_warn_duplicate_libraries -F/Users/admin/builder/spi-builder-workspace/.derivedData/Build/Intermediates.noindex/EagerLinkingTBDs/Debug-watchos -F/Users/admin/builder/spi-builder-workspace/.derivedData/Build/Products/Debug-watchos -iframework /Applications/Xcode-27.0.0-Release.Candidate.app/Contents/Developer/Platforms/WatchOS.platform/Developer/Library/Frameworks -iframework /Applications/Xcode-27.0.0-Release.Candidate.app/Contents/Developer/Platforms/WatchOS.platform/Developer/SDKs/WatchOS27.0.sdk/Developer/Library/Frameworks -filelist /Users/admin/builder/spi-builder-workspace/.derivedData/Build/Intermediates.noindex/NotarizationInfo.build/Debug-watchos/NotarizationInfo-t.build/Objects-normal/arm64_32/NotarizationInfo.LinkFileList -nostdlib -Xlinker -object_path_lto -Xlinker /Users/admin/builder/spi-builder-workspace/.derivedData/Build/Intermediates.noindex/NotarizationInfo.build/Debug-watchos/NotarizationInfo-t.build/Objects-normal/arm64_32/NotarizationInfo_lto.o -Xlinker -no_deduplicate -Xlinker -debug_variant -Xlinker -dependency_info -Xlinker /Users/admin/builder/spi-builder-workspace/.derivedData/Build/Intermediates.noindex/NotarizationInfo.build/Debug-watchos/NotarizationInfo-t.build/Objects-normal/arm64_32/NotarizationInfo_dependency_info.dat -fobjc-link-runtime -L/Applications/Xcode-27.0.0-Release.Candidate.app/Contents/Developer/Toolchains/XcodeDefault.xctoolchain/usr/lib/swift/watchos -L/usr/lib/swift -Xlinker -add_ast_path -Xlinker /Users/admin/builder/spi-builder-workspace/.derivedData/Build/Intermediates.noindex/NotarizationInfo.build/Debug-watchos/NotarizationInfo-t.build/Objects-normal/arm64_32/NotarizationInfo.swiftmodule -o /Users/admin/builder/spi-builder-workspace/.derivedData/Build/Intermediates.noindex/NotarizationInfo.build/Debug-watchos/NotarizationInfo-t.build/Objects-normal/arm64_32/Binary/NotarizationInfo.o
CreateUniversalBinary /Users/admin/builder/spi-builder-workspace/.derivedData/Build/Products/Debug-watchos/NotarizationInfo.o normal arm64\ arm64_32 (in target 'NotarizationInfo' from project 'NotarizationInfo')
cd /Users/admin/builder/spi-builder-workspace/.dependencies/checkouts/NotarizationInfo
/Applications/Xcode-27.0.0-Release.Candidate.app/Contents/Developer/Toolchains/XcodeDefault.xctoolchain/usr/bin/lipo -create /Users/admin/builder/spi-builder-workspace/.derivedData/Build/Intermediates.noindex/NotarizationInfo.build/Debug-watchos/NotarizationInfo-t.build/Objects-normal/arm64/Binary/NotarizationInfo.o /Users/admin/builder/spi-builder-workspace/.derivedData/Build/Intermediates.noindex/NotarizationInfo.build/Debug-watchos/NotarizationInfo-t.build/Objects-normal/arm64_32/Binary/NotarizationInfo.o -output /Users/admin/builder/spi-builder-workspace/.derivedData/Build/Products/Debug-watchos/NotarizationInfo.o
ExtractAppIntentsMetadata (in target 'NotarizationInfo' from project 'NotarizationInfo')
cd /Users/admin/builder/spi-builder-workspace/.dependencies/checkouts/NotarizationInfo
/Applications/Xcode-27.0.0-Release.Candidate.app/Contents/Developer/Toolchains/XcodeDefault.xctoolchain/usr/bin/appintentsmetadataprocessor --toolchain-dir /var/run/com.apple.security.cryptexd/mnt/com.apple.MobileAsset.MetalToolchain-v27.1.266.1.q7v01D/Metal.xctoolchain --module-name NotarizationInfo --sdk-root /Applications/Xcode-27.0.0-Release.Candidate.app/Contents/Developer/Platforms/WatchOS.platform/Developer/SDKs/WatchOS27.0.sdk --xcode-version 27A266a --platform-family watchOS --deployment-target 9.0 --bundle-identifier notarizationinfo.NotarizationInfo --output /Users/admin/builder/spi-builder-workspace/.derivedData/Build/Products/Debug-watchos/NotarizationInfo.appintents --target-triple arm64-apple-watchos9.0 --target-triple arm64_32-apple-watchos9.0 --binary-file /Users/admin/builder/spi-builder-workspace/.derivedData/Build/Products/Debug-watchos/NotarizationInfo.o --dependency-file /Users/admin/builder/spi-builder-workspace/.derivedData/Build/Intermediates.noindex/NotarizationInfo.build/Debug-watchos/NotarizationInfo-t.build/Objects-normal/arm64/NotarizationInfo_dependency_info.dat --dependency-file /Users/admin/builder/spi-builder-workspace/.derivedData/Build/Intermediates.noindex/NotarizationInfo.build/Debug-watchos/NotarizationInfo-t.build/Objects-normal/arm64_32/NotarizationInfo_dependency_info.dat --stringsdata-file /Users/admin/builder/spi-builder-workspace/.derivedData/Build/Intermediates.noindex/NotarizationInfo.build/Debug-watchos/NotarizationInfo-t.build/Objects-normal/arm64/ExtractedAppShortcutsMetadata.stringsdata --stringsdata-file /Users/admin/builder/spi-builder-workspace/.derivedData/Build/Intermediates.noindex/NotarizationInfo.build/Debug-watchos/NotarizationInfo-t.build/Objects-normal/arm64_32/ExtractedAppShortcutsMetadata.stringsdata --source-file-list /Users/admin/builder/spi-builder-workspace/.derivedData/Build/Intermediates.noindex/NotarizationInfo.build/Debug-watchos/NotarizationInfo-t.build/Objects-normal/arm64/NotarizationInfo.SwiftFileList --source-file-list /Users/admin/builder/spi-builder-workspace/.derivedData/Build/Intermediates.noindex/NotarizationInfo.build/Debug-watchos/NotarizationInfo-t.build/Objects-normal/arm64_32/NotarizationInfo.SwiftFileList --metadata-file-list /Users/admin/builder/spi-builder-workspace/.derivedData/Build/Intermediates.noindex/NotarizationInfo.build/Debug-watchos/NotarizationInfo-t.build/NotarizationInfo.DependencyMetadataFileList --static-metadata-file-list /Users/admin/builder/spi-builder-workspace/.derivedData/Build/Intermediates.noindex/NotarizationInfo.build/Debug-watchos/NotarizationInfo-t.build/NotarizationInfo.DependencyStaticMetadataFileList --swift-const-vals-list /Users/admin/builder/spi-builder-workspace/.derivedData/Build/Intermediates.noindex/NotarizationInfo.build/Debug-watchos/NotarizationInfo-t.build/Objects-normal/arm64/NotarizationInfo.SwiftConstValuesFileList --swift-const-vals-list /Users/admin/builder/spi-builder-workspace/.derivedData/Build/Intermediates.noindex/NotarizationInfo.build/Debug-watchos/NotarizationInfo-t.build/Objects-normal/arm64_32/NotarizationInfo.SwiftConstValuesFileList --force --compile-time-extraction --deployment-aware-processing --no-app-shortcuts-localization
2026-09-16 11:46:17.949 appintentsmetadataprocessor[832:5056] Starting appintentsmetadataprocessor export
2026-09-16 11:46:18.008 appintentsmetadataprocessor[832:5056] Extracted no relevant App Intents symbols, skipping writing output
SwiftEmitModule normal arm64_32 Emitting\ module\ for\ NotarizeProcess (in target 'NotarizeProcess' from project 'NotarizeProcess')
SwiftCompile normal arm64_32 (in target 'NotarizeProcess' from project 'NotarizeProcess')
cd /Users/admin/builder/spi-builder-workspace/.swiftpm/xcode
SwiftCompile normal arm64_32 Compiling\ NotarizationInfo+AuditLog.swift /Users/admin/builder/spi-builder-workspace/Sources/NotarizeProcess/NotarizationInfo+AuditLog.swift (in target 'NotarizeProcess' from project 'NotarizeProcess')
SwiftCompile normal arm64_32 /Users/admin/builder/spi-builder-workspace/Sources/NotarizeProcess/NotarizationInfo+AuditLog.swift (in target 'NotarizeProcess' from project 'NotarizeProcess')
cd /Users/admin/builder/spi-builder-workspace/.swiftpm/xcode
builtin-SwiftPerFileCompile NotarizationInfo+AuditLog.swift
SwiftCompile normal arm64_32 Compiling\ NotarizeProcessError.swift /Users/admin/builder/spi-builder-workspace/Sources/NotarizeProcess/NotarizeProcessError.swift (in target 'NotarizeProcess' from project 'NotarizeProcess')
SwiftCompile normal arm64_32 /Users/admin/builder/spi-builder-workspace/Sources/NotarizeProcess/NotarizeProcessError.swift (in target 'NotarizeProcess' from project 'NotarizeProcess')
cd /Users/admin/builder/spi-builder-workspace/.swiftpm/xcode
builtin-SwiftPerFileCompile NotarizeProcessError.swift
SwiftCompile normal arm64_32 Compiling\ NotarizeProcessAction.swift /Users/admin/builder/spi-builder-workspace/Sources/NotarizeProcess/NotarizeProcessAction.swift (in target 'NotarizeProcess' from project 'NotarizeProcess')
SwiftCompile normal arm64_32 /Users/admin/builder/spi-builder-workspace/Sources/NotarizeProcess/NotarizeProcessAction.swift (in target 'NotarizeProcess' from project 'NotarizeProcess')
cd /Users/admin/builder/spi-builder-workspace/.swiftpm/xcode
builtin-SwiftPerFileCompile NotarizeProcessAction.swift
SwiftCompile normal arm64_32 Compiling\ WaitMethod.swift /Users/admin/builder/spi-builder-workspace/Sources/NotarizeProcess/WaitMethod.swift (in target 'NotarizeProcess' from project 'NotarizeProcess')
SwiftCompile normal arm64_32 /Users/admin/builder/spi-builder-workspace/Sources/NotarizeProcess/WaitMethod.swift (in target 'NotarizeProcess' from project 'NotarizeProcess')
cd /Users/admin/builder/spi-builder-workspace/.swiftpm/xcode
builtin-SwiftPerFileCompile WaitMethod.swift
SwiftCompile normal arm64_32 Compiling\ NotarizePlatform.swift /Users/admin/builder/spi-builder-workspace/Sources/NotarizeProcess/NotarizePlatform.swift (in target 'NotarizeProcess' from project 'NotarizeProcess')
SwiftCompile normal arm64_32 /Users/admin/builder/spi-builder-workspace/Sources/NotarizeProcess/NotarizePlatform.swift (in target 'NotarizeProcess' from project 'NotarizeProcess')
cd /Users/admin/builder/spi-builder-workspace/.swiftpm/xcode
builtin-SwiftPerFileCompile NotarizePlatform.swift
SwiftCompile normal arm64_32 Compiling\ NotarizeProcess.swift /Users/admin/builder/spi-builder-workspace/Sources/NotarizeProcess/NotarizeProcess.swift (in target 'NotarizeProcess' from project 'NotarizeProcess')
SwiftCompile normal arm64_32 /Users/admin/builder/spi-builder-workspace/Sources/NotarizeProcess/NotarizeProcess.swift (in target 'NotarizeProcess' from project 'NotarizeProcess')
cd /Users/admin/builder/spi-builder-workspace/.swiftpm/xcode
builtin-SwiftPerFileCompile NotarizeProcess.swift
SwiftCompile normal arm64_32 Compiling\ Processable.swift /Users/admin/builder/spi-builder-workspace/Sources/NotarizeProcess/Processable.swift (in target 'NotarizeProcess' from project 'NotarizeProcess')
/Users/admin/builder/spi-builder-workspace/Sources/NotarizeProcess/Processable.swift:17:23: error: cannot find 'Process' in scope
15 | static func run(arguments: [String]) throws -> Data {
16 | let pipe = Pipe()
17 | let process = Process()
| `- error: cannot find 'Process' in scope
18 | process.launchPath = self.launchPath
19 | process.arguments = arguments
Failed frontend command:
/Applications/Xcode-27.0.0-Release.Candidate.app/Contents/Developer/Toolchains/XcodeDefault.xctoolchain/usr/bin/swift-frontend -frontend -c /Users/admin/builder/spi-builder-workspace/Sources/NotarizeProcess/NotarizationInfo+AuditLog.swift /Users/admin/builder/spi-builder-workspace/Sources/NotarizeProcess/NotarizePlatform.swift /Users/admin/builder/spi-builder-workspace/Sources/NotarizeProcess/NotarizeProcess.swift /Users/admin/builder/spi-builder-workspace/Sources/NotarizeProcess/NotarizeProcessAction.swift /Users/admin/builder/spi-builder-workspace/Sources/NotarizeProcess/NotarizeProcessError.swift -primary-file /Users/admin/builder/spi-builder-workspace/Sources/NotarizeProcess/Processable.swift /Users/admin/builder/spi-builder-workspace/Sources/NotarizeProcess/WaitMethod.swift -emit-dependencies-path /Users/admin/builder/spi-builder-workspace/.derivedData/Build/Intermediates.noindex/NotarizeProcess.build/Debug-watchos/NotarizeProcess-t.build/Objects-normal/arm64_32/Processable.d -emit-const-values-path /Users/admin/builder/spi-builder-workspace/.derivedData/Build/Intermediates.noindex/NotarizeProcess.build/Debug-watchos/NotarizeProcess-t.build/Objects-normal/arm64_32/Processable.swiftconstvalues -emit-reference-dependencies-path /Users/admin/builder/spi-builder-workspace/.derivedData/Build/Intermediates.noindex/NotarizeProcess.build/Debug-watchos/NotarizeProcess-t.build/Objects-normal/arm64_32/Processable.swiftdeps -serialize-diagnostics-path /Users/admin/builder/spi-builder-workspace/.derivedData/Build/Intermediates.noindex/NotarizeProcess.build/Debug-watchos/NotarizeProcess-t.build/Objects-normal/arm64_32/Processable.dia -target arm64_32-apple-watchos9.0 -disable-cross-import-overlay-search -load-resolved-plugin /Applications/Xcode-27.0.0-Release.Candidate.app/Contents/Developer/Platforms/WatchOS.platform/Developer/usr/lib/swift/host/plugins/libFoundationMacros.dylib\#/Applications/Xcode-27.0.0-Release.Candidate.app/Contents/Developer/Platforms/WatchOS.platform/Developer/usr/bin/swift-plugin-server\#FoundationMacros -load-resolved-plugin /Applications/Xcode-27.0.0-Release.Candidate.app/Contents/Developer/Platforms/WatchOS.platform/Developer/usr/lib/swift/host/plugins/libObservationMacros.dylib\#/Applications/Xcode-27.0.0-Release.Candidate.app/Contents/Developer/Platforms/WatchOS.platform/Developer/usr/bin/swift-plugin-server\#ObservationMacros -load-resolved-plugin /Applications/Xcode-27.0.0-Release.Candidate.app/Contents/Developer/Platforms/WatchOS.platform/Developer/usr/lib/swift/host/plugins/libSwiftMacros.dylib\#/Applications/Xcode-27.0.0-Release.Candidate.app/Contents/Developer/Platforms/WatchOS.platform/Developer/usr/bin/swift-plugin-server\#SwiftMacros -disable-implicit-swift-modules -Xcc -fno-implicit-modules -Xcc -fno-implicit-module-maps -explicit-swift-module-map-file /Users/admin/builder/spi-builder-workspace/.derivedData/Build/Intermediates.noindex/NotarizeProcess.build/Debug-watchos/NotarizeProcess-t.build/Objects-normal/arm64_32/NotarizeProcess-dependencies-2.json -enable-objc-interop -sdk /Applications/Xcode-27.0.0-Release.Candidate.app/Contents/Developer/Platforms/WatchOS.platform/Developer/SDKs/WatchOS27.0.sdk -I /Users/admin/builder/spi-builder-workspace/.derivedData/Build/Products/Debug-watchos -Isystem /Applications/Xcode-27.0.0-Release.Candidate.app/Contents/Developer/Platforms/WatchOS.platform/Developer/usr/lib -F /Users/admin/builder/spi-builder-workspace/.derivedData/Build/Products/Debug-watchos/PackageFrameworks -F /Users/admin/builder/spi-builder-workspace/.derivedData/Build/Products/Debug-watchos -F /Applications/Xcode-27.0.0-Release.Candidate.app/Contents/Developer/Platforms/WatchOS.platform/Developer/Library/Frameworks -F /Applications/Xcode-27.0.0-Release.Candidate.app/Contents/Developer/Platforms/WatchOS.platform/Developer/SDKs/WatchOS27.0.sdk/Developer/Library/Frameworks -module-cache-path /Users/admin/builder/spi-builder-workspace/.derivedData/Build/Intermediates.noindex/SwiftExplicitPrecompiledModules -no-color-diagnostics -Xcc -fno-color-diagnostics -enable-testing -g -debug-info-format\=dwarf -dwarf-version\=4 -profile-generate -profile-coverage-mapping -swift-version 5 -Onone -D SWIFT_PACKAGE -D DEBUG -D SWIFT_MODULE_RESOURCE_BUNDLE_UNAVAILABLE -D Xcode -serialize-debugging-options -enable-experimental-feature DebugDescriptionMacro -empty-abi-descriptor -validate-clang-modules-once -clang-build-session-file /Users/admin/builder/spi-builder-workspace/.derivedData/ModuleCache.noindex/Session.modulevalidation -Xcc -working-directory -Xcc /Users/admin/builder/spi-builder-workspace/.swiftpm/xcode -enable-anonymous-context-mangled-names -file-compilation-dir /Users/admin/builder/spi-builder-workspace/.swiftpm/xcode -Xcc -D_LIBCPP_HARDENING_MODE\=_LIBCPP_HARDENING_MODE_DEBUG -Xcc -ivfsstatcache -Xcc /Users/admin/builder/spi-builder-workspace/.derivedData/SDKStatCaches.noindex/watchos27.0-24R360-e829b21a6f8c9b70876ba0858053c04477534ef55a1706bf4c1112bbb242f0a2.sdkstatcache -Xcc -fmodules-prune-interval\=86400 -Xcc -fmodules-prune-after\=345600 -Xcc -I/Users/admin/builder/spi-builder-workspace/.derivedData/Build/Products/Debug-watchos/include -Xcc -I/Users/admin/builder/spi-builder-workspace/.derivedData/Build/Intermediates.noindex/NotarizeProcess.build/Debug-watchos/NotarizeProcess-t.build/DerivedSources-normal/arm64_32 -Xcc -I/Users/admin/builder/spi-builder-workspace/.derivedData/Build/Intermediates.noindex/NotarizeProcess.build/Debug-watchos/NotarizeProcess-t.build/DerivedSources/arm64_32 -Xcc -I/Users/admin/builder/spi-builder-workspace/.derivedData/Build/Intermediates.noindex/NotarizeProcess.build/Debug-watchos/NotarizeProcess-t.build/DerivedSources -Xcc -DSWIFT_PACKAGE -Xcc -DDEBUG\=1 -no-auto-bridging-header-chaining -module-name NotarizeProcess -const-gather-protocols-file /Users/admin/builder/spi-builder-workspace/.derivedData/Build/Intermediates.noindex/NotarizeProcess.build/Debug-watchos/NotarizeProcess-t.build/Objects-normal/arm64_32/NotarizeProcess_const_extract_protocols.json -disable-clang-spi -clang-target arm64_32-apple-watchos27.0 -target-sdk-version 27.0 -target-sdk-name watchos27.0 -in-process-plugin-server-path /Applications/Xcode-27.0.0-Release.Candidate.app/Contents/Developer/Toolchains/XcodeDefault.xctoolchain/usr/lib/swift/host/libSwiftInProcPluginServer.dylib -parse-as-library -o /Users/admin/builder/spi-builder-workspace/.derivedData/Build/Intermediates.noindex/NotarizeProcess.build/Debug-watchos/NotarizeProcess-t.build/Objects-normal/arm64_32/Processable.o -debug-module-path /Users/admin/builder/spi-builder-workspace/.derivedData/Build/Intermediates.noindex/NotarizeProcess.build/Debug-watchos/NotarizeProcess-t.build/Objects-normal/arm64_32/NotarizeProcess.swiftmodule -index-unit-output-path /NotarizeProcess.build/Debug-watchos/NotarizeProcess-t.build/Objects-normal/arm64_32/Processable.o -index-store-path /Users/admin/builder/spi-builder-workspace/.derivedData/Index.noindex/DataStore -index-system-modules
SwiftCompile normal arm64_32 /Users/admin/builder/spi-builder-workspace/Sources/NotarizeProcess/Processable.swift (in target 'NotarizeProcess' from project 'NotarizeProcess')
cd /Users/admin/builder/spi-builder-workspace/.swiftpm/xcode
builtin-SwiftPerFileCompile Processable.swift
SwiftEmitModule normal arm64 Emitting\ module\ for\ NotarizeProcess (in target 'NotarizeProcess' from project 'NotarizeProcess')
SwiftCompile normal arm64 (in target 'NotarizeProcess' from project 'NotarizeProcess')
cd /Users/admin/builder/spi-builder-workspace/.swiftpm/xcode
SwiftCompile normal arm64 Compiling\ WaitMethod.swift /Users/admin/builder/spi-builder-workspace/Sources/NotarizeProcess/WaitMethod.swift (in target 'NotarizeProcess' from project 'NotarizeProcess')
SwiftCompile normal arm64 /Users/admin/builder/spi-builder-workspace/Sources/NotarizeProcess/WaitMethod.swift (in target 'NotarizeProcess' from project 'NotarizeProcess')
cd /Users/admin/builder/spi-builder-workspace/.swiftpm/xcode
builtin-SwiftPerFileCompile WaitMethod.swift
SwiftCompile normal arm64 Compiling\ NotarizeProcessError.swift /Users/admin/builder/spi-builder-workspace/Sources/NotarizeProcess/NotarizeProcessError.swift (in target 'NotarizeProcess' from project 'NotarizeProcess')
SwiftCompile normal arm64 /Users/admin/builder/spi-builder-workspace/Sources/NotarizeProcess/NotarizeProcessError.swift (in target 'NotarizeProcess' from project 'NotarizeProcess')
cd /Users/admin/builder/spi-builder-workspace/.swiftpm/xcode
builtin-SwiftPerFileCompile NotarizeProcessError.swift
PruneExplicitPrecompiledModules /Users/admin/builder/spi-builder-workspace/.derivedData/Build/Intermediates.noindex/ExplicitPrecompiledModules
PruneExplicitPrecompiledModules /Users/admin/builder/spi-builder-workspace/.derivedData/SDKExplicitPrecompiledModules
PruneExplicitPrecompiledModules /Users/admin/builder/spi-builder-workspace/.derivedData/Build/Intermediates.noindex/SwiftExplicitPrecompiledModules
2026-09-16 11:46:12.380 xcodebuild[720:4501] [MT] IDERunDestination: Supported platforms for the buildables in the current scheme is empty.
** BUILD FAILED **
The following build commands failed:
SwiftCompile normal arm64_32 Compiling\ Processable.swift /Users/admin/builder/spi-builder-workspace/Sources/NotarizeProcess/Processable.swift (in target 'NotarizeProcess' from project 'NotarizeProcess')
SwiftCompile normal arm64_32 /Users/admin/builder/spi-builder-workspace/Sources/NotarizeProcess/Processable.swift (in target 'NotarizeProcess' from project 'NotarizeProcess')
Building workspace NotarizeProcess with scheme NotarizeProcess
(3 failures)
Command line invocation:
/Applications/Xcode-27.0.0-Release.Candidate.app/Contents/Developer/usr/bin/xcodebuild -IDEClonedSourcePackagesDirPathOverride=/Users/admin/builder/spi-builder-workspace/.dependencies -resolvePackageDependencies
Resolve Package Graph
Resolved source packages:
NotarizeProcess: /Users/admin/builder/spi-builder-workspace
NotarizationAuditLog: https://github.com/phimage/NotarizationAuditLog @ HEAD (511ff36)
NotarizationInfo: https://github.com/phimage/NotarizationInfo @ HEAD (86e4288)
resolved source packages: NotarizeProcess, NotarizationAuditLog, NotarizationInfo
2026-09-16 11:46:19.132 xcodebuild[843:5112] [MT] IDERunDestination: Supported platforms for the buildables in the current scheme is empty.
{
"dependencies" : [
{
"identity" : "notarizationinfo",
"requirement" : {
"revision" : [
"HEAD"
]
},
"type" : "sourceControl",
"url" : "https://github.com/phimage/NotarizationInfo"
},
{
"identity" : "notarizationauditlog",
"requirement" : {
"revision" : [
"HEAD"
]
},
"type" : "sourceControl",
"url" : "https://github.com/phimage/NotarizationAuditLog"
}
],
"manifest_display_name" : "NotarizeProcess",
"name" : "NotarizeProcess",
"path" : "/Users/admin/builder/spi-builder-workspace",
"platforms" : [
{
"name" : "macos",
"version" : "10.15"
}
],
"products" : [
{
"name" : "NotarizeProcess",
"targets" : [
"NotarizeProcess"
],
"type" : {
"library" : [
"automatic"
]
}
}
],
"targets" : [
{
"c99name" : "NotarizeProcessTests",
"module_type" : "SwiftTarget",
"name" : "NotarizeProcessTests",
"path" : "Tests/NotarizeProcessTests",
"sources" : [
"NotarizeProcessTests.swift",
"XCTestManifests.swift"
],
"target_dependencies" : [
"NotarizeProcess"
],
"type" : "test"
},
{
"c99name" : "NotarizeProcess",
"module_type" : "SwiftTarget",
"name" : "NotarizeProcess",
"path" : "Sources/NotarizeProcess",
"product_dependencies" : [
"NotarizationInfo",
"NotarizationAuditLog"
],
"product_memberships" : [
"NotarizeProcess"
],
"sources" : [
"NotarizationInfo+AuditLog.swift",
"NotarizePlatform.swift",
"NotarizeProcess.swift",
"NotarizeProcessAction.swift",
"NotarizeProcessError.swift",
"Processable.swift",
"WaitMethod.swift"
],
"type" : "library"
}
],
"tools_version" : "5.1"
}
{
"workspace" : {
"name" : "NotarizeProcess",
"schemes" : [
"NotarizationAuditLog",
"NotarizeProcess"
]
}
}
2026-09-16 11:46:20.327 xcodebuild[851:5184] [MT] IDERunDestination: Supported platforms for the buildables in the current scheme is empty.
{
"workspace" : {
"name" : "NotarizeProcess",
"schemes" : [
"NotarizationAuditLog",
"NotarizeProcess"
]
}
}
2026-09-16 11:46:21.263 xcodebuild[853:5213] [MT] IDERunDestination: Supported platforms for the buildables in the current scheme is empty.
Running build ...
env DEVELOPER_DIR=/Applications/Xcode-27.0.0-Release.Candidate.app xcrun xcodebuild -IDEClonedSourcePackagesDirPathOverride=$PWD/.dependencies -skipMacroValidation -skipPackagePluginValidation -derivedDataPath $PWD/.derivedData build -scheme NotarizeProcess -destination generic/platform=watchOS
Command line invocation:
/Applications/Xcode-27.0.0-Release.Candidate.app/Contents/Developer/usr/bin/xcodebuild -IDEClonedSourcePackagesDirPathOverride=/Users/admin/builder/spi-builder-workspace/.dependencies -skipMacroValidation -skipPackagePluginValidation -derivedDataPath /Users/admin/builder/spi-builder-workspace/.derivedData build -scheme NotarizeProcess -destination generic/platform=watchOS
Resolve Package Graph
Resolved source packages:
NotarizationAuditLog: https://github.com/phimage/NotarizationAuditLog @ HEAD (511ff36)
NotarizationInfo: https://github.com/phimage/NotarizationInfo @ HEAD (86e4288)
NotarizeProcess: /Users/admin/builder/spi-builder-workspace
ComputePackagePrebuildTargetDependencyGraph
Prepare packages
CreateBuildRequest
SendProjectDescription
CreateBuildOperation
ComputeTargetDependencyGraph
note: Building targets in dependency order
note: Target dependency graph (6 targets)
Target 'NotarizeProcess-product' in project 'NotarizeProcess'
➜ Explicit dependency on target 'NotarizeProcess' in project 'NotarizeProcess'
➜ Explicit dependency on target 'NotarizationInfo-product' in project 'NotarizationInfo'
➜ Explicit dependency on target 'NotarizationAuditLog-product' in project 'NotarizationAuditLog'
Target 'NotarizeProcess' in project 'NotarizeProcess'
➜ Explicit dependency on target 'NotarizationInfo-product' in project 'NotarizationInfo'
➜ Explicit dependency on target 'NotarizationAuditLog-product' in project 'NotarizationAuditLog'
Target 'NotarizationAuditLog-product' in project 'NotarizationAuditLog'
➜ Explicit dependency on target 'NotarizationAuditLog' in project 'NotarizationAuditLog'
Target 'NotarizationAuditLog' in project 'NotarizationAuditLog' (no dependencies)
Target 'NotarizationInfo-product' in project 'NotarizationInfo'
➜ Explicit dependency on target 'NotarizationInfo' in project 'NotarizationInfo'
Target 'NotarizationInfo' in project 'NotarizationInfo' (no dependencies)
GatherProvisioningInputs
CreateBuildDescription
ClangStatCache /Applications/Xcode-27.0.0-Release.Candidate.app/Contents/Developer/Toolchains/XcodeDefault.xctoolchain/usr/bin/clang-stat-cache /Applications/Xcode-27.0.0-Release.Candidate.app/Contents/Developer/Platforms/WatchOS.platform/Developer/SDKs/WatchOS27.0.sdk /Users/admin/builder/spi-builder-workspace/.derivedData/SDKStatCaches.noindex/watchos27.0-24R360-e829b21a6f8c9b70876ba0858053c04477534ef55a1706bf4c1112bbb242f0a2.sdkstatcache
cd /Users/admin/builder/spi-builder-workspace/.swiftpm/xcode
/Applications/Xcode-27.0.0-Release.Candidate.app/Contents/Developer/Toolchains/XcodeDefault.xctoolchain/usr/bin/clang-stat-cache /Applications/Xcode-27.0.0-Release.Candidate.app/Contents/Developer/Platforms/WatchOS.platform/Developer/SDKs/WatchOS27.0.sdk -o /Users/admin/builder/spi-builder-workspace/.derivedData/SDKStatCaches.noindex/watchos27.0-24R360-e829b21a6f8c9b70876ba0858053c04477534ef55a1706bf4c1112bbb242f0a2.sdkstatcache
SwiftDriver NotarizeProcess normal arm64_32 com.apple.xcode.tools.swift.compiler (in target 'NotarizeProcess' from project 'NotarizeProcess')
cd /Users/admin/builder/spi-builder-workspace/.swiftpm/xcode
builtin-SwiftDriver -- /Applications/Xcode-27.0.0-Release.Candidate.app/Contents/Developer/Toolchains/XcodeDefault.xctoolchain/usr/bin/swiftc -parse-as-library -module-name NotarizeProcess -Onone @/Users/admin/builder/spi-builder-workspace/.derivedData/Build/Intermediates.noindex/NotarizeProcess.build/Debug-watchos/NotarizeProcess-t.build/Objects-normal/arm64_32/NotarizeProcess.SwiftFileList -DSWIFT_PACKAGE -DDEBUG -DSWIFT_MODULE_RESOURCE_BUNDLE_UNAVAILABLE -DXcode -plugin-path /Applications/Xcode-27.0.0-Release.Candidate.app/Contents/Developer/Toolchains/XcodeDefault.xctoolchain/usr/lib/swift/host/plugins/testing -enable-experimental-feature DebugDescriptionMacro -sdk /Applications/Xcode-27.0.0-Release.Candidate.app/Contents/Developer/Platforms/WatchOS.platform/Developer/SDKs/WatchOS27.0.sdk -target arm64_32-apple-watchos9.0 -g -module-cache-path /Users/admin/builder/spi-builder-workspace/.derivedData/ModuleCache.noindex -Xfrontend -serialize-debugging-options -profile-coverage-mapping -profile-generate -enable-testing -index-store-path /Users/admin/builder/spi-builder-workspace/.derivedData/Index.noindex/DataStore -Xcc -D_LIBCPP_HARDENING_MODE\=_LIBCPP_HARDENING_MODE_DEBUG -swift-version 5 -I /Users/admin/builder/spi-builder-workspace/.derivedData/Build/Products/Debug-watchos -Isystem /Applications/Xcode-27.0.0-Release.Candidate.app/Contents/Developer/Platforms/WatchOS.platform/Developer/usr/lib -F /Users/admin/builder/spi-builder-workspace/.derivedData/Build/Products/Debug-watchos/PackageFrameworks -F /Users/admin/builder/spi-builder-workspace/.derivedData/Build/Products/Debug-watchos -F /Applications/Xcode-27.0.0-Release.Candidate.app/Contents/Developer/Platforms/WatchOS.platform/Developer/Library/Frameworks -F /Applications/Xcode-27.0.0-Release.Candidate.app/Contents/Developer/Platforms/WatchOS.platform/Developer/SDKs/WatchOS27.0.sdk/Developer/Library/Frameworks -c -j10 -enable-batch-mode -incremental -Xcc -ivfsstatcache -Xcc /Users/admin/builder/spi-builder-workspace/.derivedData/SDKStatCaches.noindex/watchos27.0-24R360-e829b21a6f8c9b70876ba0858053c04477534ef55a1706bf4c1112bbb242f0a2.sdkstatcache -output-file-map /Users/admin/builder/spi-builder-workspace/.derivedData/Build/Intermediates.noindex/NotarizeProcess.build/Debug-watchos/NotarizeProcess-t.build/Objects-normal/arm64_32/NotarizeProcess-OutputFileMap.json -save-temps -no-color-diagnostics -explicit-module-build -module-cache-path /Users/admin/builder/spi-builder-workspace/.derivedData/Build/Intermediates.noindex/SwiftExplicitPrecompiledModules -clang-scanner-module-cache-path /Users/admin/builder/spi-builder-workspace/.derivedData/ModuleCache.noindex -sdk-module-cache-path /Users/admin/builder/spi-builder-workspace/.derivedData/SDKExplicitPrecompiledModules -emit-dependencies -emit-module -emit-module-path /Users/admin/builder/spi-builder-workspace/.derivedData/Build/Intermediates.noindex/NotarizeProcess.build/Debug-watchos/NotarizeProcess-t.build/Objects-normal/arm64_32/NotarizeProcess.swiftmodule -serialize-diagnostics -dependency-scan-serialize-diagnostics-path /Users/admin/builder/spi-builder-workspace/.derivedData/Build/Intermediates.noindex/NotarizeProcess.build/Debug-watchos/NotarizeProcess-t.build/Objects-normal/arm64_32/NotarizeProcess-dependency-scan.dia -validate-clang-modules-once -clang-build-session-file /Users/admin/builder/spi-builder-workspace/.derivedData/ModuleCache.noindex/Session.modulevalidation -Xcc -fmodules-prune-interval\=86400 -Xcc -fmodules-prune-after\=345600 -emit-const-values -const-gather-protocols-list /Users/admin/builder/spi-builder-workspace/.derivedData/Build/Intermediates.noindex/NotarizeProcess.build/Debug-watchos/NotarizeProcess-t.build/Objects-normal/arm64_32/NotarizeProcess_const_extract_protocols.json -Xcc -I/Users/admin/builder/spi-builder-workspace/.derivedData/Build/Products/Debug-watchos/include -Xcc -I/Users/admin/builder/spi-builder-workspace/.derivedData/Build/Intermediates.noindex/NotarizeProcess.build/Debug-watchos/NotarizeProcess-t.build/DerivedSources-normal/arm64_32 -Xcc -I/Users/admin/builder/spi-builder-workspace/.derivedData/Build/Intermediates.noindex/NotarizeProcess.build/Debug-watchos/NotarizeProcess-t.build/DerivedSources/arm64_32 -Xcc -I/Users/admin/builder/spi-builder-workspace/.derivedData/Build/Intermediates.noindex/NotarizeProcess.build/Debug-watchos/NotarizeProcess-t.build/DerivedSources -Xcc -DSWIFT_PACKAGE -Xcc -DDEBUG\=1 -emit-objc-header -emit-objc-header-path /Users/admin/builder/spi-builder-workspace/.derivedData/Build/Intermediates.noindex/NotarizeProcess.build/Debug-watchos/NotarizeProcess-t.build/Objects-normal/arm64_32/NotarizeProcess-Swift.h -working-directory /Users/admin/builder/spi-builder-workspace/.swiftpm/xcode -experimental-emit-module-separately -disable-cmo
SwiftDriver NotarizeProcess normal arm64 com.apple.xcode.tools.swift.compiler (in target 'NotarizeProcess' from project 'NotarizeProcess')
cd /Users/admin/builder/spi-builder-workspace/.swiftpm/xcode
builtin-SwiftDriver -- /Applications/Xcode-27.0.0-Release.Candidate.app/Contents/Developer/Toolchains/XcodeDefault.xctoolchain/usr/bin/swiftc -parse-as-library -module-name NotarizeProcess -Onone @/Users/admin/builder/spi-builder-workspace/.derivedData/Build/Intermediates.noindex/NotarizeProcess.build/Debug-watchos/NotarizeProcess-t.build/Objects-normal/arm64/NotarizeProcess.SwiftFileList -DSWIFT_PACKAGE -DDEBUG -DSWIFT_MODULE_RESOURCE_BUNDLE_UNAVAILABLE -DXcode -plugin-path /Applications/Xcode-27.0.0-Release.Candidate.app/Contents/Developer/Toolchains/XcodeDefault.xctoolchain/usr/lib/swift/host/plugins/testing -enable-experimental-feature DebugDescriptionMacro -sdk /Applications/Xcode-27.0.0-Release.Candidate.app/Contents/Developer/Platforms/WatchOS.platform/Developer/SDKs/WatchOS27.0.sdk -target arm64-apple-watchos9.0 -g -module-cache-path /Users/admin/builder/spi-builder-workspace/.derivedData/ModuleCache.noindex -Xfrontend -serialize-debugging-options -profile-coverage-mapping -profile-generate -enable-testing -index-store-path /Users/admin/builder/spi-builder-workspace/.derivedData/Index.noindex/DataStore -Xcc -D_LIBCPP_HARDENING_MODE\=_LIBCPP_HARDENING_MODE_DEBUG -swift-version 5 -I /Users/admin/builder/spi-builder-workspace/.derivedData/Build/Products/Debug-watchos -Isystem /Applications/Xcode-27.0.0-Release.Candidate.app/Contents/Developer/Platforms/WatchOS.platform/Developer/usr/lib -F /Users/admin/builder/spi-builder-workspace/.derivedData/Build/Products/Debug-watchos/PackageFrameworks -F /Users/admin/builder/spi-builder-workspace/.derivedData/Build/Products/Debug-watchos -F /Applications/Xcode-27.0.0-Release.Candidate.app/Contents/Developer/Platforms/WatchOS.platform/Developer/Library/Frameworks -F /Applications/Xcode-27.0.0-Release.Candidate.app/Contents/Developer/Platforms/WatchOS.platform/Developer/SDKs/WatchOS27.0.sdk/Developer/Library/Frameworks -c -j10 -enable-batch-mode -incremental -Xcc -ivfsstatcache -Xcc /Users/admin/builder/spi-builder-workspace/.derivedData/SDKStatCaches.noindex/watchos27.0-24R360-e829b21a6f8c9b70876ba0858053c04477534ef55a1706bf4c1112bbb242f0a2.sdkstatcache -output-file-map /Users/admin/builder/spi-builder-workspace/.derivedData/Build/Intermediates.noindex/NotarizeProcess.build/Debug-watchos/NotarizeProcess-t.build/Objects-normal/arm64/NotarizeProcess-OutputFileMap.json -save-temps -no-color-diagnostics -explicit-module-build -module-cache-path /Users/admin/builder/spi-builder-workspace/.derivedData/Build/Intermediates.noindex/SwiftExplicitPrecompiledModules -clang-scanner-module-cache-path /Users/admin/builder/spi-builder-workspace/.derivedData/ModuleCache.noindex -sdk-module-cache-path /Users/admin/builder/spi-builder-workspace/.derivedData/SDKExplicitPrecompiledModules -emit-dependencies -emit-module -emit-module-path /Users/admin/builder/spi-builder-workspace/.derivedData/Build/Intermediates.noindex/NotarizeProcess.build/Debug-watchos/NotarizeProcess-t.build/Objects-normal/arm64/NotarizeProcess.swiftmodule -serialize-diagnostics -dependency-scan-serialize-diagnostics-path /Users/admin/builder/spi-builder-workspace/.derivedData/Build/Intermediates.noindex/NotarizeProcess.build/Debug-watchos/NotarizeProcess-t.build/Objects-normal/arm64/NotarizeProcess-dependency-scan.dia -validate-clang-modules-once -clang-build-session-file /Users/admin/builder/spi-builder-workspace/.derivedData/ModuleCache.noindex/Session.modulevalidation -Xcc -fmodules-prune-interval\=86400 -Xcc -fmodules-prune-after\=345600 -emit-const-values -const-gather-protocols-list /Users/admin/builder/spi-builder-workspace/.derivedData/Build/Intermediates.noindex/NotarizeProcess.build/Debug-watchos/NotarizeProcess-t.build/Objects-normal/arm64/NotarizeProcess_const_extract_protocols.json -Xcc -I/Users/admin/builder/spi-builder-workspace/.derivedData/Build/Products/Debug-watchos/include -Xcc -I/Users/admin/builder/spi-builder-workspace/.derivedData/Build/Intermediates.noindex/NotarizeProcess.build/Debug-watchos/NotarizeProcess-t.build/DerivedSources-normal/arm64 -Xcc -I/Users/admin/builder/spi-builder-workspace/.derivedData/Build/Intermediates.noindex/NotarizeProcess.build/Debug-watchos/NotarizeProcess-t.build/DerivedSources/arm64 -Xcc -I/Users/admin/builder/spi-builder-workspace/.derivedData/Build/Intermediates.noindex/NotarizeProcess.build/Debug-watchos/NotarizeProcess-t.build/DerivedSources -Xcc -DSWIFT_PACKAGE -Xcc -DDEBUG\=1 -emit-objc-header -emit-objc-header-path /Users/admin/builder/spi-builder-workspace/.derivedData/Build/Intermediates.noindex/NotarizeProcess.build/Debug-watchos/NotarizeProcess-t.build/Objects-normal/arm64/NotarizeProcess-Swift.h -working-directory /Users/admin/builder/spi-builder-workspace/.swiftpm/xcode -experimental-emit-module-separately -disable-cmo
SwiftEmitModule normal arm64_32 Emitting\ module\ for\ NotarizeProcess (in target 'NotarizeProcess' from project 'NotarizeProcess')
SwiftCompile normal arm64_32 (in target 'NotarizeProcess' from project 'NotarizeProcess')
cd /Users/admin/builder/spi-builder-workspace/.swiftpm/xcode
SwiftCompile normal arm64_32 Compiling\ NotarizationInfo+AuditLog.swift /Users/admin/builder/spi-builder-workspace/Sources/NotarizeProcess/NotarizationInfo+AuditLog.swift (in target 'NotarizeProcess' from project 'NotarizeProcess')
SwiftCompile normal arm64_32 /Users/admin/builder/spi-builder-workspace/Sources/NotarizeProcess/NotarizationInfo+AuditLog.swift (in target 'NotarizeProcess' from project 'NotarizeProcess')
cd /Users/admin/builder/spi-builder-workspace/.swiftpm/xcode
builtin-SwiftPerFileCompile NotarizationInfo+AuditLog.swift
SwiftCompile normal arm64_32 Compiling\ NotarizePlatform.swift /Users/admin/builder/spi-builder-workspace/Sources/NotarizeProcess/NotarizePlatform.swift (in target 'NotarizeProcess' from project 'NotarizeProcess')
SwiftCompile normal arm64_32 /Users/admin/builder/spi-builder-workspace/Sources/NotarizeProcess/NotarizePlatform.swift (in target 'NotarizeProcess' from project 'NotarizeProcess')
cd /Users/admin/builder/spi-builder-workspace/.swiftpm/xcode
builtin-SwiftPerFileCompile NotarizePlatform.swift
SwiftCompile normal arm64_32 Compiling\ WaitMethod.swift /Users/admin/builder/spi-builder-workspace/Sources/NotarizeProcess/WaitMethod.swift (in target 'NotarizeProcess' from project 'NotarizeProcess')
SwiftCompile normal arm64_32 /Users/admin/builder/spi-builder-workspace/Sources/NotarizeProcess/WaitMethod.swift (in target 'NotarizeProcess' from project 'NotarizeProcess')
cd /Users/admin/builder/spi-builder-workspace/.swiftpm/xcode
builtin-SwiftPerFileCompile WaitMethod.swift
SwiftCompile normal arm64 Compiling\ NotarizePlatform.swift /Users/admin/builder/spi-builder-workspace/Sources/NotarizeProcess/NotarizePlatform.swift (in target 'NotarizeProcess' from project 'NotarizeProcess')
SwiftCompile normal arm64 /Users/admin/builder/spi-builder-workspace/Sources/NotarizeProcess/NotarizePlatform.swift (in target 'NotarizeProcess' from project 'NotarizeProcess')
cd /Users/admin/builder/spi-builder-workspace/.swiftpm/xcode
builtin-SwiftPerFileCompile NotarizePlatform.swift
SwiftCompile normal arm64_32 Compiling\ Processable.swift /Users/admin/builder/spi-builder-workspace/Sources/NotarizeProcess/Processable.swift (in target 'NotarizeProcess' from project 'NotarizeProcess')
/Users/admin/builder/spi-builder-workspace/Sources/NotarizeProcess/Processable.swift:17:23: error: cannot find 'Process' in scope
15 | static func run(arguments: [String]) throws -> Data {
16 | let pipe = Pipe()
17 | let process = Process()
| `- error: cannot find 'Process' in scope
18 | process.launchPath = self.launchPath
19 | process.arguments = arguments
Failed frontend command:
/Applications/Xcode-27.0.0-Release.Candidate.app/Contents/Developer/Toolchains/XcodeDefault.xctoolchain/usr/bin/swift-frontend -frontend -c /Users/admin/builder/spi-builder-workspace/Sources/NotarizeProcess/NotarizationInfo+AuditLog.swift /Users/admin/builder/spi-builder-workspace/Sources/NotarizeProcess/NotarizePlatform.swift /Users/admin/builder/spi-builder-workspace/Sources/NotarizeProcess/NotarizeProcess.swift /Users/admin/builder/spi-builder-workspace/Sources/NotarizeProcess/NotarizeProcessAction.swift /Users/admin/builder/spi-builder-workspace/Sources/NotarizeProcess/NotarizeProcessError.swift -primary-file /Users/admin/builder/spi-builder-workspace/Sources/NotarizeProcess/Processable.swift /Users/admin/builder/spi-builder-workspace/Sources/NotarizeProcess/WaitMethod.swift -emit-dependencies-path /Users/admin/builder/spi-builder-workspace/.derivedData/Build/Intermediates.noindex/NotarizeProcess.build/Debug-watchos/NotarizeProcess-t.build/Objects-normal/arm64_32/Processable.d -emit-const-values-path /Users/admin/builder/spi-builder-workspace/.derivedData/Build/Intermediates.noindex/NotarizeProcess.build/Debug-watchos/NotarizeProcess-t.build/Objects-normal/arm64_32/Processable.swiftconstvalues -emit-reference-dependencies-path /Users/admin/builder/spi-builder-workspace/.derivedData/Build/Intermediates.noindex/NotarizeProcess.build/Debug-watchos/NotarizeProcess-t.build/Objects-normal/arm64_32/Processable.swiftdeps -serialize-diagnostics-path /Users/admin/builder/spi-builder-workspace/.derivedData/Build/Intermediates.noindex/NotarizeProcess.build/Debug-watchos/NotarizeProcess-t.build/Objects-normal/arm64_32/Processable.dia -target arm64_32-apple-watchos9.0 -disable-cross-import-overlay-search -load-resolved-plugin /Applications/Xcode-27.0.0-Release.Candidate.app/Contents/Developer/Platforms/WatchOS.platform/Developer/usr/lib/swift/host/plugins/libFoundationMacros.dylib\#/Applications/Xcode-27.0.0-Release.Candidate.app/Contents/Developer/Platforms/WatchOS.platform/Developer/usr/bin/swift-plugin-server\#FoundationMacros -load-resolved-plugin /Applications/Xcode-27.0.0-Release.Candidate.app/Contents/Developer/Platforms/WatchOS.platform/Developer/usr/lib/swift/host/plugins/libObservationMacros.dylib\#/Applications/Xcode-27.0.0-Release.Candidate.app/Contents/Developer/Platforms/WatchOS.platform/Developer/usr/bin/swift-plugin-server\#ObservationMacros -load-resolved-plugin /Applications/Xcode-27.0.0-Release.Candidate.app/Contents/Developer/Platforms/WatchOS.platform/Developer/usr/lib/swift/host/plugins/libSwiftMacros.dylib\#/Applications/Xcode-27.0.0-Release.Candidate.app/Contents/Developer/Platforms/WatchOS.platform/Developer/usr/bin/swift-plugin-server\#SwiftMacros -disable-implicit-swift-modules -Xcc -fno-implicit-modules -Xcc -fno-implicit-module-maps -explicit-swift-module-map-file /Users/admin/builder/spi-builder-workspace/.derivedData/Build/Intermediates.noindex/NotarizeProcess.build/Debug-watchos/NotarizeProcess-t.build/Objects-normal/arm64_32/NotarizeProcess-dependencies-2.json -enable-objc-interop -sdk /Applications/Xcode-27.0.0-Release.Candidate.app/Contents/Developer/Platforms/WatchOS.platform/Developer/SDKs/WatchOS27.0.sdk -I /Users/admin/builder/spi-builder-workspace/.derivedData/Build/Products/Debug-watchos -Isystem /Applications/Xcode-27.0.0-Release.Candidate.app/Contents/Developer/Platforms/WatchOS.platform/Developer/usr/lib -F /Users/admin/builder/spi-builder-workspace/.derivedData/Build/Products/Debug-watchos/PackageFrameworks -F /Users/admin/builder/spi-builder-workspace/.derivedData/Build/Products/Debug-watchos -F /Applications/Xcode-27.0.0-Release.Candidate.app/Contents/Developer/Platforms/WatchOS.platform/Developer/Library/Frameworks -F /Applications/Xcode-27.0.0-Release.Candidate.app/Contents/Developer/Platforms/WatchOS.platform/Developer/SDKs/WatchOS27.0.sdk/Developer/Library/Frameworks -module-cache-path /Users/admin/builder/spi-builder-workspace/.derivedData/Build/Intermediates.noindex/SwiftExplicitPrecompiledModules -no-color-diagnostics -Xcc -fno-color-diagnostics -enable-testing -g -debug-info-format\=dwarf -dwarf-version\=4 -profile-generate -profile-coverage-mapping -swift-version 5 -Onone -D SWIFT_PACKAGE -D DEBUG -D SWIFT_MODULE_RESOURCE_BUNDLE_UNAVAILABLE -D Xcode -serialize-debugging-options -enable-experimental-feature DebugDescriptionMacro -empty-abi-descriptor -validate-clang-modules-once -clang-build-session-file /Users/admin/builder/spi-builder-workspace/.derivedData/ModuleCache.noindex/Session.modulevalidation -Xcc -working-directory -Xcc /Users/admin/builder/spi-builder-workspace/.swiftpm/xcode -enable-anonymous-context-mangled-names -file-compilation-dir /Users/admin/builder/spi-builder-workspace/.swiftpm/xcode -Xcc -D_LIBCPP_HARDENING_MODE\=_LIBCPP_HARDENING_MODE_DEBUG -Xcc -ivfsstatcache -Xcc /Users/admin/builder/spi-builder-workspace/.derivedData/SDKStatCaches.noindex/watchos27.0-24R360-e829b21a6f8c9b70876ba0858053c04477534ef55a1706bf4c1112bbb242f0a2.sdkstatcache -Xcc -fmodules-prune-interval\=86400 -Xcc -fmodules-prune-after\=345600 -Xcc -I/Users/admin/builder/spi-builder-workspace/.derivedData/Build/Products/Debug-watchos/include -Xcc -I/Users/admin/builder/spi-builder-workspace/.derivedData/Build/Intermediates.noindex/NotarizeProcess.build/Debug-watchos/NotarizeProcess-t.build/DerivedSources-normal/arm64_32 -Xcc -I/Users/admin/builder/spi-builder-workspace/.derivedData/Build/Intermediates.noindex/NotarizeProcess.build/Debug-watchos/NotarizeProcess-t.build/DerivedSources/arm64_32 -Xcc -I/Users/admin/builder/spi-builder-workspace/.derivedData/Build/Intermediates.noindex/NotarizeProcess.build/Debug-watchos/NotarizeProcess-t.build/DerivedSources -Xcc -DSWIFT_PACKAGE -Xcc -DDEBUG\=1 -no-auto-bridging-header-chaining -module-name NotarizeProcess -const-gather-protocols-file /Users/admin/builder/spi-builder-workspace/.derivedData/Build/Intermediates.noindex/NotarizeProcess.build/Debug-watchos/NotarizeProcess-t.build/Objects-normal/arm64_32/NotarizeProcess_const_extract_protocols.json -disable-clang-spi -clang-target arm64_32-apple-watchos27.0 -target-sdk-version 27.0 -target-sdk-name watchos27.0 -in-process-plugin-server-path /Applications/Xcode-27.0.0-Release.Candidate.app/Contents/Developer/Toolchains/XcodeDefault.xctoolchain/usr/lib/swift/host/libSwiftInProcPluginServer.dylib -parse-as-library -o /Users/admin/builder/spi-builder-workspace/.derivedData/Build/Intermediates.noindex/NotarizeProcess.build/Debug-watchos/NotarizeProcess-t.build/Objects-normal/arm64_32/Processable.o -debug-module-path /Users/admin/builder/spi-builder-workspace/.derivedData/Build/Intermediates.noindex/NotarizeProcess.build/Debug-watchos/NotarizeProcess-t.build/Objects-normal/arm64_32/NotarizeProcess.swiftmodule -index-unit-output-path /NotarizeProcess.build/Debug-watchos/NotarizeProcess-t.build/Objects-normal/arm64_32/Processable.o -index-store-path /Users/admin/builder/spi-builder-workspace/.derivedData/Index.noindex/DataStore -index-system-modules
SwiftCompile normal arm64_32 /Users/admin/builder/spi-builder-workspace/Sources/NotarizeProcess/Processable.swift (in target 'NotarizeProcess' from project 'NotarizeProcess')
cd /Users/admin/builder/spi-builder-workspace/.swiftpm/xcode
builtin-SwiftPerFileCompile Processable.swift
SwiftCompile normal arm64_32 Compiling\ NotarizeProcessAction.swift /Users/admin/builder/spi-builder-workspace/Sources/NotarizeProcess/NotarizeProcessAction.swift (in target 'NotarizeProcess' from project 'NotarizeProcess')
SwiftCompile normal arm64_32 /Users/admin/builder/spi-builder-workspace/Sources/NotarizeProcess/NotarizeProcessAction.swift (in target 'NotarizeProcess' from project 'NotarizeProcess')
cd /Users/admin/builder/spi-builder-workspace/.swiftpm/xcode
builtin-SwiftPerFileCompile NotarizeProcessAction.swift
SwiftCompile normal arm64_32 Compiling\ NotarizeProcess.swift /Users/admin/builder/spi-builder-workspace/Sources/NotarizeProcess/NotarizeProcess.swift (in target 'NotarizeProcess' from project 'NotarizeProcess')
SwiftCompile normal arm64_32 /Users/admin/builder/spi-builder-workspace/Sources/NotarizeProcess/NotarizeProcess.swift (in target 'NotarizeProcess' from project 'NotarizeProcess')
cd /Users/admin/builder/spi-builder-workspace/.swiftpm/xcode
builtin-SwiftPerFileCompile NotarizeProcess.swift
SwiftCompile normal arm64 Compiling\ NotarizeProcessAction.swift /Users/admin/builder/spi-builder-workspace/Sources/NotarizeProcess/NotarizeProcessAction.swift (in target 'NotarizeProcess' from project 'NotarizeProcess')
SwiftCompile normal arm64 /Users/admin/builder/spi-builder-workspace/Sources/NotarizeProcess/NotarizeProcessAction.swift (in target 'NotarizeProcess' from project 'NotarizeProcess')
cd /Users/admin/builder/spi-builder-workspace/.swiftpm/xcode
builtin-SwiftPerFileCompile NotarizeProcessAction.swift
SwiftEmitModule normal arm64 Emitting\ module\ for\ NotarizeProcess (in target 'NotarizeProcess' from project 'NotarizeProcess')
SwiftCompile normal arm64 (in target 'NotarizeProcess' from project 'NotarizeProcess')
cd /Users/admin/builder/spi-builder-workspace/.swiftpm/xcode
SwiftCompile normal arm64 Compiling\ Processable.swift /Users/admin/builder/spi-builder-workspace/Sources/NotarizeProcess/Processable.swift (in target 'NotarizeProcess' from project 'NotarizeProcess')
SwiftCompile normal arm64 /Users/admin/builder/spi-builder-workspace/Sources/NotarizeProcess/Processable.swift (in target 'NotarizeProcess' from project 'NotarizeProcess')
cd /Users/admin/builder/spi-builder-workspace/.swiftpm/xcode
builtin-SwiftPerFileCompile Processable.swift
PruneExplicitPrecompiledModules /Users/admin/builder/spi-builder-workspace/.derivedData/Build/Intermediates.noindex/ExplicitPrecompiledModules
PruneExplicitPrecompiledModules /Users/admin/builder/spi-builder-workspace/.derivedData/Build/Intermediates.noindex/SwiftExplicitPrecompiledModules
PruneExplicitPrecompiledModules /Users/admin/builder/spi-builder-workspace/.derivedData/SDKExplicitPrecompiledModules
2026-09-16 11:46:22.192 xcodebuild[854:5236] [MT] IDERunDestination: Supported platforms for the buildables in the current scheme is empty.
** BUILD FAILED **
The following build commands failed:
SwiftCompile normal arm64_32 Compiling\ Processable.swift /Users/admin/builder/spi-builder-workspace/Sources/NotarizeProcess/Processable.swift (in target 'NotarizeProcess' from project 'NotarizeProcess')
SwiftCompile normal arm64_32 /Users/admin/builder/spi-builder-workspace/Sources/NotarizeProcess/Processable.swift (in target 'NotarizeProcess' from project 'NotarizeProcess')
Building workspace NotarizeProcess with scheme NotarizeProcess
(3 failures)
BUILD FAILURE 6.4 watchOS