Build Information
Failed to build AppDevUtils, reference 0.2.1 (28ad9d), with Swift 6.4 for visionOS using Xcode 27.0 on 19 Sep 2026 02:29:53 UTC.
Build Command
env DEVELOPER_DIR=/Applications/Xcode-27.0.0-Release.Candidate.app xcrun xcodebuild -IDEClonedSourcePackagesDirPathOverride=$PWD/.dependencies -skipMacroValidation -skipPackagePluginValidation -derivedDataPath $PWD/.derivedData build -scheme AppDevUtils -destination generic/platform=xrOSBuild Log
SwiftDriverJobDiscovery normal arm64 Compiling LockIsolated.swift (in target 'ConcurrencyExtras' from project 'swift-concurrency-extras')
SwiftDriver\ Compilation ConcurrencyExtras normal arm64 com.apple.xcode.tools.swift.compiler (in target 'ConcurrencyExtras' from project 'swift-concurrency-extras')
cd /Users/admin/builder/spi-builder-workspace/.swiftpm/xcode
builtin-Swift-Compilation -- /Applications/Xcode-27.0.0-Release.Candidate.app/Contents/Developer/Toolchains/XcodeDefault.xctoolchain/usr/bin/swiftc -parse-as-library -module-name ConcurrencyExtras -Onone @/Users/admin/builder/spi-builder-workspace/.derivedData/Build/Intermediates.noindex/swift-concurrency-extras.build/Debug-xros/ConcurrencyExtras-t.build/Objects-normal/arm64/ConcurrencyExtras.SwiftFileList -DSWIFT_PACKAGE -DDEBUG -DSWIFT_MODULE_RESOURCE_BUNDLE_UNAVAILABLE -DXcode -plugin-path /Applications/Xcode-27.0.0-Release.Candidate.app/Contents/Developer/Toolchains/XcodeDefault.xctoolchain/usr/lib/swift/host/plugins/testing -enable-experimental-feature DebugDescriptionMacro -sdk /Applications/Xcode-27.0.0-Release.Candidate.app/Contents/Developer/Platforms/XROS.platform/Developer/SDKs/XROS27.0.sdk -target arm64-apple-xros1.0 -g -module-cache-path /Users/admin/builder/spi-builder-workspace/.derivedData/ModuleCache.noindex -Xfrontend -serialize-debugging-options -profile-coverage-mapping -profile-generate -enable-testing -suppress-warnings -index-store-path /Users/admin/builder/spi-builder-workspace/.derivedData/Index.noindex/DataStore -Xcc -D_LIBCPP_HARDENING_MODE\=_LIBCPP_HARDENING_MODE_DEBUG -swift-version 5 -I /Users/admin/builder/spi-builder-workspace/.derivedData/Build/Products/Debug-xros -Isystem /Applications/Xcode-27.0.0-Release.Candidate.app/Contents/Developer/Platforms/XROS.platform/Developer/usr/lib -F /Users/admin/builder/spi-builder-workspace/.derivedData/Build/Products/Debug-xros -F /Applications/Xcode-27.0.0-Release.Candidate.app/Contents/Developer/Platforms/XROS.platform/Developer/Library/Frameworks -F /Applications/Xcode-27.0.0-Release.Candidate.app/Contents/Developer/Platforms/XROS.platform/Developer/SDKs/XROS27.0.sdk/Developer/Library/Frameworks -c -j10 -enable-batch-mode -incremental -Xcc -ivfsstatcache -Xcc /Users/admin/builder/spi-builder-workspace/.derivedData/SDKStatCaches.noindex/xros27.0-24M361-e829b21a6f8c9b70876ba0858053c044735bd543db762f57723cac368afd1ce4.sdkstatcache -output-file-map /Users/admin/builder/spi-builder-workspace/.derivedData/Build/Intermediates.noindex/swift-concurrency-extras.build/Debug-xros/ConcurrencyExtras-t.build/Objects-normal/arm64/ConcurrencyExtras-OutputFileMap.json -save-temps -no-color-diagnostics -explicit-module-build -module-cache-path /Users/admin/builder/spi-builder-workspace/.derivedData/Build/Intermediates.noindex/SwiftExplicitPrecompiledModules -clang-scanner-module-cache-path /Users/admin/builder/spi-builder-workspace/.derivedData/ModuleCache.noindex -sdk-module-cache-path /Users/admin/builder/spi-builder-workspace/.derivedData/SDKExplicitPrecompiledModules -emit-dependencies -emit-module -emit-module-path /Users/admin/builder/spi-builder-workspace/.derivedData/Build/Intermediates.noindex/swift-concurrency-extras.build/Debug-xros/ConcurrencyExtras-t.build/Objects-normal/arm64/ConcurrencyExtras.swiftmodule -serialize-diagnostics -dependency-scan-serialize-diagnostics-path /Users/admin/builder/spi-builder-workspace/.derivedData/Build/Intermediates.noindex/swift-concurrency-extras.build/Debug-xros/ConcurrencyExtras-t.build/Objects-normal/arm64/ConcurrencyExtras-dependency-scan.dia -validate-clang-modules-once -clang-build-session-file /Users/admin/builder/spi-builder-workspace/.derivedData/ModuleCache.noindex/Session.modulevalidation -Xcc -fmodules-prune-interval\=86400 -Xcc -fmodules-prune-after\=345600 -emit-const-values -const-gather-protocols-list /Users/admin/builder/spi-builder-workspace/.derivedData/Build/Intermediates.noindex/swift-concurrency-extras.build/Debug-xros/ConcurrencyExtras-t.build/Objects-normal/arm64/ConcurrencyExtras_const_extract_protocols.json -Xcc -I/Users/admin/builder/spi-builder-workspace/.derivedData/Build/Products/Debug-xros/include -Xcc -I/Users/admin/builder/spi-builder-workspace/.derivedData/Build/Intermediates.noindex/swift-concurrency-extras.build/Debug-xros/ConcurrencyExtras-t.build/DerivedSources-normal/arm64 -Xcc -I/Users/admin/builder/spi-builder-workspace/.derivedData/Build/Intermediates.noindex/swift-concurrency-extras.build/Debug-xros/ConcurrencyExtras-t.build/DerivedSources/arm64 -Xcc -I/Users/admin/builder/spi-builder-workspace/.derivedData/Build/Intermediates.noindex/swift-concurrency-extras.build/Debug-xros/ConcurrencyExtras-t.build/DerivedSources -Xcc -DSWIFT_PACKAGE -Xcc -DDEBUG\=1 -emit-objc-header -emit-objc-header-path /Users/admin/builder/spi-builder-workspace/.derivedData/Build/Intermediates.noindex/swift-concurrency-extras.build/Debug-xros/ConcurrencyExtras-t.build/Objects-normal/arm64/ConcurrencyExtras-Swift.h -working-directory /Users/admin/builder/spi-builder-workspace/.swiftpm/xcode -experimental-emit-module-separately -disable-cmo
Ld /Users/admin/builder/spi-builder-workspace/.derivedData/Build/Products/Debug-xros/ConcurrencyExtras.o normal (in target 'ConcurrencyExtras' from project 'swift-concurrency-extras')
cd /Users/admin/builder/spi-builder-workspace/.dependencies/checkouts/swift-concurrency-extras
/Applications/Xcode-27.0.0-Release.Candidate.app/Contents/Developer/Toolchains/XcodeDefault.xctoolchain/usr/bin/clang -Xlinker -reproducible -target arm64-apple-xros1.0 -r -isysroot /Applications/Xcode-27.0.0-Release.Candidate.app/Contents/Developer/Platforms/XROS.platform/Developer/SDKs/XROS27.0.sdk -O0 -w -Xlinker -no_warn_duplicate_libraries -F/Users/admin/builder/spi-builder-workspace/.derivedData/Build/Intermediates.noindex/EagerLinkingTBDs/Debug-xros -F/Users/admin/builder/spi-builder-workspace/.derivedData/Build/Products/Debug-xros -iframework /Applications/Xcode-27.0.0-Release.Candidate.app/Contents/Developer/Platforms/XROS.platform/Developer/Library/Frameworks -iframework /Applications/Xcode-27.0.0-Release.Candidate.app/Contents/Developer/Platforms/XROS.platform/Developer/SDKs/XROS27.0.sdk/Developer/Library/Frameworks -filelist /Users/admin/builder/spi-builder-workspace/.derivedData/Build/Intermediates.noindex/swift-concurrency-extras.build/Debug-xros/ConcurrencyExtras-t.build/Objects-normal/arm64/ConcurrencyExtras.LinkFileList -nostdlib -Xlinker -object_path_lto -Xlinker /Users/admin/builder/spi-builder-workspace/.derivedData/Build/Intermediates.noindex/swift-concurrency-extras.build/Debug-xros/ConcurrencyExtras-t.build/Objects-normal/arm64/ConcurrencyExtras_lto.o -Xlinker -no_deduplicate -Xlinker -debug_variant -Xlinker -dependency_info -Xlinker /Users/admin/builder/spi-builder-workspace/.derivedData/Build/Intermediates.noindex/swift-concurrency-extras.build/Debug-xros/ConcurrencyExtras-t.build/Objects-normal/arm64/ConcurrencyExtras_dependency_info.dat -fobjc-link-runtime -L/Applications/Xcode-27.0.0-Release.Candidate.app/Contents/Developer/Toolchains/XcodeDefault.xctoolchain/usr/lib/swift/xros -L/usr/lib/swift -Xlinker -add_ast_path -Xlinker /Users/admin/builder/spi-builder-workspace/.derivedData/Build/Intermediates.noindex/swift-concurrency-extras.build/Debug-xros/ConcurrencyExtras-t.build/Objects-normal/arm64/ConcurrencyExtras.swiftmodule -o /Users/admin/builder/spi-builder-workspace/.derivedData/Build/Products/Debug-xros/ConcurrencyExtras.o
ExtractAppIntentsMetadata (in target 'ConcurrencyExtras' from project 'swift-concurrency-extras')
cd /Users/admin/builder/spi-builder-workspace/.dependencies/checkouts/swift-concurrency-extras
/Applications/Xcode-27.0.0-Release.Candidate.app/Contents/Developer/Toolchains/XcodeDefault.xctoolchain/usr/bin/appintentsmetadataprocessor --toolchain-dir /var/run/com.apple.security.cryptexd/mnt/com.apple.MobileAsset.MetalToolchain-v27.1.266.1.ri9KCN/Metal.xctoolchain --module-name ConcurrencyExtras --sdk-root /Applications/Xcode-27.0.0-Release.Candidate.app/Contents/Developer/Platforms/XROS.platform/Developer/SDKs/XROS27.0.sdk --xcode-version 27A266a --platform-family xrOS --deployment-target 1.0 --bundle-identifier swift-concurrency-extras.ConcurrencyExtras --output /Users/admin/builder/spi-builder-workspace/.derivedData/Build/Products/Debug-xros/ConcurrencyExtras.appintents --target-triple arm64-apple-xros1.0 --binary-file /Users/admin/builder/spi-builder-workspace/.derivedData/Build/Products/Debug-xros/ConcurrencyExtras.o --dependency-file /Users/admin/builder/spi-builder-workspace/.derivedData/Build/Intermediates.noindex/swift-concurrency-extras.build/Debug-xros/ConcurrencyExtras-t.build/Objects-normal/arm64/ConcurrencyExtras_dependency_info.dat --stringsdata-file /Users/admin/builder/spi-builder-workspace/.derivedData/Build/Intermediates.noindex/swift-concurrency-extras.build/Debug-xros/ConcurrencyExtras-t.build/Objects-normal/arm64/ExtractedAppShortcutsMetadata.stringsdata --source-file-list /Users/admin/builder/spi-builder-workspace/.derivedData/Build/Intermediates.noindex/swift-concurrency-extras.build/Debug-xros/ConcurrencyExtras-t.build/Objects-normal/arm64/ConcurrencyExtras.SwiftFileList --metadata-file-list /Users/admin/builder/spi-builder-workspace/.derivedData/Build/Intermediates.noindex/swift-concurrency-extras.build/Debug-xros/ConcurrencyExtras-t.build/ConcurrencyExtras.DependencyMetadataFileList --static-metadata-file-list /Users/admin/builder/spi-builder-workspace/.derivedData/Build/Intermediates.noindex/swift-concurrency-extras.build/Debug-xros/ConcurrencyExtras-t.build/ConcurrencyExtras.DependencyStaticMetadataFileList --swift-const-vals-list /Users/admin/builder/spi-builder-workspace/.derivedData/Build/Intermediates.noindex/swift-concurrency-extras.build/Debug-xros/ConcurrencyExtras-t.build/Objects-normal/arm64/ConcurrencyExtras.SwiftConstValuesFileList --force --compile-time-extraction --deployment-aware-processing --no-app-shortcuts-localization
2026-09-18 22:29:45.274 appintentsmetadataprocessor[1413:7527] Starting appintentsmetadataprocessor export
2026-09-18 22:29:45.506 appintentsmetadataprocessor[1413:7527] Extracted no relevant App Intents symbols, skipping writing output
SwiftDriver CasePaths normal arm64 com.apple.xcode.tools.swift.compiler (in target 'CasePaths' from project 'swift-case-paths')
cd /Users/admin/builder/spi-builder-workspace/.swiftpm/xcode
builtin-SwiftDriver -- /Applications/Xcode-27.0.0-Release.Candidate.app/Contents/Developer/Toolchains/XcodeDefault.xctoolchain/usr/bin/swiftc -parse-as-library -module-name CasePaths -Onone @/Users/admin/builder/spi-builder-workspace/.derivedData/Build/Intermediates.noindex/swift-case-paths.build/Debug-xros/CasePaths-t.build/Objects-normal/arm64/CasePaths.SwiftFileList -DSWIFT_PACKAGE -DDEBUG -DSWIFT_MODULE_RESOURCE_BUNDLE_UNAVAILABLE -DXcode -plugin-path /Applications/Xcode-27.0.0-Release.Candidate.app/Contents/Developer/Toolchains/XcodeDefault.xctoolchain/usr/lib/swift/host/plugins/testing -enable-experimental-feature DebugDescriptionMacro -sdk /Applications/Xcode-27.0.0-Release.Candidate.app/Contents/Developer/Platforms/XROS.platform/Developer/SDKs/XROS27.0.sdk -target arm64-apple-xros1.0 -g -module-cache-path /Users/admin/builder/spi-builder-workspace/.derivedData/ModuleCache.noindex -Xfrontend -serialize-debugging-options -profile-coverage-mapping -profile-generate -enable-testing -suppress-warnings -index-store-path /Users/admin/builder/spi-builder-workspace/.derivedData/Index.noindex/DataStore -Xcc -D_LIBCPP_HARDENING_MODE\=_LIBCPP_HARDENING_MODE_DEBUG -swift-version 5 -I /Users/admin/builder/spi-builder-workspace/.derivedData/Build/Products/Debug-xros -Isystem /Applications/Xcode-27.0.0-Release.Candidate.app/Contents/Developer/Platforms/XROS.platform/Developer/usr/lib -F /Users/admin/builder/spi-builder-workspace/.derivedData/Build/Products/Debug-xros/PackageFrameworks -F /Users/admin/builder/spi-builder-workspace/.derivedData/Build/Products/Debug-xros -F /Applications/Xcode-27.0.0-Release.Candidate.app/Contents/Developer/Platforms/XROS.platform/Developer/Library/Frameworks -F /Applications/Xcode-27.0.0-Release.Candidate.app/Contents/Developer/Platforms/XROS.platform/Developer/SDKs/XROS27.0.sdk/Developer/Library/Frameworks -c -j10 -enable-batch-mode -incremental -Xcc -ivfsstatcache -Xcc /Users/admin/builder/spi-builder-workspace/.derivedData/SDKStatCaches.noindex/xros27.0-24M361-e829b21a6f8c9b70876ba0858053c044735bd543db762f57723cac368afd1ce4.sdkstatcache -output-file-map /Users/admin/builder/spi-builder-workspace/.derivedData/Build/Intermediates.noindex/swift-case-paths.build/Debug-xros/CasePaths-t.build/Objects-normal/arm64/CasePaths-OutputFileMap.json -save-temps -no-color-diagnostics -explicit-module-build -module-cache-path /Users/admin/builder/spi-builder-workspace/.derivedData/Build/Intermediates.noindex/SwiftExplicitPrecompiledModules -clang-scanner-module-cache-path /Users/admin/builder/spi-builder-workspace/.derivedData/ModuleCache.noindex -sdk-module-cache-path /Users/admin/builder/spi-builder-workspace/.derivedData/SDKExplicitPrecompiledModules -emit-dependencies -emit-module -emit-module-path /Users/admin/builder/spi-builder-workspace/.derivedData/Build/Intermediates.noindex/swift-case-paths.build/Debug-xros/CasePaths-t.build/Objects-normal/arm64/CasePaths.swiftmodule -serialize-diagnostics -dependency-scan-serialize-diagnostics-path /Users/admin/builder/spi-builder-workspace/.derivedData/Build/Intermediates.noindex/swift-case-paths.build/Debug-xros/CasePaths-t.build/Objects-normal/arm64/CasePaths-dependency-scan.dia -validate-clang-modules-once -clang-build-session-file /Users/admin/builder/spi-builder-workspace/.derivedData/ModuleCache.noindex/Session.modulevalidation -Xcc -fmodules-prune-interval\=86400 -Xcc -fmodules-prune-after\=345600 -emit-const-values -const-gather-protocols-list /Users/admin/builder/spi-builder-workspace/.derivedData/Build/Intermediates.noindex/swift-case-paths.build/Debug-xros/CasePaths-t.build/Objects-normal/arm64/CasePaths_const_extract_protocols.json -Xcc -I/Users/admin/builder/spi-builder-workspace/.derivedData/Build/Products/Debug-xros/include -Xcc -I/Users/admin/builder/spi-builder-workspace/.derivedData/Build/Intermediates.noindex/swift-case-paths.build/Debug-xros/CasePaths-t.build/DerivedSources-normal/arm64 -Xcc -I/Users/admin/builder/spi-builder-workspace/.derivedData/Build/Intermediates.noindex/swift-case-paths.build/Debug-xros/CasePaths-t.build/DerivedSources/arm64 -Xcc -I/Users/admin/builder/spi-builder-workspace/.derivedData/Build/Intermediates.noindex/swift-case-paths.build/Debug-xros/CasePaths-t.build/DerivedSources -Xcc -DSWIFT_PACKAGE -Xcc -DDEBUG\=1 -emit-objc-header -emit-objc-header-path /Users/admin/builder/spi-builder-workspace/.derivedData/Build/Intermediates.noindex/swift-case-paths.build/Debug-xros/CasePaths-t.build/Objects-normal/arm64/CasePaths-Swift.h -working-directory /Users/admin/builder/spi-builder-workspace/.swiftpm/xcode -experimental-emit-module-separately -disable-cmo
SwiftCompile normal arm64 Compiling\ CasePath.swift /Users/admin/builder/spi-builder-workspace/.dependencies/checkouts/swift-case-paths/Sources/CasePaths/CasePath.swift (in target 'CasePaths' from project 'swift-case-paths')
SwiftCompile normal arm64 /Users/admin/builder/spi-builder-workspace/.dependencies/checkouts/swift-case-paths/Sources/CasePaths/CasePath.swift (in target 'CasePaths' from project 'swift-case-paths')
cd /Users/admin/builder/spi-builder-workspace/.swiftpm/xcode
builtin-SwiftPerFileCompile CasePath.swift
SwiftCompile normal arm64 Compiling\ TypeName.swift /Users/admin/builder/spi-builder-workspace/.dependencies/checkouts/swift-case-paths/Sources/CasePaths/Internal/TypeName.swift (in target 'CasePaths' from project 'swift-case-paths')
SwiftCompile normal arm64 /Users/admin/builder/spi-builder-workspace/.dependencies/checkouts/swift-case-paths/Sources/CasePaths/Internal/TypeName.swift (in target 'CasePaths' from project 'swift-case-paths')
cd /Users/admin/builder/spi-builder-workspace/.swiftpm/xcode
builtin-SwiftPerFileCompile TypeName.swift
SwiftCompile normal arm64 Compiling\ Operators.swift /Users/admin/builder/spi-builder-workspace/.dependencies/checkouts/swift-case-paths/Sources/CasePaths/Operators.swift (in target 'CasePaths' from project 'swift-case-paths')
SwiftCompile normal arm64 /Users/admin/builder/spi-builder-workspace/.dependencies/checkouts/swift-case-paths/Sources/CasePaths/Operators.swift (in target 'CasePaths' from project 'swift-case-paths')
cd /Users/admin/builder/spi-builder-workspace/.swiftpm/xcode
builtin-SwiftPerFileCompile Operators.swift
SwiftCompile normal arm64 Compiling\ OpenExistential.swift /Users/admin/builder/spi-builder-workspace/.dependencies/checkouts/swift-case-paths/Sources/CasePaths/Internal/OpenExistential.swift (in target 'CasePaths' from project 'swift-case-paths')
SwiftCompile normal arm64 /Users/admin/builder/spi-builder-workspace/.dependencies/checkouts/swift-case-paths/Sources/CasePaths/Internal/OpenExistential.swift (in target 'CasePaths' from project 'swift-case-paths')
cd /Users/admin/builder/spi-builder-workspace/.swiftpm/xcode
builtin-SwiftPerFileCompile OpenExistential.swift
SwiftEmitModule normal arm64 Emitting\ module\ for\ CasePaths (in target 'CasePaths' from project 'swift-case-paths')
SwiftCompile normal arm64 (in target 'CasePaths' from project 'swift-case-paths')
cd /Users/admin/builder/spi-builder-workspace/.swiftpm/xcode
SwiftCompile normal arm64 Compiling\ CasePaths.swift /Users/admin/builder/spi-builder-workspace/.dependencies/checkouts/swift-case-paths/Sources/CasePaths/CasePaths.swift (in target 'CasePaths' from project 'swift-case-paths')
SwiftCompile normal arm64 /Users/admin/builder/spi-builder-workspace/.dependencies/checkouts/swift-case-paths/Sources/CasePaths/CasePaths.swift (in target 'CasePaths' from project 'swift-case-paths')
cd /Users/admin/builder/spi-builder-workspace/.swiftpm/xcode
builtin-SwiftPerFileCompile CasePaths.swift
SwiftExplicitDependencyGeneratePcm arm64 /Users/admin/builder/spi-builder-workspace/.derivedData/SDKExplicitPrecompiledModules/AVFoundation-DFCX8GQJWVA3CZBITWEHAZEFX.pcm
SwiftDriverJobDiscovery normal arm64 Compiling OpenExistential.swift (in target 'CasePaths' from project 'swift-case-paths')
SwiftCompile normal arm64 Compiling\ XCTUnwrap.swift /Users/admin/builder/spi-builder-workspace/.dependencies/checkouts/swift-case-paths/Sources/CasePaths/XCTUnwrap.swift (in target 'CasePaths' from project 'swift-case-paths')
SwiftCompile normal arm64 /Users/admin/builder/spi-builder-workspace/.dependencies/checkouts/swift-case-paths/Sources/CasePaths/XCTUnwrap.swift (in target 'CasePaths' from project 'swift-case-paths')
cd /Users/admin/builder/spi-builder-workspace/.swiftpm/xcode
builtin-SwiftPerFileCompile XCTUnwrap.swift
SwiftDriverJobDiscovery normal arm64 Compiling TypeName.swift (in target 'CasePaths' from project 'swift-case-paths')
SwiftCompile normal arm64 Compiling\ EnumReflection.swift /Users/admin/builder/spi-builder-workspace/.dependencies/checkouts/swift-case-paths/Sources/CasePaths/EnumReflection.swift (in target 'CasePaths' from project 'swift-case-paths')
SwiftCompile normal arm64 /Users/admin/builder/spi-builder-workspace/.dependencies/checkouts/swift-case-paths/Sources/CasePaths/EnumReflection.swift (in target 'CasePaths' from project 'swift-case-paths')
cd /Users/admin/builder/spi-builder-workspace/.swiftpm/xcode
builtin-SwiftPerFileCompile EnumReflection.swift
SwiftDriverJobDiscovery normal arm64 Compiling CasePath.swift (in target 'CasePaths' from project 'swift-case-paths')
SwiftDriverJobDiscovery normal arm64 Compiling Operators.swift (in target 'CasePaths' from project 'swift-case-paths')
SwiftDriverJobDiscovery normal arm64 Compiling CasePaths.swift (in target 'CasePaths' from project 'swift-case-paths')
SwiftExplicitDependencyGeneratePcm arm64 /Users/admin/builder/spi-builder-workspace/.derivedData/SDKExplicitPrecompiledModules/BackgroundAssets-7LA0QAAJKNTLEFGRAI5PIWADZ.pcm
SwiftExplicitDependencyGeneratePcm arm64 /Users/admin/builder/spi-builder-workspace/.derivedData/SDKExplicitPrecompiledModules/CloudKit-8H34CCWTKF0HWDZN9I1SWPFRC.pcm
SwiftExplicitDependencyGeneratePcm arm64 /Users/admin/builder/spi-builder-workspace/.derivedData/SDKExplicitPrecompiledModules/ExtensionFoundation-E7KNHPOM6BLHXC69S4MS8K7BO.pcm
SwiftDriverJobDiscovery normal arm64 Emitting module for CasePaths (in target 'CasePaths' from project 'swift-case-paths')
SwiftDriver\ Compilation\ Requirements CasePaths normal arm64 com.apple.xcode.tools.swift.compiler (in target 'CasePaths' from project 'swift-case-paths')
cd /Users/admin/builder/spi-builder-workspace/.swiftpm/xcode
builtin-Swift-Compilation-Requirements -- /Applications/Xcode-27.0.0-Release.Candidate.app/Contents/Developer/Toolchains/XcodeDefault.xctoolchain/usr/bin/swiftc -parse-as-library -module-name CasePaths -Onone @/Users/admin/builder/spi-builder-workspace/.derivedData/Build/Intermediates.noindex/swift-case-paths.build/Debug-xros/CasePaths-t.build/Objects-normal/arm64/CasePaths.SwiftFileList -DSWIFT_PACKAGE -DDEBUG -DSWIFT_MODULE_RESOURCE_BUNDLE_UNAVAILABLE -DXcode -plugin-path /Applications/Xcode-27.0.0-Release.Candidate.app/Contents/Developer/Toolchains/XcodeDefault.xctoolchain/usr/lib/swift/host/plugins/testing -enable-experimental-feature DebugDescriptionMacro -sdk /Applications/Xcode-27.0.0-Release.Candidate.app/Contents/Developer/Platforms/XROS.platform/Developer/SDKs/XROS27.0.sdk -target arm64-apple-xros1.0 -g -module-cache-path /Users/admin/builder/spi-builder-workspace/.derivedData/ModuleCache.noindex -Xfrontend -serialize-debugging-options -profile-coverage-mapping -profile-generate -enable-testing -suppress-warnings -index-store-path /Users/admin/builder/spi-builder-workspace/.derivedData/Index.noindex/DataStore -Xcc -D_LIBCPP_HARDENING_MODE\=_LIBCPP_HARDENING_MODE_DEBUG -swift-version 5 -I /Users/admin/builder/spi-builder-workspace/.derivedData/Build/Products/Debug-xros -Isystem /Applications/Xcode-27.0.0-Release.Candidate.app/Contents/Developer/Platforms/XROS.platform/Developer/usr/lib -F /Users/admin/builder/spi-builder-workspace/.derivedData/Build/Products/Debug-xros/PackageFrameworks -F /Users/admin/builder/spi-builder-workspace/.derivedData/Build/Products/Debug-xros -F /Applications/Xcode-27.0.0-Release.Candidate.app/Contents/Developer/Platforms/XROS.platform/Developer/Library/Frameworks -F /Applications/Xcode-27.0.0-Release.Candidate.app/Contents/Developer/Platforms/XROS.platform/Developer/SDKs/XROS27.0.sdk/Developer/Library/Frameworks -c -j10 -enable-batch-mode -incremental -Xcc -ivfsstatcache -Xcc /Users/admin/builder/spi-builder-workspace/.derivedData/SDKStatCaches.noindex/xros27.0-24M361-e829b21a6f8c9b70876ba0858053c044735bd543db762f57723cac368afd1ce4.sdkstatcache -output-file-map /Users/admin/builder/spi-builder-workspace/.derivedData/Build/Intermediates.noindex/swift-case-paths.build/Debug-xros/CasePaths-t.build/Objects-normal/arm64/CasePaths-OutputFileMap.json -save-temps -no-color-diagnostics -explicit-module-build -module-cache-path /Users/admin/builder/spi-builder-workspace/.derivedData/Build/Intermediates.noindex/SwiftExplicitPrecompiledModules -clang-scanner-module-cache-path /Users/admin/builder/spi-builder-workspace/.derivedData/ModuleCache.noindex -sdk-module-cache-path /Users/admin/builder/spi-builder-workspace/.derivedData/SDKExplicitPrecompiledModules -emit-dependencies -emit-module -emit-module-path /Users/admin/builder/spi-builder-workspace/.derivedData/Build/Intermediates.noindex/swift-case-paths.build/Debug-xros/CasePaths-t.build/Objects-normal/arm64/CasePaths.swiftmodule -serialize-diagnostics -dependency-scan-serialize-diagnostics-path /Users/admin/builder/spi-builder-workspace/.derivedData/Build/Intermediates.noindex/swift-case-paths.build/Debug-xros/CasePaths-t.build/Objects-normal/arm64/CasePaths-dependency-scan.dia -validate-clang-modules-once -clang-build-session-file /Users/admin/builder/spi-builder-workspace/.derivedData/ModuleCache.noindex/Session.modulevalidation -Xcc -fmodules-prune-interval\=86400 -Xcc -fmodules-prune-after\=345600 -emit-const-values -const-gather-protocols-list /Users/admin/builder/spi-builder-workspace/.derivedData/Build/Intermediates.noindex/swift-case-paths.build/Debug-xros/CasePaths-t.build/Objects-normal/arm64/CasePaths_const_extract_protocols.json -Xcc -I/Users/admin/builder/spi-builder-workspace/.derivedData/Build/Products/Debug-xros/include -Xcc -I/Users/admin/builder/spi-builder-workspace/.derivedData/Build/Intermediates.noindex/swift-case-paths.build/Debug-xros/CasePaths-t.build/DerivedSources-normal/arm64 -Xcc -I/Users/admin/builder/spi-builder-workspace/.derivedData/Build/Intermediates.noindex/swift-case-paths.build/Debug-xros/CasePaths-t.build/DerivedSources/arm64 -Xcc -I/Users/admin/builder/spi-builder-workspace/.derivedData/Build/Intermediates.noindex/swift-case-paths.build/Debug-xros/CasePaths-t.build/DerivedSources -Xcc -DSWIFT_PACKAGE -Xcc -DDEBUG\=1 -emit-objc-header -emit-objc-header-path /Users/admin/builder/spi-builder-workspace/.derivedData/Build/Intermediates.noindex/swift-case-paths.build/Debug-xros/CasePaths-t.build/Objects-normal/arm64/CasePaths-Swift.h -working-directory /Users/admin/builder/spi-builder-workspace/.swiftpm/xcode -experimental-emit-module-separately -disable-cmo
SwiftMergeGeneratedHeaders /Users/admin/builder/spi-builder-workspace/.derivedData/Build/Intermediates.noindex/GeneratedModuleMaps-xros/CasePaths-Swift.h /Users/admin/builder/spi-builder-workspace/.derivedData/Build/Intermediates.noindex/swift-case-paths.build/Debug-xros/CasePaths-t.build/Objects-normal/arm64/CasePaths-Swift.h (in target 'CasePaths' from project 'swift-case-paths')
cd /Users/admin/builder/spi-builder-workspace/.dependencies/checkouts/swift-case-paths
builtin-swiftHeaderTool -arch arm64 /Users/admin/builder/spi-builder-workspace/.derivedData/Build/Intermediates.noindex/swift-case-paths.build/Debug-xros/CasePaths-t.build/Objects-normal/arm64/CasePaths-Swift.h -o /Users/admin/builder/spi-builder-workspace/.derivedData/Build/Intermediates.noindex/GeneratedModuleMaps-xros/CasePaths-Swift.h
Copy /Users/admin/builder/spi-builder-workspace/.derivedData/Build/Products/Debug-xros/CasePaths.swiftmodule/arm64-apple-xros.swiftdoc /Users/admin/builder/spi-builder-workspace/.derivedData/Build/Intermediates.noindex/swift-case-paths.build/Debug-xros/CasePaths-t.build/Objects-normal/arm64/CasePaths.swiftdoc (in target 'CasePaths' from project 'swift-case-paths')
cd /Users/admin/builder/spi-builder-workspace/.dependencies/checkouts/swift-case-paths
builtin-copy -exclude .DS_Store -exclude CVS -exclude .svn -exclude .git -exclude .hg -resolve-src-symlinks -rename /Users/admin/builder/spi-builder-workspace/.derivedData/Build/Intermediates.noindex/swift-case-paths.build/Debug-xros/CasePaths-t.build/Objects-normal/arm64/CasePaths.swiftdoc /Users/admin/builder/spi-builder-workspace/.derivedData/Build/Products/Debug-xros/CasePaths.swiftmodule/arm64-apple-xros.swiftdoc
Copy /Users/admin/builder/spi-builder-workspace/.derivedData/Build/Products/Debug-xros/CasePaths.swiftmodule/arm64-apple-xros.swiftmodule /Users/admin/builder/spi-builder-workspace/.derivedData/Build/Intermediates.noindex/swift-case-paths.build/Debug-xros/CasePaths-t.build/Objects-normal/arm64/CasePaths.swiftmodule (in target 'CasePaths' from project 'swift-case-paths')
cd /Users/admin/builder/spi-builder-workspace/.dependencies/checkouts/swift-case-paths
builtin-copy -exclude .DS_Store -exclude CVS -exclude .svn -exclude .git -exclude .hg -resolve-src-symlinks -rename /Users/admin/builder/spi-builder-workspace/.derivedData/Build/Intermediates.noindex/swift-case-paths.build/Debug-xros/CasePaths-t.build/Objects-normal/arm64/CasePaths.swiftmodule /Users/admin/builder/spi-builder-workspace/.derivedData/Build/Products/Debug-xros/CasePaths.swiftmodule/arm64-apple-xros.swiftmodule
Copy /Users/admin/builder/spi-builder-workspace/.derivedData/Build/Products/Debug-xros/CasePaths.swiftmodule/arm64-apple-xros.abi.json /Users/admin/builder/spi-builder-workspace/.derivedData/Build/Intermediates.noindex/swift-case-paths.build/Debug-xros/CasePaths-t.build/Objects-normal/arm64/CasePaths.abi.json (in target 'CasePaths' from project 'swift-case-paths')
cd /Users/admin/builder/spi-builder-workspace/.dependencies/checkouts/swift-case-paths
builtin-copy -exclude .DS_Store -exclude CVS -exclude .svn -exclude .git -exclude .hg -resolve-src-symlinks -rename /Users/admin/builder/spi-builder-workspace/.derivedData/Build/Intermediates.noindex/swift-case-paths.build/Debug-xros/CasePaths-t.build/Objects-normal/arm64/CasePaths.abi.json /Users/admin/builder/spi-builder-workspace/.derivedData/Build/Products/Debug-xros/CasePaths.swiftmodule/arm64-apple-xros.abi.json
Copy /Users/admin/builder/spi-builder-workspace/.derivedData/Build/Products/Debug-xros/CasePaths.swiftmodule/Project/arm64-apple-xros.swiftsourceinfo /Users/admin/builder/spi-builder-workspace/.derivedData/Build/Intermediates.noindex/swift-case-paths.build/Debug-xros/CasePaths-t.build/Objects-normal/arm64/CasePaths.swiftsourceinfo (in target 'CasePaths' from project 'swift-case-paths')
cd /Users/admin/builder/spi-builder-workspace/.dependencies/checkouts/swift-case-paths
builtin-copy -exclude .DS_Store -exclude CVS -exclude .svn -exclude .git -exclude .hg -resolve-src-symlinks -rename /Users/admin/builder/spi-builder-workspace/.derivedData/Build/Intermediates.noindex/swift-case-paths.build/Debug-xros/CasePaths-t.build/Objects-normal/arm64/CasePaths.swiftsourceinfo /Users/admin/builder/spi-builder-workspace/.derivedData/Build/Products/Debug-xros/CasePaths.swiftmodule/Project/arm64-apple-xros.swiftsourceinfo
SwiftExplicitDependencyGeneratePcm arm64 /Users/admin/builder/spi-builder-workspace/.derivedData/SDKExplicitPrecompiledModules/GameController-7QL0VMQHE24OWQFUR0UFT89DW.pcm
SwiftExplicitDependencyGeneratePcm arm64 /Users/admin/builder/spi-builder-workspace/.derivedData/SDKExplicitPrecompiledModules/SwiftUI-77PUPXISY3V3TUF5FJEHUQC86.pcm
SwiftExplicitDependencyGeneratePcm arm64 /Users/admin/builder/spi-builder-workspace/.derivedData/SDKExplicitPrecompiledModules/UserNotificationsUI-2THP6ZDCNYWMDZ6FYTD12X5I6.pcm
SwiftExplicitDependencyGeneratePcm arm64 /Users/admin/builder/spi-builder-workspace/.derivedData/SDKExplicitPrecompiledModules/StoreKit-12LD5DPNQ83TE5J4G5TTT7JP8.pcm
SwiftDriverJobDiscovery normal arm64 Compiling XCTUnwrap.swift (in target 'CasePaths' from project 'swift-case-paths')
SwiftExplicitDependencyGeneratePcm arm64 /Users/admin/builder/spi-builder-workspace/.derivedData/SDKExplicitPrecompiledModules/Speech-CF6HAYHI80K9J2WCJQGKI6SAN.pcm
SwiftExplicitDependencyGeneratePcm arm64 /Users/admin/builder/spi-builder-workspace/.derivedData/SDKExplicitPrecompiledModules/ARKitCore-307YVPJLQNB66BTBIONHZNP86.pcm
SwiftExplicitDependencyGeneratePcm arm64 /Users/admin/builder/spi-builder-workspace/.derivedData/SDKExplicitPrecompiledModules/Photos-UP8QA3XPPN8VSNC6O5KK62BK.pcm
SwiftDriverJobDiscovery normal arm64 Compiling EnumReflection.swift (in target 'CasePaths' from project 'swift-case-paths')
SwiftDriver\ Compilation CasePaths normal arm64 com.apple.xcode.tools.swift.compiler (in target 'CasePaths' from project 'swift-case-paths')
cd /Users/admin/builder/spi-builder-workspace/.swiftpm/xcode
builtin-Swift-Compilation -- /Applications/Xcode-27.0.0-Release.Candidate.app/Contents/Developer/Toolchains/XcodeDefault.xctoolchain/usr/bin/swiftc -parse-as-library -module-name CasePaths -Onone @/Users/admin/builder/spi-builder-workspace/.derivedData/Build/Intermediates.noindex/swift-case-paths.build/Debug-xros/CasePaths-t.build/Objects-normal/arm64/CasePaths.SwiftFileList -DSWIFT_PACKAGE -DDEBUG -DSWIFT_MODULE_RESOURCE_BUNDLE_UNAVAILABLE -DXcode -plugin-path /Applications/Xcode-27.0.0-Release.Candidate.app/Contents/Developer/Toolchains/XcodeDefault.xctoolchain/usr/lib/swift/host/plugins/testing -enable-experimental-feature DebugDescriptionMacro -sdk /Applications/Xcode-27.0.0-Release.Candidate.app/Contents/Developer/Platforms/XROS.platform/Developer/SDKs/XROS27.0.sdk -target arm64-apple-xros1.0 -g -module-cache-path /Users/admin/builder/spi-builder-workspace/.derivedData/ModuleCache.noindex -Xfrontend -serialize-debugging-options -profile-coverage-mapping -profile-generate -enable-testing -suppress-warnings -index-store-path /Users/admin/builder/spi-builder-workspace/.derivedData/Index.noindex/DataStore -Xcc -D_LIBCPP_HARDENING_MODE\=_LIBCPP_HARDENING_MODE_DEBUG -swift-version 5 -I /Users/admin/builder/spi-builder-workspace/.derivedData/Build/Products/Debug-xros -Isystem /Applications/Xcode-27.0.0-Release.Candidate.app/Contents/Developer/Platforms/XROS.platform/Developer/usr/lib -F /Users/admin/builder/spi-builder-workspace/.derivedData/Build/Products/Debug-xros/PackageFrameworks -F /Users/admin/builder/spi-builder-workspace/.derivedData/Build/Products/Debug-xros -F /Applications/Xcode-27.0.0-Release.Candidate.app/Contents/Developer/Platforms/XROS.platform/Developer/Library/Frameworks -F /Applications/Xcode-27.0.0-Release.Candidate.app/Contents/Developer/Platforms/XROS.platform/Developer/SDKs/XROS27.0.sdk/Developer/Library/Frameworks -c -j10 -enable-batch-mode -incremental -Xcc -ivfsstatcache -Xcc /Users/admin/builder/spi-builder-workspace/.derivedData/SDKStatCaches.noindex/xros27.0-24M361-e829b21a6f8c9b70876ba0858053c044735bd543db762f57723cac368afd1ce4.sdkstatcache -output-file-map /Users/admin/builder/spi-builder-workspace/.derivedData/Build/Intermediates.noindex/swift-case-paths.build/Debug-xros/CasePaths-t.build/Objects-normal/arm64/CasePaths-OutputFileMap.json -save-temps -no-color-diagnostics -explicit-module-build -module-cache-path /Users/admin/builder/spi-builder-workspace/.derivedData/Build/Intermediates.noindex/SwiftExplicitPrecompiledModules -clang-scanner-module-cache-path /Users/admin/builder/spi-builder-workspace/.derivedData/ModuleCache.noindex -sdk-module-cache-path /Users/admin/builder/spi-builder-workspace/.derivedData/SDKExplicitPrecompiledModules -emit-dependencies -emit-module -emit-module-path /Users/admin/builder/spi-builder-workspace/.derivedData/Build/Intermediates.noindex/swift-case-paths.build/Debug-xros/CasePaths-t.build/Objects-normal/arm64/CasePaths.swiftmodule -serialize-diagnostics -dependency-scan-serialize-diagnostics-path /Users/admin/builder/spi-builder-workspace/.derivedData/Build/Intermediates.noindex/swift-case-paths.build/Debug-xros/CasePaths-t.build/Objects-normal/arm64/CasePaths-dependency-scan.dia -validate-clang-modules-once -clang-build-session-file /Users/admin/builder/spi-builder-workspace/.derivedData/ModuleCache.noindex/Session.modulevalidation -Xcc -fmodules-prune-interval\=86400 -Xcc -fmodules-prune-after\=345600 -emit-const-values -const-gather-protocols-list /Users/admin/builder/spi-builder-workspace/.derivedData/Build/Intermediates.noindex/swift-case-paths.build/Debug-xros/CasePaths-t.build/Objects-normal/arm64/CasePaths_const_extract_protocols.json -Xcc -I/Users/admin/builder/spi-builder-workspace/.derivedData/Build/Products/Debug-xros/include -Xcc -I/Users/admin/builder/spi-builder-workspace/.derivedData/Build/Intermediates.noindex/swift-case-paths.build/Debug-xros/CasePaths-t.build/DerivedSources-normal/arm64 -Xcc -I/Users/admin/builder/spi-builder-workspace/.derivedData/Build/Intermediates.noindex/swift-case-paths.build/Debug-xros/CasePaths-t.build/DerivedSources/arm64 -Xcc -I/Users/admin/builder/spi-builder-workspace/.derivedData/Build/Intermediates.noindex/swift-case-paths.build/Debug-xros/CasePaths-t.build/DerivedSources -Xcc -DSWIFT_PACKAGE -Xcc -DDEBUG\=1 -emit-objc-header -emit-objc-header-path /Users/admin/builder/spi-builder-workspace/.derivedData/Build/Intermediates.noindex/swift-case-paths.build/Debug-xros/CasePaths-t.build/Objects-normal/arm64/CasePaths-Swift.h -working-directory /Users/admin/builder/spi-builder-workspace/.swiftpm/xcode -experimental-emit-module-separately -disable-cmo
Ld /Users/admin/builder/spi-builder-workspace/.derivedData/Build/Products/Debug-xros/CasePaths.o normal (in target 'CasePaths' from project 'swift-case-paths')
cd /Users/admin/builder/spi-builder-workspace/.dependencies/checkouts/swift-case-paths
/Applications/Xcode-27.0.0-Release.Candidate.app/Contents/Developer/Toolchains/XcodeDefault.xctoolchain/usr/bin/clang -Xlinker -reproducible -target arm64-apple-xros1.0 -r -isysroot /Applications/Xcode-27.0.0-Release.Candidate.app/Contents/Developer/Platforms/XROS.platform/Developer/SDKs/XROS27.0.sdk -O0 -w -Xlinker -no_warn_duplicate_libraries -F/Users/admin/builder/spi-builder-workspace/.derivedData/Build/Intermediates.noindex/EagerLinkingTBDs/Debug-xros -F/Users/admin/builder/spi-builder-workspace/.derivedData/Build/Products/Debug-xros/PackageFrameworks -F/Users/admin/builder/spi-builder-workspace/.derivedData/Build/Products/Debug-xros -iframework /Applications/Xcode-27.0.0-Release.Candidate.app/Contents/Developer/Platforms/XROS.platform/Developer/Library/Frameworks -iframework /Applications/Xcode-27.0.0-Release.Candidate.app/Contents/Developer/Platforms/XROS.platform/Developer/SDKs/XROS27.0.sdk/Developer/Library/Frameworks -filelist /Users/admin/builder/spi-builder-workspace/.derivedData/Build/Intermediates.noindex/swift-case-paths.build/Debug-xros/CasePaths-t.build/Objects-normal/arm64/CasePaths.LinkFileList -nostdlib -Xlinker -object_path_lto -Xlinker /Users/admin/builder/spi-builder-workspace/.derivedData/Build/Intermediates.noindex/swift-case-paths.build/Debug-xros/CasePaths-t.build/Objects-normal/arm64/CasePaths_lto.o -Xlinker -no_deduplicate -Xlinker -debug_variant -Xlinker -dependency_info -Xlinker /Users/admin/builder/spi-builder-workspace/.derivedData/Build/Intermediates.noindex/swift-case-paths.build/Debug-xros/CasePaths-t.build/Objects-normal/arm64/CasePaths_dependency_info.dat -fobjc-link-runtime -L/Applications/Xcode-27.0.0-Release.Candidate.app/Contents/Developer/Toolchains/XcodeDefault.xctoolchain/usr/lib/swift/xros -L/usr/lib/swift -Xlinker -add_ast_path -Xlinker /Users/admin/builder/spi-builder-workspace/.derivedData/Build/Intermediates.noindex/swift-case-paths.build/Debug-xros/CasePaths-t.build/Objects-normal/arm64/CasePaths.swiftmodule -o /Users/admin/builder/spi-builder-workspace/.derivedData/Build/Products/Debug-xros/CasePaths.o
ExtractAppIntentsMetadata (in target 'CasePaths' from project 'swift-case-paths')
cd /Users/admin/builder/spi-builder-workspace/.dependencies/checkouts/swift-case-paths
/Applications/Xcode-27.0.0-Release.Candidate.app/Contents/Developer/Toolchains/XcodeDefault.xctoolchain/usr/bin/appintentsmetadataprocessor --toolchain-dir /var/run/com.apple.security.cryptexd/mnt/com.apple.MobileAsset.MetalToolchain-v27.1.266.1.ri9KCN/Metal.xctoolchain --module-name CasePaths --sdk-root /Applications/Xcode-27.0.0-Release.Candidate.app/Contents/Developer/Platforms/XROS.platform/Developer/SDKs/XROS27.0.sdk --xcode-version 27A266a --platform-family xrOS --deployment-target 1.0 --bundle-identifier swift-case-paths.CasePaths --output /Users/admin/builder/spi-builder-workspace/.derivedData/Build/Products/Debug-xros/CasePaths.appintents --target-triple arm64-apple-xros1.0 --binary-file /Users/admin/builder/spi-builder-workspace/.derivedData/Build/Products/Debug-xros/CasePaths.o --dependency-file /Users/admin/builder/spi-builder-workspace/.derivedData/Build/Intermediates.noindex/swift-case-paths.build/Debug-xros/CasePaths-t.build/Objects-normal/arm64/CasePaths_dependency_info.dat --stringsdata-file /Users/admin/builder/spi-builder-workspace/.derivedData/Build/Intermediates.noindex/swift-case-paths.build/Debug-xros/CasePaths-t.build/Objects-normal/arm64/ExtractedAppShortcutsMetadata.stringsdata --source-file-list /Users/admin/builder/spi-builder-workspace/.derivedData/Build/Intermediates.noindex/swift-case-paths.build/Debug-xros/CasePaths-t.build/Objects-normal/arm64/CasePaths.SwiftFileList --metadata-file-list /Users/admin/builder/spi-builder-workspace/.derivedData/Build/Intermediates.noindex/swift-case-paths.build/Debug-xros/CasePaths-t.build/CasePaths.DependencyMetadataFileList --static-metadata-file-list /Users/admin/builder/spi-builder-workspace/.derivedData/Build/Intermediates.noindex/swift-case-paths.build/Debug-xros/CasePaths-t.build/CasePaths.DependencyStaticMetadataFileList --swift-const-vals-list /Users/admin/builder/spi-builder-workspace/.derivedData/Build/Intermediates.noindex/swift-case-paths.build/Debug-xros/CasePaths-t.build/Objects-normal/arm64/CasePaths.SwiftConstValuesFileList --force --compile-time-extraction --deployment-aware-processing --no-app-shortcuts-localization
2026-09-18 22:29:46.379 appintentsmetadataprocessor[1443:7909] Starting appintentsmetadataprocessor export
2026-09-18 22:29:46.441 appintentsmetadataprocessor[1443:7909] Extracted no relevant App Intents symbols, skipping writing output
SwiftExplicitDependencyGeneratePcm arm64 /Users/admin/builder/spi-builder-workspace/.derivedData/SDKExplicitPrecompiledModules/ARKit-27VDPOZ50FG2MJG7OFV6IFQYQ.pcm
SwiftEmitModule normal arm64 Emitting\ module\ for\ CustomDump (in target 'CustomDump' from project 'swift-custom-dump')
SwiftCompile normal arm64 (in target 'CustomDump' from project 'swift-custom-dump')
cd /Users/admin/builder/spi-builder-workspace/.swiftpm/xcode
/Users/admin/builder/spi-builder-workspace/.dependencies/checkouts/swift-custom-dump/Sources/CustomDump/Conformances/CoreLocation.swift:85:15: error: 'CLProximity' is unavailable in visionOS
83 | @available(watchOS, unavailable)
84 | @available(xrOS, unavailable)
85 | extension CLProximity: CustomDumpStringConvertible {
| `- error: 'CLProximity' is unavailable in visionOS
86 | public var customDumpDescription: String {
87 | switch self {
/Applications/Xcode-27.0.0-Release.Candidate.app/Contents/Developer/Platforms/XROS.platform/Developer/SDKs/XROS27.0.sdk/System/Library/Frameworks/CoreLocation.framework/Headers/CLRegion.h:35:28: note: 'CLProximity' has been explicitly marked unavailable here
33 | *
34 | */
35 | typedef NS_ENUM(NSInteger, CLProximity) {
| `- note: 'CLProximity' has been explicitly marked unavailable here
36 | CLProximityUnknown,
37 | CLProximityImmediate,
SwiftCompile normal arm64 Compiling\ Unordered.swift,\ XCTAssertNoDifference.swift /Users/admin/builder/spi-builder-workspace/.dependencies/checkouts/swift-custom-dump/Sources/CustomDump/Internal/Unordered.swift /Users/admin/builder/spi-builder-workspace/.dependencies/checkouts/swift-custom-dump/Sources/CustomDump/XCTAssertNoDifference.swift (in target 'CustomDump' from project 'swift-custom-dump')
SwiftCompile normal arm64 /Users/admin/builder/spi-builder-workspace/.dependencies/checkouts/swift-custom-dump/Sources/CustomDump/Internal/Unordered.swift (in target 'CustomDump' from project 'swift-custom-dump')
cd /Users/admin/builder/spi-builder-workspace/.swiftpm/xcode
builtin-SwiftPerFileCompile Unordered.swift
SwiftCompile normal arm64 /Users/admin/builder/spi-builder-workspace/.dependencies/checkouts/swift-custom-dump/Sources/CustomDump/XCTAssertNoDifference.swift (in target 'CustomDump' from project 'swift-custom-dump')
cd /Users/admin/builder/spi-builder-workspace/.swiftpm/xcode
builtin-SwiftPerFileCompile XCTAssertNoDifference.swift
SwiftEmitModule normal arm64 Emitting\ module\ for\ Clocks (in target 'Clocks' from project 'swift-clocks')
SwiftCompile normal arm64 (in target 'Clocks' from project 'swift-clocks')
cd /Users/admin/builder/spi-builder-workspace/.swiftpm/xcode
SwiftCompile normal arm64 Compiling\ Box.swift,\ CollectionDifference.swift /Users/admin/builder/spi-builder-workspace/.dependencies/checkouts/swift-custom-dump/Sources/CustomDump/Internal/Box.swift /Users/admin/builder/spi-builder-workspace/.dependencies/checkouts/swift-custom-dump/Sources/CustomDump/Internal/CollectionDifference.swift (in target 'CustomDump' from project 'swift-custom-dump')
SwiftCompile normal arm64 /Users/admin/builder/spi-builder-workspace/.dependencies/checkouts/swift-custom-dump/Sources/CustomDump/Internal/Box.swift (in target 'CustomDump' from project 'swift-custom-dump')
cd /Users/admin/builder/spi-builder-workspace/.swiftpm/xcode
builtin-SwiftPerFileCompile Box.swift
SwiftCompile normal arm64 /Users/admin/builder/spi-builder-workspace/.dependencies/checkouts/swift-custom-dump/Sources/CustomDump/Internal/CollectionDifference.swift (in target 'CustomDump' from project 'swift-custom-dump')
cd /Users/admin/builder/spi-builder-workspace/.swiftpm/xcode
builtin-SwiftPerFileCompile CollectionDifference.swift
SwiftEmitModule normal arm64 Emitting\ module\ for\ CombineSchedulers (in target 'CombineSchedulers' from project 'combine-schedulers')
SwiftCompile normal arm64 (in target 'CombineSchedulers' from project 'combine-schedulers')
cd /Users/admin/builder/spi-builder-workspace/.swiftpm/xcode
SwiftCompile normal arm64 Compiling\ UserNotifications.swift,\ UserNotificationsUI.swift,\ CustomDumpReflectable.swift /Users/admin/builder/spi-builder-workspace/.dependencies/checkouts/swift-custom-dump/Sources/CustomDump/Conformances/UserNotifications.swift /Users/admin/builder/spi-builder-workspace/.dependencies/checkouts/swift-custom-dump/Sources/CustomDump/Conformances/UserNotificationsUI.swift /Users/admin/builder/spi-builder-workspace/.dependencies/checkouts/swift-custom-dump/Sources/CustomDump/CustomDumpReflectable.swift (in target 'CustomDump' from project 'swift-custom-dump')
SwiftCompile normal arm64 /Users/admin/builder/spi-builder-workspace/.dependencies/checkouts/swift-custom-dump/Sources/CustomDump/Conformances/UserNotifications.swift (in target 'CustomDump' from project 'swift-custom-dump')
cd /Users/admin/builder/spi-builder-workspace/.swiftpm/xcode
builtin-SwiftPerFileCompile UserNotifications.swift
SwiftCompile normal arm64 /Users/admin/builder/spi-builder-workspace/.dependencies/checkouts/swift-custom-dump/Sources/CustomDump/Conformances/UserNotificationsUI.swift (in target 'CustomDump' from project 'swift-custom-dump')
cd /Users/admin/builder/spi-builder-workspace/.swiftpm/xcode
builtin-SwiftPerFileCompile UserNotificationsUI.swift
SwiftCompile normal arm64 /Users/admin/builder/spi-builder-workspace/.dependencies/checkouts/swift-custom-dump/Sources/CustomDump/CustomDumpReflectable.swift (in target 'CustomDump' from project 'swift-custom-dump')
cd /Users/admin/builder/spi-builder-workspace/.swiftpm/xcode
builtin-SwiftPerFileCompile CustomDumpReflectable.swift
SwiftCompile normal arm64 Compiling\ Dump.swift,\ AnyType.swift /Users/admin/builder/spi-builder-workspace/.dependencies/checkouts/swift-custom-dump/Sources/CustomDump/Dump.swift /Users/admin/builder/spi-builder-workspace/.dependencies/checkouts/swift-custom-dump/Sources/CustomDump/Internal/AnyType.swift (in target 'CustomDump' from project 'swift-custom-dump')
SwiftCompile normal arm64 /Users/admin/builder/spi-builder-workspace/.dependencies/checkouts/swift-custom-dump/Sources/CustomDump/Dump.swift (in target 'CustomDump' from project 'swift-custom-dump')
cd /Users/admin/builder/spi-builder-workspace/.swiftpm/xcode
builtin-SwiftPerFileCompile Dump.swift
SwiftCompile normal arm64 /Users/admin/builder/spi-builder-workspace/.dependencies/checkouts/swift-custom-dump/Sources/CustomDump/Internal/AnyType.swift (in target 'CustomDump' from project 'swift-custom-dump')
cd /Users/admin/builder/spi-builder-workspace/.swiftpm/xcode
builtin-SwiftPerFileCompile AnyType.swift
SwiftCompile normal arm64 Compiling\ Foundation.swift,\ GameKit.swift,\ KeyPath.swift /Users/admin/builder/spi-builder-workspace/.dependencies/checkouts/swift-custom-dump/Sources/CustomDump/Conformances/Foundation.swift /Users/admin/builder/spi-builder-workspace/.dependencies/checkouts/swift-custom-dump/Sources/CustomDump/Conformances/GameKit.swift /Users/admin/builder/spi-builder-workspace/.dependencies/checkouts/swift-custom-dump/Sources/CustomDump/Conformances/KeyPath.swift (in target 'CustomDump' from project 'swift-custom-dump')
SwiftCompile normal arm64 /Users/admin/builder/spi-builder-workspace/.dependencies/checkouts/swift-custom-dump/Sources/CustomDump/Conformances/Foundation.swift (in target 'CustomDump' from project 'swift-custom-dump')
cd /Users/admin/builder/spi-builder-workspace/.swiftpm/xcode
builtin-SwiftPerFileCompile Foundation.swift
SwiftCompile normal arm64 /Users/admin/builder/spi-builder-workspace/.dependencies/checkouts/swift-custom-dump/Sources/CustomDump/Conformances/GameKit.swift (in target 'CustomDump' from project 'swift-custom-dump')
cd /Users/admin/builder/spi-builder-workspace/.swiftpm/xcode
builtin-SwiftPerFileCompile GameKit.swift
SwiftCompile normal arm64 /Users/admin/builder/spi-builder-workspace/.dependencies/checkouts/swift-custom-dump/Sources/CustomDump/Conformances/KeyPath.swift (in target 'CustomDump' from project 'swift-custom-dump')
cd /Users/admin/builder/spi-builder-workspace/.swiftpm/xcode
builtin-SwiftPerFileCompile KeyPath.swift
SwiftEmitModule normal arm64 Emitting\ module\ for\ DynamicColor (in target 'DynamicColor' from project 'DynamicColor')
/Users/admin/builder/spi-builder-workspace/.dependencies/checkouts/DynamicColor/Sources/Array.swift:32:39: error: cannot find type 'DynamicColor' in scope
30 | Convenient extension for color array to work as a DynamicGradient.
31 | */
32 | public extension Array where Element: DynamicColor {
| |- error: cannot find type 'DynamicColor' in scope
| `- note: cannot use module 'DynamicColor' as a type
33 | /**
34 | Gradient representation of the array.
/Users/admin/builder/spi-builder-workspace/.dependencies/checkouts/DynamicColor/Sources/ContrastDisplayContext.swift:17:11: error: cannot find type 'DynamicColor' in scope
15 | #endif
16 |
17 | extension DynamicColor {
| |- error: cannot find type 'DynamicColor' in scope
| `- note: cannot use module 'DynamicColor' as a type
18 | /**
19 | Used to describe the context of display of 2 colors.
/Users/admin/builder/spi-builder-workspace/.dependencies/checkouts/DynamicColor/Sources/DynamicColor+Deriving.swift:35:18: error: cannot find type 'DynamicColor' in scope
33 | // MARK: Deriving Colors
34 |
35 | public extension DynamicColor {
| |- error: cannot find type 'DynamicColor' in scope
| `- note: cannot use module 'DynamicColor' as a type
36 | /**
37 | Creates and returns a color object with the hue rotated along the color wheel by the given amount.
/Users/admin/builder/spi-builder-workspace/.dependencies/checkouts/DynamicColor/Sources/DynamicColor+HSB.swift:35:11: error: cannot find type 'DynamicColor' in scope
33 | // MARK: HSB Color Space
34 |
35 | extension DynamicColor {
| |- error: cannot find type 'DynamicColor' in scope
| `- note: cannot use module 'DynamicColor' as a type
36 | // MARK: - Getting the HSB Components
37 |
/Users/admin/builder/spi-builder-workspace/.dependencies/checkouts/DynamicColor/Sources/DynamicColor+HSL.swift:35:11: error: cannot find type 'DynamicColor' in scope
33 | // MARK: HSL Color Space
34 |
35 | extension DynamicColor {
| |- error: cannot find type 'DynamicColor' in scope
| `- note: cannot use module 'DynamicColor' as a type
36 | /**
37 | Initializes and returns a color object using the specified opacity and HSL component values.
/Users/admin/builder/spi-builder-workspace/.dependencies/checkouts/DynamicColor/Sources/DynamicColor+Lab.swift:35:18: error: cannot find type 'DynamicColor' in scope
33 | // MARK: CIE L*a*b* Color Space
34 |
35 | public extension DynamicColor {
| |- error: cannot find type 'DynamicColor' in scope
| `- note: cannot use module 'DynamicColor' as a type
36 | /**
37 | Initializes and returns a color object using CIE XYZ color space component values with an observer at 2° and a D65 illuminant.
/Users/admin/builder/spi-builder-workspace/.dependencies/checkouts/DynamicColor/Sources/DynamicColor+Mixing.swift:35:18: error: cannot find type 'DynamicColor' in scope
33 | // MARK: Mixing Colors
34 |
35 | public extension DynamicColor {
| |- error: cannot find type 'DynamicColor' in scope
| `- note: cannot use module 'DynamicColor' as a type
36 | /**
37 | Mixes the given color object with the receiver.
/Users/admin/builder/spi-builder-workspace/.dependencies/checkouts/DynamicColor/Sources/DynamicColor+RGBA.swift:35:18: error: cannot find type 'DynamicColor' in scope
33 | // MARK: RGBA Color Space
34 |
35 | public extension DynamicColor {
| |- error: cannot find type 'DynamicColor' in scope
| `- note: cannot use module 'DynamicColor' as a type
36 | /**
37 | Initializes and returns a color object using the specified opacity and RGB component values.
/Users/admin/builder/spi-builder-workspace/.dependencies/checkouts/DynamicColor/Sources/DynamicColor+XYZ.swift:35:18: error: cannot find type 'DynamicColor' in scope
33 | // MARK: CIE XYZ Color Space
34 |
35 | public extension DynamicColor {
| |- error: cannot find type 'DynamicColor' in scope
| `- note: cannot use module 'DynamicColor' as a type
36 | /**
37 | Initializes and returns a color object using CIE XYZ color space component values with an observer at 2° and a D65 illuminant.
/Users/admin/builder/spi-builder-workspace/.dependencies/checkouts/DynamicColor/Sources/DynamicColor.swift:47:18: error: cannot find type 'DynamicColor' in scope
45 | #endif
46 |
47 | public extension DynamicColor {
| |- error: cannot find type 'DynamicColor' in scope
| `- note: cannot use module 'DynamicColor' as a type
48 | // MARK: - Manipulating Hexa-decimal Values and Strings
49 |
/Users/admin/builder/spi-builder-workspace/.dependencies/checkouts/DynamicColor/Sources/DynamicGradient.swift:37:16: error: cannot find type 'DynamicColor' in scope
35 | */
36 | final public class DynamicGradient {
37 | let colors: [DynamicColor]
| |- error: cannot find type 'DynamicColor' in scope
| `- note: cannot use module 'DynamicColor' as a type
38 |
39 | /**
/Users/admin/builder/spi-builder-workspace/.dependencies/checkouts/DynamicColor/Sources/DynamicGradient.swift:44:24: error: cannot find type 'DynamicColor' in scope
42 | - Parameter colors: An array of colors.
43 | */
44 | public init(colors: [DynamicColor]) {
| |- error: cannot find type 'DynamicColor' in scope
| `- note: cannot use module 'DynamicColor' as a type
45 | self.colors = colors
46 | }
/Users/admin/builder/spi-builder-workspace/.dependencies/checkouts/DynamicColor/Sources/DynamicGradient.swift:55:101: error: cannot find type 'DynamicColor' in scope
53 | - Returns: An array of DynamicColor objects with equi-distant space in the gradient.
54 | */
55 | public func colorPalette(amount: UInt = 2, inColorSpace colorspace: DynamicColorSpace = .rgb) -> [DynamicColor] {
| |- error: cannot find type 'DynamicColor' in scope
| `- note: cannot use module 'DynamicColor' as a type
56 | guard amount > 0 && colors.count > 0 else {
57 | return []
/Users/admin/builder/spi-builder-workspace/.dependencies/checkouts/DynamicColor/Sources/DynamicGradient.swift:78:97: error: cannot find type 'DynamicColor' in scope
76 | - Returns: A DynamicColor object corresponding to the color at the given scale.
77 | */
78 | public func pickColorAt(scale: CGFloat, inColorSpace colorspace: DynamicColorSpace = .rgb) -> DynamicColor {
| |- error: cannot find type 'DynamicColor' in scope
| `- note: cannot use module 'DynamicColor' as a type
79 | guard colors.count > 1 else {
80 | return colors.first ?? .black
/Users/admin/builder/spi-builder-workspace/.dependencies/checkouts/DynamicColor/Sources/DynamicGradient.swift:78:34: error: cannot find type 'CGFloat' in scope
76 | - Returns: A DynamicColor object corresponding to the color at the given scale.
77 | */
78 | public func pickColorAt(scale: CGFloat, inColorSpace colorspace: DynamicColorSpace = .rgb) -> DynamicColor {
| `- error: cannot find type 'CGFloat' in scope
79 | guard colors.count > 1 else {
80 | return colors.first ?? .black
/Users/admin/builder/spi-builder-workspace/.dependencies/checkouts/DynamicColor/Sources/HSL.swift:36:10: error: cannot find type 'CGFloat' in scope
34 | internal struct HSL {
35 | /// Hue value between 0.0 and 1.0 (0.0 = 0 degree, 1.0 = 360 degree).
36 | var h: CGFloat = 0.0
| `- error: cannot find type 'CGFloat' in scope
37 | /// Saturation value between 0.0 and 1.0.
38 | var s: CGFloat = 0.0
/Users/admin/builder/spi-builder-workspace/.dependencies/checkouts/DynamicColor/Sources/HSL.swift:38:10: error: cannot find type 'CGFloat' in scope
36 | var h: CGFloat = 0.0
37 | /// Saturation value between 0.0 and 1.0.
38 | var s: CGFloat = 0.0
| `- error: cannot find type 'CGFloat' in scope
39 | /// Lightness value between 0.0 and 1.0.
40 | var l: CGFloat = 0.0
/Users/admin/builder/spi-builder-workspace/.dependencies/checkouts/DynamicColor/Sources/HSL.swift:40:10: error: cannot find type 'CGFloat' in scope
38 | var s: CGFloat = 0.0
39 | /// Lightness value between 0.0 and 1.0.
40 | var l: CGFloat = 0.0
| `- error: cannot find type 'CGFloat' in scope
41 | /// Alpha value between 0.0 and 1.0.
42 | var a: CGFloat = 1.0
/Users/admin/builder/spi-builder-workspace/.dependencies/checkouts/DynamicColor/Sources/HSL.swift:42:10: error: cannot find type 'CGFloat' in scope
40 | var l: CGFloat = 0.0
41 | /// Alpha value between 0.0 and 1.0.
42 | var a: CGFloat = 1.0
| `- error: cannot find type 'CGFloat' in scope
43 |
44 | // MARK: - Initializing HSL Colors
/Users/admin/builder/spi-builder-workspace/.dependencies/checkouts/DynamicColor/Sources/HSL.swift:54:13: error: cannot find type 'CGFloat' in scope
52 | - parameter a: The opacity component of the color object, specified as a value between 0.0 and 1.0.
53 | */
54 | init(hue: CGFloat, saturation: CGFloat, lightness: CGFloat, alpha: CGFloat = 1.0) {
| `- error: cannot find type 'CGFloat' in scope
55 | h = hue.truncatingRemainder(dividingBy: 360.0) / 360.0
56 | s = clip(saturation, 0.0, 1.0)
/Users/admin/builder/spi-builder-workspace/.dependencies/checkouts/DynamicColor/Sources/HSL.swift:54:34: error: cannot find type 'CGFloat' in scope
52 | - parameter a: The opacity component of the color object, specified as a value between 0.0 and 1.0.
53 | */
54 | init(hue: CGFloat, saturation: CGFloat, lightness: CGFloat, alpha: CGFloat = 1.0) {
| `- error: cannot find type 'CGFloat' in scope
55 | h = hue.truncatingRemainder(dividingBy: 360.0) / 360.0
56 | s = clip(saturation, 0.0, 1.0)
/Users/admin/builder/spi-builder-workspace/.dependencies/checkouts/DynamicColor/Sources/HSL.swift:54:54: error: cannot find type 'CGFloat' in scope
52 | - parameter a: The opacity component of the color object, specified as a value between 0.0 and 1.0.
53 | */
54 | init(hue: CGFloat, saturation: CGFloat, lightness: CGFloat, alpha: CGFloat = 1.0) {
| `- error: cannot find type 'CGFloat' in scope
55 | h = hue.truncatingRemainder(dividingBy: 360.0) / 360.0
56 | s = clip(saturation, 0.0, 1.0)
/Users/admin/builder/spi-builder-workspace/.dependencies/checkouts/DynamicColor/Sources/HSL.swift:54:70: error: cannot find type 'CGFloat' in scope
52 | - parameter a: The opacity component of the color object, specified as a value between 0.0 and 1.0.
53 | */
54 | init(hue: CGFloat, saturation: CGFloat, lightness: CGFloat, alpha: CGFloat = 1.0) {
| `- error: cannot find type 'CGFloat' in scope
55 | h = hue.truncatingRemainder(dividingBy: 360.0) / 360.0
56 | s = clip(saturation, 0.0, 1.0)
/Users/admin/builder/spi-builder-workspace/.dependencies/checkouts/DynamicColor/Sources/HSL.swift:66:15: error: cannot find type 'DynamicColor' in scope
64 | - parameter color: A DynamicColor object.
65 | */
66 | init(color: DynamicColor) {
| |- error: cannot find type 'DynamicColor' in scope
| `- note: cannot use module 'DynamicColor' as a type
67 | let rgba = color.toRGBAComponents()
68 |
/Users/admin/builder/spi-builder-workspace/.dependencies/checkouts/DynamicColor/Sources/HSL.swift:108:28: error: cannot find type 'DynamicColor' in scope
106 | - returns: A DynamicColor object corresponding to the current HSV color.
107 | */
108 | func toDynamicColor() -> DynamicColor {
| |- error: cannot find type 'DynamicColor' in scope
| `- note: cannot use module 'DynamicColor' as a type
109 | let m2 = l <= 0.5 ? l * (s + 1.0) : (l + s) - (l * s)
110 | let m1 = (l * 2.0) - m2
/Users/admin/builder/spi-builder-workspace/.dependencies/checkouts/DynamicColor/Sources/HSL.swift:120:66: error: cannot find type 'CGFloat' in scope
118 |
119 | /// Hue to RGB helper function
120 | private func hueToRGB(m1: CGFloat, m2: CGFloat, h: CGFloat) -> CGFloat {
| `- error: cannot find type 'CGFloat' in scope
121 | let hue = moda(h, m: 1)
122 |
/Users/admin/builder/spi-builder-workspace/.dependencies/checkouts/DynamicColor/Sources/HSL.swift:120:29: error: cannot find type 'CGFloat' in scope
118 |
119 | /// Hue to RGB helper function
120 | private func hueToRGB(m1: CGFloat, m2: CGFloat, h: CGFloat) -> CGFloat {
| `- error: cannot find type 'CGFloat' in scope
121 | let hue = moda(h, m: 1)
122 |
/Users/admin/builder/spi-builder-workspace/.dependencies/checkouts/DynamicColor/Sources/HSL.swift:120:42: error: cannot find type 'CGFloat' in scope
118 |
119 | /// Hue to RGB helper function
120 | private func hueToRGB(m1: CGFloat, m2: CGFloat, h: CGFloat) -> CGFloat {
| `- error: cannot find type 'CGFloat' in scope
121 | let hue = moda(h, m: 1)
122 |
/Users/admin/builder/spi-builder-workspace/.dependencies/checkouts/DynamicColor/Sources/HSL.swift:120:54: error: cannot find type 'CGFloat' in scope
118 |
119 | /// Hue to RGB helper function
120 | private func hueToRGB(m1: CGFloat, m2: CGFloat, h: CGFloat) -> CGFloat {
| `- error: cannot find type 'CGFloat' in scope
121 | let hue = moda(h, m: 1)
122 |
/Users/admin/builder/spi-builder-workspace/.dependencies/checkouts/DynamicColor/Sources/HSL.swift:144:28: error: cannot find type 'CGFloat' in scope
142 | - returns: A HSL color with the hue changed.
143 | */
144 | func adjustedHue(amount: CGFloat) -> HSL {
| `- error: cannot find type 'CGFloat' in scope
145 | return HSL(hue: (h * 360.0) + amount, saturation: s, lightness: l, alpha: a)
146 | }
/Users/admin/builder/spi-builder-workspace/.dependencies/checkouts/DynamicColor/Sources/HSL.swift:154:24: error: cannot find type 'CGFloat' in scope
152 | - returns: A lighter HSL color.
153 | */
154 | func lighter(amount: CGFloat) -> HSL {
| `- error: cannot find type 'CGFloat' in scope
155 | return HSL(hue: h * 360.0, saturation: s, lightness: l + amount, alpha: a)
156 | }
/Users/admin/builder/spi-builder-workspace/.dependencies/checkouts/DynamicColor/Sources/HSL.swift:164:25: error: cannot find type 'CGFloat' in scope
162 | - returns: A darker HSL color.
163 | */
164 | func darkened(amount: CGFloat) -> HSL {
| `- error: cannot find type 'CGFloat' in scope
165 | return lighter(amount: amount * -1.0)
166 | }
/Users/admin/builder/spi-builder-workspace/.dependencies/checkouts/DynamicColor/Sources/HSL.swift:174:26: error: cannot find type 'CGFloat' in scope
172 | - returns: A HSL color more saturated.
173 | */
174 | func saturated(amount: CGFloat) -> HSL {
| `- error: cannot find type 'CGFloat' in scope
175 | return HSL(hue: h * 360.0, saturation: s + amount, lightness: l, alpha: a)
176 | }
/Users/admin/builder/spi-builder-workspace/.dependencies/checkouts/DynamicColor/Sources/HSL.swift:184:28: error: cannot find type 'CGFloat' in scope
182 | - returns: A HSL color less saturated.
183 | */
184 | func desaturated(amount: CGFloat) -> HSL {
| `- error: cannot find type 'CGFloat' in scope
185 | return saturated(amount: amount * -1.0)
186 | }
/Users/admin/builder/spi-builder-workspace/.dependencies/checkouts/DynamicColor/Sources/Utils.swift:54:49: error: cannot find type 'CGFloat' in scope
52 | - Parameter m: The modulo.
53 | */
54 | internal func moda(_ x: CGFloat, m: CGFloat) -> CGFloat {
| `- error: cannot find type 'CGFloat' in scope
55 | return (x.truncatingRemainder(dividingBy: m) + m).truncatingRemainder(dividingBy: m)
56 | }
/Users/admin/builder/spi-builder-workspace/.dependencies/checkouts/DynamicColor/Sources/Utils.swift:54:25: error: cannot find type 'CGFloat' in scope
52 | - Parameter m: The modulo.
53 | */
54 | internal func moda(_ x: CGFloat, m: CGFloat) -> CGFloat {
| `- error: cannot find type 'CGFloat' in scope
55 | return (x.truncatingRemainder(dividingBy: m) + m).truncatingRemainder(dividingBy: m)
56 | }
/Users/admin/builder/spi-builder-workspace/.dependencies/checkouts/DynamicColor/Sources/Utils.swift:54:37: error: cannot find type 'CGFloat' in scope
52 | - Parameter m: The modulo.
53 | */
54 | internal func moda(_ x: CGFloat, m: CGFloat) -> CGFloat {
| `- error: cannot find type 'CGFloat' in scope
55 | return (x.truncatingRemainder(dividingBy: m) + m).truncatingRemainder(dividingBy: m)
56 | }
/Users/admin/builder/spi-builder-workspace/.dependencies/checkouts/DynamicColor/Sources/Utils.swift:64:75: error: cannot find type 'CGFloat' in scope
62 | - Parameter m: The precision. Default to 10000.
63 | */
64 | internal func roundDecimal(_ x: CGFloat, precision: CGFloat = 10000.0) -> CGFloat {
| `- error: cannot find type 'CGFloat' in scope
65 | return CGFloat(Int(round(x * precision))) / precision
66 | }
/Users/admin/builder/spi-builder-workspace/.dependencies/checkouts/DynamicColor/Sources/Utils.swift:64:33: error: cannot find type 'CGFloat' in scope
62 | - Parameter m: The precision. Default to 10000.
63 | */
64 | internal func roundDecimal(_ x: CGFloat, precision: CGFloat = 10000.0) -> CGFloat {
| `- error: cannot find type 'CGFloat' in scope
65 | return CGFloat(Int(round(x * precision))) / precision
66 | }
/Users/admin/builder/spi-builder-workspace/.dependencies/checkouts/DynamicColor/Sources/Utils.swift:64:53: error: cannot find type 'CGFloat' in scope
62 | - Parameter m: The precision. Default to 10000.
63 | */
64 | internal func roundDecimal(_ x: CGFloat, precision: CGFloat = 10000.0) -> CGFloat {
| `- error: cannot find type 'CGFloat' in scope
65 | return CGFloat(Int(round(x * precision))) / precision
66 | }
/Users/admin/builder/spi-builder-workspace/.dependencies/checkouts/DynamicColor/Sources/Utils.swift:68:31: error: cannot find type 'CGFloat' in scope
66 | }
67 |
68 | internal func roundToHex(_ x: CGFloat) -> UInt32 {
| `- error: cannot find type 'CGFloat' in scope
69 | guard x > 0 else { return 0 }
70 | let rounded: CGFloat = round(x * 255.0)
Failed frontend command:
/Applications/Xcode-27.0.0-Release.Candidate.app/Contents/Developer/Toolchains/XcodeDefault.xctoolchain/usr/bin/swift-frontend -frontend -emit-module -experimental-skip-non-inlinable-function-bodies-without-types /Users/admin/builder/spi-builder-workspace/.dependencies/checkouts/DynamicColor/Sources/Array.swift /Users/admin/builder/spi-builder-workspace/.dependencies/checkouts/DynamicColor/Sources/ContrastDisplayContext.swift /Users/admin/builder/spi-builder-workspace/.dependencies/checkouts/DynamicColor/Sources/DynamicColor+Deriving.swift /Users/admin/builder/spi-builder-workspace/.dependencies/checkouts/DynamicColor/Sources/DynamicColor+HSB.swift /Users/admin/builder/spi-builder-workspace/.dependencies/checkouts/DynamicColor/Sources/DynamicColor+HSL.swift /Users/admin/builder/spi-builder-workspace/.dependencies/checkouts/DynamicColor/Sources/DynamicColor+Lab.swift /Users/admin/builder/spi-builder-workspace/.dependencies/checkouts/DynamicColor/Sources/DynamicColor+Mixing.swift /Users/admin/builder/spi-builder-workspace/.dependencies/checkouts/DynamicColor/Sources/DynamicColor+RGBA.swift /Users/admin/builder/spi-builder-workspace/.dependencies/checkouts/DynamicColor/Sources/DynamicColor+XYZ.swift /Users/admin/builder/spi-builder-workspace/.dependencies/checkouts/DynamicColor/Sources/DynamicColor.swift /Users/admin/builder/spi-builder-workspace/.dependencies/checkouts/DynamicColor/Sources/DynamicColorSpace.swift /Users/admin/builder/spi-builder-workspace/.dependencies/checkouts/DynamicColor/Sources/DynamicGradient.swift /Users/admin/builder/spi-builder-workspace/.dependencies/checkouts/DynamicColor/Sources/HSL.swift /Users/admin/builder/spi-builder-workspace/.dependencies/checkouts/DynamicColor/Sources/SwiftUIColor.swift /Users/admin/builder/spi-builder-workspace/.dependencies/checkouts/DynamicColor/Sources/Utils.swift -target arm64-apple-xros1.0 -disable-cross-import-overlay-search -load-resolved-plugin /Applications/Xcode-27.0.0-Release.Candidate.app/Contents/Developer/Platforms/XROS.platform/Developer/usr/lib/swift/host/plugins/libFoundationMacros.dylib\#/Applications/Xcode-27.0.0-Release.Candidate.app/Contents/Developer/Platforms/XROS.platform/Developer/usr/bin/swift-plugin-server\#FoundationMacros -load-resolved-plugin /Applications/Xcode-27.0.0-Release.Candidate.app/Contents/Developer/Platforms/XROS.platform/Developer/usr/lib/swift/host/plugins/libObservationMacros.dylib\#/Applications/Xcode-27.0.0-Release.Candidate.app/Contents/Developer/Platforms/XROS.platform/Developer/usr/bin/swift-plugin-server\#ObservationMacros -load-resolved-plugin /Applications/Xcode-27.0.0-Release.Candidate.app/Contents/Developer/Platforms/XROS.platform/Developer/usr/lib/swift/host/plugins/libPreviewsMacros.dylib\#/Applications/Xcode-27.0.0-Release.Candidate.app/Contents/Developer/Platforms/XROS.platform/Developer/usr/bin/swift-plugin-server\#PreviewsMacros -load-resolved-plugin /Applications/Xcode-27.0.0-Release.Candidate.app/Contents/Developer/Platforms/XROS.platform/Developer/usr/lib/swift/host/plugins/libSwiftMacros.dylib\#/Applications/Xcode-27.0.0-Release.Candidate.app/Contents/Developer/Platforms/XROS.platform/Developer/usr/bin/swift-plugin-server\#SwiftMacros -load-resolved-plugin /Applications/Xcode-27.0.0-Release.Candidate.app/Contents/Developer/Platforms/XROS.platform/Developer/usr/lib/swift/host/plugins/libSwiftUIMacros.dylib\#/Applications/Xcode-27.0.0-Release.Candidate.app/Contents/Developer/Platforms/XROS.platform/Developer/usr/bin/swift-plugin-server\#SwiftUIMacros -disable-implicit-swift-modules -Xcc -fno-implicit-modules -Xcc -fno-implicit-module-maps -explicit-swift-module-map-file /Users/admin/builder/spi-builder-workspace/.derivedData/Build/Intermediates.noindex/DynamicColor.build/Debug-xros/DynamicColor-t.build/Objects-normal/arm64/DynamicColor-dependencies-1.json -Xllvm -aarch64-use-tbi -enable-objc-interop -stack-check -sdk /Applications/Xcode-27.0.0-Release.Candidate.app/Contents/Developer/Platforms/XROS.platform/Developer/SDKs/XROS27.0.sdk -I /Users/admin/builder/spi-builder-workspace/.derivedData/Build/Products/Debug-xros -Isystem /Applications/Xcode-27.0.0-Release.Candidate.app/Contents/Developer/Platforms/XROS.platform/Developer/usr/lib -F /Users/admin/builder/spi-builder-workspace/.derivedData/Build/Products/Debug-xros -F /Applications/Xcode-27.0.0-Release.Candidate.app/Contents/Developer/Platforms/XROS.platform/Developer/Library/Frameworks -F /Applications/Xcode-27.0.0-Release.Candidate.app/Contents/Developer/Platforms/XROS.platform/Developer/SDKs/XROS27.0.sdk/Developer/Library/Frameworks -module-cache-path /Users/admin/builder/spi-builder-workspace/.derivedData/Build/Intermediates.noindex/SwiftExplicitPrecompiledModules -no-color-diagnostics -Xcc -fno-color-diagnostics -enable-testing -g -debug-info-format\=dwarf -dwarf-version\=4 -suppress-warnings -profile-generate -profile-coverage-mapping -swift-version 5 -Onone -D SWIFT_PACKAGE -D DEBUG -D SWIFT_MODULE_RESOURCE_BUNDLE_UNAVAILABLE -D Xcode -serialize-debugging-options -enable-experimental-feature DebugDescriptionMacro -empty-abi-descriptor -validate-clang-modules-once -clang-build-session-file /Users/admin/builder/spi-builder-workspace/.derivedData/ModuleCache.noindex/Session.modulevalidation -Xcc -working-directory -Xcc /Users/admin/builder/spi-builder-workspace/.swiftpm/xcode -enable-anonymous-context-mangled-names -file-compilation-dir /Users/admin/builder/spi-builder-workspace/.swiftpm/xcode -Xcc -D_LIBCPP_HARDENING_MODE\=_LIBCPP_HARDENING_MODE_DEBUG -Xcc -ivfsstatcache -Xcc /Users/admin/builder/spi-builder-workspace/.derivedData/SDKStatCaches.noindex/xros27.0-24M361-e829b21a6f8c9b70876ba0858053c044735bd543db762f57723cac368afd1ce4.sdkstatcache -Xcc -fmodules-prune-interval\=86400 -Xcc -fmodules-prune-after\=345600 -Xcc -I/Users/admin/builder/spi-builder-workspace/.derivedData/Build/Products/Debug-xros/include -Xcc -I/Users/admin/builder/spi-builder-workspace/.derivedData/Build/Intermediates.noindex/DynamicColor.build/Debug-xros/DynamicColor-t.build/DerivedSources-normal/arm64 -Xcc -I/Users/admin/builder/spi-builder-workspace/.derivedData/Build/Intermediates.noindex/DynamicColor.build/Debug-xros/DynamicColor-t.build/DerivedSources/arm64 -Xcc -I/Users/admin/builder/spi-builder-workspace/.derivedData/Build/Intermediates.noindex/DynamicColor.build/Debug-xros/DynamicColor-t.build/DerivedSources -Xcc -DSWIFT_PACKAGE -Xcc -DDEBUG\=1 -no-auto-bridging-header-chaining -module-name DynamicColor -const-gather-protocols-file /Users/admin/builder/spi-builder-workspace/.derivedData/Build/Intermediates.noindex/DynamicColor.build/Debug-xros/DynamicColor-t.build/Objects-normal/arm64/DynamicColor_const_extract_protocols.json -disable-clang-spi -clang-target arm64-apple-xros27.0 -target-sdk-version 27.0 -target-sdk-name xros27.0 -in-process-plugin-server-path /Applications/Xcode-27.0.0-Release.Candidate.app/Contents/Developer/Toolchains/XcodeDefault.xctoolchain/usr/lib/swift/host/libSwiftInProcPluginServer.dylib -emit-module-doc-path /Users/admin/builder/spi-builder-workspace/.derivedData/Build/Intermediates.noindex/DynamicColor.build/Debug-xros/DynamicColor-t.build/Objects-normal/arm64/DynamicColor.swiftdoc -emit-module-source-info-path /Users/admin/builder/spi-builder-workspace/.derivedData/Build/Intermediates.noindex/DynamicColor.build/Debug-xros/DynamicColor-t.build/Objects-normal/arm64/DynamicColor.swiftsourceinfo -emit-objc-header-path /Users/admin/builder/spi-builder-workspace/.derivedData/Build/Intermediates.noindex/DynamicColor.build/Debug-xros/DynamicColor-t.build/Objects-normal/arm64/DynamicColor-Swift.h -serialize-diagnostics-path /Users/admin/builder/spi-builder-workspace/.derivedData/Build/Intermediates.noindex/DynamicColor.build/Debug-xros/DynamicColor-t.build/Objects-normal/arm64/DynamicColor-primary-emit-module.dia -emit-dependencies-path /Users/admin/builder/spi-builder-workspace/.derivedData/Build/Intermediates.noindex/DynamicColor.build/Debug-xros/DynamicColor-t.build/Objects-normal/arm64/DynamicColor-primary-emit-module.d -parse-as-library -o /Users/admin/builder/spi-builder-workspace/.derivedData/Build/Intermediates.noindex/DynamicColor.build/Debug-xros/DynamicColor-t.build/Objects-normal/arm64/DynamicColor.swiftmodule -emit-abi-descriptor-path /Users/admin/builder/spi-builder-workspace/.derivedData/Build/Intermediates.noindex/DynamicColor.build/Debug-xros/DynamicColor-t.build/Objects-normal/arm64/DynamicColor.abi.json
SwiftCompile normal arm64 (in target 'DynamicColor' from project 'DynamicColor')
cd /Users/admin/builder/spi-builder-workspace/.swiftpm/xcode
SwiftCompile normal arm64 Compiling\ DynamicColorSpace.swift /Users/admin/builder/spi-builder-workspace/.dependencies/checkouts/DynamicColor/Sources/DynamicColorSpace.swift (in target 'DynamicColor' from project 'DynamicColor')
SwiftCompile normal arm64 /Users/admin/builder/spi-builder-workspace/.dependencies/checkouts/DynamicColor/Sources/DynamicColorSpace.swift (in target 'DynamicColor' from project 'DynamicColor')
cd /Users/admin/builder/spi-builder-workspace/.swiftpm/xcode
builtin-SwiftPerFileCompile DynamicColorSpace.swift
SwiftCompile normal arm64 Compiling\ DynamicGradient.swift /Users/admin/builder/spi-builder-workspace/.dependencies/checkouts/DynamicColor/Sources/DynamicGradient.swift (in target 'DynamicColor' from project 'DynamicColor')
SwiftCompile normal arm64 /Users/admin/builder/spi-builder-workspace/.dependencies/checkouts/DynamicColor/Sources/DynamicGradient.swift (in target 'DynamicColor' from project 'DynamicColor')
cd /Users/admin/builder/spi-builder-workspace/.swiftpm/xcode
builtin-SwiftPerFileCompile DynamicGradient.swift
PruneExplicitPrecompiledModules /Users/admin/builder/spi-builder-workspace/.derivedData/Build/Intermediates.noindex/SwiftExplicitPrecompiledModules
PruneExplicitPrecompiledModules /Users/admin/builder/spi-builder-workspace/.derivedData/SDKExplicitPrecompiledModules
PruneExplicitPrecompiledModules /Users/admin/builder/spi-builder-workspace/.derivedData/Build/Intermediates.noindex/ExplicitPrecompiledModules
2026-09-18 22:29:35.984 xcodebuild[1091:6110] [MT] IDERunDestination: Supported platforms for the buildables in the current scheme is empty.
** BUILD FAILED **
The following build commands failed:
SwiftEmitModule normal arm64 Emitting\ module\ for\ DynamicColor (in target 'DynamicColor' from project 'DynamicColor')
SwiftCompile normal arm64 (in target 'DynamicColor' from project 'DynamicColor')
Building workspace AppDevUtils with scheme AppDevUtils
(3 failures)
Command line invocation:
/Applications/Xcode-27.0.0-Release.Candidate.app/Contents/Developer/usr/bin/xcodebuild -IDEClonedSourcePackagesDirPathOverride=/Users/admin/builder/spi-builder-workspace/.dependencies -resolvePackageDependencies
Resolve Package Graph
Resolved source packages:
swift-collections: https://github.com/apple/swift-collections @ 1.6.0
DynamicColor: https://github.com/yannickl/DynamicColor.git @ 5.0.1
swift-composable-architecture: https://github.com/pointfreeco/swift-composable-architecture.git @ 0.59.0
xctest-dynamic-overlay: https://github.com/pointfreeco/xctest-dynamic-overlay @ 0.9.0
swift-concurrency-extras: https://github.com/pointfreeco/swift-concurrency-extras @ 0.1.2
combine-schedulers: https://github.com/pointfreeco/combine-schedulers @ 0.11.0
AppDevUtils: /Users/admin/builder/spi-builder-workspace
swift-custom-dump: https://github.com/pointfreeco/swift-custom-dump @ 0.11.2
swift-identified-collections: https://github.com/pointfreeco/swift-identified-collections @ 0.8.0
swift-clocks: https://github.com/pointfreeco/swift-clocks @ 0.4.0
swiftui-navigation: https://github.com/pointfreeco/swiftui-navigation @ 0.8.0
swift-dependencies: https://github.com/pointfreeco/swift-dependencies @ 0.6.0
swift-case-paths: https://github.com/pointfreeco/swift-case-paths @ 0.14.1
resolved source packages: swift-collections, DynamicColor, swift-composable-architecture, xctest-dynamic-overlay, swift-concurrency-extras, combine-schedulers, AppDevUtils, swift-custom-dump, swift-identified-collections, swift-clocks, swiftui-navigation, swift-dependencies, swift-case-paths
2026-09-18 22:29:48.106 xcodebuild[1455:7970] [MT] IDERunDestination: Supported platforms for the buildables in the current scheme is empty.
{
"default_localization" : "en",
"dependencies" : [
{
"identity" : "swift-composable-architecture",
"requirement" : {
"range" : [
{
"lower_bound" : "0.49.2",
"upper_bound" : "1.0.0"
}
]
},
"type" : "sourceControl",
"url" : "https://github.com/pointfreeco/swift-composable-architecture.git"
},
{
"identity" : "dynamiccolor",
"requirement" : {
"range" : [
{
"lower_bound" : "5.0.1",
"upper_bound" : "6.0.0"
}
]
},
"type" : "sourceControl",
"url" : "https://github.com/yannickl/DynamicColor.git"
}
],
"manifest_display_name" : "AppDevUtils",
"name" : "AppDevUtils",
"path" : "/Users/admin/builder/spi-builder-workspace",
"platforms" : [
{
"name" : "ios",
"version" : "15.0"
},
{
"name" : "macos",
"version" : "12.0"
},
{
"name" : "tvos",
"version" : "15.0"
},
{
"name" : "watchos",
"version" : "8.0"
}
],
"products" : [
{
"name" : "AppDevUtils",
"targets" : [
"AppDevUtils"
],
"type" : {
"library" : [
"automatic"
]
}
}
],
"targets" : [
{
"c99name" : "AppDevUtilsTests",
"module_type" : "SwiftTarget",
"name" : "AppDevUtilsTests",
"path" : "Tests/AppDevUtilsTests",
"sources" : [
"AppDevUtilsTests.swift"
],
"target_dependencies" : [
"AppDevUtils"
],
"type" : "test"
},
{
"c99name" : "AppDevUtils",
"module_type" : "SwiftTarget",
"name" : "AppDevUtils",
"path" : "Sources/AppDevUtils",
"product_dependencies" : [
"ComposableArchitecture",
"DynamicColor"
],
"product_memberships" : [
"AppDevUtils"
],
"sources" : [
"Extensions/Array++.swift",
"Extensions/Binding++.swift",
"Extensions/CGFloat++.swift",
"Extensions/CGPoint++.swift",
"Extensions/CGRect++.swift",
"Extensions/CGSize++.swift",
"Extensions/Codable++.swift",
"Extensions/Codable+File.swift",
"Extensions/Collection++.swift",
"Extensions/Data++.swift",
"Extensions/DateFormatter++.swift",
"Extensions/DecodableExtensions.swift",
"Extensions/Dictionary++.swift",
"Extensions/DictionaryExtensions.swift",
"Extensions/Double++.swift",
"Extensions/Double+equal.swift",
"Extensions/Encodable++.swift",
"Extensions/Error+Equality.swift",
"Extensions/ErrorMessage.swift",
"Extensions/Image++.swift",
"Extensions/Occupiable+isNotEmpty.swift",
"Extensions/Optional++.swift",
"Extensions/Publisher++.swift",
"Extensions/Publisher+genericError.swift",
"Extensions/Result++.swift",
"Extensions/Sequence++.swift",
"Extensions/String++.swift",
"Extensions/Task++.swift",
"Extensions/UIApplication++.swift",
"Extensions/UIApplicationExtensions.swift",
"Extensions/UIViewController++.swift",
"Extensions/URL+file.swift",
"Extensions/URL+staticString.swift",
"Extensions/URLRequest+cURL.swift",
"Extensions/UserDefaults+Codable.swift",
"Helpers/CodableValueSubject.swift",
"Helpers/Create.swift",
"Helpers/CustomAssert.swift",
"Helpers/DebouncingTaskViewModifier.swift",
"Helpers/Logging.swift",
"Helpers/ReplaySubject.swift",
"Helpers/Resulting.swift",
"Helpers/Then.swift",
"Helpers/URLSession+Delegate.swift",
"TCAExtensions/AnyReducer+Subscriptions.swift",
"TCAExtensions/Identified.swift",
"TCAExtensions/ReducerProtocol+onChange.swift",
"TCAExtensions/StateWithContext.swift",
"UI/DesignSystem/ColorPalette.swift",
"UI/DesignSystem/DesignSystem.swift",
"UI/DesignSystem/Fonts.swift",
"UI/DesignSystem/Grid.swift",
"UI/SwiftUIHelpers/Border.swift",
"UI/SwiftUIHelpers/Color++.swift",
"UI/SwiftUIHelpers/ContinuousCornerRadius.swift",
"UI/SwiftUIHelpers/ForEach.swift",
"UI/SwiftUIHelpers/FrameSize.swift",
"UI/SwiftUIHelpers/Gradients.swift",
"UI/SwiftUIHelpers/PreviewPresets/ContentSizeCategoryPreview.swift",
"UI/SwiftUIHelpers/PreviewPresets/DarkThemePreview.swift",
"UI/SwiftUIHelpers/PreviewPresets/FontPreview.swift",
"UI/SwiftUIHelpers/PreviewPresets/LocalePreview.swift",
"UI/SwiftUIHelpers/PreviewPresets/RightToLeftPreview.swift",
"UI/SwiftUIHelpers/PreviewPresets/View+PreviewPresets.swift",
"UI/SwiftUIHelpers/RoundedCorner.swift",
"UI/SwiftUIHelpers/UIViewRepresenting.swift",
"UI/SwiftUIHelpers/View++.swift",
"UI/SwiftUIHelpers/View+animate.swift",
"UI/SwiftUIHelpers/View+onWillDisappear.swift",
"UI/SwiftUIHelpers/View+readSize.swift",
"UI/SwiftUIHelpers/WithInlineState.swift",
"UI/Views/ActivityIndicator.swift",
"UI/Views/ExpandableText.swift",
"UI/Views/ShareSheet.swift"
],
"type" : "library"
}
],
"tools_version" : "5.7"
}
{
"workspace" : {
"name" : "AppDevUtils",
"schemes" : [
"AppDevUtils"
]
}
}
2026-09-18 22:29:49.673 xcodebuild[1463:8041] [MT] IDERunDestination: Supported platforms for the buildables in the current scheme is empty.
Running build ...
env DEVELOPER_DIR=/Applications/Xcode-27.0.0-Release.Candidate.app xcrun xcodebuild -IDEClonedSourcePackagesDirPathOverride=$PWD/.dependencies -skipMacroValidation -skipPackagePluginValidation -derivedDataPath $PWD/.derivedData build -scheme AppDevUtils -destination generic/platform=xrOS
Command line invocation:
/Applications/Xcode-27.0.0-Release.Candidate.app/Contents/Developer/usr/bin/xcodebuild -IDEClonedSourcePackagesDirPathOverride=/Users/admin/builder/spi-builder-workspace/.dependencies -skipMacroValidation -skipPackagePluginValidation -derivedDataPath /Users/admin/builder/spi-builder-workspace/.derivedData build -scheme AppDevUtils -destination generic/platform=xrOS
Resolve Package Graph
Resolved source packages:
swift-collections: https://github.com/apple/swift-collections @ 1.6.0
swift-clocks: https://github.com/pointfreeco/swift-clocks @ 0.4.0
swift-custom-dump: https://github.com/pointfreeco/swift-custom-dump @ 0.11.2
AppDevUtils: /Users/admin/builder/spi-builder-workspace
swiftui-navigation: https://github.com/pointfreeco/swiftui-navigation @ 0.8.0
combine-schedulers: https://github.com/pointfreeco/combine-schedulers @ 0.11.0
swift-case-paths: https://github.com/pointfreeco/swift-case-paths @ 0.14.1
swift-composable-architecture: https://github.com/pointfreeco/swift-composable-architecture.git @ 0.59.0
swift-dependencies: https://github.com/pointfreeco/swift-dependencies @ 0.6.0
swift-concurrency-extras: https://github.com/pointfreeco/swift-concurrency-extras @ 0.1.2
xctest-dynamic-overlay: https://github.com/pointfreeco/xctest-dynamic-overlay @ 0.9.0
swift-identified-collections: https://github.com/pointfreeco/swift-identified-collections @ 0.8.0
DynamicColor: https://github.com/yannickl/DynamicColor.git @ 5.0.1
ComputePackagePrebuildTargetDependencyGraph
Prepare packages
CreateBuildRequest
SendProjectDescription
CreateBuildOperation
ComputeTargetDependencyGraph
note: Building targets in dependency order
note: Target dependency graph (27 targets)
Target 'AppDevUtils-product' in project 'AppDevUtils'
➜ Explicit dependency on target 'AppDevUtils' in project 'AppDevUtils'
➜ Explicit dependency on target 'ComposableArchitecture-product' in project 'swift-composable-architecture'
➜ Explicit dependency on target 'DynamicColor-product' in project 'DynamicColor'
Target 'AppDevUtils' in project 'AppDevUtils'
➜ Explicit dependency on target 'ComposableArchitecture-product' in project 'swift-composable-architecture'
➜ Explicit dependency on target 'DynamicColor-product' in project 'DynamicColor'
Target 'DynamicColor-product' in project 'DynamicColor'
➜ Explicit dependency on target 'DynamicColor' in project 'DynamicColor'
Target 'DynamicColor' in project 'DynamicColor' (no dependencies)
Target 'ComposableArchitecture-product' in project 'swift-composable-architecture'
➜ Explicit dependency on target 'ComposableArchitecture' in project 'swift-composable-architecture'
➜ Explicit dependency on target 'CasePaths-product' in project 'swift-case-paths'
➜ Explicit dependency on target 'CombineSchedulers-product' in project 'combine-schedulers'
➜ Explicit dependency on target 'ConcurrencyExtras-product' in project 'swift-concurrency-extras'
➜ Explicit dependency on target 'CustomDump-product' in project 'swift-custom-dump'
➜ Explicit dependency on target 'Dependencies-product' in project 'swift-dependencies'
➜ Explicit dependency on target 'IdentifiedCollections-product' in project 'swift-identified-collections'
➜ Explicit dependency on target 'OrderedCollections-product' in project 'swift-collections'
➜ Explicit dependency on target 'SwiftUINavigationCore-product' in project 'swiftui-navigation'
➜ Explicit dependency on target 'XCTestDynamicOverlay-product' in project 'xctest-dynamic-overlay'
Target 'ComposableArchitecture' in project 'swift-composable-architecture'
➜ Explicit dependency on target 'CasePaths-product' in project 'swift-case-paths'
➜ Explicit dependency on target 'CombineSchedulers-product' in project 'combine-schedulers'
➜ Explicit dependency on target 'ConcurrencyExtras-product' in project 'swift-concurrency-extras'
➜ Explicit dependency on target 'CustomDump-product' in project 'swift-custom-dump'
➜ Explicit dependency on target 'Dependencies-product' in project 'swift-dependencies'
➜ Explicit dependency on target 'IdentifiedCollections-product' in project 'swift-identified-collections'
➜ Explicit dependency on target 'OrderedCollections-product' in project 'swift-collections'
➜ Explicit dependency on target 'SwiftUINavigationCore-product' in project 'swiftui-navigation'
➜ Explicit dependency on target 'XCTestDynamicOverlay-product' in project 'xctest-dynamic-overlay'
Target 'SwiftUINavigationCore-product' in project 'swiftui-navigation'
➜ Explicit dependency on target 'SwiftUINavigationCore' in project 'swiftui-navigation'
➜ Explicit dependency on target 'CustomDump-product' in project 'swift-custom-dump'
➜ Explicit dependency on target 'XCTestDynamicOverlay-product' in project 'xctest-dynamic-overlay'
Target 'SwiftUINavigationCore' in project 'swiftui-navigation'
➜ Explicit dependency on target 'CustomDump-product' in project 'swift-custom-dump'
➜ Explicit dependency on target 'XCTestDynamicOverlay-product' in project 'xctest-dynamic-overlay'
Target 'IdentifiedCollections-product' in project 'swift-identified-collections'
➜ Explicit dependency on target 'IdentifiedCollections' in project 'swift-identified-collections'
➜ Explicit dependency on target 'OrderedCollections-product' in project 'swift-collections'
Target 'IdentifiedCollections' in project 'swift-identified-collections'
➜ Explicit dependency on target 'OrderedCollections-product' in project 'swift-collections'
Target 'OrderedCollections-product' in project 'swift-collections'
➜ Explicit dependency on target 'OrderedCollections' in project 'swift-collections'
➜ Explicit dependency on target 'InternalCollectionsUtilities' in project 'swift-collections'
Target 'OrderedCollections' in project 'swift-collections'
➜ Explicit dependency on target 'InternalCollectionsUtilities' in project 'swift-collections'
Target 'InternalCollectionsUtilities' in project 'swift-collections' (no dependencies)
Target 'Dependencies-product' in project 'swift-dependencies'
➜ Explicit dependency on target 'Dependencies' in project 'swift-dependencies'
➜ Explicit dependency on target 'Clocks-product' in project 'swift-clocks'
➜ Explicit dependency on target 'CombineSchedulers-product' in project 'combine-schedulers'
➜ Explicit dependency on target 'ConcurrencyExtras-product' in project 'swift-concurrency-extras'
➜ Explicit dependency on target 'XCTestDynamicOverlay-product' in project 'xctest-dynamic-overlay'
Target 'Dependencies' in project 'swift-dependencies'
➜ Explicit dependency on target 'Clocks-product' in project 'swift-clocks'
➜ Explicit dependency on target 'CombineSchedulers-product' in project 'combine-schedulers'
➜ Explicit dependency on target 'ConcurrencyExtras-product' in project 'swift-concurrency-extras'
➜ Explicit dependency on target 'XCTestDynamicOverlay-product' in project 'xctest-dynamic-overlay'
Target 'Clocks-product' in project 'swift-clocks'
➜ Explicit dependency on target 'Clocks' in project 'swift-clocks'
➜ Explicit dependency on target 'ConcurrencyExtras-product' in project 'swift-concurrency-extras'
➜ Explicit dependency on target 'XCTestDynamicOverlay-product' in project 'xctest-dynamic-overlay'
Target 'Clocks' in project 'swift-clocks'
➜ Explicit dependency on target 'ConcurrencyExtras-product' in project 'swift-concurrency-extras'
➜ Explicit dependency on target 'XCTestDynamicOverlay-product' in project 'xctest-dynamic-overlay'
Target 'CustomDump-product' in project 'swift-custom-dump'
➜ Explicit dependency on target 'CustomDump' in project 'swift-custom-dump'
➜ Explicit dependency on target 'XCTestDynamicOverlay-product' in project 'xctest-dynamic-overlay'
Target 'CustomDump' in project 'swift-custom-dump'
➜ Explicit dependency on target 'XCTestDynamicOverlay-product' in project 'xctest-dynamic-overlay'
Target 'CombineSchedulers-product' in project 'combine-schedulers'
➜ Explicit dependency on target 'CombineSchedulers' in project 'combine-schedulers'
➜ Explicit dependency on target 'ConcurrencyExtras-product' in project 'swift-concurrency-extras'
➜ Explicit dependency on target 'XCTestDynamicOverlay-product' in project 'xctest-dynamic-overlay'
Target 'CombineSchedulers' in project 'combine-schedulers'
➜ Explicit dependency on target 'ConcurrencyExtras-product' in project 'swift-concurrency-extras'
➜ Explicit dependency on target 'XCTestDynamicOverlay-product' in project 'xctest-dynamic-overlay'
Target 'ConcurrencyExtras-product' in project 'swift-concurrency-extras'
➜ Explicit dependency on target 'ConcurrencyExtras' in project 'swift-concurrency-extras'
Target 'ConcurrencyExtras' in project 'swift-concurrency-extras' (no dependencies)
Target 'CasePaths-product' in project 'swift-case-paths'
➜ Explicit dependency on target 'CasePaths' in project 'swift-case-paths'
➜ Explicit dependency on target 'XCTestDynamicOverlay-product' in project 'xctest-dynamic-overlay'
Target 'CasePaths' in project 'swift-case-paths'
➜ Explicit dependency on target 'XCTestDynamicOverlay-product' in project 'xctest-dynamic-overlay'
Target 'XCTestDynamicOverlay-product' in project 'xctest-dynamic-overlay'
➜ Explicit dependency on target 'XCTestDynamicOverlay' in project 'xctest-dynamic-overlay'
Target 'XCTestDynamicOverlay' in project 'xctest-dynamic-overlay' (no dependencies)
GatherProvisioningInputs
CreateBuildDescription
ClangStatCache /Applications/Xcode-27.0.0-Release.Candidate.app/Contents/Developer/Toolchains/XcodeDefault.xctoolchain/usr/bin/clang-stat-cache /Applications/Xcode-27.0.0-Release.Candidate.app/Contents/Developer/Platforms/XROS.platform/Developer/SDKs/XROS27.0.sdk /Users/admin/builder/spi-builder-workspace/.derivedData/SDKStatCaches.noindex/xros27.0-24M361-e829b21a6f8c9b70876ba0858053c044735bd543db762f57723cac368afd1ce4.sdkstatcache
cd /Users/admin/builder/spi-builder-workspace/.swiftpm/xcode
/Applications/Xcode-27.0.0-Release.Candidate.app/Contents/Developer/Toolchains/XcodeDefault.xctoolchain/usr/bin/clang-stat-cache /Applications/Xcode-27.0.0-Release.Candidate.app/Contents/Developer/Platforms/XROS.platform/Developer/SDKs/XROS27.0.sdk -o /Users/admin/builder/spi-builder-workspace/.derivedData/SDKStatCaches.noindex/xros27.0-24M361-e829b21a6f8c9b70876ba0858053c044735bd543db762f57723cac368afd1ce4.sdkstatcache
SwiftDriver DynamicColor normal arm64 com.apple.xcode.tools.swift.compiler (in target 'DynamicColor' from project 'DynamicColor')
cd /Users/admin/builder/spi-builder-workspace/.swiftpm/xcode
builtin-SwiftDriver -- /Applications/Xcode-27.0.0-Release.Candidate.app/Contents/Developer/Toolchains/XcodeDefault.xctoolchain/usr/bin/swiftc -parse-as-library -module-name DynamicColor -Onone @/Users/admin/builder/spi-builder-workspace/.derivedData/Build/Intermediates.noindex/DynamicColor.build/Debug-xros/DynamicColor-t.build/Objects-normal/arm64/DynamicColor.SwiftFileList -DSWIFT_PACKAGE -DDEBUG -DSWIFT_MODULE_RESOURCE_BUNDLE_UNAVAILABLE -DXcode -plugin-path /Applications/Xcode-27.0.0-Release.Candidate.app/Contents/Developer/Toolchains/XcodeDefault.xctoolchain/usr/lib/swift/host/plugins/testing -enable-experimental-feature DebugDescriptionMacro -sdk /Applications/Xcode-27.0.0-Release.Candidate.app/Contents/Developer/Platforms/XROS.platform/Developer/SDKs/XROS27.0.sdk -target arm64-apple-xros1.0 -g -module-cache-path /Users/admin/builder/spi-builder-workspace/.derivedData/ModuleCache.noindex -Xfrontend -serialize-debugging-options -profile-coverage-mapping -profile-generate -enable-testing -suppress-warnings -index-store-path /Users/admin/builder/spi-builder-workspace/.derivedData/Index.noindex/DataStore -Xcc -D_LIBCPP_HARDENING_MODE\=_LIBCPP_HARDENING_MODE_DEBUG -swift-version 5 -I /Users/admin/builder/spi-builder-workspace/.derivedData/Build/Products/Debug-xros -Isystem /Applications/Xcode-27.0.0-Release.Candidate.app/Contents/Developer/Platforms/XROS.platform/Developer/usr/lib -F /Users/admin/builder/spi-builder-workspace/.derivedData/Build/Products/Debug-xros -F /Applications/Xcode-27.0.0-Release.Candidate.app/Contents/Developer/Platforms/XROS.platform/Developer/Library/Frameworks -F /Applications/Xcode-27.0.0-Release.Candidate.app/Contents/Developer/Platforms/XROS.platform/Developer/SDKs/XROS27.0.sdk/Developer/Library/Frameworks -c -j10 -enable-batch-mode -incremental -Xcc -ivfsstatcache -Xcc /Users/admin/builder/spi-builder-workspace/.derivedData/SDKStatCaches.noindex/xros27.0-24M361-e829b21a6f8c9b70876ba0858053c044735bd543db762f57723cac368afd1ce4.sdkstatcache -output-file-map /Users/admin/builder/spi-builder-workspace/.derivedData/Build/Intermediates.noindex/DynamicColor.build/Debug-xros/DynamicColor-t.build/Objects-normal/arm64/DynamicColor-OutputFileMap.json -save-temps -no-color-diagnostics -explicit-module-build -module-cache-path /Users/admin/builder/spi-builder-workspace/.derivedData/Build/Intermediates.noindex/SwiftExplicitPrecompiledModules -clang-scanner-module-cache-path /Users/admin/builder/spi-builder-workspace/.derivedData/ModuleCache.noindex -sdk-module-cache-path /Users/admin/builder/spi-builder-workspace/.derivedData/SDKExplicitPrecompiledModules -emit-dependencies -emit-module -emit-module-path /Users/admin/builder/spi-builder-workspace/.derivedData/Build/Intermediates.noindex/DynamicColor.build/Debug-xros/DynamicColor-t.build/Objects-normal/arm64/DynamicColor.swiftmodule -serialize-diagnostics -dependency-scan-serialize-diagnostics-path /Users/admin/builder/spi-builder-workspace/.derivedData/Build/Intermediates.noindex/DynamicColor.build/Debug-xros/DynamicColor-t.build/Objects-normal/arm64/DynamicColor-dependency-scan.dia -validate-clang-modules-once -clang-build-session-file /Users/admin/builder/spi-builder-workspace/.derivedData/ModuleCache.noindex/Session.modulevalidation -Xcc -fmodules-prune-interval\=86400 -Xcc -fmodules-prune-after\=345600 -emit-const-values -const-gather-protocols-list /Users/admin/builder/spi-builder-workspace/.derivedData/Build/Intermediates.noindex/DynamicColor.build/Debug-xros/DynamicColor-t.build/Objects-normal/arm64/DynamicColor_const_extract_protocols.json -Xcc -I/Users/admin/builder/spi-builder-workspace/.derivedData/Build/Products/Debug-xros/include -Xcc -I/Users/admin/builder/spi-builder-workspace/.derivedData/Build/Intermediates.noindex/DynamicColor.build/Debug-xros/DynamicColor-t.build/DerivedSources-normal/arm64 -Xcc -I/Users/admin/builder/spi-builder-workspace/.derivedData/Build/Intermediates.noindex/DynamicColor.build/Debug-xros/DynamicColor-t.build/DerivedSources/arm64 -Xcc -I/Users/admin/builder/spi-builder-workspace/.derivedData/Build/Intermediates.noindex/DynamicColor.build/Debug-xros/DynamicColor-t.build/DerivedSources -Xcc -DSWIFT_PACKAGE -Xcc -DDEBUG\=1 -emit-objc-header -emit-objc-header-path /Users/admin/builder/spi-builder-workspace/.derivedData/Build/Intermediates.noindex/DynamicColor.build/Debug-xros/DynamicColor-t.build/Objects-normal/arm64/DynamicColor-Swift.h -working-directory /Users/admin/builder/spi-builder-workspace/.swiftpm/xcode -experimental-emit-module-separately -disable-cmo
SwiftDriver CustomDump normal arm64 com.apple.xcode.tools.swift.compiler (in target 'CustomDump' from project 'swift-custom-dump')
cd /Users/admin/builder/spi-builder-workspace/.swiftpm/xcode
builtin-SwiftDriver -- /Applications/Xcode-27.0.0-Release.Candidate.app/Contents/Developer/Toolchains/XcodeDefault.xctoolchain/usr/bin/swiftc -parse-as-library -module-name CustomDump -Onone @/Users/admin/builder/spi-builder-workspace/.derivedData/Build/Intermediates.noindex/swift-custom-dump.build/Debug-xros/CustomDump-t.build/Objects-normal/arm64/CustomDump.SwiftFileList -DSWIFT_PACKAGE -DDEBUG -DSWIFT_MODULE_RESOURCE_BUNDLE_UNAVAILABLE -DXcode -plugin-path /Applications/Xcode-27.0.0-Release.Candidate.app/Contents/Developer/Toolchains/XcodeDefault.xctoolchain/usr/lib/swift/host/plugins/testing -enable-experimental-feature DebugDescriptionMacro -sdk /Applications/Xcode-27.0.0-Release.Candidate.app/Contents/Developer/Platforms/XROS.platform/Developer/SDKs/XROS27.0.sdk -target arm64-apple-xros1.0 -g -module-cache-path /Users/admin/builder/spi-builder-workspace/.derivedData/ModuleCache.noindex -Xfrontend -serialize-debugging-options -profile-coverage-mapping -profile-generate -enable-testing -suppress-warnings -index-store-path /Users/admin/builder/spi-builder-workspace/.derivedData/Index.noindex/DataStore -Xcc -D_LIBCPP_HARDENING_MODE\=_LIBCPP_HARDENING_MODE_DEBUG -swift-version 5 -I /Users/admin/builder/spi-builder-workspace/.derivedData/Build/Products/Debug-xros -Isystem /Applications/Xcode-27.0.0-Release.Candidate.app/Contents/Developer/Platforms/XROS.platform/Developer/usr/lib -F /Users/admin/builder/spi-builder-workspace/.derivedData/Build/Products/Debug-xros/PackageFrameworks -F /Users/admin/builder/spi-builder-workspace/.derivedData/Build/Products/Debug-xros -F /Applications/Xcode-27.0.0-Release.Candidate.app/Contents/Developer/Platforms/XROS.platform/Developer/Library/Frameworks -F /Applications/Xcode-27.0.0-Release.Candidate.app/Contents/Developer/Platforms/XROS.platform/Developer/SDKs/XROS27.0.sdk/Developer/Library/Frameworks -c -j10 -enable-batch-mode -incremental -Xcc -ivfsstatcache -Xcc /Users/admin/builder/spi-builder-workspace/.derivedData/SDKStatCaches.noindex/xros27.0-24M361-e829b21a6f8c9b70876ba0858053c044735bd543db762f57723cac368afd1ce4.sdkstatcache -output-file-map /Users/admin/builder/spi-builder-workspace/.derivedData/Build/Intermediates.noindex/swift-custom-dump.build/Debug-xros/CustomDump-t.build/Objects-normal/arm64/CustomDump-OutputFileMap.json -save-temps -no-color-diagnostics -explicit-module-build -module-cache-path /Users/admin/builder/spi-builder-workspace/.derivedData/Build/Intermediates.noindex/SwiftExplicitPrecompiledModules -clang-scanner-module-cache-path /Users/admin/builder/spi-builder-workspace/.derivedData/ModuleCache.noindex -sdk-module-cache-path /Users/admin/builder/spi-builder-workspace/.derivedData/SDKExplicitPrecompiledModules -emit-dependencies -emit-module -emit-module-path /Users/admin/builder/spi-builder-workspace/.derivedData/Build/Intermediates.noindex/swift-custom-dump.build/Debug-xros/CustomDump-t.build/Objects-normal/arm64/CustomDump.swiftmodule -serialize-diagnostics -dependency-scan-serialize-diagnostics-path /Users/admin/builder/spi-builder-workspace/.derivedData/Build/Intermediates.noindex/swift-custom-dump.build/Debug-xros/CustomDump-t.build/Objects-normal/arm64/CustomDump-dependency-scan.dia -validate-clang-modules-once -clang-build-session-file /Users/admin/builder/spi-builder-workspace/.derivedData/ModuleCache.noindex/Session.modulevalidation -Xcc -fmodules-prune-interval\=86400 -Xcc -fmodules-prune-after\=345600 -emit-const-values -const-gather-protocols-list /Users/admin/builder/spi-builder-workspace/.derivedData/Build/Intermediates.noindex/swift-custom-dump.build/Debug-xros/CustomDump-t.build/Objects-normal/arm64/CustomDump_const_extract_protocols.json -Xcc -I/Users/admin/builder/spi-builder-workspace/.derivedData/Build/Products/Debug-xros/include -Xcc -I/Users/admin/builder/spi-builder-workspace/.derivedData/Build/Intermediates.noindex/swift-custom-dump.build/Debug-xros/CustomDump-t.build/DerivedSources-normal/arm64 -Xcc -I/Users/admin/builder/spi-builder-workspace/.derivedData/Build/Intermediates.noindex/swift-custom-dump.build/Debug-xros/CustomDump-t.build/DerivedSources/arm64 -Xcc -I/Users/admin/builder/spi-builder-workspace/.derivedData/Build/Intermediates.noindex/swift-custom-dump.build/Debug-xros/CustomDump-t.build/DerivedSources -Xcc -DSWIFT_PACKAGE -Xcc -DDEBUG\=1 -emit-objc-header -emit-objc-header-path /Users/admin/builder/spi-builder-workspace/.derivedData/Build/Intermediates.noindex/swift-custom-dump.build/Debug-xros/CustomDump-t.build/Objects-normal/arm64/CustomDump-Swift.h -working-directory /Users/admin/builder/spi-builder-workspace/.swiftpm/xcode -experimental-emit-module-separately -disable-cmo
SwiftDriver CombineSchedulers normal arm64 com.apple.xcode.tools.swift.compiler (in target 'CombineSchedulers' from project 'combine-schedulers')
cd /Users/admin/builder/spi-builder-workspace/.swiftpm/xcode
builtin-SwiftDriver -- /Applications/Xcode-27.0.0-Release.Candidate.app/Contents/Developer/Toolchains/XcodeDefault.xctoolchain/usr/bin/swiftc -parse-as-library -module-name CombineSchedulers -Onone @/Users/admin/builder/spi-builder-workspace/.derivedData/Build/Intermediates.noindex/combine-schedulers.build/Debug-xros/CombineSchedulers-t.build/Objects-normal/arm64/CombineSchedulers.SwiftFileList -DSWIFT_PACKAGE -DDEBUG -DSWIFT_MODULE_RESOURCE_BUNDLE_UNAVAILABLE -DXcode -plugin-path /Applications/Xcode-27.0.0-Release.Candidate.app/Contents/Developer/Toolchains/XcodeDefault.xctoolchain/usr/lib/swift/host/plugins/testing -enable-experimental-feature DebugDescriptionMacro -sdk /Applications/Xcode-27.0.0-Release.Candidate.app/Contents/Developer/Platforms/XROS.platform/Developer/SDKs/XROS27.0.sdk -target arm64-apple-xros1.0 -g -module-cache-path /Users/admin/builder/spi-builder-workspace/.derivedData/ModuleCache.noindex -Xfrontend -serialize-debugging-options -profile-coverage-mapping -profile-generate -enable-testing -suppress-warnings -index-store-path /Users/admin/builder/spi-builder-workspace/.derivedData/Index.noindex/DataStore -Xcc -D_LIBCPP_HARDENING_MODE\=_LIBCPP_HARDENING_MODE_DEBUG -swift-version 5 -I /Users/admin/builder/spi-builder-workspace/.derivedData/Build/Products/Debug-xros -Isystem /Applications/Xcode-27.0.0-Release.Candidate.app/Contents/Developer/Platforms/XROS.platform/Developer/usr/lib -F /Users/admin/builder/spi-builder-workspace/.derivedData/Build/Products/Debug-xros/PackageFrameworks -F /Users/admin/builder/spi-builder-workspace/.derivedData/Build/Products/Debug-xros -F /Applications/Xcode-27.0.0-Release.Candidate.app/Contents/Developer/Platforms/XROS.platform/Developer/Library/Frameworks -F /Applications/Xcode-27.0.0-Release.Candidate.app/Contents/Developer/Platforms/XROS.platform/Developer/SDKs/XROS27.0.sdk/Developer/Library/Frameworks -c -j10 -enable-batch-mode -incremental -Xcc -ivfsstatcache -Xcc /Users/admin/builder/spi-builder-workspace/.derivedData/SDKStatCaches.noindex/xros27.0-24M361-e829b21a6f8c9b70876ba0858053c044735bd543db762f57723cac368afd1ce4.sdkstatcache -output-file-map /Users/admin/builder/spi-builder-workspace/.derivedData/Build/Intermediates.noindex/combine-schedulers.build/Debug-xros/CombineSchedulers-t.build/Objects-normal/arm64/CombineSchedulers-OutputFileMap.json -save-temps -no-color-diagnostics -explicit-module-build -module-cache-path /Users/admin/builder/spi-builder-workspace/.derivedData/Build/Intermediates.noindex/SwiftExplicitPrecompiledModules -clang-scanner-module-cache-path /Users/admin/builder/spi-builder-workspace/.derivedData/ModuleCache.noindex -sdk-module-cache-path /Users/admin/builder/spi-builder-workspace/.derivedData/SDKExplicitPrecompiledModules -emit-dependencies -emit-module -emit-module-path /Users/admin/builder/spi-builder-workspace/.derivedData/Build/Intermediates.noindex/combine-schedulers.build/Debug-xros/CombineSchedulers-t.build/Objects-normal/arm64/CombineSchedulers.swiftmodule -serialize-diagnostics -dependency-scan-serialize-diagnostics-path /Users/admin/builder/spi-builder-workspace/.derivedData/Build/Intermediates.noindex/combine-schedulers.build/Debug-xros/CombineSchedulers-t.build/Objects-normal/arm64/CombineSchedulers-dependency-scan.dia -validate-clang-modules-once -clang-build-session-file /Users/admin/builder/spi-builder-workspace/.derivedData/ModuleCache.noindex/Session.modulevalidation -Xcc -fmodules-prune-interval\=86400 -Xcc -fmodules-prune-after\=345600 -emit-const-values -const-gather-protocols-list /Users/admin/builder/spi-builder-workspace/.derivedData/Build/Intermediates.noindex/combine-schedulers.build/Debug-xros/CombineSchedulers-t.build/Objects-normal/arm64/CombineSchedulers_const_extract_protocols.json -Xcc -I/Users/admin/builder/spi-builder-workspace/.derivedData/Build/Products/Debug-xros/include -Xcc -I/Users/admin/builder/spi-builder-workspace/.derivedData/Build/Intermediates.noindex/combine-schedulers.build/Debug-xros/CombineSchedulers-t.build/DerivedSources-normal/arm64 -Xcc -I/Users/admin/builder/spi-builder-workspace/.derivedData/Build/Intermediates.noindex/combine-schedulers.build/Debug-xros/CombineSchedulers-t.build/DerivedSources/arm64 -Xcc -I/Users/admin/builder/spi-builder-workspace/.derivedData/Build/Intermediates.noindex/combine-schedulers.build/Debug-xros/CombineSchedulers-t.build/DerivedSources -Xcc -DSWIFT_PACKAGE -Xcc -DDEBUG\=1 -emit-objc-header -emit-objc-header-path /Users/admin/builder/spi-builder-workspace/.derivedData/Build/Intermediates.noindex/combine-schedulers.build/Debug-xros/CombineSchedulers-t.build/Objects-normal/arm64/CombineSchedulers-Swift.h -working-directory /Users/admin/builder/spi-builder-workspace/.swiftpm/xcode -experimental-emit-module-separately -disable-cmo
SwiftDriver Clocks normal arm64 com.apple.xcode.tools.swift.compiler (in target 'Clocks' from project 'swift-clocks')
cd /Users/admin/builder/spi-builder-workspace/.swiftpm/xcode
builtin-SwiftDriver -- /Applications/Xcode-27.0.0-Release.Candidate.app/Contents/Developer/Toolchains/XcodeDefault.xctoolchain/usr/bin/swiftc -parse-as-library -module-name Clocks -Onone @/Users/admin/builder/spi-builder-workspace/.derivedData/Build/Intermediates.noindex/swift-clocks.build/Debug-xros/Clocks-t.build/Objects-normal/arm64/Clocks.SwiftFileList -DSWIFT_PACKAGE -DDEBUG -DSWIFT_MODULE_RESOURCE_BUNDLE_UNAVAILABLE -DXcode -plugin-path /Applications/Xcode-27.0.0-Release.Candidate.app/Contents/Developer/Toolchains/XcodeDefault.xctoolchain/usr/lib/swift/host/plugins/testing -enable-experimental-feature DebugDescriptionMacro -sdk /Applications/Xcode-27.0.0-Release.Candidate.app/Contents/Developer/Platforms/XROS.platform/Developer/SDKs/XROS27.0.sdk -target arm64-apple-xros1.0 -g -module-cache-path /Users/admin/builder/spi-builder-workspace/.derivedData/ModuleCache.noindex -Xfrontend -serialize-debugging-options -profile-coverage-mapping -profile-generate -enable-testing -suppress-warnings -index-store-path /Users/admin/builder/spi-builder-workspace/.derivedData/Index.noindex/DataStore -Xcc -D_LIBCPP_HARDENING_MODE\=_LIBCPP_HARDENING_MODE_DEBUG -swift-version 5 -I /Users/admin/builder/spi-builder-workspace/.derivedData/Build/Products/Debug-xros -Isystem /Applications/Xcode-27.0.0-Release.Candidate.app/Contents/Developer/Platforms/XROS.platform/Developer/usr/lib -F /Users/admin/builder/spi-builder-workspace/.derivedData/Build/Products/Debug-xros/PackageFrameworks -F /Users/admin/builder/spi-builder-workspace/.derivedData/Build/Products/Debug-xros -F /Applications/Xcode-27.0.0-Release.Candidate.app/Contents/Developer/Platforms/XROS.platform/Developer/Library/Frameworks -F /Applications/Xcode-27.0.0-Release.Candidate.app/Contents/Developer/Platforms/XROS.platform/Developer/SDKs/XROS27.0.sdk/Developer/Library/Frameworks -c -j10 -enable-batch-mode -incremental -Xcc -ivfsstatcache -Xcc /Users/admin/builder/spi-builder-workspace/.derivedData/SDKStatCaches.noindex/xros27.0-24M361-e829b21a6f8c9b70876ba0858053c044735bd543db762f57723cac368afd1ce4.sdkstatcache -output-file-map /Users/admin/builder/spi-builder-workspace/.derivedData/Build/Intermediates.noindex/swift-clocks.build/Debug-xros/Clocks-t.build/Objects-normal/arm64/Clocks-OutputFileMap.json -save-temps -no-color-diagnostics -explicit-module-build -module-cache-path /Users/admin/builder/spi-builder-workspace/.derivedData/Build/Intermediates.noindex/SwiftExplicitPrecompiledModules -clang-scanner-module-cache-path /Users/admin/builder/spi-builder-workspace/.derivedData/ModuleCache.noindex -sdk-module-cache-path /Users/admin/builder/spi-builder-workspace/.derivedData/SDKExplicitPrecompiledModules -emit-dependencies -emit-module -emit-module-path /Users/admin/builder/spi-builder-workspace/.derivedData/Build/Intermediates.noindex/swift-clocks.build/Debug-xros/Clocks-t.build/Objects-normal/arm64/Clocks.swiftmodule -serialize-diagnostics -dependency-scan-serialize-diagnostics-path /Users/admin/builder/spi-builder-workspace/.derivedData/Build/Intermediates.noindex/swift-clocks.build/Debug-xros/Clocks-t.build/Objects-normal/arm64/Clocks-dependency-scan.dia -validate-clang-modules-once -clang-build-session-file /Users/admin/builder/spi-builder-workspace/.derivedData/ModuleCache.noindex/Session.modulevalidation -Xcc -fmodules-prune-interval\=86400 -Xcc -fmodules-prune-after\=345600 -emit-const-values -const-gather-protocols-list /Users/admin/builder/spi-builder-workspace/.derivedData/Build/Intermediates.noindex/swift-clocks.build/Debug-xros/Clocks-t.build/Objects-normal/arm64/Clocks_const_extract_protocols.json -Xcc -I/Users/admin/builder/spi-builder-workspace/.derivedData/Build/Products/Debug-xros/include -Xcc -I/Users/admin/builder/spi-builder-workspace/.derivedData/Build/Intermediates.noindex/swift-clocks.build/Debug-xros/Clocks-t.build/DerivedSources-normal/arm64 -Xcc -I/Users/admin/builder/spi-builder-workspace/.derivedData/Build/Intermediates.noindex/swift-clocks.build/Debug-xros/Clocks-t.build/DerivedSources/arm64 -Xcc -I/Users/admin/builder/spi-builder-workspace/.derivedData/Build/Intermediates.noindex/swift-clocks.build/Debug-xros/Clocks-t.build/DerivedSources -Xcc -DSWIFT_PACKAGE -Xcc -DDEBUG\=1 -emit-objc-header -emit-objc-header-path /Users/admin/builder/spi-builder-workspace/.derivedData/Build/Intermediates.noindex/swift-clocks.build/Debug-xros/Clocks-t.build/Objects-normal/arm64/Clocks-Swift.h -working-directory /Users/admin/builder/spi-builder-workspace/.swiftpm/xcode -experimental-emit-module-separately -disable-cmo
SwiftCompile normal arm64 Compiling\ DynamicColor+Mixing.swift,\ DynamicColor+RGBA.swift /Users/admin/builder/spi-builder-workspace/.dependencies/checkouts/DynamicColor/Sources/DynamicColor+Mixing.swift /Users/admin/builder/spi-builder-workspace/.dependencies/checkouts/DynamicColor/Sources/DynamicColor+RGBA.swift (in target 'DynamicColor' from project 'DynamicColor')
/Users/admin/builder/spi-builder-workspace/.dependencies/checkouts/DynamicColor/Sources/DynamicColor+Mixing.swift:35:18: error: cannot find type 'DynamicColor' in scope
33 | // MARK: Mixing Colors
34 |
35 | public extension DynamicColor {
| |- error: cannot find type 'DynamicColor' in scope
| `- note: cannot use module 'DynamicColor' as a type
36 | /**
37 | Mixes the given color object with the receiver.
/Users/admin/builder/spi-builder-workspace/.dependencies/checkouts/DynamicColor/Sources/DynamicColor+RGBA.swift:35:18: error: cannot find type 'DynamicColor' in scope
33 | // MARK: RGBA Color Space
34 |
35 | public extension DynamicColor {
| |- error: cannot find type 'DynamicColor' in scope
| `- note: cannot use module 'DynamicColor' as a type
36 | /**
37 | Initializes and returns a color object using the specified opacity and RGB component values.
/Users/admin/builder/spi-builder-workspace/.dependencies/checkouts/DynamicColor/Sources/DynamicColor+Mixing.swift:48:128: error: cannot find type 'DynamicColor' in scope
46 | - Returns: A color object corresponding to the two colors object mixed together.
47 | */
48 | final func mixed(withColor color: DynamicColor, weight: CGFloat = 0.5, inColorSpace colorspace: DynamicColorSpace = .rgb) -> DynamicColor {
| |- error: cannot find type 'DynamicColor' in scope
| `- note: cannot use module 'DynamicColor' as a type
49 | let normalizedWeight = clip(weight, 0.0, 1.0)
50 |
/Users/admin/builder/spi-builder-workspace/.dependencies/checkouts/DynamicColor/Sources/DynamicColor+Mixing.swift:48:37: error: cannot find type 'DynamicColor' in scope
46 | - Returns: A color object corresponding to the two colors object mixed together.
47 | */
48 | final func mixed(withColor color: DynamicColor, weight: CGFloat = 0.5, inColorSpace colorspace: DynamicColorSpace = .rgb) -> DynamicColor {
| |- error: cannot find type 'DynamicColor' in scope
| `- note: cannot use module 'DynamicColor' as a type
49 | let normalizedWeight = clip(weight, 0.0, 1.0)
50 |
/Users/admin/builder/spi-builder-workspace/.dependencies/checkouts/DynamicColor/Sources/DynamicColor+Mixing.swift:48:59: error: cannot find type 'CGFloat' in scope
46 | - Returns: A color object corresponding to the two colors object mixed together.
47 | */
48 | final func mixed(withColor color: DynamicColor, weight: CGFloat = 0.5, inColorSpace colorspace: DynamicColorSpace = .rgb) -> DynamicColor {
| `- error: cannot find type 'CGFloat' in scope
49 | let normalizedWeight = clip(weight, 0.0, 1.0)
50 |
/Users/admin/builder/spi-builder-workspace/.dependencies/checkouts/DynamicColor/Sources/DynamicColor+Mixing.swift:69:47: error: cannot find type 'DynamicColor' in scope
67 | - Returns: A lighter DynamicColor.
68 | */
69 | final func tinted(amount: CGFloat = 0.2) -> DynamicColor {
| |- error: cannot find type 'DynamicColor' in scope
| `- note: cannot use module 'DynamicColor' as a type
70 | return mixed(withColor: .white, weight: amount)
71 | }
/Users/admin/builder/spi-builder-workspace/.dependencies/checkouts/DynamicColor/Sources/DynamicColor+Mixing.swift:69:29: error: cannot find type 'CGFloat' in scope
67 | - Returns: A lighter DynamicColor.
68 | */
69 | final func tinted(amount: CGFloat = 0.2) -> DynamicColor {
| `- error: cannot find type 'CGFloat' in scope
70 | return mixed(withColor: .white, weight: amount)
71 | }
/Users/admin/builder/spi-builder-workspace/.dependencies/checkouts/DynamicColor/Sources/DynamicColor+Mixing.swift:79:47: error: cannot find type 'DynamicColor' in scope
77 | - Returns: A darker DynamicColor.
78 | */
79 | final func shaded(amount: CGFloat = 0.2) -> DynamicColor {
| |- error: cannot find type 'DynamicColor' in scope
| `- note: cannot use module 'DynamicColor' as a type
80 | return mixed(withColor: DynamicColor(red: 0, green: 0, blue: 0, alpha: 1), weight: amount)
81 | }
/Users/admin/builder/spi-builder-workspace/.dependencies/checkouts/DynamicColor/Sources/DynamicColor+Mixing.swift:79:29: error: cannot find type 'CGFloat' in scope
77 | - Returns: A darker DynamicColor.
78 | */
79 | final func shaded(amount: CGFloat = 0.2) -> DynamicColor {
| `- error: cannot find type 'CGFloat' in scope
80 | return mixed(withColor: DynamicColor(red: 0, green: 0, blue: 0, alpha: 1), weight: amount)
81 | }
/Users/admin/builder/spi-builder-workspace/.dependencies/checkouts/DynamicColor/Sources/DynamicColor+Mixing.swift:85:68: error: cannot find type 'DynamicColor' in scope
83 | // MARK: - Convenient Internal Methods
84 |
85 | func mixedLab(withColor color: DynamicColor, weight: CGFloat) -> DynamicColor {
| |- error: cannot find type 'DynamicColor' in scope
| `- note: cannot use module 'DynamicColor' as a type
86 | let c1 = toLabComponents()
87 | let c2 = color.toLabComponents()
/Users/admin/builder/spi-builder-workspace/.dependencies/checkouts/DynamicColor/Sources/DynamicColor+Mixing.swift:85:34: error: cannot find type 'DynamicColor' in scope
83 | // MARK: - Convenient Internal Methods
84 |
85 | func mixedLab(withColor color: DynamicColor, weight: CGFloat) -> DynamicColor {
| |- error: cannot find type 'DynamicColor' in scope
| `- note: cannot use module 'DynamicColor' as a type
86 | let c1 = toLabComponents()
87 | let c2 = color.toLabComponents()
/Users/admin/builder/spi-builder-workspace/.dependencies/checkouts/DynamicColor/Sources/DynamicColor+Mixing.swift:85:56: error: cannot find type 'CGFloat' in scope
83 | // MARK: - Convenient Internal Methods
84 |
85 | func mixedLab(withColor color: DynamicColor, weight: CGFloat) -> DynamicColor {
| `- error: cannot find type 'CGFloat' in scope
86 | let c1 = toLabComponents()
87 | let c2 = color.toLabComponents()
/Users/admin/builder/spi-builder-workspace/.dependencies/checkouts/DynamicColor/Sources/DynamicColor+Mixing.swift:97:68: error: cannot find type 'DynamicColor' in scope
95 | }
96 |
97 | func mixedHSL(withColor color: DynamicColor, weight: CGFloat) -> DynamicColor {
| |- error: cannot find type 'DynamicColor' in scope
| `- note: cannot use module 'DynamicColor' as a type
98 | let c1 = toHSLComponents()
99 | let c2 = color.toHSLComponents()
/Users/admin/builder/spi-builder-workspace/.dependencies/checkouts/DynamicColor/Sources/DynamicColor+Mixing.swift:97:34: error: cannot find type 'DynamicColor' in scope
95 | }
96 |
97 | func mixedHSL(withColor color: DynamicColor, weight: CGFloat) -> DynamicColor {
| |- error: cannot find type 'DynamicColor' in scope
| `- note: cannot use module 'DynamicColor' as a type
98 | let c1 = toHSLComponents()
99 | let c2 = color.toHSLComponents()
SwiftCompile normal arm64 /Users/admin/builder/spi-builder-workspace/.dependencies/checkouts/DynamicColor/Sources/DynamicColor+Mixing.swift (in target 'DynamicColor' from project 'DynamicColor')
cd /Users/admin/builder/spi-builder-workspace/.swiftpm/xcode
builtin-SwiftPerFileCompile DynamicColor+Mixing.swift
SwiftCompile normal arm64 /Users/admin/builder/spi-builder-workspace/.dependencies/checkouts/DynamicColor/Sources/DynamicColor+RGBA.swift (in target 'DynamicColor' from project 'DynamicColor')
cd /Users/admin/builder/spi-builder-workspace/.swiftpm/xcode
builtin-SwiftPerFileCompile DynamicColor+RGBA.swift
/Users/admin/builder/spi-builder-workspace/.dependencies/checkouts/DynamicColor/Sources/DynamicColor+Mixing.swift:97:56: error: cannot find type 'CGFloat' in scope
95 | }
96 |
97 | func mixedHSL(withColor color: DynamicColor, weight: CGFloat) -> DynamicColor {
| `- error: cannot find type 'CGFloat' in scope
98 | let c1 = toHSLComponents()
99 | let c2 = color.toHSLComponents()
/Users/admin/builder/spi-builder-workspace/.dependencies/checkouts/DynamicColor/Sources/DynamicColor+Mixing.swift:109:68: error: cannot find type 'DynamicColor' in scope
107 | }
108 |
109 | func mixedHSB(withColor color: DynamicColor, weight: CGFloat) -> DynamicColor {
| |- error: cannot find type 'DynamicColor' in scope
| `- note: cannot use module 'DynamicColor' as a type
110 | let c1 = toHSBComponents()
111 | let c2 = color.toHSBComponents()
/Users/admin/builder/spi-builder-workspace/.dependencies/checkouts/DynamicColor/Sources/DynamicColor+Mixing.swift:109:34: error: cannot find type 'DynamicColor' in scope
107 | }
108 |
109 | func mixedHSB(withColor color: DynamicColor, weight: CGFloat) -> DynamicColor {
| |- error: cannot find type 'DynamicColor' in scope
| `- note: cannot use module 'DynamicColor' as a type
110 | let c1 = toHSBComponents()
111 | let c2 = color.toHSBComponents()
/Users/admin/builder/spi-builder-workspace/.dependencies/checkouts/DynamicColor/Sources/DynamicColor+Mixing.swift:109:56: error: cannot find type 'CGFloat' in scope
107 | }
108 |
109 | func mixedHSB(withColor color: DynamicColor, weight: CGFloat) -> DynamicColor {
| `- error: cannot find type 'CGFloat' in scope
110 | let c1 = toHSBComponents()
111 | let c2 = color.toHSBComponents()
/Users/admin/builder/spi-builder-workspace/.dependencies/checkouts/DynamicColor/Sources/DynamicColor+Mixing.swift:121:68: error: cannot find type 'DynamicColor' in scope
119 | }
120 |
121 | func mixedRGB(withColor color: DynamicColor, weight: CGFloat) -> DynamicColor {
| |- error: cannot find type 'DynamicColor' in scope
| `- note: cannot use module 'DynamicColor' as a type
122 | let c1 = toRGBAComponents()
123 | let c2 = color.toRGBAComponents()
/Users/admin/builder/spi-builder-workspace/.dependencies/checkouts/DynamicColor/Sources/DynamicColor+Mixing.swift:121:34: error: cannot find type 'DynamicColor' in scope
119 | }
120 |
121 | func mixedRGB(withColor color: DynamicColor, weight: CGFloat) -> DynamicColor {
| |- error: cannot find type 'DynamicColor' in scope
| `- note: cannot use module 'DynamicColor' as a type
122 | let c1 = toRGBAComponents()
123 | let c2 = color.toRGBAComponents()
/Users/admin/builder/spi-builder-workspace/.dependencies/checkouts/DynamicColor/Sources/DynamicColor+Mixing.swift:121:56: error: cannot find type 'CGFloat' in scope
119 | }
120 |
121 | func mixedRGB(withColor color: DynamicColor, weight: CGFloat) -> DynamicColor {
| `- error: cannot find type 'CGFloat' in scope
122 | let c1 = toRGBAComponents()
123 | let c2 = color.toRGBAComponents()
/Users/admin/builder/spi-builder-workspace/.dependencies/checkouts/DynamicColor/Sources/DynamicColor+Mixing.swift:133:54: error: cannot find type 'CGFloat' in scope
131 | }
132 |
133 | func mixedHue(source: CGFloat, target: CGFloat) -> CGFloat {
| `- error: cannot find type 'CGFloat' in scope
134 | if target > source && target - source > 180.0 {
135 | return target - source + 360.0
/Users/admin/builder/spi-builder-workspace/.dependencies/checkouts/DynamicColor/Sources/DynamicColor+Mixing.swift:133:25: error: cannot find type 'CGFloat' in scope
131 | }
132 |
133 | func mixedHue(source: CGFloat, target: CGFloat) -> CGFloat {
| `- error: cannot find type 'CGFloat' in scope
134 | if target > source && target - source > 180.0 {
135 | return target - source + 360.0
SwiftCompile normal arm64 Compiling\ Array.swift,\ ContrastDisplayContext.swift /Users/admin/builder/spi-builder-workspace/.dependencies/checkouts/DynamicColor/Sources/Array.swift /Users/admin/builder/spi-builder-workspace/.dependencies/checkouts/DynamicColor/Sources/ContrastDisplayContext.swift (in target 'DynamicColor' from project 'DynamicColor')
/Users/admin/builder/spi-builder-workspace/.dependencies/checkouts/DynamicColor/Sources/Array.swift:32:39: error: cannot find type 'DynamicColor' in scope
30 | Convenient extension for color array to work as a DynamicGradient.
31 | */
32 | public extension Array where Element: DynamicColor {
| |- error: cannot find type 'DynamicColor' in scope
| `- note: cannot use module 'DynamicColor' as a type
33 | /**
34 | Gradient representation of the array.
/Users/admin/builder/spi-builder-workspace/.dependencies/checkouts/DynamicColor/Sources/DynamicGradient.swift:44:24: error: cannot find type 'DynamicColor' in scope
42 | - Parameter colors: An array of colors.
43 | */
44 | public init(colors: [DynamicColor]) {
| |- error: cannot find type 'DynamicColor' in scope
| `- note: cannot use module 'DynamicColor' as a type
45 | self.colors = colors
46 | }
/Users/admin/builder/spi-builder-workspace/.dependencies/checkouts/DynamicColor/Sources/ContrastDisplayContext.swift:17:11: error: cannot find type 'DynamicColor' in scope
15 | #endif
16 |
17 | extension DynamicColor {
| |- error: cannot find type 'DynamicColor' in scope
| `- note: cannot use module 'DynamicColor' as a type
18 | /**
19 | Used to describe the context of display of 2 colors.
Failed frontend command:
/Applications/Xcode-27.0.0-Release.Candidate.app/Contents/Developer/Toolchains/XcodeDefault.xctoolchain/usr/bin/swift-frontend -frontend -c -primary-file /Users/admin/builder/spi-builder-workspace/.dependencies/checkouts/DynamicColor/Sources/Array.swift -primary-file /Users/admin/builder/spi-builder-workspace/.dependencies/checkouts/DynamicColor/Sources/ContrastDisplayContext.swift /Users/admin/builder/spi-builder-workspace/.dependencies/checkouts/DynamicColor/Sources/DynamicColor+Deriving.swift /Users/admin/builder/spi-builder-workspace/.dependencies/checkouts/DynamicColor/Sources/DynamicColor+HSB.swift /Users/admin/builder/spi-builder-workspace/.dependencies/checkouts/DynamicColor/Sources/DynamicColor+HSL.swift /Users/admin/builder/spi-builder-workspace/.dependencies/checkouts/DynamicColor/Sources/DynamicColor+Lab.swift /Users/admin/builder/spi-builder-workspace/.dependencies/checkouts/DynamicColor/Sources/DynamicColor+Mixing.swift /Users/admin/builder/spi-builder-workspace/.dependencies/checkouts/DynamicColor/Sources/DynamicColor+RGBA.swift /Users/admin/builder/spi-builder-workspace/.dependencies/checkouts/DynamicColor/Sources/DynamicColor+XYZ.swift /Users/admin/builder/spi-builder-workspace/.dependencies/checkouts/DynamicColor/Sources/DynamicColor.swift /Users/admin/builder/spi-builder-workspace/.dependencies/checkouts/DynamicColor/Sources/DynamicColorSpace.swift /Users/admin/builder/spi-builder-workspace/.dependencies/checkouts/DynamicColor/Sources/DynamicGradient.swift /Users/admin/builder/spi-builder-workspace/.dependencies/checkouts/DynamicColor/Sources/HSL.swift /Users/admin/builder/spi-builder-workspace/.dependencies/checkouts/DynamicColor/Sources/SwiftUIColor.swift /Users/admin/builder/spi-builder-workspace/.dependencies/checkouts/DynamicColor/Sources/Utils.swift -emit-dependencies-path /Users/admin/builder/spi-builder-workspace/.derivedData/Build/Intermediates.noindex/DynamicColor.build/Debug-xros/DynamicColor-t.build/Objects-normal/arm64/Array.d -emit-const-values-path /Users/admin/builder/spi-builder-workspace/.derivedData/Build/Intermediates.noindex/DynamicColor.build/Debug-xros/DynamicColor-t.build/Objects-normal/arm64/Array.swiftconstvalues -emit-reference-dependencies-path /Users/admin/builder/spi-builder-workspace/.derivedData/Build/Intermediates.noindex/DynamicColor.build/Debug-xros/DynamicColor-t.build/Objects-normal/arm64/Array.swiftdeps -serialize-diagnostics-path /Users/admin/builder/spi-builder-workspace/.derivedData/Build/Intermediates.noindex/DynamicColor.build/Debug-xros/DynamicColor-t.build/Objects-normal/arm64/Array.dia -emit-dependencies-path /Users/admin/builder/spi-builder-workspace/.derivedData/Build/Intermediates.noindex/DynamicColor.build/Debug-xros/DynamicColor-t.build/Objects-normal/arm64/ContrastDisplayContext.d -emit-const-values-path /Users/admin/builder/spi-builder-workspace/.derivedData/Build/Intermediates.noindex/DynamicColor.build/Debug-xros/DynamicColor-t.build/Objects-normal/arm64/ContrastDisplayContext.swiftconstvalues -emit-reference-dependencies-path /Users/admin/builder/spi-builder-workspace/.derivedData/Build/Intermediates.noindex/DynamicColor.build/Debug-xros/DynamicColor-t.build/Objects-normal/arm64/ContrastDisplayContext.swiftdeps -serialize-diagnostics-path /Users/admin/builder/spi-builder-workspace/.derivedData/Build/Intermediates.noindex/DynamicColor.build/Debug-xros/DynamicColor-t.build/Objects-normal/arm64/ContrastDisplayContext.dia -target arm64-apple-xros1.0 -disable-cross-import-overlay-search -load-resolved-plugin /Applications/Xcode-27.0.0-Release.Candidate.app/Contents/Developer/Platforms/XROS.platform/Developer/usr/lib/swift/host/plugins/libFoundationMacros.dylib\#/Applications/Xcode-27.0.0-Release.Candidate.app/Contents/Developer/Platforms/XROS.platform/Developer/usr/bin/swift-plugin-server\#FoundationMacros -load-resolved-plugin /Applications/Xcode-27.0.0-Release.Candidate.app/Contents/Developer/Platforms/XROS.platform/Developer/usr/lib/swift/host/plugins/libObservationMacros.dylib\#/Applications/Xcode-27.0.0-Release.Candidate.app/Contents/Developer/Platforms/XROS.platform/Developer/usr/bin/swift-plugin-server\#ObservationMacros -load-resolved-plugin /Applications/Xcode-27.0.0-Release.Candidate.app/Contents/Developer/Platforms/XROS.platform/Developer/usr/lib/swift/host/plugins/libPreviewsMacros.dylib\#/Applications/Xcode-27.0.0-Release.Candidate.app/Contents/Developer/Platforms/XROS.platform/Developer/usr/bin/swift-plugin-server\#PreviewsMacros -load-resolved-plugin /Applications/Xcode-27.0.0-Release.Candidate.app/Contents/Developer/Platforms/XROS.platform/Developer/usr/lib/swift/host/plugins/libSwiftMacros.dylib\#/Applications/Xcode-27.0.0-Release.Candidate.app/Contents/Developer/Platforms/XROS.platform/Developer/usr/bin/swift-plugin-server\#SwiftMacros -load-resolved-plugin /Applications/Xcode-27.0.0-Release.Candidate.app/Contents/Developer/Platforms/XROS.platform/Developer/usr/lib/swift/host/plugins/libSwiftUIMacros.dylib\#/Applications/Xcode-27.0.0-Release.Candidate.app/Contents/Developer/Platforms/XROS.platform/Developer/usr/bin/swift-plugin-server\#SwiftUIMacros -disable-implicit-swift-modules -Xcc -fno-implicit-modules -Xcc -fno-implicit-module-maps -explicit-swift-module-map-file /Users/admin/builder/spi-builder-workspace/.derivedData/Build/Intermediates.noindex/DynamicColor.build/Debug-xros/DynamicColor-t.build/Objects-normal/arm64/DynamicColor-dependencies-1.json -Xllvm -aarch64-use-tbi -enable-objc-interop -stack-check -sdk /Applications/Xcode-27.0.0-Release.Candidate.app/Contents/Developer/Platforms/XROS.platform/Developer/SDKs/XROS27.0.sdk -I /Users/admin/builder/spi-builder-workspace/.derivedData/Build/Products/Debug-xros -Isystem /Applications/Xcode-27.0.0-Release.Candidate.app/Contents/Developer/Platforms/XROS.platform/Developer/usr/lib -F /Users/admin/builder/spi-builder-workspace/.derivedData/Build/Products/Debug-xros -F /Applications/Xcode-27.0.0-Release.Candidate.app/Contents/Developer/Platforms/XROS.platform/Developer/Library/Frameworks -F /Applications/Xcode-27.0.0-Release.Candidate.app/Contents/Developer/Platforms/XROS.platform/Developer/SDKs/XROS27.0.sdk/Developer/Library/Frameworks -module-cache-path /Users/admin/builder/spi-builder-workspace/.derivedData/Build/Intermediates.noindex/SwiftExplicitPrecompiledModules -no-color-diagnostics -Xcc -fno-color-diagnostics -enable-testing -g -debug-info-format\=dwarf -dwarf-version\=4 -suppress-warnings -profile-generate -profile-coverage-mapping -swift-version 5 -Onone -D SWIFT_PACKAGE -D DEBUG -D SWIFT_MODULE_RESOURCE_BUNDLE_UNAVAILABLE -D Xcode -serialize-debugging-options -enable-experimental-feature DebugDescriptionMacro -empty-abi-descriptor -validate-clang-modules-once -clang-build-session-file /Users/admin/builder/spi-builder-workspace/.derivedData/ModuleCache.noindex/Session.modulevalidation -Xcc -working-directory -Xcc /Users/admin/builder/spi-builder-workspace/.swiftpm/xcode -enable-anonymous-context-mangled-names -file-compilation-dir /Users/admin/builder/spi-builder-workspace/.swiftpm/xcode -Xcc -D_LIBCPP_HARDENING_MODE\=_LIBCPP_HARDENING_MODE_DEBUG -Xcc -ivfsstatcache -Xcc /Users/admin/builder/spi-builder-workspace/.derivedData/SDKStatCaches.noindex/xros27.0-24M361-e829b21a6f8c9b70876ba0858053c044735bd543db762f57723cac368afd1ce4.sdkstatcache -Xcc -fmodules-prune-interval\=86400 -Xcc -fmodules-prune-after\=345600 -Xcc -I/Users/admin/builder/spi-builder-workspace/.derivedData/Build/Products/Debug-xros/include -Xcc -I/Users/admin/builder/spi-builder-workspace/.derivedData/Build/Intermediates.noindex/DynamicColor.build/Debug-xros/DynamicColor-t.build/DerivedSources-normal/arm64 -Xcc -I/Users/admin/builder/spi-builder-workspace/.derivedData/Build/Intermediates.noindex/DynamicColor.build/Debug-xros/DynamicColor-t.build/DerivedSources/arm64 -Xcc -I/Users/admin/builder/spi-builder-workspace/.derivedData/Build/Intermediates.noindex/DynamicColor.build/Debug-xros/DynamicColor-t.build/DerivedSources -Xcc -DSWIFT_PACKAGE -Xcc -DDEBUG\=1 -no-auto-bridging-header-chaining -module-name DynamicColor -const-gather-protocols-file /Users/admin/builder/spi-builder-workspace/.derivedData/Build/Intermediates.noindex/DynamicColor.build/Debug-xros/DynamicColor-t.build/Objects-normal/arm64/DynamicColor_const_extract_protocols.json -disable-clang-spi -clang-target arm64-apple-xros27.0 -target-sdk-version 27.0 -target-sdk-name xros27.0 -in-process-plugin-server-path /Applications/Xcode-27.0.0-Release.Candidate.app/Contents/Developer/Toolchains/XcodeDefault.xctoolchain/usr/lib/swift/host/libSwiftInProcPluginServer.dylib -parse-as-library -o /Users/admin/builder/spi-builder-workspace/.derivedData/Build/Intermediates.noindex/DynamicColor.build/Debug-xros/DynamicColor-t.build/Objects-normal/arm64/Array.o -o /Users/admin/builder/spi-builder-workspace/.derivedData/Build/Intermediates.noindex/DynamicColor.build/Debug-xros/DynamicColor-t.build/Objects-normal/arm64/ContrastDisplayContext.o -debug-module-path /Users/admin/builder/spi-builder-workspace/.derivedData/Build/Intermediates.noindex/DynamicColor.build/Debug-xros/DynamicColor-t.build/Objects-normal/arm64/DynamicColor.swiftmodule -index-unit-output-path /DynamicColor.build/Debug-xros/DynamicColor-t.build/Objects-normal/arm64/Array.o -index-unit-output-path /DynamicColor.build/Debug-xros/DynamicColor-t.build/Objects-normal/arm64/ContrastDisplayContext.o -index-store-path /Users/admin/builder/spi-builder-workspace/.derivedData/Index.noindex/DataStore -index-system-modules
SwiftCompile normal arm64 /Users/admin/builder/spi-builder-workspace/.dependencies/checkouts/DynamicColor/Sources/Array.swift (in target 'DynamicColor' from project 'DynamicColor')
cd /Users/admin/builder/spi-builder-workspace/.swiftpm/xcode
builtin-SwiftPerFileCompile Array.swift
SwiftCompile normal arm64 /Users/admin/builder/spi-builder-workspace/.dependencies/checkouts/DynamicColor/Sources/ContrastDisplayContext.swift (in target 'DynamicColor' from project 'DynamicColor')
cd /Users/admin/builder/spi-builder-workspace/.swiftpm/xcode
builtin-SwiftPerFileCompile ContrastDisplayContext.swift
SwiftCompile normal arm64 Compiling\ DynamicColor+Deriving.swift,\ DynamicColor+HSB.swift /Users/admin/builder/spi-builder-workspace/.dependencies/checkouts/DynamicColor/Sources/DynamicColor+Deriving.swift /Users/admin/builder/spi-builder-workspace/.dependencies/checkouts/DynamicColor/Sources/DynamicColor+HSB.swift (in target 'DynamicColor' from project 'DynamicColor')
/Users/admin/builder/spi-builder-workspace/.dependencies/checkouts/DynamicColor/Sources/DynamicColor+Deriving.swift:35:18: error: cannot find type 'DynamicColor' in scope
33 | // MARK: Deriving Colors
34 |
35 | public extension DynamicColor {
| |- error: cannot find type 'DynamicColor' in scope
| `- note: cannot use module 'DynamicColor' as a type
36 | /**
37 | Creates and returns a color object with the hue rotated along the color wheel by the given amount.
/Users/admin/builder/spi-builder-workspace/.dependencies/checkouts/DynamicColor/Sources/DynamicColor+HSB.swift:35:11: error: cannot find type 'DynamicColor' in scope
33 | // MARK: HSB Color Space
34 |
35 | extension DynamicColor {
| |- error: cannot find type 'DynamicColor' in scope
| `- note: cannot use module 'DynamicColor' as a type
36 | // MARK: - Getting the HSB Components
37 |
/Users/admin/builder/spi-builder-workspace/.dependencies/checkouts/DynamicColor/Sources/DynamicColor+Deriving.swift:42:46: error: cannot find type 'DynamicColor' in scope
40 | - returns: A DynamicColor object with the hue changed.
41 | */
42 | final func adjustedHue(amount: CGFloat) -> DynamicColor {
| |- error: cannot find type 'DynamicColor' in scope
| `- note: cannot use module 'DynamicColor' as a type
43 | return HSL(color: self).adjustedHue(amount: amount).toDynamicColor()
44 | }
/Users/admin/builder/spi-builder-workspace/.dependencies/checkouts/DynamicColor/Sources/DynamicColor+Deriving.swift:42:34: error: cannot find type 'CGFloat' in scope
40 | - returns: A DynamicColor object with the hue changed.
41 | */
42 | final func adjustedHue(amount: CGFloat) -> DynamicColor {
| `- error: cannot find type 'CGFloat' in scope
43 | return HSL(color: self).adjustedHue(amount: amount).toDynamicColor()
44 | }
/Users/admin/builder/spi-builder-workspace/.dependencies/checkouts/DynamicColor/Sources/DynamicColor+Deriving.swift:54:32: error: cannot find type 'DynamicColor' in scope
52 | - seealso: adjustedHueColor:
53 | */
54 | final func complemented() -> DynamicColor {
| |- error: cannot find type 'DynamicColor' in scope
| `- note: cannot use module 'DynamicColor' as a type
55 | return adjustedHue(amount: 180.0)
56 | }
/Users/admin/builder/spi-builder-workspace/.dependencies/checkouts/DynamicColor/Sources/DynamicColor+Deriving.swift:64:48: error: cannot find type 'DynamicColor' in scope
62 | - returns: A lighter DynamicColor.
63 | */
64 | final func lighter(amount: CGFloat = 0.2) -> DynamicColor {
| |- error: cannot find type 'DynamicColor' in scope
| `- note: cannot use module 'DynamicColor' as a type
65 | return HSL(color: self).lighter(amount: amount).toDynamicColor()
66 | }
/Users/admin/builder/spi-builder-workspace/.dependencies/checkouts/DynamicColor/Sources/DynamicColor+Deriving.swift:64:30: error: cannot find type 'CGFloat' in scope
62 | - returns: A lighter DynamicColor.
63 | */
64 | final func lighter(amount: CGFloat = 0.2) -> DynamicColor {
| `- error: cannot find type 'CGFloat' in scope
65 | return HSL(color: self).lighter(amount: amount).toDynamicColor()
66 | }
/Users/admin/builder/spi-builder-workspace/.dependencies/checkouts/DynamicColor/Sources/DynamicColor+Deriving.swift:74:49: error: cannot find type 'DynamicColor' in scope
72 | - returns: A darker DynamicColor.
73 | */
74 | final func darkened(amount: CGFloat = 0.2) -> DynamicColor {
| |- error: cannot find type 'DynamicColor' in scope
| `- note: cannot use module 'DynamicColor' as a type
75 | return HSL(color: self).darkened(amount: amount).toDynamicColor()
76 | }
/Users/admin/builder/spi-builder-workspace/.dependencies/checkouts/DynamicColor/Sources/DynamicColor+Deriving.swift:74:31: error: cannot find type 'CGFloat' in scope
72 | - returns: A darker DynamicColor.
73 | */
74 | final func darkened(amount: CGFloat = 0.2) -> DynamicColor {
| `- error: cannot find type 'CGFloat' in scope
75 | return HSL(color: self).darkened(amount: amount).toDynamicColor()
76 | }
/Users/admin/builder/spi-builder-workspace/.dependencies/checkouts/DynamicColor/Sources/DynamicColor+Deriving.swift:85:50: error: cannot find type 'DynamicColor' in scope
83 | - returns: A DynamicColor more saturated.
84 | */
85 | final func saturated(amount: CGFloat = 0.2) -> DynamicColor {
| |- error: cannot find type 'DynamicColor' in scope
| `- note: cannot use module 'DynamicColor' as a type
86 | return HSL(color: self).saturated(amount: amount).toDynamicColor()
87 | }
/Users/admin/builder/spi-builder-workspace/.dependencies/checkouts/DynamicColor/Sources/DynamicColor+Deriving.swift:85:32: error: cannot find type 'CGFloat' in scope
83 | - returns: A DynamicColor more saturated.
84 | */
85 | final func saturated(amount: CGFloat = 0.2) -> DynamicColor {
| `- error: cannot find type 'CGFloat' in scope
86 | return HSL(color: self).saturated(amount: amount).toDynamicColor()
87 | }
/Users/admin/builder/spi-builder-workspace/.dependencies/checkouts/DynamicColor/Sources/DynamicColor+Deriving.swift:95:52: error: cannot find type 'DynamicColor' in scope
93 | - returns: A DynamicColor less saturated.
94 | */
95 | final func desaturated(amount: CGFloat = 0.2) -> DynamicColor {
| |- error: cannot find type 'DynamicColor' in scope
| `- note: cannot use module 'DynamicColor' as a type
96 | return HSL(color: self).desaturated(amount: amount).toDynamicColor()
97 | }
/Users/admin/builder/spi-builder-workspace/.dependencies/checkouts/DynamicColor/Sources/DynamicColor+Deriving.swift:95:34: error: cannot find type 'CGFloat' in scope
93 | - returns: A DynamicColor less saturated.
94 | */
95 | final func desaturated(amount: CGFloat = 0.2) -> DynamicColor {
| `- error: cannot find type 'CGFloat' in scope
96 | return HSL(color: self).desaturated(amount: amount).toDynamicColor()
97 | }
/Users/admin/builder/spi-builder-workspace/.dependencies/checkouts/DynamicColor/Sources/DynamicColor+Deriving.swift:105:64: error: cannot find type 'DynamicColor' in scope
103 | - seealso: desaturated:
104 | */
105 | final func grayscaled(mode: GrayscalingMode = .lightness) -> DynamicColor {
| |- error: cannot find type 'DynamicColor' in scope
| `- note: cannot use module 'DynamicColor' as a type
106 | let (r, g, b, a) = self.toRGBAComponents()
107 |
/Users/admin/builder/spi-builder-workspace/.dependencies/checkouts/DynamicColor/Sources/DynamicColor+Deriving.swift:128:28: error: cannot find type 'DynamicColor' in scope
126 | - returns: An inverse (negative) of the original color.
127 | */
128 | final func inverted() -> DynamicColor {
| |- error: cannot find type 'DynamicColor' in scope
| `- note: cannot use module 'DynamicColor' as a type
129 | let rgba = toRGBAComponents()
130 |
/Users/admin/builder/spi-builder-workspace/.dependencies/checkouts/DynamicColor/Sources/DynamicColor+HSB.swift:43:46: error: cannot find type 'CGFloat' in scope
41 | - returns: The HSB components as a tuple (h, s, b).
42 | */
43 | public final func toHSBComponents() -> (h: CGFloat, s: CGFloat, b: CGFloat) {
| `- error: cannot find type 'CGFloat' in scope
44 | var h: CGFloat = 0.0
45 | var s: CGFloat = 0.0
/Users/admin/builder/spi-builder-workspace/.dependencies/checkouts/DynamicColor/Sources/DynamicColor+HSB.swift:43:58: error: cannot find type 'CGFloat' in scope
41 | - returns: The HSB components as a tuple (h, s, b).
42 | */
43 | public final func toHSBComponents() -> (h: CGFloat, s: CGFloat, b: CGFloat) {
| `- error: cannot find type 'CGFloat' in scope
44 | var h: CGFloat = 0.0
45 | var s: CGFloat = 0.0
/Users/admin/builder/spi-builder-workspace/.dependencies/checkouts/DynamicColor/Sources/DynamicColor+HSB.swift:43:70: error: cannot find type 'CGFloat' in scope
41 | - returns: The HSB components as a tuple (h, s, b).
42 | */
43 | public final func toHSBComponents() -> (h: CGFloat, s: CGFloat, b: CGFloat) {
| `- error: cannot find type 'CGFloat' in scope
44 | var h: CGFloat = 0.0
45 | var s: CGFloat = 0.0
SwiftCompile normal arm64 /Users/admin/builder/spi-builder-workspace/.dependencies/checkouts/DynamicColor/Sources/DynamicColor+Deriving.swift (in target 'DynamicColor' from project 'DynamicColor')
cd /Users/admin/builder/spi-builder-workspace/.swiftpm/xcode
builtin-SwiftPerFileCompile DynamicColor+Deriving.swift
SwiftCompile normal arm64 /Users/admin/builder/spi-builder-workspace/.dependencies/checkouts/DynamicColor/Sources/DynamicColor+HSB.swift (in target 'DynamicColor' from project 'DynamicColor')
cd /Users/admin/builder/spi-builder-workspace/.swiftpm/xcode
builtin-SwiftPerFileCompile DynamicColor+HSB.swift
SwiftCompile normal arm64 Compiling\ DynamicColor+HSL.swift,\ DynamicColor+Lab.swift /Users/admin/builder/spi-builder-workspace/.dependencies/checkouts/DynamicColor/Sources/DynamicColor+HSL.swift /Users/admin/builder/spi-builder-workspace/.dependencies/checkouts/DynamicColor/Sources/DynamicColor+Lab.swift (in target 'DynamicColor' from project 'DynamicColor')
/Users/admin/builder/spi-builder-workspace/.dependencies/checkouts/DynamicColor/Sources/DynamicColor+HSL.swift:35:11: error: cannot find type 'DynamicColor' in scope
33 | // MARK: HSL Color Space
34 |
35 | extension DynamicColor {
| |- error: cannot find type 'DynamicColor' in scope
| `- note: cannot use module 'DynamicColor' as a type
36 | /**
37 | Initializes and returns a color object using the specified opacity and HSL component values.
/Users/admin/builder/spi-builder-workspace/.dependencies/checkouts/DynamicColor/Sources/DynamicColor+Lab.swift:35:18: error: cannot find type 'DynamicColor' in scope
33 | // MARK: CIE L*a*b* Color Space
34 |
35 | public extension DynamicColor {
| |- error: cannot find type 'DynamicColor' in scope
| `- note: cannot use module 'DynamicColor' as a type
36 | /**
37 | Initializes and returns a color object using CIE XYZ color space component values with an observer at 2° and a D65 illuminant.
/Users/admin/builder/spi-builder-workspace/.dependencies/checkouts/DynamicColor/Sources/DynamicColor+HSL.swift:44:32: error: cannot find type 'CGFloat' in scope
42 | - parameter alpha: The opacity value of the color object, specified as a value from 0.0 to 1.0. Default to 1.0.
43 | */
44 | public convenience init(hue: CGFloat, saturation: CGFloat, lightness: CGFloat, alpha: CGFloat = 1) {
| `- error: cannot find type 'CGFloat' in scope
45 | let color = HSL(hue: hue, saturation: saturation, lightness: lightness, alpha: alpha).toDynamicColor()
46 | let components = color.toRGBAComponents()
/Users/admin/builder/spi-builder-workspace/.dependencies/checkouts/DynamicColor/Sources/DynamicColor+HSL.swift:44:53: error: cannot find type 'CGFloat' in scope
42 | - parameter alpha: The opacity value of the color object, specified as a value from 0.0 to 1.0. Default to 1.0.
43 | */
44 | public convenience init(hue: CGFloat, saturation: CGFloat, lightness: CGFloat, alpha: CGFloat = 1) {
| `- error: cannot find type 'CGFloat' in scope
45 | let color = HSL(hue: hue, saturation: saturation, lightness: lightness, alpha: alpha).toDynamicColor()
46 | let components = color.toRGBAComponents()
/Users/admin/builder/spi-builder-workspace/.dependencies/checkouts/DynamicColor/Sources/DynamicColor+HSL.swift:44:73: error: cannot find type 'CGFloat' in scope
42 | - parameter alpha: The opacity value of the color object, specified as a value from 0.0 to 1.0. Default to 1.0.
43 | */
44 | public convenience init(hue: CGFloat, saturation: CGFloat, lightness: CGFloat, alpha: CGFloat = 1) {
| `- error: cannot find type 'CGFloat' in scope
45 | let color = HSL(hue: hue, saturation: saturation, lightness: lightness, alpha: alpha).toDynamicColor()
46 | let components = color.toRGBAComponents()
/Users/admin/builder/spi-builder-workspace/.dependencies/checkouts/DynamicColor/Sources/DynamicColor+HSL.swift:44:89: error: cannot find type 'CGFloat' in scope
42 | - parameter alpha: The opacity value of the color object, specified as a value from 0.0 to 1.0. Default to 1.0.
43 | */
44 | public convenience init(hue: CGFloat, saturation: CGFloat, lightness: CGFloat, alpha: CGFloat = 1) {
| `- error: cannot find type 'CGFloat' in scope
45 | let color = HSL(hue: hue, saturation: saturation, lightness: lightness, alpha: alpha).toDynamicColor()
46 | let components = color.toRGBAComponents()
/Users/admin/builder/spi-builder-workspace/.dependencies/checkouts/DynamicColor/Sources/DynamicColor+HSL.swift:60:46: error: cannot find type 'CGFloat' in scope
58 | - returns: The HSL components as a tuple (h, s, l).
59 | */
60 | public final func toHSLComponents() -> (h: CGFloat, s: CGFloat, l: CGFloat) {
| `- error: cannot find type 'CGFloat' in scope
61 | let hsl = HSL(color: self)
62 |
/Users/admin/builder/spi-builder-workspace/.dependencies/checkouts/DynamicColor/Sources/DynamicColor+HSL.swift:60:58: error: cannot find type 'CGFloat' in scope
58 | - returns: The HSL components as a tuple (h, s, l).
59 | */
60 | public final func toHSLComponents() -> (h: CGFloat, s: CGFloat, l: CGFloat) {
| `- error: cannot find type 'CGFloat' in scope
61 | let hsl = HSL(color: self)
62 |
/Users/admin/builder/spi-builder-workspace/.dependencies/checkouts/DynamicColor/Sources/DynamicColor+HSL.swift:60:70: error: cannot find type 'CGFloat' in scope
58 | - returns: The HSL components as a tuple (h, s, l).
59 | */
60 | public final func toHSLComponents() -> (h: CGFloat, s: CGFloat, l: CGFloat) {
| `- error: cannot find type 'CGFloat' in scope
61 | let hsl = HSL(color: self)
62 |
/Users/admin/builder/spi-builder-workspace/.dependencies/checkouts/DynamicColor/Sources/DynamicColor+Lab.swift:46:23: error: cannot find type 'CGFloat' in scope
44 | - parameter alpha: The opacity value of the color object, specified as a value from 0.0 to 1.0. Default to 1.0.
45 | */
46 | convenience init(L: CGFloat, a: CGFloat, b: CGFloat, alpha: CGFloat = 1) {
| `- error: cannot find type 'CGFloat' in scope
47 | let clippedL = clip(L, 0.0, 100.0)
48 | let clippedA = clip(a, -128.0, 127.0)
/Users/admin/builder/spi-builder-workspace/.dependencies/checkouts/DynamicColor/Sources/DynamicColor+Lab.swift:46:35: error: cannot find type 'CGFloat' in scope
44 | - parameter alpha: The opacity value of the color object, specified as a value from 0.0 to 1.0. Default to 1.0.
45 | */
46 | convenience init(L: CGFloat, a: CGFloat, b: CGFloat, alpha: CGFloat = 1) {
| `- error: cannot find type 'CGFloat' in scope
47 | let clippedL = clip(L, 0.0, 100.0)
48 | let clippedA = clip(a, -128.0, 127.0)
/Users/admin/builder/spi-builder-workspace/.dependencies/checkouts/DynamicColor/Sources/DynamicColor+Lab.swift:46:47: error: cannot find type 'CGFloat' in scope
44 | - parameter alpha: The opacity value of the color object, specified as a value from 0.0 to 1.0. Default to 1.0.
45 | */
46 | convenience init(L: CGFloat, a: CGFloat, b: CGFloat, alpha: CGFloat = 1) {
| `- error: cannot find type 'CGFloat' in scope
47 | let clippedL = clip(L, 0.0, 100.0)
48 | let clippedA = clip(a, -128.0, 127.0)
/Users/admin/builder/spi-builder-workspace/.dependencies/checkouts/DynamicColor/Sources/DynamicColor+Lab.swift:46:63: error: cannot find type 'CGFloat' in scope
44 | - parameter alpha: The opacity value of the color object, specified as a value from 0.0 to 1.0. Default to 1.0.
45 | */
46 | convenience init(L: CGFloat, a: CGFloat, b: CGFloat, alpha: CGFloat = 1) {
| `- error: cannot find type 'CGFloat' in scope
47 | let clippedL = clip(L, 0.0, 100.0)
48 | let clippedA = clip(a, -128.0, 127.0)
/Users/admin/builder/spi-builder-workspace/.dependencies/checkouts/DynamicColor/Sources/DynamicColor+Lab.swift:76:39: error: cannot find type 'CGFloat' in scope
74 | - returns: The L*a*b* components as a tuple (L, a, b).
75 | */
76 | final func toLabComponents() -> (L: CGFloat, a: CGFloat, b: CGFloat) {
| `- error: cannot find type 'CGFloat' in scope
77 | let normalized = { (c: CGFloat) -> CGFloat in
78 | c > 0.008856 ? pow(c, 1.0 / 3.0) : (7.787 * c) + (16.0 / 116.0)
/Users/admin/builder/spi-builder-workspace/.dependencies/checkouts/DynamicColor/Sources/DynamicColor+Lab.swift:76:51: error: cannot find type 'CGFloat' in scope
74 | - returns: The L*a*b* components as a tuple (L, a, b).
75 | */
76 | final func toLabComponents() -> (L: CGFloat, a: CGFloat, b: CGFloat) {
| `- error: cannot find type 'CGFloat' in scope
77 | let normalized = { (c: CGFloat) -> CGFloat in
78 | c > 0.008856 ? pow(c, 1.0 / 3.0) : (7.787 * c) + (16.0 / 116.0)
/Users/admin/builder/spi-builder-workspace/.dependencies/checkouts/DynamicColor/Sources/DynamicColor+Lab.swift:76:63: error: cannot find type 'CGFloat' in scope
74 | - returns: The L*a*b* components as a tuple (L, a, b).
75 | */
76 | final func toLabComponents() -> (L: CGFloat, a: CGFloat, b: CGFloat) {
| `- error: cannot find type 'CGFloat' in scope
77 | let normalized = { (c: CGFloat) -> CGFloat in
78 | c > 0.008856 ? pow(c, 1.0 / 3.0) : (7.787 * c) + (16.0 / 116.0)
Failed frontend command:
/Applications/Xcode-27.0.0-Release.Candidate.app/Contents/Developer/Toolchains/XcodeDefault.xctoolchain/usr/bin/swift-frontend -frontend -c /Users/admin/builder/spi-builder-workspace/.dependencies/checkouts/DynamicColor/Sources/Array.swift /Users/admin/builder/spi-builder-workspace/.dependencies/checkouts/DynamicColor/Sources/ContrastDisplayContext.swift /Users/admin/builder/spi-builder-workspace/.dependencies/checkouts/DynamicColor/Sources/DynamicColor+Deriving.swift /Users/admin/builder/spi-builder-workspace/.dependencies/checkouts/DynamicColor/Sources/DynamicColor+HSB.swift -primary-file /Users/admin/builder/spi-builder-workspace/.dependencies/checkouts/DynamicColor/Sources/DynamicColor+HSL.swift -primary-file /Users/admin/builder/spi-builder-workspace/.dependencies/checkouts/DynamicColor/Sources/DynamicColor+Lab.swift /Users/admin/builder/spi-builder-workspace/.dependencies/checkouts/DynamicColor/Sources/DynamicColor+Mixing.swift /Users/admin/builder/spi-builder-workspace/.dependencies/checkouts/DynamicColor/Sources/DynamicColor+RGBA.swift /Users/admin/builder/spi-builder-workspace/.dependencies/checkouts/DynamicColor/Sources/DynamicColor+XYZ.swift /Users/admin/builder/spi-builder-workspace/.dependencies/checkouts/DynamicColor/Sources/DynamicColor.swift /Users/admin/builder/spi-builder-workspace/.dependencies/checkouts/DynamicColor/Sources/DynamicColorSpace.swift /Users/admin/builder/spi-builder-workspace/.dependencies/checkouts/DynamicColor/Sources/DynamicGradient.swift /Users/admin/builder/spi-builder-workspace/.dependencies/checkouts/DynamicColor/Sources/HSL.swift /Users/admin/builder/spi-builder-workspace/.dependencies/checkouts/DynamicColor/Sources/SwiftUIColor.swift /Users/admin/builder/spi-builder-workspace/.dependencies/checkouts/DynamicColor/Sources/Utils.swift -emit-dependencies-path /Users/admin/builder/spi-builder-workspace/.derivedData/Build/Intermediates.noindex/DynamicColor.build/Debug-xros/DynamicColor-t.build/Objects-normal/arm64/DynamicColor+HSL.d -emit-const-values-path /Users/admin/builder/spi-builder-workspace/.derivedData/Build/Intermediates.noindex/DynamicColor.build/Debug-xros/DynamicColor-t.build/Objects-normal/arm64/DynamicColor+HSL.swiftconstvalues -emit-reference-dependencies-path /Users/admin/builder/spi-builder-workspace/.derivedData/Build/Intermediates.noindex/DynamicColor.build/Debug-xros/DynamicColor-t.build/Objects-normal/arm64/DynamicColor+HSL.swiftdeps -serialize-diagnostics-path /Users/admin/builder/spi-builder-workspace/.derivedData/Build/Intermediates.noindex/DynamicColor.build/Debug-xros/DynamicColor-t.build/Objects-normal/arm64/DynamicColor+HSL.dia -emit-dependencies-path /Users/admin/builder/spi-builder-workspace/.derivedData/Build/Intermediates.noindex/DynamicColor.build/Debug-xros/DynamicColor-t.build/Objects-normal/arm64/DynamicColor+Lab.d -emit-const-values-path /Users/admin/builder/spi-builder-workspace/.derivedData/Build/Intermediates.noindex/DynamicColor.build/Debug-xros/DynamicColor-t.build/Objects-normal/arm64/DynamicColor+Lab.swiftconstvalues -emit-reference-dependencies-path /Users/admin/builder/spi-builder-workspace/.derivedData/Build/Intermediates.noindex/DynamicColor.build/Debug-xros/DynamicColor-t.build/Objects-normal/arm64/DynamicColor+Lab.swiftdeps -serialize-diagnostics-path /Users/admin/builder/spi-builder-workspace/.derivedData/Build/Intermediates.noindex/DynamicColor.build/Debug-xros/DynamicColor-t.build/Objects-normal/arm64/DynamicColor+Lab.dia -target arm64-apple-xros1.0 -disable-cross-import-overlay-search -load-resolved-plugin /Applications/Xcode-27.0.0-Release.Candidate.app/Contents/Developer/Platforms/XROS.platform/Developer/usr/lib/swift/host/plugins/libFoundationMacros.dylib\#/Applications/Xcode-27.0.0-Release.Candidate.app/Contents/Developer/Platforms/XROS.platform/Developer/usr/bin/swift-plugin-server\#FoundationMacros -load-resolved-plugin /Applications/Xcode-27.0.0-Release.Candidate.app/Contents/Developer/Platforms/XROS.platform/Developer/usr/lib/swift/host/plugins/libObservationMacros.dylib\#/Applications/Xcode-27.0.0-Release.Candidate.app/Contents/Developer/Platforms/XROS.platform/Developer/usr/bin/swift-plugin-server\#ObservationMacros -load-resolved-plugin /Applications/Xcode-27.0.0-Release.Candidate.app/Contents/Developer/Platforms/XROS.platform/Developer/usr/lib/swift/host/plugins/libPreviewsMacros.dylib\#/Applications/Xcode-27.0.0-Release.Candidate.app/Contents/Developer/Platforms/XROS.platform/Developer/usr/bin/swift-plugin-server\#PreviewsMacros -load-resolved-plugin /Applications/Xcode-27.0.0-Release.Candidate.app/Contents/Developer/Platforms/XROS.platform/Developer/usr/lib/swift/host/plugins/libSwiftMacros.dylib\#/Applications/Xcode-27.0.0-Release.Candidate.app/Contents/Developer/Platforms/XROS.platform/Developer/usr/bin/swift-plugin-server\#SwiftMacros -load-resolved-plugin /Applications/Xcode-27.0.0-Release.Candidate.app/Contents/Developer/Platforms/XROS.platform/Developer/usr/lib/swift/host/plugins/libSwiftUIMacros.dylib\#/Applications/Xcode-27.0.0-Release.Candidate.app/Contents/Developer/Platforms/XROS.platform/Developer/usr/bin/swift-plugin-server\#SwiftUIMacros -disable-implicit-swift-modules -Xcc -fno-implicit-modules -Xcc -fno-implicit-module-maps -explicit-swift-module-map-file /Users/admin/builder/spi-builder-workspace/.derivedData/Build/Intermediates.noindex/DynamicColor.build/Debug-xros/DynamicColor-t.build/Objects-normal/arm64/DynamicColor-dependencies-1.json -Xllvm -aarch64-use-tbi -enable-objc-interop -stack-check -sdk /Applications/Xcode-27.0.0-Release.Candidate.app/Contents/Developer/Platforms/XROS.platform/Developer/SDKs/XROS27.0.sdk -I /Users/admin/builder/spi-builder-workspace/.derivedData/Build/Products/Debug-xros -Isystem /Applications/Xcode-27.0.0-Release.Candidate.app/Contents/Developer/Platforms/XROS.platform/Developer/usr/lib -F /Users/admin/builder/spi-builder-workspace/.derivedData/Build/Products/Debug-xros -F /Applications/Xcode-27.0.0-Release.Candidate.app/Contents/Developer/Platforms/XROS.platform/Developer/Library/Frameworks -F /Applications/Xcode-27.0.0-Release.Candidate.app/Contents/Developer/Platforms/XROS.platform/Developer/SDKs/XROS27.0.sdk/Developer/Library/Frameworks -module-cache-path /Users/admin/builder/spi-builder-workspace/.derivedData/Build/Intermediates.noindex/SwiftExplicitPrecompiledModules -no-color-diagnostics -Xcc -fno-color-diagnostics -enable-testing -g -debug-info-format\=dwarf -dwarf-version\=4 -suppress-warnings -profile-generate -profile-coverage-mapping -swift-version 5 -Onone -D SWIFT_PACKAGE -D DEBUG -D SWIFT_MODULE_RESOURCE_BUNDLE_UNAVAILABLE -D Xcode -serialize-debugging-options -enable-experimental-feature DebugDescriptionMacro -empty-abi-descriptor -validate-clang-modules-once -clang-build-session-file /Users/admin/builder/spi-builder-workspace/.derivedData/ModuleCache.noindex/Session.modulevalidation -Xcc -working-directory -Xcc /Users/admin/builder/spi-builder-workspace/.swiftpm/xcode -enable-anonymous-context-mangled-names -file-compilation-dir /Users/admin/builder/spi-builder-workspace/.swiftpm/xcode -Xcc -D_LIBCPP_HARDENING_MODE\=_LIBCPP_HARDENING_MODE_DEBUG -Xcc -ivfsstatcache -Xcc /Users/admin/builder/spi-builder-workspace/.derivedData/SDKStatCaches.noindex/xros27.0-24M361-e829b21a6f8c9b70876ba0858053c044735bd543db762f57723cac368afd1ce4.sdkstatcache -Xcc -fmodules-prune-interval\=86400 -Xcc -fmodules-prune-after\=345600 -Xcc -I/Users/admin/builder/spi-builder-workspace/.derivedData/Build/Products/Debug-xros/include -Xcc -I/Users/admin/builder/spi-builder-workspace/.derivedData/Build/Intermediates.noindex/DynamicColor.build/Debug-xros/DynamicColor-t.build/DerivedSources-normal/arm64 -Xcc -I/Users/admin/builder/spi-builder-workspace/.derivedData/Build/Intermediates.noindex/DynamicColor.build/Debug-xros/DynamicColor-t.build/DerivedSources/arm64 -Xcc -I/Users/admin/builder/spi-builder-workspace/.derivedData/Build/Intermediates.noindex/DynamicColor.build/Debug-xros/DynamicColor-t.build/DerivedSources -Xcc -DSWIFT_PACKAGE -Xcc -DDEBUG\=1 -no-auto-bridging-header-chaining -module-name DynamicColor -const-gather-protocols-file /Users/admin/builder/spi-builder-workspace/.derivedData/Build/Intermediates.noindex/DynamicColor.build/Debug-xros/DynamicColor-t.build/Objects-normal/arm64/DynamicColor_const_extract_protocols.json -disable-clang-spi -clang-target arm64-apple-xros27.0 -target-sdk-version 27.0 -target-sdk-name xros27.0 -in-process-plugin-server-path /Applications/Xcode-27.0.0-Release.Candidate.app/Contents/Developer/Toolchains/XcodeDefault.xctoolchain/usr/lib/swift/host/libSwiftInProcPluginServer.dylib -parse-as-library -o /Users/admin/builder/spi-builder-workspace/.derivedData/Build/Intermediates.noindex/DynamicColor.build/Debug-xros/DynamicColor-t.build/Objects-normal/arm64/DynamicColor+HSL.o -o /Users/admin/builder/spi-builder-workspace/.derivedData/Build/Intermediates.noindex/DynamicColor.build/Debug-xros/DynamicColor-t.build/Objects-normal/arm64/DynamicColor+Lab.o -debug-module-path /Users/admin/builder/spi-builder-workspace/.derivedData/Build/Intermediates.noindex/DynamicColor.build/Debug-xros/DynamicColor-t.build/Objects-normal/arm64/DynamicColor.swiftmodule -index-unit-output-path /DynamicColor.build/Debug-xros/DynamicColor-t.build/Objects-normal/arm64/DynamicColor+HSL.o -index-unit-output-path /DynamicColor.build/Debug-xros/DynamicColor-t.build/Objects-normal/arm64/DynamicColor+Lab.o -index-store-path /Users/admin/builder/spi-builder-workspace/.derivedData/Index.noindex/DataStore -index-system-modules
SwiftCompile normal arm64 /Users/admin/builder/spi-builder-workspace/.dependencies/checkouts/DynamicColor/Sources/DynamicColor+HSL.swift (in target 'DynamicColor' from project 'DynamicColor')
cd /Users/admin/builder/spi-builder-workspace/.swiftpm/xcode
builtin-SwiftPerFileCompile DynamicColor+HSL.swift
SwiftCompile normal arm64 /Users/admin/builder/spi-builder-workspace/.dependencies/checkouts/DynamicColor/Sources/DynamicColor+Lab.swift (in target 'DynamicColor' from project 'DynamicColor')
cd /Users/admin/builder/spi-builder-workspace/.swiftpm/xcode
builtin-SwiftPerFileCompile DynamicColor+Lab.swift
SwiftCompile normal arm64 Compiling\ DynamicColorSpace.swift /Users/admin/builder/spi-builder-workspace/.dependencies/checkouts/DynamicColor/Sources/DynamicColorSpace.swift (in target 'DynamicColor' from project 'DynamicColor')
SwiftCompile normal arm64 /Users/admin/builder/spi-builder-workspace/.dependencies/checkouts/DynamicColor/Sources/DynamicColorSpace.swift (in target 'DynamicColor' from project 'DynamicColor')
cd /Users/admin/builder/spi-builder-workspace/.swiftpm/xcode
builtin-SwiftPerFileCompile DynamicColorSpace.swift
SwiftCompile normal arm64 Compiling\ DynamicColor+XYZ.swift,\ DynamicColor.swift /Users/admin/builder/spi-builder-workspace/.dependencies/checkouts/DynamicColor/Sources/DynamicColor+XYZ.swift /Users/admin/builder/spi-builder-workspace/.dependencies/checkouts/DynamicColor/Sources/DynamicColor.swift (in target 'DynamicColor' from project 'DynamicColor')
/Users/admin/builder/spi-builder-workspace/.dependencies/checkouts/DynamicColor/Sources/DynamicColor+XYZ.swift:35:18: error: cannot find type 'DynamicColor' in scope
33 | // MARK: CIE XYZ Color Space
34 |
35 | public extension DynamicColor {
| |- error: cannot find type 'DynamicColor' in scope
| `- note: cannot use module 'DynamicColor' as a type
36 | /**
37 | Initializes and returns a color object using CIE XYZ color space component values with an observer at 2° and a D65 illuminant.
/Users/admin/builder/spi-builder-workspace/.dependencies/checkouts/DynamicColor/Sources/DynamicColor.swift:47:18: error: cannot find type 'DynamicColor' in scope
45 | #endif
46 |
47 | public extension DynamicColor {
| |- error: cannot find type 'DynamicColor' in scope
| `- note: cannot use module 'DynamicColor' as a type
48 | // MARK: - Manipulating Hexa-decimal Values and Strings
49 |
/Users/admin/builder/spi-builder-workspace/.dependencies/checkouts/DynamicColor/Sources/DynamicColor+XYZ.swift:46:23: error: cannot find type 'CGFloat' in scope
44 | - parameter alpha: The opacity value of the color object, specified as a value from 0.0 to 1.0. Default to 1.0.
45 | */
46 | convenience init(X: CGFloat, Y: CGFloat, Z: CGFloat, alpha: CGFloat = 1) {
| `- error: cannot find type 'CGFloat' in scope
47 | let clippedX = clip(X, 0.0, 95.05) / 100.0
48 | let clippedY = clip(Y, 0.0, 100) / 100.0
/Users/admin/builder/spi-builder-workspace/.dependencies/checkouts/DynamicColor/Sources/DynamicColor+XYZ.swift:46:35: error: cannot find type 'CGFloat' in scope
44 | - parameter alpha: The opacity value of the color object, specified as a value from 0.0 to 1.0. Default to 1.0.
45 | */
46 | convenience init(X: CGFloat, Y: CGFloat, Z: CGFloat, alpha: CGFloat = 1) {
| `- error: cannot find type 'CGFloat' in scope
47 | let clippedX = clip(X, 0.0, 95.05) / 100.0
48 | let clippedY = clip(Y, 0.0, 100) / 100.0
/Users/admin/builder/spi-builder-workspace/.dependencies/checkouts/DynamicColor/Sources/DynamicColor+XYZ.swift:46:47: error: cannot find type 'CGFloat' in scope
44 | - parameter alpha: The opacity value of the color object, specified as a value from 0.0 to 1.0. Default to 1.0.
45 | */
46 | convenience init(X: CGFloat, Y: CGFloat, Z: CGFloat, alpha: CGFloat = 1) {
| `- error: cannot find type 'CGFloat' in scope
47 | let clippedX = clip(X, 0.0, 95.05) / 100.0
48 | let clippedY = clip(Y, 0.0, 100) / 100.0
/Users/admin/builder/spi-builder-workspace/.dependencies/checkouts/DynamicColor/Sources/DynamicColor+XYZ.swift:46:63: error: cannot find type 'CGFloat' in scope
44 | - parameter alpha: The opacity value of the color object, specified as a value from 0.0 to 1.0. Default to 1.0.
45 | */
46 | convenience init(X: CGFloat, Y: CGFloat, Z: CGFloat, alpha: CGFloat = 1) {
| `- error: cannot find type 'CGFloat' in scope
47 | let clippedX = clip(X, 0.0, 95.05) / 100.0
48 | let clippedY = clip(Y, 0.0, 100) / 100.0
/Users/admin/builder/spi-builder-workspace/.dependencies/checkouts/DynamicColor/Sources/DynamicColor+XYZ.swift:73:39: error: cannot find type 'CGFloat' in scope
71 | - returns: The XYZ components as a tuple (X, Y, Z).
72 | */
73 | final func toXYZComponents() -> (X: CGFloat, Y: CGFloat, Z: CGFloat) {
| `- error: cannot find type 'CGFloat' in scope
74 | let toSRGB = { (c: CGFloat) -> CGFloat in
75 | c > 0.04045 ? pow((c + 0.055) / 1.055, 2.4) : c / 12.92
/Users/admin/builder/spi-builder-workspace/.dependencies/checkouts/DynamicColor/Sources/DynamicColor+XYZ.swift:73:51: error: cannot find type 'CGFloat' in scope
71 | - returns: The XYZ components as a tuple (X, Y, Z).
72 | */
73 | final func toXYZComponents() -> (X: CGFloat, Y: CGFloat, Z: CGFloat) {
| `- error: cannot find type 'CGFloat' in scope
74 | let toSRGB = { (c: CGFloat) -> CGFloat in
75 | c > 0.04045 ? pow((c + 0.055) / 1.055, 2.4) : c / 12.92
/Users/admin/builder/spi-builder-workspace/.dependencies/checkouts/DynamicColor/Sources/DynamicColor+XYZ.swift:73:63: error: cannot find type 'CGFloat' in scope
71 | - returns: The XYZ components as a tuple (X, Y, Z).
72 | */
73 | final func toXYZComponents() -> (X: CGFloat, Y: CGFloat, Z: CGFloat) {
| `- error: cannot find type 'CGFloat' in scope
74 | let toSRGB = { (c: CGFloat) -> CGFloat in
75 | c > 0.04045 ? pow((c + 0.055) / 1.055, 2.4) : c / 12.92
/Users/admin/builder/spi-builder-workspace/.dependencies/checkouts/DynamicColor/Sources/DynamicColor.swift:180:18: error: cannot find type 'CGFloat' in scope
178 | We use the formula described by W3C in WCAG 2.0. You can read more here: https://www.w3.org/TR/WCAG20/#relativeluminancedef.
179 | */
180 | var luminance: CGFloat {
| `- error: cannot find type 'CGFloat' in scope
181 | let components = toRGBAComponents()
182 |
/Users/admin/builder/spi-builder-workspace/.dependencies/checkouts/DynamicColor/Sources/DynamicColor.swift:200:56: error: cannot find type 'CGFloat' in scope
198 | - returns: A CGFloat representing contrast value.
199 | */
200 | func contrastRatio(with otherColor: DynamicColor) -> CGFloat {
| `- error: cannot find type 'CGFloat' in scope
201 | let otherLuminance = otherColor.luminance
202 |
/Users/admin/builder/spi-builder-workspace/.dependencies/checkouts/DynamicColor/Sources/DynamicColor.swift:200:39: error: cannot find type 'DynamicColor' in scope
198 | - returns: A CGFloat representing contrast value.
199 | */
200 | func contrastRatio(with otherColor: DynamicColor) -> CGFloat {
| |- error: cannot find type 'DynamicColor' in scope
| `- note: cannot use module 'DynamicColor' as a type
201 | let otherLuminance = otherColor.luminance
202 |
/Users/admin/builder/spi-builder-workspace/.dependencies/checkouts/DynamicColor/Sources/DynamicColor.swift:223:39: error: cannot find type 'DynamicColor' in scope
221 | - returns: true is the contrast ratio between 2 colors exceed the minimum acceptable ratio.
222 | */
223 | func isContrasting(with otherColor: DynamicColor, inContext context: ContrastDisplayContext = .standard) -> Bool {
| |- error: cannot find type 'DynamicColor' in scope
| `- note: cannot use module 'DynamicColor' as a type
224 | return self.contrastRatio(with: otherColor) > context.minimumContrastRatio
225 | }
/Users/admin/builder/spi-builder-workspace/.dependencies/checkouts/DynamicColor/Sources/DynamicColor.swift:223:72: error: cannot find type 'ContrastDisplayContext' in scope
221 | - returns: true is the contrast ratio between 2 colors exceed the minimum acceptable ratio.
222 | */
223 | func isContrasting(with otherColor: DynamicColor, inContext context: ContrastDisplayContext = .standard) -> Bool {
| `- error: cannot find type 'ContrastDisplayContext' in scope
224 | return self.contrastRatio(with: otherColor) > context.minimumContrastRatio
225 | }
SwiftCompile normal arm64 /Users/admin/builder/spi-builder-workspace/.dependencies/checkouts/DynamicColor/Sources/DynamicColor+XYZ.swift (in target 'DynamicColor' from project 'DynamicColor')
cd /Users/admin/builder/spi-builder-workspace/.swiftpm/xcode
builtin-SwiftPerFileCompile DynamicColor+XYZ.swift
SwiftCompile normal arm64 /Users/admin/builder/spi-builder-workspace/.dependencies/checkouts/DynamicColor/Sources/DynamicColor.swift (in target 'DynamicColor' from project 'DynamicColor')
cd /Users/admin/builder/spi-builder-workspace/.swiftpm/xcode
builtin-SwiftPerFileCompile DynamicColor.swift
SwiftCompile normal arm64 Compiling\ DynamicGradient.swift /Users/admin/builder/spi-builder-workspace/.dependencies/checkouts/DynamicColor/Sources/DynamicGradient.swift (in target 'DynamicColor' from project 'DynamicColor')
/Users/admin/builder/spi-builder-workspace/.dependencies/checkouts/DynamicColor/Sources/DynamicGradient.swift:37:16: error: cannot find type 'DynamicColor' in scope
35 | */
36 | final public class DynamicGradient {
37 | let colors: [DynamicColor]
| |- error: cannot find type 'DynamicColor' in scope
| `- note: cannot use module 'DynamicColor' as a type
38 |
39 | /**
/Users/admin/builder/spi-builder-workspace/.dependencies/checkouts/DynamicColor/Sources/DynamicGradient.swift:44:24: error: cannot find type 'DynamicColor' in scope
42 | - Parameter colors: An array of colors.
43 | */
44 | public init(colors: [DynamicColor]) {
| |- error: cannot find type 'DynamicColor' in scope
| `- note: cannot use module 'DynamicColor' as a type
45 | self.colors = colors
46 | }
/Users/admin/builder/spi-builder-workspace/.dependencies/checkouts/DynamicColor/Sources/DynamicGradient.swift:55:101: error: cannot find type 'DynamicColor' in scope
53 | - Returns: An array of DynamicColor objects with equi-distant space in the gradient.
54 | */
55 | public func colorPalette(amount: UInt = 2, inColorSpace colorspace: DynamicColorSpace = .rgb) -> [DynamicColor] {
| |- error: cannot find type 'DynamicColor' in scope
| `- note: cannot use module 'DynamicColor' as a type
56 | guard amount > 0 && colors.count > 0 else {
57 | return []
/Users/admin/builder/spi-builder-workspace/.dependencies/checkouts/DynamicColor/Sources/DynamicGradient.swift:78:97: error: cannot find type 'DynamicColor' in scope
76 | - Returns: A DynamicColor object corresponding to the color at the given scale.
77 | */
78 | public func pickColorAt(scale: CGFloat, inColorSpace colorspace: DynamicColorSpace = .rgb) -> DynamicColor {
| |- error: cannot find type 'DynamicColor' in scope
| `- note: cannot use module 'DynamicColor' as a type
79 | guard colors.count > 1 else {
80 | return colors.first ?? .black
SwiftCompile normal arm64 /Users/admin/builder/spi-builder-workspace/.dependencies/checkouts/DynamicColor/Sources/DynamicGradient.swift (in target 'DynamicColor' from project 'DynamicColor')
cd /Users/admin/builder/spi-builder-workspace/.swiftpm/xcode
builtin-SwiftPerFileCompile DynamicGradient.swift
SwiftCompile normal arm64 Compiling\ SwiftUIColor.swift /Users/admin/builder/spi-builder-workspace/.dependencies/checkouts/DynamicColor/Sources/SwiftUIColor.swift (in target 'DynamicColor' from project 'DynamicColor')
SwiftCompile normal arm64 /Users/admin/builder/spi-builder-workspace/.dependencies/checkouts/DynamicColor/Sources/SwiftUIColor.swift (in target 'DynamicColor' from project 'DynamicColor')
cd /Users/admin/builder/spi-builder-workspace/.swiftpm/xcode
builtin-SwiftPerFileCompile SwiftUIColor.swift
SwiftCompile normal arm64 Compiling\ Utils.swift /Users/admin/builder/spi-builder-workspace/.dependencies/checkouts/DynamicColor/Sources/Utils.swift (in target 'DynamicColor' from project 'DynamicColor')
/Users/admin/builder/spi-builder-workspace/.dependencies/checkouts/DynamicColor/Sources/Utils.swift:54:49: error: cannot find type 'CGFloat' in scope
52 | - Parameter m: The modulo.
53 | */
54 | internal func moda(_ x: CGFloat, m: CGFloat) -> CGFloat {
| `- error: cannot find type 'CGFloat' in scope
55 | return (x.truncatingRemainder(dividingBy: m) + m).truncatingRemainder(dividingBy: m)
56 | }
/Users/admin/builder/spi-builder-workspace/.dependencies/checkouts/DynamicColor/Sources/Utils.swift:54:25: error: cannot find type 'CGFloat' in scope
52 | - Parameter m: The modulo.
53 | */
54 | internal func moda(_ x: CGFloat, m: CGFloat) -> CGFloat {
| `- error: cannot find type 'CGFloat' in scope
55 | return (x.truncatingRemainder(dividingBy: m) + m).truncatingRemainder(dividingBy: m)
56 | }
/Users/admin/builder/spi-builder-workspace/.dependencies/checkouts/DynamicColor/Sources/Utils.swift:54:37: error: cannot find type 'CGFloat' in scope
52 | - Parameter m: The modulo.
53 | */
54 | internal func moda(_ x: CGFloat, m: CGFloat) -> CGFloat {
| `- error: cannot find type 'CGFloat' in scope
55 | return (x.truncatingRemainder(dividingBy: m) + m).truncatingRemainder(dividingBy: m)
56 | }
/Users/admin/builder/spi-builder-workspace/.dependencies/checkouts/DynamicColor/Sources/Utils.swift:64:75: error: cannot find type 'CGFloat' in scope
62 | - Parameter m: The precision. Default to 10000.
63 | */
64 | internal func roundDecimal(_ x: CGFloat, precision: CGFloat = 10000.0) -> CGFloat {
| `- error: cannot find type 'CGFloat' in scope
65 | return CGFloat(Int(round(x * precision))) / precision
66 | }
/Users/admin/builder/spi-builder-workspace/.dependencies/checkouts/DynamicColor/Sources/Utils.swift:64:33: error: cannot find type 'CGFloat' in scope
62 | - Parameter m: The precision. Default to 10000.
63 | */
64 | internal func roundDecimal(_ x: CGFloat, precision: CGFloat = 10000.0) -> CGFloat {
| `- error: cannot find type 'CGFloat' in scope
65 | return CGFloat(Int(round(x * precision))) / precision
66 | }
/Users/admin/builder/spi-builder-workspace/.dependencies/checkouts/DynamicColor/Sources/Utils.swift:64:53: error: cannot find type 'CGFloat' in scope
62 | - Parameter m: The precision. Default to 10000.
63 | */
64 | internal func roundDecimal(_ x: CGFloat, precision: CGFloat = 10000.0) -> CGFloat {
| `- error: cannot find type 'CGFloat' in scope
65 | return CGFloat(Int(round(x * precision))) / precision
66 | }
SwiftCompile normal arm64 /Users/admin/builder/spi-builder-workspace/.dependencies/checkouts/DynamicColor/Sources/Utils.swift (in target 'DynamicColor' from project 'DynamicColor')
cd /Users/admin/builder/spi-builder-workspace/.swiftpm/xcode
builtin-SwiftPerFileCompile Utils.swift
SwiftEmitModule normal arm64 Emitting\ module\ for\ DynamicColor (in target 'DynamicColor' from project 'DynamicColor')
/Users/admin/builder/spi-builder-workspace/.dependencies/checkouts/DynamicColor/Sources/Array.swift:32:39: error: cannot find type 'DynamicColor' in scope
30 | Convenient extension for color array to work as a DynamicGradient.
31 | */
32 | public extension Array where Element: DynamicColor {
| |- error: cannot find type 'DynamicColor' in scope
| `- note: cannot use module 'DynamicColor' as a type
33 | /**
34 | Gradient representation of the array.
/Users/admin/builder/spi-builder-workspace/.dependencies/checkouts/DynamicColor/Sources/ContrastDisplayContext.swift:17:11: error: cannot find type 'DynamicColor' in scope
15 | #endif
16 |
17 | extension DynamicColor {
| |- error: cannot find type 'DynamicColor' in scope
| `- note: cannot use module 'DynamicColor' as a type
18 | /**
19 | Used to describe the context of display of 2 colors.
/Users/admin/builder/spi-builder-workspace/.dependencies/checkouts/DynamicColor/Sources/DynamicColor+Deriving.swift:35:18: error: cannot find type 'DynamicColor' in scope
33 | // MARK: Deriving Colors
34 |
35 | public extension DynamicColor {
| |- error: cannot find type 'DynamicColor' in scope
| `- note: cannot use module 'DynamicColor' as a type
36 | /**
37 | Creates and returns a color object with the hue rotated along the color wheel by the given amount.
/Users/admin/builder/spi-builder-workspace/.dependencies/checkouts/DynamicColor/Sources/DynamicColor+HSB.swift:35:11: error: cannot find type 'DynamicColor' in scope
33 | // MARK: HSB Color Space
34 |
35 | extension DynamicColor {
| |- error: cannot find type 'DynamicColor' in scope
| `- note: cannot use module 'DynamicColor' as a type
36 | // MARK: - Getting the HSB Components
37 |
/Users/admin/builder/spi-builder-workspace/.dependencies/checkouts/DynamicColor/Sources/DynamicColor+HSL.swift:35:11: error: cannot find type 'DynamicColor' in scope
33 | // MARK: HSL Color Space
34 |
35 | extension DynamicColor {
| |- error: cannot find type 'DynamicColor' in scope
| `- note: cannot use module 'DynamicColor' as a type
36 | /**
37 | Initializes and returns a color object using the specified opacity and HSL component values.
/Users/admin/builder/spi-builder-workspace/.dependencies/checkouts/DynamicColor/Sources/DynamicColor+Lab.swift:35:18: error: cannot find type 'DynamicColor' in scope
33 | // MARK: CIE L*a*b* Color Space
34 |
35 | public extension DynamicColor {
| |- error: cannot find type 'DynamicColor' in scope
| `- note: cannot use module 'DynamicColor' as a type
36 | /**
37 | Initializes and returns a color object using CIE XYZ color space component values with an observer at 2° and a D65 illuminant.
/Users/admin/builder/spi-builder-workspace/.dependencies/checkouts/DynamicColor/Sources/DynamicColor+Mixing.swift:35:18: error: cannot find type 'DynamicColor' in scope
33 | // MARK: Mixing Colors
34 |
35 | public extension DynamicColor {
| |- error: cannot find type 'DynamicColor' in scope
| `- note: cannot use module 'DynamicColor' as a type
36 | /**
37 | Mixes the given color object with the receiver.
/Users/admin/builder/spi-builder-workspace/.dependencies/checkouts/DynamicColor/Sources/DynamicColor+RGBA.swift:35:18: error: cannot find type 'DynamicColor' in scope
33 | // MARK: RGBA Color Space
34 |
35 | public extension DynamicColor {
| |- error: cannot find type 'DynamicColor' in scope
| `- note: cannot use module 'DynamicColor' as a type
36 | /**
37 | Initializes and returns a color object using the specified opacity and RGB component values.
/Users/admin/builder/spi-builder-workspace/.dependencies/checkouts/DynamicColor/Sources/DynamicColor+XYZ.swift:35:18: error: cannot find type 'DynamicColor' in scope
33 | // MARK: CIE XYZ Color Space
34 |
35 | public extension DynamicColor {
| |- error: cannot find type 'DynamicColor' in scope
| `- note: cannot use module 'DynamicColor' as a type
36 | /**
37 | Initializes and returns a color object using CIE XYZ color space component values with an observer at 2° and a D65 illuminant.
SwiftCompile normal arm64 (in target 'DynamicColor' from project 'DynamicColor')
cd /Users/admin/builder/spi-builder-workspace/.swiftpm/xcode
SwiftEmitModule normal arm64 Emitting\ module\ for\ CustomDump (in target 'CustomDump' from project 'swift-custom-dump')
SwiftCompile normal arm64 (in target 'CustomDump' from project 'swift-custom-dump')
cd /Users/admin/builder/spi-builder-workspace/.swiftpm/xcode
PruneExplicitPrecompiledModules /Users/admin/builder/spi-builder-workspace/.derivedData/SDKExplicitPrecompiledModules
PruneExplicitPrecompiledModules /Users/admin/builder/spi-builder-workspace/.derivedData/Build/Intermediates.noindex/SwiftExplicitPrecompiledModules
PruneExplicitPrecompiledModules /Users/admin/builder/spi-builder-workspace/.derivedData/Build/Intermediates.noindex/ExplicitPrecompiledModules
2026-09-18 22:29:50.979 xcodebuild[1464:8066] [MT] IDERunDestination: Supported platforms for the buildables in the current scheme is empty.
** BUILD FAILED **
The following build commands failed:
SwiftCompile normal arm64 Compiling\ Array.swift,\ ContrastDisplayContext.swift /Users/admin/builder/spi-builder-workspace/.dependencies/checkouts/DynamicColor/Sources/Array.swift /Users/admin/builder/spi-builder-workspace/.dependencies/checkouts/DynamicColor/Sources/ContrastDisplayContext.swift (in target 'DynamicColor' from project 'DynamicColor')
SwiftCompile normal arm64 /Users/admin/builder/spi-builder-workspace/.dependencies/checkouts/DynamicColor/Sources/Array.swift (in target 'DynamicColor' from project 'DynamicColor')
SwiftCompile normal arm64 /Users/admin/builder/spi-builder-workspace/.dependencies/checkouts/DynamicColor/Sources/ContrastDisplayContext.swift (in target 'DynamicColor' from project 'DynamicColor')
SwiftCompile normal arm64 Compiling\ DynamicColor+HSL.swift,\ DynamicColor+Lab.swift /Users/admin/builder/spi-builder-workspace/.dependencies/checkouts/DynamicColor/Sources/DynamicColor+HSL.swift /Users/admin/builder/spi-builder-workspace/.dependencies/checkouts/DynamicColor/Sources/DynamicColor+Lab.swift (in target 'DynamicColor' from project 'DynamicColor')
SwiftCompile normal arm64 /Users/admin/builder/spi-builder-workspace/.dependencies/checkouts/DynamicColor/Sources/DynamicColor+HSL.swift (in target 'DynamicColor' from project 'DynamicColor')
SwiftCompile normal arm64 /Users/admin/builder/spi-builder-workspace/.dependencies/checkouts/DynamicColor/Sources/DynamicColor+Lab.swift (in target 'DynamicColor' from project 'DynamicColor')
Building workspace AppDevUtils with scheme AppDevUtils
(7 failures)
BUILD FAILURE 6.4 visionOS