The Swift Package Index logo.Swift Package Index

Build Information

Failed to build PresentView, reference main (d3023e), with Swift 6.1 for watchOS using Xcode 16.3 on 13 Oct 2026 11:19:46 UTC.

Build Command

env DEVELOPER_DIR=/Applications/Xcode-16.3.0.app xcrun xcodebuild -IDEClonedSourcePackagesDirPathOverride=$PWD/.dependencies -skipMacroValidation -skipPackagePluginValidation -derivedDataPath $PWD/.derivedData build -scheme PresentView -destination generic/platform=watchOS

Build Log

========================================
RunAll
========================================
Builder version: 5.1.2
Interrupt handler set up.
========================================
Checkout
========================================
Clone URL: https://github.com/jokerphuongnam/PresentView.git
Reference: main
Initialized empty Git repository in /Users/admin/builder/spi-builder-workspace/.git/
From https://github.com/jokerphuongnam/PresentView
 * branch            main       -> FETCH_HEAD
 * [new branch]      main       -> origin/main
HEAD is now at d3023e0 release: patch
Cloned https://github.com/jokerphuongnam/PresentView.git
Revision (git rev-parse @):
d3023e098f0bd4d9c26387de3759b0333ae1d8fb
SUCCESS checkout https://github.com/jokerphuongnam/PresentView.git at main
========================================
Build
========================================
Selected platform:         watchOS
Swift version:             6.1
Building package at path:  $PWD
https://github.com/jokerphuongnam/PresentView.git
https://github.com/jokerphuongnam/PresentView.git
{
  "dependencies" : [
  ],
  "manifest_display_name" : "PresentView",
  "name" : "PresentView",
  "path" : "/Users/admin/builder/spi-builder-workspace",
  "platforms" : [
    {
      "name" : "ios",
      "version" : "15.0"
    },
    {
      "name" : "macos",
      "version" : "13.0"
    },
    {
      "name" : "maccatalyst",
      "version" : "13.0"
    },
    {
      "name" : "tvos",
      "version" : "16.0"
    }
  ],
  "products" : [
    {
      "name" : "PresentView",
      "targets" : [
        "PresentView"
      ],
      "type" : {
        "library" : [
          "automatic"
        ]
      }
    }
  ],
  "targets" : [
    {
      "c99name" : "PresentViewTests",
      "module_type" : "SwiftTarget",
      "name" : "PresentViewTests",
      "path" : "Tests/PresentViewTests",
      "sources" : [
        "DismissPresentedTests.swift",
        "PresentedStackTests.swift",
        "PresentedStyleTests.swift"
      ],
      "target_dependencies" : [
        "PresentView"
      ],
      "type" : "test"
    },
    {
      "c99name" : "PresentView",
      "module_type" : "SwiftTarget",
      "name" : "PresentView",
      "path" : "Sources/PresentView",
      "product_memberships" : [
        "PresentView"
      ],
      "sources" : [
        "Array+Presented.swift",
        "DismissPresentedAction.swift",
        "NodeView.swift",
        "PresentView.swift",
        "Presented.swift",
        "PresentedViewModifier.swift",
        "TransparentBackground.swift",
        "View+Utils.swift"
      ],
      "type" : "library"
    }
  ],
  "tools_version" : "5.9"
}
Command line invocation:
    /Applications/Xcode-16.3.0.app/Contents/Developer/usr/bin/xcodebuild -IDEClonedSourcePackagesDirPathOverride=/Users/admin/builder/spi-builder-workspace/.dependencies -resolvePackageDependencies
Resolve Package Graph
Resolve Package Graph
Resolved source packages:
  PresentView: /Users/admin/builder/spi-builder-workspace
resolved source packages: PresentView
{
  "dependencies" : [
  ],
  "manifest_display_name" : "PresentView",
  "name" : "PresentView",
  "path" : "/Users/admin/builder/spi-builder-workspace",
  "platforms" : [
    {
      "name" : "ios",
      "version" : "15.0"
    },
    {
      "name" : "macos",
      "version" : "13.0"
    },
    {
      "name" : "maccatalyst",
      "version" : "13.0"
    },
    {
      "name" : "tvos",
      "version" : "16.0"
    }
  ],
  "products" : [
    {
      "name" : "PresentView",
      "targets" : [
        "PresentView"
      ],
      "type" : {
        "library" : [
          "automatic"
        ]
      }
    }
  ],
  "targets" : [
    {
      "c99name" : "PresentViewTests",
      "module_type" : "SwiftTarget",
      "name" : "PresentViewTests",
      "path" : "Tests/PresentViewTests",
      "sources" : [
        "DismissPresentedTests.swift",
        "PresentedStackTests.swift",
        "PresentedStyleTests.swift"
      ],
      "target_dependencies" : [
        "PresentView"
      ],
      "type" : "test"
    },
    {
      "c99name" : "PresentView",
      "module_type" : "SwiftTarget",
      "name" : "PresentView",
      "path" : "Sources/PresentView",
      "product_memberships" : [
        "PresentView"
      ],
      "sources" : [
        "Array+Presented.swift",
        "DismissPresentedAction.swift",
        "NodeView.swift",
        "PresentView.swift",
        "Presented.swift",
        "PresentedViewModifier.swift",
        "TransparentBackground.swift",
        "View+Utils.swift"
      ],
      "type" : "library"
    }
  ],
  "tools_version" : "5.9"
}
{
  "workspace" : {
    "name" : "spi-builder-workspace",
    "schemes" : [
      "PresentView"
    ]
  }
}
Running build ...
env DEVELOPER_DIR=/Applications/Xcode-16.3.0.app xcrun xcodebuild -IDEClonedSourcePackagesDirPathOverride=$PWD/.dependencies -skipMacroValidation -skipPackagePluginValidation -derivedDataPath $PWD/.derivedData build -scheme PresentView -destination generic/platform=watchOS OTHER_SWIFT_FLAGS=-stats-output-dir .stats -strict-concurrency=complete -enable-upcoming-feature StrictConcurrency -enable-upcoming-feature DisableOutwardActorInference -enable-upcoming-feature GlobalActorIsolatedTypesUsability -enable-upcoming-feature InferSendableFromCaptures
Command line invocation:
    /Applications/Xcode-16.3.0.app/Contents/Developer/usr/bin/xcodebuild -IDEClonedSourcePackagesDirPathOverride=/Users/admin/builder/spi-builder-workspace/.dependencies -skipMacroValidation -skipPackagePluginValidation -derivedDataPath /Users/admin/builder/spi-builder-workspace/.derivedData build -scheme PresentView -destination generic/platform=watchOS "OTHER_SWIFT_FLAGS=-stats-output-dir .stats -strict-concurrency=complete -enable-upcoming-feature StrictConcurrency -enable-upcoming-feature DisableOutwardActorInference -enable-upcoming-feature GlobalActorIsolatedTypesUsability -enable-upcoming-feature InferSendableFromCaptures"
Build settings from command line:
    OTHER_SWIFT_FLAGS = -stats-output-dir .stats -strict-concurrency=complete -enable-upcoming-feature StrictConcurrency -enable-upcoming-feature DisableOutwardActorInference -enable-upcoming-feature GlobalActorIsolatedTypesUsability -enable-upcoming-feature InferSendableFromCaptures
Resolve Package Graph
Resolved source packages:
  PresentView: /Users/admin/builder/spi-builder-workspace
ComputePackagePrebuildTargetDependencyGraph
Prepare packages
CreateBuildRequest
SendProjectDescription
CreateBuildOperation
ComputeTargetDependencyGraph
note: Building targets in dependency order
note: Target dependency graph (2 targets)
    Target 'PresentView' in project 'PresentView'
        ➜ Explicit dependency on target 'PresentView' in project 'PresentView'
    Target 'PresentView' in project 'PresentView' (no dependencies)
GatherProvisioningInputs
CreateBuildDescription
ExecuteExternalTool /Applications/Xcode-16.3.0.app/Contents/Developer/Toolchains/XcodeDefault.xctoolchain/usr/bin/clang -v -E -dM -isysroot /Applications/Xcode-16.3.0.app/Contents/Developer/Platforms/WatchOS.platform/Developer/SDKs/WatchOS11.4.sdk -x c -c /dev/null
ExecuteExternalTool /Applications/Xcode-16.3.0.app/Contents/Developer/Toolchains/XcodeDefault.xctoolchain/usr/bin/swiftc --version
ExecuteExternalTool /Applications/Xcode-16.3.0.app/Contents/Developer/Toolchains/XcodeDefault.xctoolchain/usr/bin/ld -version_details
Build description signature: 7397110766e09195225c343529314f8c
Build description path: /Users/admin/builder/spi-builder-workspace/.derivedData/Build/Intermediates.noindex/XCBuildData/7397110766e09195225c343529314f8c.xcbuilddata
CreateBuildDirectory /Users/admin/builder/spi-builder-workspace/.derivedData/Build/Intermediates.noindex
    cd /Users/admin/builder/spi-builder-workspace/.swiftpm/xcode
    builtin-create-build-directory /Users/admin/builder/spi-builder-workspace/.derivedData/Build/Intermediates.noindex
CreateBuildDirectory /Users/admin/builder/spi-builder-workspace/.derivedData/Build/Products
    cd /Users/admin/builder/spi-builder-workspace/.swiftpm/xcode
    builtin-create-build-directory /Users/admin/builder/spi-builder-workspace/.derivedData/Build/Products
ClangStatCache /Applications/Xcode-16.3.0.app/Contents/Developer/Toolchains/XcodeDefault.xctoolchain/usr/bin/clang-stat-cache /Applications/Xcode-16.3.0.app/Contents/Developer/Platforms/WatchOS.platform/Developer/SDKs/WatchOS11.4.sdk /Users/admin/builder/spi-builder-workspace/.derivedData/SDKStatCaches.noindex/watchos11.4-22T246-43efb940ff07ba2497b70ec94253f576.sdkstatcache
    cd /Users/admin/builder/spi-builder-workspace/.swiftpm/xcode
    /Applications/Xcode-16.3.0.app/Contents/Developer/Toolchains/XcodeDefault.xctoolchain/usr/bin/clang-stat-cache /Applications/Xcode-16.3.0.app/Contents/Developer/Platforms/WatchOS.platform/Developer/SDKs/WatchOS11.4.sdk -o /Users/admin/builder/spi-builder-workspace/.derivedData/SDKStatCaches.noindex/watchos11.4-22T246-43efb940ff07ba2497b70ec94253f576.sdkstatcache
CreateBuildDirectory /Users/admin/builder/spi-builder-workspace/.derivedData/Build/Products/Debug-watchos
    cd /Users/admin/builder/spi-builder-workspace/.swiftpm/xcode
    builtin-create-build-directory /Users/admin/builder/spi-builder-workspace/.derivedData/Build/Products/Debug-watchos
CreateBuildDirectory /Users/admin/builder/spi-builder-workspace/.derivedData/Build/Intermediates.noindex/EagerLinkingTBDs/Debug-watchos
    cd /Users/admin/builder/spi-builder-workspace/.swiftpm/xcode
    builtin-create-build-directory /Users/admin/builder/spi-builder-workspace/.derivedData/Build/Intermediates.noindex/EagerLinkingTBDs/Debug-watchos
CreateBuildDirectory /Users/admin/builder/spi-builder-workspace/.derivedData/Build/Products/Debug-watchos/PackageFrameworks
    cd /Users/admin/builder/spi-builder-workspace/.swiftpm/xcode
    builtin-create-build-directory /Users/admin/builder/spi-builder-workspace/.derivedData/Build/Products/Debug-watchos/PackageFrameworks
WriteAuxiliaryFile /Users/admin/builder/spi-builder-workspace/.derivedData/Build/Intermediates.noindex/PresentView.build/Debug-watchos/PresentView.build/PresentView.modulemap (in target 'PresentView' from project 'PresentView')
    cd /Users/admin/builder/spi-builder-workspace
    write-file /Users/admin/builder/spi-builder-workspace/.derivedData/Build/Intermediates.noindex/PresentView.build/Debug-watchos/PresentView.build/PresentView.modulemap
WriteAuxiliaryFile /Users/admin/builder/spi-builder-workspace/.derivedData/Build/Intermediates.noindex/PresentView.build/Debug-watchos/PresentView.build/PresentView.DependencyStaticMetadataFileList (in target 'PresentView' from project 'PresentView')
    cd /Users/admin/builder/spi-builder-workspace
    write-file /Users/admin/builder/spi-builder-workspace/.derivedData/Build/Intermediates.noindex/PresentView.build/Debug-watchos/PresentView.build/PresentView.DependencyStaticMetadataFileList
WriteAuxiliaryFile /Users/admin/builder/spi-builder-workspace/.derivedData/Build/Intermediates.noindex/PresentView.build/Debug-watchos/PresentView.build/Objects-normal/arm64/PresentView_const_extract_protocols.json (in target 'PresentView' from project 'PresentView')
    cd /Users/admin/builder/spi-builder-workspace
    write-file /Users/admin/builder/spi-builder-workspace/.derivedData/Build/Intermediates.noindex/PresentView.build/Debug-watchos/PresentView.build/Objects-normal/arm64/PresentView_const_extract_protocols.json
WriteAuxiliaryFile /Users/admin/builder/spi-builder-workspace/.derivedData/Build/Intermediates.noindex/PresentView.build/Debug-watchos/PresentView.build/Objects-normal/arm64_32/PresentView.LinkFileList (in target 'PresentView' from project 'PresentView')
    cd /Users/admin/builder/spi-builder-workspace
    write-file /Users/admin/builder/spi-builder-workspace/.derivedData/Build/Intermediates.noindex/PresentView.build/Debug-watchos/PresentView.build/Objects-normal/arm64_32/PresentView.LinkFileList
WriteAuxiliaryFile /Users/admin/builder/spi-builder-workspace/.derivedData/Build/Intermediates.noindex/PresentView.build/Debug-watchos/PresentView.build/Objects-normal/arm64_32/PresentView-OutputFileMap.json (in target 'PresentView' from project 'PresentView')
    cd /Users/admin/builder/spi-builder-workspace
    write-file /Users/admin/builder/spi-builder-workspace/.derivedData/Build/Intermediates.noindex/PresentView.build/Debug-watchos/PresentView.build/Objects-normal/arm64_32/PresentView-OutputFileMap.json
WriteAuxiliaryFile /Users/admin/builder/spi-builder-workspace/.derivedData/Build/Intermediates.noindex/PresentView.build/Debug-watchos/PresentView.build/Objects-normal/arm64_32/PresentView_const_extract_protocols.json (in target 'PresentView' from project 'PresentView')
    cd /Users/admin/builder/spi-builder-workspace
    write-file /Users/admin/builder/spi-builder-workspace/.derivedData/Build/Intermediates.noindex/PresentView.build/Debug-watchos/PresentView.build/Objects-normal/arm64_32/PresentView_const_extract_protocols.json
WriteAuxiliaryFile /Users/admin/builder/spi-builder-workspace/.derivedData/Build/Intermediates.noindex/PresentView.build/Debug-watchos/PresentView.build/Objects-normal/armv7k/PresentView_const_extract_protocols.json (in target 'PresentView' from project 'PresentView')
    cd /Users/admin/builder/spi-builder-workspace
    write-file /Users/admin/builder/spi-builder-workspace/.derivedData/Build/Intermediates.noindex/PresentView.build/Debug-watchos/PresentView.build/Objects-normal/armv7k/PresentView_const_extract_protocols.json
WriteAuxiliaryFile /Users/admin/builder/spi-builder-workspace/.derivedData/Build/Intermediates.noindex/PresentView.build/Debug-watchos/PresentView.build/Objects-normal/armv7k/PresentView.LinkFileList (in target 'PresentView' from project 'PresentView')
    cd /Users/admin/builder/spi-builder-workspace
    write-file /Users/admin/builder/spi-builder-workspace/.derivedData/Build/Intermediates.noindex/PresentView.build/Debug-watchos/PresentView.build/Objects-normal/armv7k/PresentView.LinkFileList
WriteAuxiliaryFile /Users/admin/builder/spi-builder-workspace/.derivedData/Build/Intermediates.noindex/PresentView.build/Debug-watchos/PresentView.build/Objects-normal/armv7k/PresentView-OutputFileMap.json (in target 'PresentView' from project 'PresentView')
    cd /Users/admin/builder/spi-builder-workspace
    write-file /Users/admin/builder/spi-builder-workspace/.derivedData/Build/Intermediates.noindex/PresentView.build/Debug-watchos/PresentView.build/Objects-normal/armv7k/PresentView-OutputFileMap.json
WriteAuxiliaryFile /Users/admin/builder/spi-builder-workspace/.derivedData/Build/Intermediates.noindex/PresentView.build/Debug-watchos/PresentView.build/PresentView.DependencyMetadataFileList (in target 'PresentView' from project 'PresentView')
    cd /Users/admin/builder/spi-builder-workspace
    write-file /Users/admin/builder/spi-builder-workspace/.derivedData/Build/Intermediates.noindex/PresentView.build/Debug-watchos/PresentView.build/PresentView.DependencyMetadataFileList
WriteAuxiliaryFile /Users/admin/builder/spi-builder-workspace/.derivedData/Build/Intermediates.noindex/PresentView.build/Debug-watchos/PresentView.build/Objects-normal/armv7k/PresentView.SwiftFileList (in target 'PresentView' from project 'PresentView')
    cd /Users/admin/builder/spi-builder-workspace
    write-file /Users/admin/builder/spi-builder-workspace/.derivedData/Build/Intermediates.noindex/PresentView.build/Debug-watchos/PresentView.build/Objects-normal/armv7k/PresentView.SwiftFileList
WriteAuxiliaryFile /Users/admin/builder/spi-builder-workspace/.derivedData/Build/Intermediates.noindex/PresentView.build/Debug-watchos/PresentView.build/Objects-normal/armv7k/PresentView.SwiftConstValuesFileList (in target 'PresentView' from project 'PresentView')
    cd /Users/admin/builder/spi-builder-workspace
    write-file /Users/admin/builder/spi-builder-workspace/.derivedData/Build/Intermediates.noindex/PresentView.build/Debug-watchos/PresentView.build/Objects-normal/armv7k/PresentView.SwiftConstValuesFileList
WriteAuxiliaryFile /Users/admin/builder/spi-builder-workspace/.derivedData/Build/Intermediates.noindex/PresentView.build/Debug-watchos/PresentView.build/Objects-normal/arm64_32/PresentView.SwiftFileList (in target 'PresentView' from project 'PresentView')
    cd /Users/admin/builder/spi-builder-workspace
    write-file /Users/admin/builder/spi-builder-workspace/.derivedData/Build/Intermediates.noindex/PresentView.build/Debug-watchos/PresentView.build/Objects-normal/arm64_32/PresentView.SwiftFileList
WriteAuxiliaryFile /Users/admin/builder/spi-builder-workspace/.derivedData/Build/Intermediates.noindex/PresentView.build/Debug-watchos/PresentView.build/Objects-normal/arm64/PresentView.SwiftFileList (in target 'PresentView' from project 'PresentView')
    cd /Users/admin/builder/spi-builder-workspace
    write-file /Users/admin/builder/spi-builder-workspace/.derivedData/Build/Intermediates.noindex/PresentView.build/Debug-watchos/PresentView.build/Objects-normal/arm64/PresentView.SwiftFileList
WriteAuxiliaryFile /Users/admin/builder/spi-builder-workspace/.derivedData/Build/Intermediates.noindex/PresentView.build/Debug-watchos/PresentView.build/Objects-normal/arm64_32/PresentView.SwiftConstValuesFileList (in target 'PresentView' from project 'PresentView')
    cd /Users/admin/builder/spi-builder-workspace
    write-file /Users/admin/builder/spi-builder-workspace/.derivedData/Build/Intermediates.noindex/PresentView.build/Debug-watchos/PresentView.build/Objects-normal/arm64_32/PresentView.SwiftConstValuesFileList
WriteAuxiliaryFile /Users/admin/builder/spi-builder-workspace/.derivedData/Build/Intermediates.noindex/PresentView.build/Debug-watchos/PresentView.build/Objects-normal/arm64/PresentView.SwiftConstValuesFileList (in target 'PresentView' from project 'PresentView')
    cd /Users/admin/builder/spi-builder-workspace
    write-file /Users/admin/builder/spi-builder-workspace/.derivedData/Build/Intermediates.noindex/PresentView.build/Debug-watchos/PresentView.build/Objects-normal/arm64/PresentView.SwiftConstValuesFileList
WriteAuxiliaryFile /Users/admin/builder/spi-builder-workspace/.derivedData/Build/Intermediates.noindex/PresentView.build/Debug-watchos/PresentView.build/Objects-normal/arm64/PresentView.LinkFileList (in target 'PresentView' from project 'PresentView')
    cd /Users/admin/builder/spi-builder-workspace
    write-file /Users/admin/builder/spi-builder-workspace/.derivedData/Build/Intermediates.noindex/PresentView.build/Debug-watchos/PresentView.build/Objects-normal/arm64/PresentView.LinkFileList
WriteAuxiliaryFile /Users/admin/builder/spi-builder-workspace/.derivedData/Build/Intermediates.noindex/PresentView.build/Debug-watchos/PresentView.build/Objects-normal/arm64/PresentView-OutputFileMap.json (in target 'PresentView' from project 'PresentView')
    cd /Users/admin/builder/spi-builder-workspace
    write-file /Users/admin/builder/spi-builder-workspace/.derivedData/Build/Intermediates.noindex/PresentView.build/Debug-watchos/PresentView.build/Objects-normal/arm64/PresentView-OutputFileMap.json
Copy /Users/admin/builder/spi-builder-workspace/.derivedData/Build/Intermediates.noindex/GeneratedModuleMaps-watchos/PresentView.modulemap /Users/admin/builder/spi-builder-workspace/.derivedData/Build/Intermediates.noindex/PresentView.build/Debug-watchos/PresentView.build/PresentView.modulemap (in target 'PresentView' from project 'PresentView')
    cd /Users/admin/builder/spi-builder-workspace
    builtin-copy -exclude .DS_Store -exclude CVS -exclude .svn -exclude .git -exclude .hg -resolve-src-symlinks /Users/admin/builder/spi-builder-workspace/.derivedData/Build/Intermediates.noindex/PresentView.build/Debug-watchos/PresentView.build/PresentView.modulemap /Users/admin/builder/spi-builder-workspace/.derivedData/Build/Intermediates.noindex/GeneratedModuleMaps-watchos
SwiftDriver PresentView normal arm64_32 com.apple.xcode.tools.swift.compiler (in target 'PresentView' from project 'PresentView')
    cd /Users/admin/builder/spi-builder-workspace/.swiftpm/xcode
    builtin-SwiftDriver -- /Applications/Xcode-16.3.0.app/Contents/Developer/Toolchains/XcodeDefault.xctoolchain/usr/bin/swiftc -module-name PresentView -Onone -enforce-exclusivity\=checked @/Users/admin/builder/spi-builder-workspace/.derivedData/Build/Intermediates.noindex/PresentView.build/Debug-watchos/PresentView.build/Objects-normal/arm64_32/PresentView.SwiftFileList -DSWIFT_PACKAGE -DDEBUG -stats-output-dir .stats -strict-concurrency\=complete -enable-upcoming-feature StrictConcurrency -enable-upcoming-feature DisableOutwardActorInference -enable-upcoming-feature GlobalActorIsolatedTypesUsability -enable-upcoming-feature InferSendableFromCaptures -plugin-path /Applications/Xcode-16.3.0.app/Contents/Developer/Toolchains/XcodeDefault.xctoolchain/usr/lib/swift/host/plugins/testing -enable-experimental-feature DebugDescriptionMacro -sdk /Applications/Xcode-16.3.0.app/Contents/Developer/Platforms/WatchOS.platform/Developer/SDKs/WatchOS11.4.sdk -target arm64_32-apple-watchos8.0 -g -module-cache-path /Users/admin/builder/spi-builder-workspace/.derivedData/ModuleCache.noindex -Xfrontend -serialize-debugging-options -profile-coverage-mapping -profile-generate -enable-testing -index-store-path /Users/admin/builder/spi-builder-workspace/.derivedData/Index.noindex/DataStore -swift-version 5 -I /Users/admin/builder/spi-builder-workspace/.derivedData/Build/Products/Debug-watchos -I /Applications/Xcode-16.3.0.app/Contents/Developer/Platforms/WatchOS.platform/Developer/usr/lib -F /Users/admin/builder/spi-builder-workspace/.derivedData/Build/Products/Debug-watchos -F /Applications/Xcode-16.3.0.app/Contents/Developer/Platforms/WatchOS.platform/Developer/Library/Frameworks -F /Applications/Xcode-16.3.0.app/Contents/Developer/Platforms/WatchOS.platform/Developer/SDKs/WatchOS11.4.sdk/Developer/Library/Frameworks -c -j10 -enable-batch-mode -incremental -Xcc -ivfsstatcache -Xcc /Users/admin/builder/spi-builder-workspace/.derivedData/SDKStatCaches.noindex/watchos11.4-22T246-43efb940ff07ba2497b70ec94253f576.sdkstatcache -output-file-map /Users/admin/builder/spi-builder-workspace/.derivedData/Build/Intermediates.noindex/PresentView.build/Debug-watchos/PresentView.build/Objects-normal/arm64_32/PresentView-OutputFileMap.json -use-frontend-parseable-output -save-temps -no-color-diagnostics -serialize-diagnostics -emit-dependencies -emit-module -emit-module-path /Users/admin/builder/spi-builder-workspace/.derivedData/Build/Intermediates.noindex/PresentView.build/Debug-watchos/PresentView.build/Objects-normal/arm64_32/PresentView.swiftmodule -validate-clang-modules-once -clang-build-session-file /Users/admin/builder/spi-builder-workspace/.derivedData/ModuleCache.noindex/Session.modulevalidation -package-name spi_builder_workspace -Xcc -I/Users/admin/builder/spi-builder-workspace/.derivedData/Build/Intermediates.noindex/PresentView.build/Debug-watchos/PresentView.build/swift-overrides.hmap -emit-const-values -Xfrontend -const-gather-protocols-file -Xfrontend /Users/admin/builder/spi-builder-workspace/.derivedData/Build/Intermediates.noindex/PresentView.build/Debug-watchos/PresentView.build/Objects-normal/arm64_32/PresentView_const_extract_protocols.json -Xcc -I/Users/admin/builder/spi-builder-workspace/.derivedData/Build/Products/Debug-watchos/include -Xcc -I/Users/admin/builder/spi-builder-workspace/.derivedData/Build/Intermediates.noindex/PresentView.build/Debug-watchos/PresentView.build/DerivedSources-normal/arm64_32 -Xcc -I/Users/admin/builder/spi-builder-workspace/.derivedData/Build/Intermediates.noindex/PresentView.build/Debug-watchos/PresentView.build/DerivedSources/arm64_32 -Xcc -I/Users/admin/builder/spi-builder-workspace/.derivedData/Build/Intermediates.noindex/PresentView.build/Debug-watchos/PresentView.build/DerivedSources -Xcc -DSWIFT_PACKAGE -Xcc -DDEBUG\=1 -emit-objc-header -emit-objc-header-path /Users/admin/builder/spi-builder-workspace/.derivedData/Build/Intermediates.noindex/PresentView.build/Debug-watchos/PresentView.build/Objects-normal/arm64_32/PresentView-Swift.h -working-directory /Users/admin/builder/spi-builder-workspace/.swiftpm/xcode -experimental-emit-module-separately -disable-cmo
SwiftDriver PresentView normal armv7k com.apple.xcode.tools.swift.compiler (in target 'PresentView' from project 'PresentView')
    cd /Users/admin/builder/spi-builder-workspace/.swiftpm/xcode
    builtin-SwiftDriver -- /Applications/Xcode-16.3.0.app/Contents/Developer/Toolchains/XcodeDefault.xctoolchain/usr/bin/swiftc -module-name PresentView -Onone -enforce-exclusivity\=checked @/Users/admin/builder/spi-builder-workspace/.derivedData/Build/Intermediates.noindex/PresentView.build/Debug-watchos/PresentView.build/Objects-normal/armv7k/PresentView.SwiftFileList -DSWIFT_PACKAGE -DDEBUG -stats-output-dir .stats -strict-concurrency\=complete -enable-upcoming-feature StrictConcurrency -enable-upcoming-feature DisableOutwardActorInference -enable-upcoming-feature GlobalActorIsolatedTypesUsability -enable-upcoming-feature InferSendableFromCaptures -plugin-path /Applications/Xcode-16.3.0.app/Contents/Developer/Toolchains/XcodeDefault.xctoolchain/usr/lib/swift/host/plugins/testing -enable-experimental-feature DebugDescriptionMacro -sdk /Applications/Xcode-16.3.0.app/Contents/Developer/Platforms/WatchOS.platform/Developer/SDKs/WatchOS11.4.sdk -target armv7k-apple-watchos8.0 -g -module-cache-path /Users/admin/builder/spi-builder-workspace/.derivedData/ModuleCache.noindex -Xfrontend -serialize-debugging-options -profile-coverage-mapping -profile-generate -enable-testing -index-store-path /Users/admin/builder/spi-builder-workspace/.derivedData/Index.noindex/DataStore -swift-version 5 -I /Users/admin/builder/spi-builder-workspace/.derivedData/Build/Products/Debug-watchos -I /Applications/Xcode-16.3.0.app/Contents/Developer/Platforms/WatchOS.platform/Developer/usr/lib -F /Users/admin/builder/spi-builder-workspace/.derivedData/Build/Products/Debug-watchos -F /Applications/Xcode-16.3.0.app/Contents/Developer/Platforms/WatchOS.platform/Developer/Library/Frameworks -F /Applications/Xcode-16.3.0.app/Contents/Developer/Platforms/WatchOS.platform/Developer/SDKs/WatchOS11.4.sdk/Developer/Library/Frameworks -c -j10 -enable-batch-mode -incremental -Xcc -ivfsstatcache -Xcc /Users/admin/builder/spi-builder-workspace/.derivedData/SDKStatCaches.noindex/watchos11.4-22T246-43efb940ff07ba2497b70ec94253f576.sdkstatcache -output-file-map /Users/admin/builder/spi-builder-workspace/.derivedData/Build/Intermediates.noindex/PresentView.build/Debug-watchos/PresentView.build/Objects-normal/armv7k/PresentView-OutputFileMap.json -use-frontend-parseable-output -save-temps -no-color-diagnostics -serialize-diagnostics -emit-dependencies -emit-module -emit-module-path /Users/admin/builder/spi-builder-workspace/.derivedData/Build/Intermediates.noindex/PresentView.build/Debug-watchos/PresentView.build/Objects-normal/armv7k/PresentView.swiftmodule -validate-clang-modules-once -clang-build-session-file /Users/admin/builder/spi-builder-workspace/.derivedData/ModuleCache.noindex/Session.modulevalidation -package-name spi_builder_workspace -Xcc -I/Users/admin/builder/spi-builder-workspace/.derivedData/Build/Intermediates.noindex/PresentView.build/Debug-watchos/PresentView.build/swift-overrides.hmap -emit-const-values -Xfrontend -const-gather-protocols-file -Xfrontend /Users/admin/builder/spi-builder-workspace/.derivedData/Build/Intermediates.noindex/PresentView.build/Debug-watchos/PresentView.build/Objects-normal/armv7k/PresentView_const_extract_protocols.json -Xcc -I/Users/admin/builder/spi-builder-workspace/.derivedData/Build/Products/Debug-watchos/include -Xcc -I/Users/admin/builder/spi-builder-workspace/.derivedData/Build/Intermediates.noindex/PresentView.build/Debug-watchos/PresentView.build/DerivedSources-normal/armv7k -Xcc -I/Users/admin/builder/spi-builder-workspace/.derivedData/Build/Intermediates.noindex/PresentView.build/Debug-watchos/PresentView.build/DerivedSources/armv7k -Xcc -I/Users/admin/builder/spi-builder-workspace/.derivedData/Build/Intermediates.noindex/PresentView.build/Debug-watchos/PresentView.build/DerivedSources -Xcc -DSWIFT_PACKAGE -Xcc -DDEBUG\=1 -emit-objc-header -emit-objc-header-path /Users/admin/builder/spi-builder-workspace/.derivedData/Build/Intermediates.noindex/PresentView.build/Debug-watchos/PresentView.build/Objects-normal/armv7k/PresentView-Swift.h -working-directory /Users/admin/builder/spi-builder-workspace/.swiftpm/xcode -experimental-emit-module-separately -disable-cmo
SwiftDriver PresentView normal arm64 com.apple.xcode.tools.swift.compiler (in target 'PresentView' from project 'PresentView')
    cd /Users/admin/builder/spi-builder-workspace/.swiftpm/xcode
    builtin-SwiftDriver -- /Applications/Xcode-16.3.0.app/Contents/Developer/Toolchains/XcodeDefault.xctoolchain/usr/bin/swiftc -module-name PresentView -Onone -enforce-exclusivity\=checked @/Users/admin/builder/spi-builder-workspace/.derivedData/Build/Intermediates.noindex/PresentView.build/Debug-watchos/PresentView.build/Objects-normal/arm64/PresentView.SwiftFileList -DSWIFT_PACKAGE -DDEBUG -stats-output-dir .stats -strict-concurrency\=complete -enable-upcoming-feature StrictConcurrency -enable-upcoming-feature DisableOutwardActorInference -enable-upcoming-feature GlobalActorIsolatedTypesUsability -enable-upcoming-feature InferSendableFromCaptures -plugin-path /Applications/Xcode-16.3.0.app/Contents/Developer/Toolchains/XcodeDefault.xctoolchain/usr/lib/swift/host/plugins/testing -enable-experimental-feature DebugDescriptionMacro -sdk /Applications/Xcode-16.3.0.app/Contents/Developer/Platforms/WatchOS.platform/Developer/SDKs/WatchOS11.4.sdk -target arm64-apple-watchos8.0 -g -module-cache-path /Users/admin/builder/spi-builder-workspace/.derivedData/ModuleCache.noindex -Xfrontend -serialize-debugging-options -profile-coverage-mapping -profile-generate -enable-testing -index-store-path /Users/admin/builder/spi-builder-workspace/.derivedData/Index.noindex/DataStore -swift-version 5 -I /Users/admin/builder/spi-builder-workspace/.derivedData/Build/Products/Debug-watchos -I /Applications/Xcode-16.3.0.app/Contents/Developer/Platforms/WatchOS.platform/Developer/usr/lib -F /Users/admin/builder/spi-builder-workspace/.derivedData/Build/Products/Debug-watchos -F /Applications/Xcode-16.3.0.app/Contents/Developer/Platforms/WatchOS.platform/Developer/Library/Frameworks -F /Applications/Xcode-16.3.0.app/Contents/Developer/Platforms/WatchOS.platform/Developer/SDKs/WatchOS11.4.sdk/Developer/Library/Frameworks -c -j10 -enable-batch-mode -incremental -Xcc -ivfsstatcache -Xcc /Users/admin/builder/spi-builder-workspace/.derivedData/SDKStatCaches.noindex/watchos11.4-22T246-43efb940ff07ba2497b70ec94253f576.sdkstatcache -output-file-map /Users/admin/builder/spi-builder-workspace/.derivedData/Build/Intermediates.noindex/PresentView.build/Debug-watchos/PresentView.build/Objects-normal/arm64/PresentView-OutputFileMap.json -use-frontend-parseable-output -save-temps -no-color-diagnostics -serialize-diagnostics -emit-dependencies -emit-module -emit-module-path /Users/admin/builder/spi-builder-workspace/.derivedData/Build/Intermediates.noindex/PresentView.build/Debug-watchos/PresentView.build/Objects-normal/arm64/PresentView.swiftmodule -validate-clang-modules-once -clang-build-session-file /Users/admin/builder/spi-builder-workspace/.derivedData/ModuleCache.noindex/Session.modulevalidation -package-name spi_builder_workspace -Xcc -I/Users/admin/builder/spi-builder-workspace/.derivedData/Build/Intermediates.noindex/PresentView.build/Debug-watchos/PresentView.build/swift-overrides.hmap -emit-const-values -Xfrontend -const-gather-protocols-file -Xfrontend /Users/admin/builder/spi-builder-workspace/.derivedData/Build/Intermediates.noindex/PresentView.build/Debug-watchos/PresentView.build/Objects-normal/arm64/PresentView_const_extract_protocols.json -Xcc -I/Users/admin/builder/spi-builder-workspace/.derivedData/Build/Products/Debug-watchos/include -Xcc -I/Users/admin/builder/spi-builder-workspace/.derivedData/Build/Intermediates.noindex/PresentView.build/Debug-watchos/PresentView.build/DerivedSources-normal/arm64 -Xcc -I/Users/admin/builder/spi-builder-workspace/.derivedData/Build/Intermediates.noindex/PresentView.build/Debug-watchos/PresentView.build/DerivedSources/arm64 -Xcc -I/Users/admin/builder/spi-builder-workspace/.derivedData/Build/Intermediates.noindex/PresentView.build/Debug-watchos/PresentView.build/DerivedSources -Xcc -DSWIFT_PACKAGE -Xcc -DDEBUG\=1 -emit-objc-header -emit-objc-header-path /Users/admin/builder/spi-builder-workspace/.derivedData/Build/Intermediates.noindex/PresentView.build/Debug-watchos/PresentView.build/Objects-normal/arm64/PresentView-Swift.h -working-directory /Users/admin/builder/spi-builder-workspace/.swiftpm/xcode -experimental-emit-module-separately -disable-cmo
SwiftEmitModule normal arm64_32 Emitting\ module\ for\ PresentView (in target 'PresentView' from project 'PresentView')
EmitSwiftModule normal arm64_32 (in target 'PresentView' from project 'PresentView')
    cd /Users/admin/builder/spi-builder-workspace/.swiftpm/xcode

/Users/admin/builder/spi-builder-workspace/Sources/PresentView/TransparentBackground.swift:33:54: warning: 'nonisolated' is not supported on properties with property wrappers; this is an error in the Swift 6 language mode
    @Environment(\.dismissPresented) fileprivate var dismissPresented
                                                     ^
/Users/admin/builder/spi-builder-workspace/Sources/PresentView/TransparentBackground.swift:42:60: error: cannot find type 'UIView' in scope
    @usableFromInline func makeUIView(context: Context) -> UIView {
                                                           ^~~~~~
/Applications/Xcode-16.3.0.app/Contents/Developer/Platforms/WatchOS.platform/Developer/SDKs/WatchOS11.4.sdk/System/Library/Frameworks/UIKit.framework/Headers/NSTextAttachment.h:23:1: note: interface 'UIView' forward declared here
@class UIView;
^
/Users/admin/builder/spi-builder-workspace/Sources/PresentView/TransparentBackground.swift:42:48: error: cannot find type 'Context' in scope
    @usableFromInline func makeUIView(context: Context) -> UIView {
                                               ^~~~~~~
/Users/admin/builder/spi-builder-workspace/Sources/PresentView/TransparentBackground.swift:48:51: error: cannot find type 'UIView' in scope
    @usableFromInline func updateUIView(_ uiView: UIView, context: Context) {
                                                  ^~~~~~
/Applications/Xcode-16.3.0.app/Contents/Developer/Platforms/WatchOS.platform/Developer/SDKs/WatchOS11.4.sdk/System/Library/Frameworks/UIKit.framework/Headers/NSTextAttachment.h:23:1: note: interface 'UIView' forward declared here
@class UIView;
^
/Users/admin/builder/spi-builder-workspace/Sources/PresentView/TransparentBackground.swift:48:68: error: cannot find type 'Context' in scope
    @usableFromInline func updateUIView(_ uiView: UIView, context: Context) {
                                                                   ^~~~~~~
/Users/admin/builder/spi-builder-workspace/Sources/PresentView/TransparentBackground.swift:59:31: error: cannot find type 'UIViewController' in scope
        weak var presentedVC: UIViewController?
                              ^~~~~~~~~~~~~~~~
/Users/admin/builder/spi-builder-workspace/Sources/PresentView/TransparentBackground.swift:60:28: error: cannot find type 'UIView' in scope
        weak var cardView: UIView?
                           ^~~~~~
/Applications/Xcode-16.3.0.app/Contents/Developer/Platforms/WatchOS.platform/Developer/SDKs/WatchOS11.4.sdk/System/Library/Frameworks/UIKit.framework/Headers/NSTextAttachment.h:23:1: note: interface 'UIView' forward declared here
@class UIView;
^
/Users/admin/builder/spi-builder-workspace/Sources/PresentView/TransparentBackground.swift:83:60: error: cannot find type 'UIGestureRecognizer' in scope
        public func gestureRecognizer(_ gestureRecognizer: UIGestureRecognizer, shouldReceive touch: UITouch) -> Bool {
                                                           ^~~~~~~~~~~~~~~~~~~
/Users/admin/builder/spi-builder-workspace/Sources/PresentView/TransparentBackground.swift:83:102: error: cannot find type 'UITouch' in scope
        public func gestureRecognizer(_ gestureRecognizer: UIGestureRecognizer, shouldReceive touch: UITouch) -> Bool {
                                                                                                     ^~~~~~~
/Users/admin/builder/spi-builder-workspace/Sources/PresentView/TransparentBackground.swift:56:58: error: cannot find type 'UIGestureRecognizerDelegate' in scope
    @usableFromInline final class Coordinator: NSObject, UIGestureRecognizerDelegate {
                                                         ^~~~~~~~~~~~~~~~~~~~~~~~~~~
/Users/admin/builder/spi-builder-workspace/Sources/PresentView/TransparentBackground.swift:91:41: warning: generic parameter 'S' shadows generic parameter from outer scope with the same name; this is an error in the Swift 6 language mode
    private struct ShapeStyleBackground<S>: View where S: ShapeStyle {
                                        ^
/Users/admin/builder/spi-builder-workspace/Sources/PresentView/TransparentBackground.swift:32:60: note: 'S' previously declared here
@usableFromInline nonisolated struct TransparentBackground<S>: UIViewRepresentable where S: ShapeStyle {
                                                           ^
/Users/admin/builder/spi-builder-workspace/Sources/PresentView/TransparentBackground.swift:101:52: error: cannot find type 'UIView' in scope
    private final class TransparentBackgroundView: UIView {
                                                   ^~~~~~
/Applications/Xcode-16.3.0.app/Contents/Developer/Platforms/WatchOS.platform/Developer/SDKs/WatchOS11.4.sdk/System/Library/Frameworks/UIKit.framework/Headers/NSTextAttachment.h:23:1: note: interface 'UIView' forward declared here
@class UIView;
^
/Users/admin/builder/spi-builder-workspace/Sources/PresentView/TransparentBackground.swift:117:23: error: method does not override any method from its superclass
        override func didMoveToWindow() {
        ~~~~~~~~      ^
/Users/admin/builder/spi-builder-workspace/Sources/PresentView/TransparentBackground.swift:32:64: error: cannot find type 'UIViewRepresentable' in scope
@usableFromInline nonisolated struct TransparentBackground<S>: UIViewRepresentable where S: ShapeStyle {
                                                               ^~~~~~~~~~~~~~~~~~~
/Users/admin/builder/spi-builder-workspace/Sources/PresentView/TransparentBackground.swift:11:9: error: instance method 'background(_:ignoresSafeAreaEdges:)' requires that 'TransparentBackground<Color>' conform to 'ShapeStyle'
        background(
        ^
SwiftUICore.View.background:2:36: note: where 'S' = 'TransparentBackground<Color>'
@inlinable nonisolated public func background<S>(_ style: S, ignoresSafeAreaEdges edges: Edge.Set = .all) -> some View where S : ShapeStyle
                                   ^
/Users/admin/builder/spi-builder-workspace/Sources/PresentView/TransparentBackground.swift:23:9: error: instance method 'background(_:ignoresSafeAreaEdges:)' requires that 'TransparentBackground<S>' conform to 'ShapeStyle'
        background(
        ^
SwiftUICore.View.background:2:36: note: where 'S' = 'TransparentBackground<S>'
@inlinable nonisolated public func background<S>(_ style: S, ignoresSafeAreaEdges edges: Edge.Set = .all) -> some View where S : ShapeStyle
                                   ^
Failed frontend command:
/Applications/Xcode-16.3.0.app/Contents/Developer/Toolchains/XcodeDefault.xctoolchain/usr/bin/swift-frontend -frontend -emit-module -experimental-skip-non-inlinable-function-bodies-without-types /Users/admin/builder/spi-builder-workspace/Sources/PresentView/Array+Presented.swift /Users/admin/builder/spi-builder-workspace/Sources/PresentView/DismissPresentedAction.swift /Users/admin/builder/spi-builder-workspace/Sources/PresentView/NodeView.swift /Users/admin/builder/spi-builder-workspace/Sources/PresentView/PresentView.swift /Users/admin/builder/spi-builder-workspace/Sources/PresentView/Presented.swift /Users/admin/builder/spi-builder-workspace/Sources/PresentView/PresentedViewModifier.swift /Users/admin/builder/spi-builder-workspace/Sources/PresentView/TransparentBackground.swift /Users/admin/builder/spi-builder-workspace/Sources/PresentView/View+Utils.swift -target arm64_32-apple-watchos8.0 -enable-objc-interop -sdk /Applications/Xcode-16.3.0.app/Contents/Developer/Platforms/WatchOS.platform/Developer/SDKs/WatchOS11.4.sdk -I /Users/admin/builder/spi-builder-workspace/.derivedData/Build/Products/Debug-watchos -I /Applications/Xcode-16.3.0.app/Contents/Developer/Platforms/WatchOS.platform/Developer/usr/lib -F /Users/admin/builder/spi-builder-workspace/.derivedData/Build/Products/Debug-watchos -F /Applications/Xcode-16.3.0.app/Contents/Developer/Platforms/WatchOS.platform/Developer/Library/Frameworks -F /Applications/Xcode-16.3.0.app/Contents/Developer/Platforms/WatchOS.platform/Developer/SDKs/WatchOS11.4.sdk/Developer/Library/Frameworks -no-color-diagnostics -enable-testing -g -debug-info-format\=dwarf -dwarf-version\=4 -module-cache-path /Users/admin/builder/spi-builder-workspace/.derivedData/ModuleCache.noindex -profile-generate -profile-coverage-mapping -swift-version 5 -enforce-exclusivity\=checked -stats-output-dir /Users/admin/builder/spi-builder-workspace/.swiftpm/xcode/.stats -Onone -D SWIFT_PACKAGE -D DEBUG -serialize-debugging-options -const-gather-protocols-file /Users/admin/builder/spi-builder-workspace/.derivedData/Build/Intermediates.noindex/PresentView.build/Debug-watchos/PresentView.build/Objects-normal/arm64_32/PresentView_const_extract_protocols.json -enable-upcoming-feature StrictConcurrency -enable-upcoming-feature DisableOutwardActorInference -enable-upcoming-feature GlobalActorIsolatedTypesUsability -enable-upcoming-feature InferSendableFromCaptures -enable-experimental-feature DebugDescriptionMacro -strict-concurrency\=complete -empty-abi-descriptor -plugin-path /Applications/Xcode-16.3.0.app/Contents/Developer/Toolchains/XcodeDefault.xctoolchain/usr/lib/swift/host/plugins/testing -validate-clang-modules-once -clang-build-session-file /Users/admin/builder/spi-builder-workspace/.derivedData/ModuleCache.noindex/Session.modulevalidation -Xcc -working-directory -Xcc /Users/admin/builder/spi-builder-workspace/.swiftpm/xcode -resource-dir /Applications/Xcode-16.3.0.app/Contents/Developer/Toolchains/XcodeDefault.xctoolchain/usr/lib/swift -enable-anonymous-context-mangled-names -file-compilation-dir /Users/admin/builder/spi-builder-workspace/.swiftpm/xcode -Xcc -ivfsstatcache -Xcc /Users/admin/builder/spi-builder-workspace/.derivedData/SDKStatCaches.noindex/watchos11.4-22T246-43efb940ff07ba2497b70ec94253f576.sdkstatcache -Xcc -I/Users/admin/builder/spi-builder-workspace/.derivedData/Build/Intermediates.noindex/PresentView.build/Debug-watchos/PresentView.build/swift-overrides.hmap -Xcc -I/Users/admin/builder/spi-builder-workspace/.derivedData/Build/Products/Debug-watchos/include -Xcc -I/Users/admin/builder/spi-builder-workspace/.derivedData/Build/Intermediates.noindex/PresentView.build/Debug-watchos/PresentView.build/DerivedSources-normal/arm64_32 -Xcc -I/Users/admin/builder/spi-builder-workspace/.derivedData/Build/Intermediates.noindex/PresentView.build/Debug-watchos/PresentView.build/DerivedSources/arm64_32 -Xcc -I/Users/admin/builder/spi-builder-workspace/.derivedData/Build/Intermediates.noindex/PresentView.build/Debug-watchos/PresentView.build/DerivedSources -Xcc -DSWIFT_PACKAGE -Xcc -DDEBUG\=1 -module-name PresentView -package-name spi_builder_workspace -frontend-parseable-output -disable-clang-spi -target-sdk-version 11.4 -target-sdk-name watchos11.4 -external-plugin-path /Applications/Xcode-16.3.0.app/Contents/Developer/Platforms/WatchOS.platform/Developer/usr/lib/swift/host/plugins\#/Applications/Xcode-16.3.0.app/Contents/Developer/Platforms/WatchOS.platform/Developer/usr/bin/swift-plugin-server -external-plugin-path /Applications/Xcode-16.3.0.app/Contents/Developer/Platforms/WatchOS.platform/Developer/usr/local/lib/swift/host/plugins\#/Applications/Xcode-16.3.0.app/Contents/Developer/Platforms/WatchOS.platform/Developer/usr/bin/swift-plugin-server -in-process-plugin-server-path /Applications/Xcode-16.3.0.app/Contents/Developer/Toolchains/XcodeDefault.xctoolchain/usr/lib/swift/host/libSwiftInProcPluginServer.dylib -plugin-path /Applications/Xcode-16.3.0.app/Contents/Developer/Toolchains/XcodeDefault.xctoolchain/usr/lib/swift/host/plugins -plugin-path /Applications/Xcode-16.3.0.app/Contents/Developer/Toolchains/XcodeDefault.xctoolchain/usr/local/lib/swift/host/plugins -emit-module-doc-path /Users/admin/builder/spi-builder-workspace/.derivedData/Build/Intermediates.noindex/PresentView.build/Debug-watchos/PresentView.build/Objects-normal/arm64_32/PresentView.swiftdoc -emit-module-source-info-path /Users/admin/builder/spi-builder-workspace/.derivedData/Build/Intermediates.noindex/PresentView.build/Debug-watchos/PresentView.build/Objects-normal/arm64_32/PresentView.swiftsourceinfo -emit-objc-header-path /Users/admin/builder/spi-builder-workspace/.derivedData/Build/Intermediates.noindex/PresentView.build/Debug-watchos/PresentView.build/Objects-normal/arm64_32/PresentView-Swift.h -serialize-diagnostics-path /Users/admin/builder/spi-builder-workspace/.derivedData/Build/Intermediates.noindex/PresentView.build/Debug-watchos/PresentView.build/Objects-normal/arm64_32/PresentView-master-emit-module.dia -emit-dependencies-path /Users/admin/builder/spi-builder-workspace/.derivedData/Build/Intermediates.noindex/PresentView.build/Debug-watchos/PresentView.build/Objects-normal/arm64_32/PresentView-master-emit-module.d -o /Users/admin/builder/spi-builder-workspace/.derivedData/Build/Intermediates.noindex/PresentView.build/Debug-watchos/PresentView.build/Objects-normal/arm64_32/PresentView.swiftmodule -emit-abi-descriptor-path /Users/admin/builder/spi-builder-workspace/.derivedData/Build/Intermediates.noindex/PresentView.build/Debug-watchos/PresentView.build/Objects-normal/arm64_32/PresentView.abi.json
SwiftCompile normal arm64_32 Compiling\ DismissPresentedAction.swift /Users/admin/builder/spi-builder-workspace/Sources/PresentView/DismissPresentedAction.swift (in target 'PresentView' from project 'PresentView')
SwiftCompile normal arm64_32 /Users/admin/builder/spi-builder-workspace/Sources/PresentView/DismissPresentedAction.swift (in target 'PresentView' from project 'PresentView')
    cd /Users/admin/builder/spi-builder-workspace/.swiftpm/xcode

SwiftCompile normal arm64_32 Compiling\ NodeView.swift /Users/admin/builder/spi-builder-workspace/Sources/PresentView/NodeView.swift (in target 'PresentView' from project 'PresentView')
SwiftCompile normal arm64_32 /Users/admin/builder/spi-builder-workspace/Sources/PresentView/NodeView.swift (in target 'PresentView' from project 'PresentView')
    cd /Users/admin/builder/spi-builder-workspace/.swiftpm/xcode

SwiftCompile normal arm64_32 Compiling\ PresentView.swift /Users/admin/builder/spi-builder-workspace/Sources/PresentView/PresentView.swift (in target 'PresentView' from project 'PresentView')
SwiftCompile normal arm64_32 /Users/admin/builder/spi-builder-workspace/Sources/PresentView/PresentView.swift (in target 'PresentView' from project 'PresentView')
    cd /Users/admin/builder/spi-builder-workspace/.swiftpm/xcode

SwiftCompile normal arm64_32 Compiling\ PresentedViewModifier.swift /Users/admin/builder/spi-builder-workspace/Sources/PresentView/PresentedViewModifier.swift (in target 'PresentView' from project 'PresentView')
SwiftCompile normal arm64_32 /Users/admin/builder/spi-builder-workspace/Sources/PresentView/PresentedViewModifier.swift (in target 'PresentView' from project 'PresentView')
    cd /Users/admin/builder/spi-builder-workspace/.swiftpm/xcode

SwiftCompile normal arm64_32 Compiling\ Array+Presented.swift /Users/admin/builder/spi-builder-workspace/Sources/PresentView/Array+Presented.swift (in target 'PresentView' from project 'PresentView')
SwiftCompile normal arm64_32 /Users/admin/builder/spi-builder-workspace/Sources/PresentView/Array+Presented.swift (in target 'PresentView' from project 'PresentView')
    cd /Users/admin/builder/spi-builder-workspace/.swiftpm/xcode

SwiftCompile normal arm64_32 Compiling\ Presented.swift /Users/admin/builder/spi-builder-workspace/Sources/PresentView/Presented.swift (in target 'PresentView' from project 'PresentView')
SwiftCompile normal arm64_32 /Users/admin/builder/spi-builder-workspace/Sources/PresentView/Presented.swift (in target 'PresentView' from project 'PresentView')
    cd /Users/admin/builder/spi-builder-workspace/.swiftpm/xcode

SwiftCompile normal arm64_32 Compiling\ TransparentBackground.swift /Users/admin/builder/spi-builder-workspace/Sources/PresentView/TransparentBackground.swift (in target 'PresentView' from project 'PresentView')
SwiftCompile normal arm64_32 /Users/admin/builder/spi-builder-workspace/Sources/PresentView/TransparentBackground.swift (in target 'PresentView' from project 'PresentView')
    cd /Users/admin/builder/spi-builder-workspace/.swiftpm/xcode

SwiftEmitModule normal armv7k Emitting\ module\ for\ PresentView (in target 'PresentView' from project 'PresentView')
EmitSwiftModule normal armv7k (in target 'PresentView' from project 'PresentView')
    cd /Users/admin/builder/spi-builder-workspace/.swiftpm/xcode

SwiftEmitModule normal arm64 Emitting\ module\ for\ PresentView (in target 'PresentView' from project 'PresentView')
EmitSwiftModule normal arm64 (in target 'PresentView' from project 'PresentView')
    cd /Users/admin/builder/spi-builder-workspace/.swiftpm/xcode

SwiftCompile normal arm64 Compiling\ PresentedViewModifier.swift /Users/admin/builder/spi-builder-workspace/Sources/PresentView/PresentedViewModifier.swift (in target 'PresentView' from project 'PresentView')
Command SwiftCompile failed with a nonzero exit code
** BUILD FAILED **
The following build commands failed:
	EmitSwiftModule normal arm64_32 (in target 'PresentView' from project 'PresentView')
	SwiftEmitModule normal arm64_32 Emitting\ module\ for\ PresentView (in target 'PresentView' from project 'PresentView')
	SwiftCompile normal arm64 Compiling\ PresentedViewModifier.swift /Users/admin/builder/spi-builder-workspace/Sources/PresentView/PresentedViewModifier.swift (in target 'PresentView' from project 'PresentView')
	Building workspace spi-builder-workspace with scheme PresentView
(4 failures)
Command line invocation:
    /Applications/Xcode-16.3.0.app/Contents/Developer/usr/bin/xcodebuild -IDEClonedSourcePackagesDirPathOverride=/Users/admin/builder/spi-builder-workspace/.dependencies -resolvePackageDependencies
Resolve Package Graph
Resolved source packages:
  PresentView: /Users/admin/builder/spi-builder-workspace
resolved source packages: PresentView
{
  "dependencies" : [
  ],
  "manifest_display_name" : "PresentView",
  "name" : "PresentView",
  "path" : "/Users/admin/builder/spi-builder-workspace",
  "platforms" : [
    {
      "name" : "ios",
      "version" : "15.0"
    },
    {
      "name" : "macos",
      "version" : "13.0"
    },
    {
      "name" : "maccatalyst",
      "version" : "13.0"
    },
    {
      "name" : "tvos",
      "version" : "16.0"
    }
  ],
  "products" : [
    {
      "name" : "PresentView",
      "targets" : [
        "PresentView"
      ],
      "type" : {
        "library" : [
          "automatic"
        ]
      }
    }
  ],
  "targets" : [
    {
      "c99name" : "PresentViewTests",
      "module_type" : "SwiftTarget",
      "name" : "PresentViewTests",
      "path" : "Tests/PresentViewTests",
      "sources" : [
        "DismissPresentedTests.swift",
        "PresentedStackTests.swift",
        "PresentedStyleTests.swift"
      ],
      "target_dependencies" : [
        "PresentView"
      ],
      "type" : "test"
    },
    {
      "c99name" : "PresentView",
      "module_type" : "SwiftTarget",
      "name" : "PresentView",
      "path" : "Sources/PresentView",
      "product_memberships" : [
        "PresentView"
      ],
      "sources" : [
        "Array+Presented.swift",
        "DismissPresentedAction.swift",
        "NodeView.swift",
        "PresentView.swift",
        "Presented.swift",
        "PresentedViewModifier.swift",
        "TransparentBackground.swift",
        "View+Utils.swift"
      ],
      "type" : "library"
    }
  ],
  "tools_version" : "5.9"
}
{
  "workspace" : {
    "name" : "spi-builder-workspace",
    "schemes" : [
      "PresentView"
    ]
  }
}
Running build ...
env DEVELOPER_DIR=/Applications/Xcode-16.3.0.app xcrun xcodebuild -IDEClonedSourcePackagesDirPathOverride=$PWD/.dependencies -skipMacroValidation -skipPackagePluginValidation -derivedDataPath $PWD/.derivedData build -scheme PresentView -destination generic/platform=watchOS
Command line invocation:
    /Applications/Xcode-16.3.0.app/Contents/Developer/usr/bin/xcodebuild -IDEClonedSourcePackagesDirPathOverride=/Users/admin/builder/spi-builder-workspace/.dependencies -skipMacroValidation -skipPackagePluginValidation -derivedDataPath /Users/admin/builder/spi-builder-workspace/.derivedData build -scheme PresentView -destination generic/platform=watchOS
Resolve Package Graph
Resolved source packages:
  PresentView: /Users/admin/builder/spi-builder-workspace
ComputePackagePrebuildTargetDependencyGraph
Prepare packages
CreateBuildRequest
SendProjectDescription
CreateBuildOperation
ComputeTargetDependencyGraph
note: Building targets in dependency order
note: Target dependency graph (2 targets)
    Target 'PresentView' in project 'PresentView'
        ➜ Explicit dependency on target 'PresentView' in project 'PresentView'
    Target 'PresentView' in project 'PresentView' (no dependencies)
GatherProvisioningInputs
CreateBuildDescription
ExecuteExternalTool /Applications/Xcode-16.3.0.app/Contents/Developer/Toolchains/XcodeDefault.xctoolchain/usr/bin/clang -v -E -dM -isysroot /Applications/Xcode-16.3.0.app/Contents/Developer/Platforms/WatchOS.platform/Developer/SDKs/WatchOS11.4.sdk -x c -c /dev/null
ExecuteExternalTool /Applications/Xcode-16.3.0.app/Contents/Developer/Toolchains/XcodeDefault.xctoolchain/usr/bin/swiftc --version
ExecuteExternalTool /Applications/Xcode-16.3.0.app/Contents/Developer/Toolchains/XcodeDefault.xctoolchain/usr/bin/ld -version_details
Build description signature: fbe4a67e95e6080cf439485188fc34d0
Build description path: /Users/admin/builder/spi-builder-workspace/.derivedData/Build/Intermediates.noindex/XCBuildData/fbe4a67e95e6080cf439485188fc34d0.xcbuilddata
ClangStatCache /Applications/Xcode-16.3.0.app/Contents/Developer/Toolchains/XcodeDefault.xctoolchain/usr/bin/clang-stat-cache /Applications/Xcode-16.3.0.app/Contents/Developer/Platforms/WatchOS.platform/Developer/SDKs/WatchOS11.4.sdk /Users/admin/builder/spi-builder-workspace/.derivedData/SDKStatCaches.noindex/watchos11.4-22T246-43efb940ff07ba2497b70ec94253f576.sdkstatcache
    cd /Users/admin/builder/spi-builder-workspace/.swiftpm/xcode
    /Applications/Xcode-16.3.0.app/Contents/Developer/Toolchains/XcodeDefault.xctoolchain/usr/bin/clang-stat-cache /Applications/Xcode-16.3.0.app/Contents/Developer/Platforms/WatchOS.platform/Developer/SDKs/WatchOS11.4.sdk -o /Users/admin/builder/spi-builder-workspace/.derivedData/SDKStatCaches.noindex/watchos11.4-22T246-43efb940ff07ba2497b70ec94253f576.sdkstatcache
SwiftDriver PresentView normal arm64 com.apple.xcode.tools.swift.compiler (in target 'PresentView' from project 'PresentView')
    cd /Users/admin/builder/spi-builder-workspace/.swiftpm/xcode
    builtin-SwiftDriver -- /Applications/Xcode-16.3.0.app/Contents/Developer/Toolchains/XcodeDefault.xctoolchain/usr/bin/swiftc -module-name PresentView -Onone -enforce-exclusivity\=checked @/Users/admin/builder/spi-builder-workspace/.derivedData/Build/Intermediates.noindex/PresentView.build/Debug-watchos/PresentView.build/Objects-normal/arm64/PresentView.SwiftFileList -DSWIFT_PACKAGE -DDEBUG -DXcode -plugin-path /Applications/Xcode-16.3.0.app/Contents/Developer/Toolchains/XcodeDefault.xctoolchain/usr/lib/swift/host/plugins/testing -enable-experimental-feature DebugDescriptionMacro -sdk /Applications/Xcode-16.3.0.app/Contents/Developer/Platforms/WatchOS.platform/Developer/SDKs/WatchOS11.4.sdk -target arm64-apple-watchos8.0 -g -module-cache-path /Users/admin/builder/spi-builder-workspace/.derivedData/ModuleCache.noindex -Xfrontend -serialize-debugging-options -profile-coverage-mapping -profile-generate -enable-testing -index-store-path /Users/admin/builder/spi-builder-workspace/.derivedData/Index.noindex/DataStore -swift-version 5 -I /Users/admin/builder/spi-builder-workspace/.derivedData/Build/Products/Debug-watchos -I /Applications/Xcode-16.3.0.app/Contents/Developer/Platforms/WatchOS.platform/Developer/usr/lib -F /Users/admin/builder/spi-builder-workspace/.derivedData/Build/Products/Debug-watchos -F /Applications/Xcode-16.3.0.app/Contents/Developer/Platforms/WatchOS.platform/Developer/Library/Frameworks -F /Applications/Xcode-16.3.0.app/Contents/Developer/Platforms/WatchOS.platform/Developer/SDKs/WatchOS11.4.sdk/Developer/Library/Frameworks -c -j10 -enable-batch-mode -incremental -Xcc -ivfsstatcache -Xcc /Users/admin/builder/spi-builder-workspace/.derivedData/SDKStatCaches.noindex/watchos11.4-22T246-43efb940ff07ba2497b70ec94253f576.sdkstatcache -output-file-map /Users/admin/builder/spi-builder-workspace/.derivedData/Build/Intermediates.noindex/PresentView.build/Debug-watchos/PresentView.build/Objects-normal/arm64/PresentView-OutputFileMap.json -use-frontend-parseable-output -save-temps -no-color-diagnostics -serialize-diagnostics -emit-dependencies -emit-module -emit-module-path /Users/admin/builder/spi-builder-workspace/.derivedData/Build/Intermediates.noindex/PresentView.build/Debug-watchos/PresentView.build/Objects-normal/arm64/PresentView.swiftmodule -validate-clang-modules-once -clang-build-session-file /Users/admin/builder/spi-builder-workspace/.derivedData/ModuleCache.noindex/Session.modulevalidation -package-name spi_builder_workspace -Xcc -I/Users/admin/builder/spi-builder-workspace/.derivedData/Build/Intermediates.noindex/PresentView.build/Debug-watchos/PresentView.build/swift-overrides.hmap -emit-const-values -Xfrontend -const-gather-protocols-file -Xfrontend /Users/admin/builder/spi-builder-workspace/.derivedData/Build/Intermediates.noindex/PresentView.build/Debug-watchos/PresentView.build/Objects-normal/arm64/PresentView_const_extract_protocols.json -Xcc -I/Users/admin/builder/spi-builder-workspace/.derivedData/Build/Products/Debug-watchos/include -Xcc -I/Users/admin/builder/spi-builder-workspace/.derivedData/Build/Intermediates.noindex/PresentView.build/Debug-watchos/PresentView.build/DerivedSources-normal/arm64 -Xcc -I/Users/admin/builder/spi-builder-workspace/.derivedData/Build/Intermediates.noindex/PresentView.build/Debug-watchos/PresentView.build/DerivedSources/arm64 -Xcc -I/Users/admin/builder/spi-builder-workspace/.derivedData/Build/Intermediates.noindex/PresentView.build/Debug-watchos/PresentView.build/DerivedSources -Xcc -DSWIFT_PACKAGE -Xcc -DDEBUG\=1 -emit-objc-header -emit-objc-header-path /Users/admin/builder/spi-builder-workspace/.derivedData/Build/Intermediates.noindex/PresentView.build/Debug-watchos/PresentView.build/Objects-normal/arm64/PresentView-Swift.h -working-directory /Users/admin/builder/spi-builder-workspace/.swiftpm/xcode -experimental-emit-module-separately -disable-cmo
SwiftDriver PresentView normal armv7k com.apple.xcode.tools.swift.compiler (in target 'PresentView' from project 'PresentView')
    cd /Users/admin/builder/spi-builder-workspace/.swiftpm/xcode
    builtin-SwiftDriver -- /Applications/Xcode-16.3.0.app/Contents/Developer/Toolchains/XcodeDefault.xctoolchain/usr/bin/swiftc -module-name PresentView -Onone -enforce-exclusivity\=checked @/Users/admin/builder/spi-builder-workspace/.derivedData/Build/Intermediates.noindex/PresentView.build/Debug-watchos/PresentView.build/Objects-normal/armv7k/PresentView.SwiftFileList -DSWIFT_PACKAGE -DDEBUG -DXcode -plugin-path /Applications/Xcode-16.3.0.app/Contents/Developer/Toolchains/XcodeDefault.xctoolchain/usr/lib/swift/host/plugins/testing -enable-experimental-feature DebugDescriptionMacro -sdk /Applications/Xcode-16.3.0.app/Contents/Developer/Platforms/WatchOS.platform/Developer/SDKs/WatchOS11.4.sdk -target armv7k-apple-watchos8.0 -g -module-cache-path /Users/admin/builder/spi-builder-workspace/.derivedData/ModuleCache.noindex -Xfrontend -serialize-debugging-options -profile-coverage-mapping -profile-generate -enable-testing -index-store-path /Users/admin/builder/spi-builder-workspace/.derivedData/Index.noindex/DataStore -swift-version 5 -I /Users/admin/builder/spi-builder-workspace/.derivedData/Build/Products/Debug-watchos -I /Applications/Xcode-16.3.0.app/Contents/Developer/Platforms/WatchOS.platform/Developer/usr/lib -F /Users/admin/builder/spi-builder-workspace/.derivedData/Build/Products/Debug-watchos -F /Applications/Xcode-16.3.0.app/Contents/Developer/Platforms/WatchOS.platform/Developer/Library/Frameworks -F /Applications/Xcode-16.3.0.app/Contents/Developer/Platforms/WatchOS.platform/Developer/SDKs/WatchOS11.4.sdk/Developer/Library/Frameworks -c -j10 -enable-batch-mode -incremental -Xcc -ivfsstatcache -Xcc /Users/admin/builder/spi-builder-workspace/.derivedData/SDKStatCaches.noindex/watchos11.4-22T246-43efb940ff07ba2497b70ec94253f576.sdkstatcache -output-file-map /Users/admin/builder/spi-builder-workspace/.derivedData/Build/Intermediates.noindex/PresentView.build/Debug-watchos/PresentView.build/Objects-normal/armv7k/PresentView-OutputFileMap.json -use-frontend-parseable-output -save-temps -no-color-diagnostics -serialize-diagnostics -emit-dependencies -emit-module -emit-module-path /Users/admin/builder/spi-builder-workspace/.derivedData/Build/Intermediates.noindex/PresentView.build/Debug-watchos/PresentView.build/Objects-normal/armv7k/PresentView.swiftmodule -validate-clang-modules-once -clang-build-session-file /Users/admin/builder/spi-builder-workspace/.derivedData/ModuleCache.noindex/Session.modulevalidation -package-name spi_builder_workspace -Xcc -I/Users/admin/builder/spi-builder-workspace/.derivedData/Build/Intermediates.noindex/PresentView.build/Debug-watchos/PresentView.build/swift-overrides.hmap -emit-const-values -Xfrontend -const-gather-protocols-file -Xfrontend /Users/admin/builder/spi-builder-workspace/.derivedData/Build/Intermediates.noindex/PresentView.build/Debug-watchos/PresentView.build/Objects-normal/armv7k/PresentView_const_extract_protocols.json -Xcc -I/Users/admin/builder/spi-builder-workspace/.derivedData/Build/Products/Debug-watchos/include -Xcc -I/Users/admin/builder/spi-builder-workspace/.derivedData/Build/Intermediates.noindex/PresentView.build/Debug-watchos/PresentView.build/DerivedSources-normal/armv7k -Xcc -I/Users/admin/builder/spi-builder-workspace/.derivedData/Build/Intermediates.noindex/PresentView.build/Debug-watchos/PresentView.build/DerivedSources/armv7k -Xcc -I/Users/admin/builder/spi-builder-workspace/.derivedData/Build/Intermediates.noindex/PresentView.build/Debug-watchos/PresentView.build/DerivedSources -Xcc -DSWIFT_PACKAGE -Xcc -DDEBUG\=1 -emit-objc-header -emit-objc-header-path /Users/admin/builder/spi-builder-workspace/.derivedData/Build/Intermediates.noindex/PresentView.build/Debug-watchos/PresentView.build/Objects-normal/armv7k/PresentView-Swift.h -working-directory /Users/admin/builder/spi-builder-workspace/.swiftpm/xcode -experimental-emit-module-separately -disable-cmo
SwiftDriver PresentView normal arm64_32 com.apple.xcode.tools.swift.compiler (in target 'PresentView' from project 'PresentView')
    cd /Users/admin/builder/spi-builder-workspace/.swiftpm/xcode
    builtin-SwiftDriver -- /Applications/Xcode-16.3.0.app/Contents/Developer/Toolchains/XcodeDefault.xctoolchain/usr/bin/swiftc -module-name PresentView -Onone -enforce-exclusivity\=checked @/Users/admin/builder/spi-builder-workspace/.derivedData/Build/Intermediates.noindex/PresentView.build/Debug-watchos/PresentView.build/Objects-normal/arm64_32/PresentView.SwiftFileList -DSWIFT_PACKAGE -DDEBUG -DXcode -plugin-path /Applications/Xcode-16.3.0.app/Contents/Developer/Toolchains/XcodeDefault.xctoolchain/usr/lib/swift/host/plugins/testing -enable-experimental-feature DebugDescriptionMacro -sdk /Applications/Xcode-16.3.0.app/Contents/Developer/Platforms/WatchOS.platform/Developer/SDKs/WatchOS11.4.sdk -target arm64_32-apple-watchos8.0 -g -module-cache-path /Users/admin/builder/spi-builder-workspace/.derivedData/ModuleCache.noindex -Xfrontend -serialize-debugging-options -profile-coverage-mapping -profile-generate -enable-testing -index-store-path /Users/admin/builder/spi-builder-workspace/.derivedData/Index.noindex/DataStore -swift-version 5 -I /Users/admin/builder/spi-builder-workspace/.derivedData/Build/Products/Debug-watchos -I /Applications/Xcode-16.3.0.app/Contents/Developer/Platforms/WatchOS.platform/Developer/usr/lib -F /Users/admin/builder/spi-builder-workspace/.derivedData/Build/Products/Debug-watchos -F /Applications/Xcode-16.3.0.app/Contents/Developer/Platforms/WatchOS.platform/Developer/Library/Frameworks -F /Applications/Xcode-16.3.0.app/Contents/Developer/Platforms/WatchOS.platform/Developer/SDKs/WatchOS11.4.sdk/Developer/Library/Frameworks -c -j10 -enable-batch-mode -incremental -Xcc -ivfsstatcache -Xcc /Users/admin/builder/spi-builder-workspace/.derivedData/SDKStatCaches.noindex/watchos11.4-22T246-43efb940ff07ba2497b70ec94253f576.sdkstatcache -output-file-map /Users/admin/builder/spi-builder-workspace/.derivedData/Build/Intermediates.noindex/PresentView.build/Debug-watchos/PresentView.build/Objects-normal/arm64_32/PresentView-OutputFileMap.json -use-frontend-parseable-output -save-temps -no-color-diagnostics -serialize-diagnostics -emit-dependencies -emit-module -emit-module-path /Users/admin/builder/spi-builder-workspace/.derivedData/Build/Intermediates.noindex/PresentView.build/Debug-watchos/PresentView.build/Objects-normal/arm64_32/PresentView.swiftmodule -validate-clang-modules-once -clang-build-session-file /Users/admin/builder/spi-builder-workspace/.derivedData/ModuleCache.noindex/Session.modulevalidation -package-name spi_builder_workspace -Xcc -I/Users/admin/builder/spi-builder-workspace/.derivedData/Build/Intermediates.noindex/PresentView.build/Debug-watchos/PresentView.build/swift-overrides.hmap -emit-const-values -Xfrontend -const-gather-protocols-file -Xfrontend /Users/admin/builder/spi-builder-workspace/.derivedData/Build/Intermediates.noindex/PresentView.build/Debug-watchos/PresentView.build/Objects-normal/arm64_32/PresentView_const_extract_protocols.json -Xcc -I/Users/admin/builder/spi-builder-workspace/.derivedData/Build/Products/Debug-watchos/include -Xcc -I/Users/admin/builder/spi-builder-workspace/.derivedData/Build/Intermediates.noindex/PresentView.build/Debug-watchos/PresentView.build/DerivedSources-normal/arm64_32 -Xcc -I/Users/admin/builder/spi-builder-workspace/.derivedData/Build/Intermediates.noindex/PresentView.build/Debug-watchos/PresentView.build/DerivedSources/arm64_32 -Xcc -I/Users/admin/builder/spi-builder-workspace/.derivedData/Build/Intermediates.noindex/PresentView.build/Debug-watchos/PresentView.build/DerivedSources -Xcc -DSWIFT_PACKAGE -Xcc -DDEBUG\=1 -emit-objc-header -emit-objc-header-path /Users/admin/builder/spi-builder-workspace/.derivedData/Build/Intermediates.noindex/PresentView.build/Debug-watchos/PresentView.build/Objects-normal/arm64_32/PresentView-Swift.h -working-directory /Users/admin/builder/spi-builder-workspace/.swiftpm/xcode -experimental-emit-module-separately -disable-cmo
SwiftEmitModule normal arm64_32 Emitting\ module\ for\ PresentView (in target 'PresentView' from project 'PresentView')
EmitSwiftModule normal arm64_32 (in target 'PresentView' from project 'PresentView')
    cd /Users/admin/builder/spi-builder-workspace/.swiftpm/xcode

/Users/admin/builder/spi-builder-workspace/Sources/PresentView/TransparentBackground.swift:33:54: warning: 'nonisolated' is not supported on properties with property wrappers; this is an error in the Swift 6 language mode
    @Environment(\.dismissPresented) fileprivate var dismissPresented
                                                     ^
/Users/admin/builder/spi-builder-workspace/Sources/PresentView/TransparentBackground.swift:42:60: error: cannot find type 'UIView' in scope
    @usableFromInline func makeUIView(context: Context) -> UIView {
                                                           ^~~~~~
/Applications/Xcode-16.3.0.app/Contents/Developer/Platforms/WatchOS.platform/Developer/SDKs/WatchOS11.4.sdk/System/Library/Frameworks/UIKit.framework/Headers/NSTextAttachment.h:23:1: note: interface 'UIView' forward declared here
@class UIView;
^
/Users/admin/builder/spi-builder-workspace/Sources/PresentView/TransparentBackground.swift:42:48: error: cannot find type 'Context' in scope
    @usableFromInline func makeUIView(context: Context) -> UIView {
                                               ^~~~~~~
/Users/admin/builder/spi-builder-workspace/Sources/PresentView/TransparentBackground.swift:48:51: error: cannot find type 'UIView' in scope
    @usableFromInline func updateUIView(_ uiView: UIView, context: Context) {
                                                  ^~~~~~
/Applications/Xcode-16.3.0.app/Contents/Developer/Platforms/WatchOS.platform/Developer/SDKs/WatchOS11.4.sdk/System/Library/Frameworks/UIKit.framework/Headers/NSTextAttachment.h:23:1: note: interface 'UIView' forward declared here
@class UIView;
^
/Users/admin/builder/spi-builder-workspace/Sources/PresentView/TransparentBackground.swift:48:68: error: cannot find type 'Context' in scope
    @usableFromInline func updateUIView(_ uiView: UIView, context: Context) {
                                                                   ^~~~~~~
/Users/admin/builder/spi-builder-workspace/Sources/PresentView/TransparentBackground.swift:59:31: error: cannot find type 'UIViewController' in scope
        weak var presentedVC: UIViewController?
                              ^~~~~~~~~~~~~~~~
/Users/admin/builder/spi-builder-workspace/Sources/PresentView/TransparentBackground.swift:60:28: error: cannot find type 'UIView' in scope
        weak var cardView: UIView?
                           ^~~~~~
/Applications/Xcode-16.3.0.app/Contents/Developer/Platforms/WatchOS.platform/Developer/SDKs/WatchOS11.4.sdk/System/Library/Frameworks/UIKit.framework/Headers/NSTextAttachment.h:23:1: note: interface 'UIView' forward declared here
@class UIView;
^
/Users/admin/builder/spi-builder-workspace/Sources/PresentView/TransparentBackground.swift:83:60: error: cannot find type 'UIGestureRecognizer' in scope
        public func gestureRecognizer(_ gestureRecognizer: UIGestureRecognizer, shouldReceive touch: UITouch) -> Bool {
                                                           ^~~~~~~~~~~~~~~~~~~
/Users/admin/builder/spi-builder-workspace/Sources/PresentView/TransparentBackground.swift:83:102: error: cannot find type 'UITouch' in scope
        public func gestureRecognizer(_ gestureRecognizer: UIGestureRecognizer, shouldReceive touch: UITouch) -> Bool {
                                                                                                     ^~~~~~~
/Users/admin/builder/spi-builder-workspace/Sources/PresentView/TransparentBackground.swift:56:58: error: cannot find type 'UIGestureRecognizerDelegate' in scope
    @usableFromInline final class Coordinator: NSObject, UIGestureRecognizerDelegate {
                                                         ^~~~~~~~~~~~~~~~~~~~~~~~~~~
/Users/admin/builder/spi-builder-workspace/Sources/PresentView/TransparentBackground.swift:91:41: warning: generic parameter 'S' shadows generic parameter from outer scope with the same name; this is an error in the Swift 6 language mode
    private struct ShapeStyleBackground<S>: View where S: ShapeStyle {
                                        ^
/Users/admin/builder/spi-builder-workspace/Sources/PresentView/TransparentBackground.swift:32:60: note: 'S' previously declared here
@usableFromInline nonisolated struct TransparentBackground<S>: UIViewRepresentable where S: ShapeStyle {
                                                           ^
/Users/admin/builder/spi-builder-workspace/Sources/PresentView/TransparentBackground.swift:101:52: error: cannot find type 'UIView' in scope
    private final class TransparentBackgroundView: UIView {
                                                   ^~~~~~
/Applications/Xcode-16.3.0.app/Contents/Developer/Platforms/WatchOS.platform/Developer/SDKs/WatchOS11.4.sdk/System/Library/Frameworks/UIKit.framework/Headers/NSTextAttachment.h:23:1: note: interface 'UIView' forward declared here
@class UIView;
^
/Users/admin/builder/spi-builder-workspace/Sources/PresentView/TransparentBackground.swift:117:23: error: method does not override any method from its superclass
        override func didMoveToWindow() {
        ~~~~~~~~      ^
/Users/admin/builder/spi-builder-workspace/Sources/PresentView/TransparentBackground.swift:32:64: error: cannot find type 'UIViewRepresentable' in scope
@usableFromInline nonisolated struct TransparentBackground<S>: UIViewRepresentable where S: ShapeStyle {
                                                               ^~~~~~~~~~~~~~~~~~~
/Users/admin/builder/spi-builder-workspace/Sources/PresentView/TransparentBackground.swift:11:9: error: instance method 'background(_:ignoresSafeAreaEdges:)' requires that 'TransparentBackground<Color>' conform to 'ShapeStyle'
        background(
        ^
SwiftUICore.View.background:2:36: note: where 'S' = 'TransparentBackground<Color>'
@inlinable nonisolated public func background<S>(_ style: S, ignoresSafeAreaEdges edges: Edge.Set = .all) -> some View where S : ShapeStyle
                                   ^
/Users/admin/builder/spi-builder-workspace/Sources/PresentView/TransparentBackground.swift:23:9: error: instance method 'background(_:ignoresSafeAreaEdges:)' requires that 'TransparentBackground<S>' conform to 'ShapeStyle'
        background(
        ^
SwiftUICore.View.background:2:36: note: where 'S' = 'TransparentBackground<S>'
@inlinable nonisolated public func background<S>(_ style: S, ignoresSafeAreaEdges edges: Edge.Set = .all) -> some View where S : ShapeStyle
                                   ^
Failed frontend command:
/Applications/Xcode-16.3.0.app/Contents/Developer/Toolchains/XcodeDefault.xctoolchain/usr/bin/swift-frontend -frontend -emit-module -experimental-skip-non-inlinable-function-bodies-without-types /Users/admin/builder/spi-builder-workspace/Sources/PresentView/Array+Presented.swift /Users/admin/builder/spi-builder-workspace/Sources/PresentView/DismissPresentedAction.swift /Users/admin/builder/spi-builder-workspace/Sources/PresentView/NodeView.swift /Users/admin/builder/spi-builder-workspace/Sources/PresentView/PresentView.swift /Users/admin/builder/spi-builder-workspace/Sources/PresentView/Presented.swift /Users/admin/builder/spi-builder-workspace/Sources/PresentView/PresentedViewModifier.swift /Users/admin/builder/spi-builder-workspace/Sources/PresentView/TransparentBackground.swift /Users/admin/builder/spi-builder-workspace/Sources/PresentView/View+Utils.swift -target arm64_32-apple-watchos8.0 -enable-objc-interop -sdk /Applications/Xcode-16.3.0.app/Contents/Developer/Platforms/WatchOS.platform/Developer/SDKs/WatchOS11.4.sdk -I /Users/admin/builder/spi-builder-workspace/.derivedData/Build/Products/Debug-watchos -I /Applications/Xcode-16.3.0.app/Contents/Developer/Platforms/WatchOS.platform/Developer/usr/lib -F /Users/admin/builder/spi-builder-workspace/.derivedData/Build/Products/Debug-watchos -F /Applications/Xcode-16.3.0.app/Contents/Developer/Platforms/WatchOS.platform/Developer/Library/Frameworks -F /Applications/Xcode-16.3.0.app/Contents/Developer/Platforms/WatchOS.platform/Developer/SDKs/WatchOS11.4.sdk/Developer/Library/Frameworks -no-color-diagnostics -enable-testing -g -debug-info-format\=dwarf -dwarf-version\=4 -module-cache-path /Users/admin/builder/spi-builder-workspace/.derivedData/ModuleCache.noindex -profile-generate -profile-coverage-mapping -swift-version 5 -enforce-exclusivity\=checked -Onone -D SWIFT_PACKAGE -D DEBUG -D Xcode -serialize-debugging-options -const-gather-protocols-file /Users/admin/builder/spi-builder-workspace/.derivedData/Build/Intermediates.noindex/PresentView.build/Debug-watchos/PresentView.build/Objects-normal/arm64_32/PresentView_const_extract_protocols.json -enable-experimental-feature DebugDescriptionMacro -empty-abi-descriptor -plugin-path /Applications/Xcode-16.3.0.app/Contents/Developer/Toolchains/XcodeDefault.xctoolchain/usr/lib/swift/host/plugins/testing -validate-clang-modules-once -clang-build-session-file /Users/admin/builder/spi-builder-workspace/.derivedData/ModuleCache.noindex/Session.modulevalidation -Xcc -working-directory -Xcc /Users/admin/builder/spi-builder-workspace/.swiftpm/xcode -resource-dir /Applications/Xcode-16.3.0.app/Contents/Developer/Toolchains/XcodeDefault.xctoolchain/usr/lib/swift -enable-anonymous-context-mangled-names -file-compilation-dir /Users/admin/builder/spi-builder-workspace/.swiftpm/xcode -Xcc -ivfsstatcache -Xcc /Users/admin/builder/spi-builder-workspace/.derivedData/SDKStatCaches.noindex/watchos11.4-22T246-43efb940ff07ba2497b70ec94253f576.sdkstatcache -Xcc -I/Users/admin/builder/spi-builder-workspace/.derivedData/Build/Intermediates.noindex/PresentView.build/Debug-watchos/PresentView.build/swift-overrides.hmap -Xcc -I/Users/admin/builder/spi-builder-workspace/.derivedData/Build/Products/Debug-watchos/include -Xcc -I/Users/admin/builder/spi-builder-workspace/.derivedData/Build/Intermediates.noindex/PresentView.build/Debug-watchos/PresentView.build/DerivedSources-normal/arm64_32 -Xcc -I/Users/admin/builder/spi-builder-workspace/.derivedData/Build/Intermediates.noindex/PresentView.build/Debug-watchos/PresentView.build/DerivedSources/arm64_32 -Xcc -I/Users/admin/builder/spi-builder-workspace/.derivedData/Build/Intermediates.noindex/PresentView.build/Debug-watchos/PresentView.build/DerivedSources -Xcc -DSWIFT_PACKAGE -Xcc -DDEBUG\=1 -module-name PresentView -package-name spi_builder_workspace -frontend-parseable-output -disable-clang-spi -target-sdk-version 11.4 -target-sdk-name watchos11.4 -external-plugin-path /Applications/Xcode-16.3.0.app/Contents/Developer/Platforms/WatchOS.platform/Developer/usr/lib/swift/host/plugins\#/Applications/Xcode-16.3.0.app/Contents/Developer/Platforms/WatchOS.platform/Developer/usr/bin/swift-plugin-server -external-plugin-path /Applications/Xcode-16.3.0.app/Contents/Developer/Platforms/WatchOS.platform/Developer/usr/local/lib/swift/host/plugins\#/Applications/Xcode-16.3.0.app/Contents/Developer/Platforms/WatchOS.platform/Developer/usr/bin/swift-plugin-server -in-process-plugin-server-path /Applications/Xcode-16.3.0.app/Contents/Developer/Toolchains/XcodeDefault.xctoolchain/usr/lib/swift/host/libSwiftInProcPluginServer.dylib -plugin-path /Applications/Xcode-16.3.0.app/Contents/Developer/Toolchains/XcodeDefault.xctoolchain/usr/lib/swift/host/plugins -plugin-path /Applications/Xcode-16.3.0.app/Contents/Developer/Toolchains/XcodeDefault.xctoolchain/usr/local/lib/swift/host/plugins -emit-module-doc-path /Users/admin/builder/spi-builder-workspace/.derivedData/Build/Intermediates.noindex/PresentView.build/Debug-watchos/PresentView.build/Objects-normal/arm64_32/PresentView.swiftdoc -emit-module-source-info-path /Users/admin/builder/spi-builder-workspace/.derivedData/Build/Intermediates.noindex/PresentView.build/Debug-watchos/PresentView.build/Objects-normal/arm64_32/PresentView.swiftsourceinfo -emit-objc-header-path /Users/admin/builder/spi-builder-workspace/.derivedData/Build/Intermediates.noindex/PresentView.build/Debug-watchos/PresentView.build/Objects-normal/arm64_32/PresentView-Swift.h -serialize-diagnostics-path /Users/admin/builder/spi-builder-workspace/.derivedData/Build/Intermediates.noindex/PresentView.build/Debug-watchos/PresentView.build/Objects-normal/arm64_32/PresentView-master-emit-module.dia -emit-dependencies-path /Users/admin/builder/spi-builder-workspace/.derivedData/Build/Intermediates.noindex/PresentView.build/Debug-watchos/PresentView.build/Objects-normal/arm64_32/PresentView-master-emit-module.d -o /Users/admin/builder/spi-builder-workspace/.derivedData/Build/Intermediates.noindex/PresentView.build/Debug-watchos/PresentView.build/Objects-normal/arm64_32/PresentView.swiftmodule -emit-abi-descriptor-path /Users/admin/builder/spi-builder-workspace/.derivedData/Build/Intermediates.noindex/PresentView.build/Debug-watchos/PresentView.build/Objects-normal/arm64_32/PresentView.abi.json
SwiftCompile normal arm64_32 Compiling\ DismissPresentedAction.swift /Users/admin/builder/spi-builder-workspace/Sources/PresentView/DismissPresentedAction.swift (in target 'PresentView' from project 'PresentView')
SwiftCompile normal arm64_32 /Users/admin/builder/spi-builder-workspace/Sources/PresentView/DismissPresentedAction.swift (in target 'PresentView' from project 'PresentView')
    cd /Users/admin/builder/spi-builder-workspace/.swiftpm/xcode

SwiftCompile normal arm64_32 Compiling\ NodeView.swift /Users/admin/builder/spi-builder-workspace/Sources/PresentView/NodeView.swift (in target 'PresentView' from project 'PresentView')
SwiftCompile normal arm64_32 /Users/admin/builder/spi-builder-workspace/Sources/PresentView/NodeView.swift (in target 'PresentView' from project 'PresentView')
    cd /Users/admin/builder/spi-builder-workspace/.swiftpm/xcode

SwiftCompile normal arm64_32 Compiling\ Array+Presented.swift /Users/admin/builder/spi-builder-workspace/Sources/PresentView/Array+Presented.swift (in target 'PresentView' from project 'PresentView')
SwiftCompile normal arm64_32 /Users/admin/builder/spi-builder-workspace/Sources/PresentView/Array+Presented.swift (in target 'PresentView' from project 'PresentView')
    cd /Users/admin/builder/spi-builder-workspace/.swiftpm/xcode

SwiftCompile normal arm64_32 Compiling\ Presented.swift /Users/admin/builder/spi-builder-workspace/Sources/PresentView/Presented.swift (in target 'PresentView' from project 'PresentView')
SwiftCompile normal arm64_32 /Users/admin/builder/spi-builder-workspace/Sources/PresentView/Presented.swift (in target 'PresentView' from project 'PresentView')
    cd /Users/admin/builder/spi-builder-workspace/.swiftpm/xcode

SwiftCompile normal arm64_32 Compiling\ TransparentBackground.swift /Users/admin/builder/spi-builder-workspace/Sources/PresentView/TransparentBackground.swift (in target 'PresentView' from project 'PresentView')
SwiftCompile normal arm64_32 /Users/admin/builder/spi-builder-workspace/Sources/PresentView/TransparentBackground.swift (in target 'PresentView' from project 'PresentView')
    cd /Users/admin/builder/spi-builder-workspace/.swiftpm/xcode

SwiftEmitModule normal armv7k Emitting\ module\ for\ PresentView (in target 'PresentView' from project 'PresentView')
EmitSwiftModule normal armv7k (in target 'PresentView' from project 'PresentView')
    cd /Users/admin/builder/spi-builder-workspace/.swiftpm/xcode

SwiftEmitModule normal arm64 Emitting\ module\ for\ PresentView (in target 'PresentView' from project 'PresentView')
EmitSwiftModule normal arm64 (in target 'PresentView' from project 'PresentView')
    cd /Users/admin/builder/spi-builder-workspace/.swiftpm/xcode

SwiftCompile normal arm64_32 Compiling\ View+Utils.swift /Users/admin/builder/spi-builder-workspace/Sources/PresentView/View+Utils.swift (in target 'PresentView' from project 'PresentView')
SwiftCompile normal arm64_32 /Users/admin/builder/spi-builder-workspace/Sources/PresentView/View+Utils.swift (in target 'PresentView' from project 'PresentView')
    cd /Users/admin/builder/spi-builder-workspace/.swiftpm/xcode

SwiftCompile normal arm64 Compiling\ NodeView.swift /Users/admin/builder/spi-builder-workspace/Sources/PresentView/NodeView.swift (in target 'PresentView' from project 'PresentView')
SwiftCompile normal arm64 /Users/admin/builder/spi-builder-workspace/Sources/PresentView/NodeView.swift (in target 'PresentView' from project 'PresentView')
    cd /Users/admin/builder/spi-builder-workspace/.swiftpm/xcode

SwiftCompile normal arm64 Compiling\ PresentView.swift /Users/admin/builder/spi-builder-workspace/Sources/PresentView/PresentView.swift (in target 'PresentView' from project 'PresentView')
Command SwiftCompile failed with a nonzero exit code
** BUILD FAILED **
The following build commands failed:
	EmitSwiftModule normal arm64_32 (in target 'PresentView' from project 'PresentView')
	SwiftEmitModule normal arm64_32 Emitting\ module\ for\ PresentView (in target 'PresentView' from project 'PresentView')
	SwiftCompile normal arm64 Compiling\ PresentView.swift /Users/admin/builder/spi-builder-workspace/Sources/PresentView/PresentView.swift (in target 'PresentView' from project 'PresentView')
	Building workspace spi-builder-workspace with scheme PresentView
(4 failures)
BUILD FAILURE 6.1 watchOS