The Swift Package Index logo.Swift Package Index

Build Information

Failed to build Proton, reference 0.8.35 (2fa41f), with Swift 6.4 for tvOS using Xcode 27.0 on 20 Sep 2026 13:29:43 UTC.

Build Command

env DEVELOPER_DIR=/Applications/Xcode-27.0.0-Release.Candidate.app xcrun xcodebuild -IDEClonedSourcePackagesDirPathOverride=$PWD/.dependencies -skipMacroValidation -skipPackagePluginValidation -derivedDataPath $PWD/.derivedData build -scheme Proton-Package -destination generic/platform=tvOS

Build Log

ScanDependencies /Users/admin/builder/spi-builder-workspace/.derivedData/Build/Intermediates.noindex/Proton.build/Debug-appletvos/ProtonCore-t.build/Objects-normal/arm64/PREditorContentName.o /Users/admin/builder/spi-builder-workspace/Proton/Sources/ObjC/PREditorContentName.m normal arm64 objective-c com.apple.compilers.llvm.clang.1_0.compiler (in target 'ProtonCore' from project 'Proton')
    cd /Users/admin/builder/spi-builder-workspace/.swiftpm/xcode

    Using response file: /Users/admin/builder/spi-builder-workspace/.derivedData/Build/Intermediates.noindex/Proton.build/Debug-appletvos/ProtonCore-t.build/Objects-normal/arm64/e6072d4f65d7061329687fe24e3d63a7-common-args.resp

    builtin-ScanDependencies -o /Users/admin/builder/spi-builder-workspace/.derivedData/Build/Intermediates.noindex/Proton.build/Debug-appletvos/ProtonCore-t.build/Objects-normal/arm64/PREditorContentName.o.scan -- /Applications/Xcode-27.0.0-Release.Candidate.app/Contents/Developer/Toolchains/XcodeDefault.xctoolchain/usr/bin/clang -x objective-c -ivfsstatcache /Users/admin/builder/spi-builder-workspace/.derivedData/SDKStatCaches.noindex/appletvos27.0-24J360-e829b21a6f8c9b70876ba0858053c044b32bfd8d43560033f8d89884cdb90028.sdkstatcache -target arm64-apple-tvos15.0 -fmessage-length\=0 -fdiagnostics-show-note-include-stack -fmacro-backtrace-limit\=0 -fno-color-diagnostics -fmodules-prune-interval\=86400 -fmodules-prune-after\=345600 -fbuild-session-file\=/Users/admin/builder/spi-builder-workspace/.derivedData/ModuleCache.noindex/Session.modulevalidation -fmodules-validate-once-per-build-session -Wnon-modular-include-in-framework-module -Werror\=non-modular-include-in-framework-module -Wno-trigraphs -Wno-missing-field-initializers -Wno-missing-prototypes -Wno-return-type -Wno-implicit-atomic-properties -Wno-objc-interface-ivars -Wno-arc-repeated-use-of-weak -Wno-missing-braces -Wparentheses -Wswitch -Wno-unused-function -Wno-unused-label -Wno-unused-parameter -Wno-unused-variable -Wunused-value -Wno-empty-body -Wno-uninitialized -Wno-unknown-pragmas -Wno-shadow -Wno-four-char-constants -Wno-conversion -Wno-constant-conversion -Wno-int-conversion -Wno-bool-conversion -Wno-enum-conversion -Wno-float-conversion -Wno-non-literal-null-conversion -Wno-objc-literal-conversion -Wshorten-64-to-32 -Wpointer-sign -Wno-newline-eof -Wno-selector -Wno-strict-selector-match -Wno-undeclared-selector -Wno-deprecated-implementations -Wno-implicit-fallthrough -isysroot /Applications/Xcode-27.0.0-Release.Candidate.app/Contents/Developer/Platforms/AppleTVOS.platform/Developer/SDKs/AppleTVOS27.0.sdk -fstrict-aliasing -Wprotocol -Wdeprecated-declarations -Wno-sign-conversion -Wno-infinite-recursion -Wno-comma -Wno-block-capture-autoreleasing -Wno-strict-prototypes -Wno-semicolon-before-method-body -index-store-path /Users/admin/builder/spi-builder-workspace/.derivedData/Index.noindex/DataStore @/Users/admin/builder/spi-builder-workspace/.derivedData/Build/Intermediates.noindex/Proton.build/Debug-appletvos/ProtonCore-t.build/Objects-normal/arm64/e6072d4f65d7061329687fe24e3d63a7-common-args.resp -MMD -MT dependencies -MF /Users/admin/builder/spi-builder-workspace/.derivedData/Build/Intermediates.noindex/Proton.build/Debug-appletvos/ProtonCore-t.build/Objects-normal/arm64/PREditorContentName.d --serialize-diagnostics /Users/admin/builder/spi-builder-workspace/.derivedData/Build/Intermediates.noindex/Proton.build/Debug-appletvos/ProtonCore-t.build/Objects-normal/arm64/PREditorContentName.dia -c /Users/admin/builder/spi-builder-workspace/Proton/Sources/ObjC/PREditorContentName.m -o /Users/admin/builder/spi-builder-workspace/.derivedData/Build/Intermediates.noindex/Proton.build/Debug-appletvos/ProtonCore-t.build/Objects-normal/arm64/PREditorContentName.o -index-unit-output-path /Proton.build/Debug-appletvos/ProtonCore-t.build/Objects-normal/arm64/PREditorContentName.o
SwiftDriver Proton normal arm64 com.apple.xcode.tools.swift.compiler (in target 'Proton' from project 'Proton')
    cd /Users/admin/builder/spi-builder-workspace/.swiftpm/xcode
    builtin-SwiftDriver -- /Applications/Xcode-27.0.0-Release.Candidate.app/Contents/Developer/Toolchains/XcodeDefault.xctoolchain/usr/bin/swiftc -parse-as-library -module-name Proton -Onone @/Users/admin/builder/spi-builder-workspace/.derivedData/Build/Intermediates.noindex/Proton.build/Debug-appletvos/Proton-t.build/Objects-normal/arm64/Proton.SwiftFileList -DSWIFT_PACKAGE -DDEBUG -DSWIFT_MODULE_RESOURCE_BUNDLE_UNAVAILABLE -Xcc -fmodule-map-file\=/Users/admin/builder/spi-builder-workspace/.derivedData/Build/Intermediates.noindex/GeneratedModuleMaps-appletvos/ProtonCore.modulemap -DXcode -plugin-path /Applications/Xcode-27.0.0-Release.Candidate.app/Contents/Developer/Toolchains/XcodeDefault.xctoolchain/usr/lib/swift/host/plugins/testing -enable-experimental-feature DebugDescriptionMacro -sdk /Applications/Xcode-27.0.0-Release.Candidate.app/Contents/Developer/Platforms/AppleTVOS.platform/Developer/SDKs/AppleTVOS27.0.sdk -target arm64-apple-tvos15.0 -g -module-cache-path /Users/admin/builder/spi-builder-workspace/.derivedData/ModuleCache.noindex -Xfrontend -serialize-debugging-options -profile-coverage-mapping -profile-generate -enable-testing -index-store-path /Users/admin/builder/spi-builder-workspace/.derivedData/Index.noindex/DataStore -Xcc -D_LIBCPP_HARDENING_MODE\=_LIBCPP_HARDENING_MODE_DEBUG -swift-version 5 -I /Users/admin/builder/spi-builder-workspace/.derivedData/Build/Products/Debug-appletvos -Isystem /Applications/Xcode-27.0.0-Release.Candidate.app/Contents/Developer/Platforms/AppleTVOS.platform/Developer/usr/lib -F /Users/admin/builder/spi-builder-workspace/.derivedData/Build/Products/Debug-appletvos/PackageFrameworks -F /Users/admin/builder/spi-builder-workspace/.derivedData/Build/Products/Debug-appletvos -F /Applications/Xcode-27.0.0-Release.Candidate.app/Contents/Developer/Platforms/AppleTVOS.platform/Developer/Library/Frameworks -F /Applications/Xcode-27.0.0-Release.Candidate.app/Contents/Developer/Platforms/AppleTVOS.platform/Developer/SDKs/AppleTVOS27.0.sdk/Developer/Library/Frameworks -c -j10 -enable-batch-mode -incremental -Xcc -ivfsstatcache -Xcc /Users/admin/builder/spi-builder-workspace/.derivedData/SDKStatCaches.noindex/appletvos27.0-24J360-e829b21a6f8c9b70876ba0858053c044b32bfd8d43560033f8d89884cdb90028.sdkstatcache -output-file-map /Users/admin/builder/spi-builder-workspace/.derivedData/Build/Intermediates.noindex/Proton.build/Debug-appletvos/Proton-t.build/Objects-normal/arm64/Proton-OutputFileMap.json -save-temps -no-color-diagnostics -explicit-module-build -module-cache-path /Users/admin/builder/spi-builder-workspace/.derivedData/Build/Intermediates.noindex/SwiftExplicitPrecompiledModules -clang-scanner-module-cache-path /Users/admin/builder/spi-builder-workspace/.derivedData/ModuleCache.noindex -sdk-module-cache-path /Users/admin/builder/spi-builder-workspace/.derivedData/SDKExplicitPrecompiledModules -emit-dependencies -emit-module -emit-module-path /Users/admin/builder/spi-builder-workspace/.derivedData/Build/Intermediates.noindex/Proton.build/Debug-appletvos/Proton-t.build/Objects-normal/arm64/Proton.swiftmodule -serialize-diagnostics -dependency-scan-serialize-diagnostics-path /Users/admin/builder/spi-builder-workspace/.derivedData/Build/Intermediates.noindex/Proton.build/Debug-appletvos/Proton-t.build/Objects-normal/arm64/Proton-dependency-scan.dia -validate-clang-modules-once -clang-build-session-file /Users/admin/builder/spi-builder-workspace/.derivedData/ModuleCache.noindex/Session.modulevalidation -Xcc -fmodules-prune-interval\=86400 -Xcc -fmodules-prune-after\=345600 -package-name spi_builder_workspace -emit-const-values -const-gather-protocols-list /Users/admin/builder/spi-builder-workspace/.derivedData/Build/Intermediates.noindex/Proton.build/Debug-appletvos/Proton-t.build/Objects-normal/arm64/Proton_const_extract_protocols.json -Xcc -I/Users/admin/builder/spi-builder-workspace/Proton/Sources/ObjC/include -Xcc -I/Users/admin/builder/spi-builder-workspace/.derivedData/Build/Products/Debug-appletvos/include -Xcc -I/Users/admin/builder/spi-builder-workspace/.derivedData/Build/Intermediates.noindex/Proton.build/Debug-appletvos/Proton-t.build/DerivedSources-normal/arm64 -Xcc -I/Users/admin/builder/spi-builder-workspace/.derivedData/Build/Intermediates.noindex/Proton.build/Debug-appletvos/Proton-t.build/DerivedSources/arm64 -Xcc -I/Users/admin/builder/spi-builder-workspace/.derivedData/Build/Intermediates.noindex/Proton.build/Debug-appletvos/Proton-t.build/DerivedSources -Xcc -DSWIFT_PACKAGE -Xcc -DDEBUG\=1 -emit-objc-header -emit-objc-header-path /Users/admin/builder/spi-builder-workspace/.derivedData/Build/Intermediates.noindex/Proton.build/Debug-appletvos/Proton-t.build/Objects-normal/arm64/Proton-Swift.h -working-directory /Users/admin/builder/spi-builder-workspace/.swiftpm/xcode -experimental-emit-module-separately -disable-cmo
PrecompileModule /Users/admin/builder/spi-builder-workspace/.derivedData/Build/Intermediates.noindex/ExplicitPrecompiledModules/ptrcheck-5O2Z3C3WPRGREW6M4XPTU5B8L.scan
    cd /
    builtin-precompileModule /Users/admin/builder/spi-builder-workspace/.derivedData/Build/Intermediates.noindex/ExplicitPrecompiledModules/ptrcheck-5O2Z3C3WPRGREW6M4XPTU5B8L.scan
PrecompileModule /Users/admin/builder/spi-builder-workspace/.derivedData/Build/Intermediates.noindex/ExplicitPrecompiledModules/_Builtin_stddef-4UE7RU46WLKVZ1ZN398A878OR.scan
    cd /
    builtin-precompileModule /Users/admin/builder/spi-builder-workspace/.derivedData/Build/Intermediates.noindex/ExplicitPrecompiledModules/_Builtin_stddef-4UE7RU46WLKVZ1ZN398A878OR.scan
PrecompileModule /Users/admin/builder/spi-builder-workspace/.derivedData/Build/Intermediates.noindex/ExplicitPrecompiledModules/_Builtin_stdarg-7K1H4W5DWJM2DX3P96AAW6P4Y.scan
    cd /
    builtin-precompileModule /Users/admin/builder/spi-builder-workspace/.derivedData/Build/Intermediates.noindex/ExplicitPrecompiledModules/_Builtin_stdarg-7K1H4W5DWJM2DX3P96AAW6P4Y.scan
PrecompileModule /Users/admin/builder/spi-builder-workspace/.derivedData/Build/Intermediates.noindex/ExplicitPrecompiledModules/_Builtin_float-C5CRNMIVN8E4PDMZJBVS2EWGL.scan
    cd /
    builtin-precompileModule /Users/admin/builder/spi-builder-workspace/.derivedData/Build/Intermediates.noindex/ExplicitPrecompiledModules/_Builtin_float-C5CRNMIVN8E4PDMZJBVS2EWGL.scan
PrecompileModule /Users/admin/builder/spi-builder-workspace/.derivedData/Build/Intermediates.noindex/ExplicitPrecompiledModules/_AvailabilityInternal-9CRRMTV1XVJ93RBPY5HGSIYGU.scan
    cd /
    builtin-precompileModule /Users/admin/builder/spi-builder-workspace/.derivedData/Build/Intermediates.noindex/ExplicitPrecompiledModules/_AvailabilityInternal-9CRRMTV1XVJ93RBPY5HGSIYGU.scan
PrecompileModule /Users/admin/builder/spi-builder-workspace/.derivedData/Build/Intermediates.noindex/ExplicitPrecompiledModules/ptrauth-7W3VWTYW1L6E0CHCFXZ3A3Z6J.scan
    cd /
    builtin-precompileModule /Users/admin/builder/spi-builder-workspace/.derivedData/Build/Intermediates.noindex/ExplicitPrecompiledModules/ptrauth-7W3VWTYW1L6E0CHCFXZ3A3Z6J.scan
PrecompileModule /Users/admin/builder/spi-builder-workspace/.derivedData/Build/Intermediates.noindex/ExplicitPrecompiledModules/_Builtin_stdbool-A2XZO81VB9VBY6OAS3HOM5758.scan
    cd /
    builtin-precompileModule /Users/admin/builder/spi-builder-workspace/.derivedData/Build/Intermediates.noindex/ExplicitPrecompiledModules/_Builtin_stdbool-A2XZO81VB9VBY6OAS3HOM5758.scan
PrecompileModule /Users/admin/builder/spi-builder-workspace/.derivedData/Build/Intermediates.noindex/ExplicitPrecompiledModules/_DarwinFoundation1-9WFRIXPS5HJ8WPBUJ9Z2WT9VG.scan
    cd /
    builtin-precompileModule /Users/admin/builder/spi-builder-workspace/.derivedData/Build/Intermediates.noindex/ExplicitPrecompiledModules/_DarwinFoundation1-9WFRIXPS5HJ8WPBUJ9Z2WT9VG.scan
PrecompileModule /Users/admin/builder/spi-builder-workspace/.derivedData/Build/Intermediates.noindex/ExplicitPrecompiledModules/_DarwinFoundation2-6QK9TADWMRJK8KXSU3UJFSBXP.scan
    cd /
    builtin-precompileModule /Users/admin/builder/spi-builder-workspace/.derivedData/Build/Intermediates.noindex/ExplicitPrecompiledModules/_DarwinFoundation2-6QK9TADWMRJK8KXSU3UJFSBXP.scan
PrecompileModule /Users/admin/builder/spi-builder-workspace/.derivedData/Build/Intermediates.noindex/ExplicitPrecompiledModules/_Builtin_limits-6VDGKBX40UZK2QG9PTL9B66ER.scan
    cd /
    builtin-precompileModule /Users/admin/builder/spi-builder-workspace/.derivedData/Build/Intermediates.noindex/ExplicitPrecompiledModules/_Builtin_limits-6VDGKBX40UZK2QG9PTL9B66ER.scan
PrecompileModule /Users/admin/builder/spi-builder-workspace/.derivedData/Build/Intermediates.noindex/ExplicitPrecompiledModules/_Builtin_stdint-50FJDZ6Q2WSM7LI8ZTF9JPPGX.scan
    cd /
    builtin-precompileModule /Users/admin/builder/spi-builder-workspace/.derivedData/Build/Intermediates.noindex/ExplicitPrecompiledModules/_Builtin_stdint-50FJDZ6Q2WSM7LI8ZTF9JPPGX.scan
PrecompileModule /Users/admin/builder/spi-builder-workspace/.derivedData/Build/Intermediates.noindex/ExplicitPrecompiledModules/_DarwinFoundation3-1ZDH7M3Z02B1B08911QY54QRC.scan
    cd /
    builtin-precompileModule /Users/admin/builder/spi-builder-workspace/.derivedData/Build/Intermediates.noindex/ExplicitPrecompiledModules/_DarwinFoundation3-1ZDH7M3Z02B1B08911QY54QRC.scan
PrecompileModule /Users/admin/builder/spi-builder-workspace/.derivedData/Build/Intermediates.noindex/ExplicitPrecompiledModules/_Builtin_inttypes-C3MM7ILYPXSHAUMR0G4C83KIP.scan
    cd /
    builtin-precompileModule /Users/admin/builder/spi-builder-workspace/.derivedData/Build/Intermediates.noindex/ExplicitPrecompiledModules/_Builtin_inttypes-C3MM7ILYPXSHAUMR0G4C83KIP.scan
PrecompileModule /Users/admin/builder/spi-builder-workspace/.derivedData/Build/Intermediates.noindex/ExplicitPrecompiledModules/Darwin-6KLXIZA22H78T9BAD0YA5RHVU.scan
    cd /
    builtin-precompileModule /Users/admin/builder/spi-builder-workspace/.derivedData/Build/Intermediates.noindex/ExplicitPrecompiledModules/Darwin-6KLXIZA22H78T9BAD0YA5RHVU.scan
SwiftExplicitDependencyGeneratePcm arm64 /Users/admin/builder/spi-builder-workspace/.derivedData/SDKExplicitPrecompiledModules/_Builtin_stdbool-AHRDH5EKLY6D04C5E42F3VCQI.pcm
SwiftExplicitDependencyGeneratePcm arm64 /Users/admin/builder/spi-builder-workspace/.derivedData/SDKExplicitPrecompiledModules/_Builtin_float-8ZJAYZ85YBOAOP52Y9H6IUNP3.pcm
SwiftExplicitDependencyGeneratePcm arm64 /Users/admin/builder/spi-builder-workspace/.derivedData/SDKExplicitPrecompiledModules/_Builtin_stdarg-BO2OCAUYVAXDRVQWQ8ISKGNUQ.pcm
SwiftExplicitDependencyGeneratePcm arm64 /Users/admin/builder/spi-builder-workspace/.derivedData/SDKExplicitPrecompiledModules/_Builtin_stddef-9ZJZ6FDEZNKTZU8YLPMFT9RAQ.pcm
SwiftExplicitDependencyGeneratePcm arm64 /Users/admin/builder/spi-builder-workspace/.derivedData/SDKExplicitPrecompiledModules/ptrauth-8X2KEPL7CTRPS40TUB9APHPK6.pcm
SwiftExplicitDependencyGeneratePcm arm64 /Users/admin/builder/spi-builder-workspace/.derivedData/SDKExplicitPrecompiledModules/_SwiftConcurrencyShims-BY5PD8KF1L5KF6F4Q69HE3TJ4.pcm
SwiftExplicitDependencyGeneratePcm arm64 /Users/admin/builder/spi-builder-workspace/.derivedData/SDKExplicitPrecompiledModules/SwiftShims-8N4EXJ4RUJTR8K9OO3CMOH1EP.pcm
SwiftExplicitDependencyGeneratePcm arm64 /Users/admin/builder/spi-builder-workspace/.derivedData/SDKExplicitPrecompiledModules/_AvailabilityInternal-BV2EDDP0MI5QJDDPEEV4D9D3V.pcm
SwiftExplicitDependencyGeneratePcm arm64 /Users/admin/builder/spi-builder-workspace/.derivedData/SDKExplicitPrecompiledModules/DeveloperToolsSupport-B1X8RI63V48AJRTH2RK6JAARV.pcm
SwiftExplicitDependencyGeneratePcm arm64 /Users/admin/builder/spi-builder-workspace/.derivedData/SDKExplicitPrecompiledModules/ptrcheck-2AZ6B5IBYD3RRRTFWN2ONASY3.pcm
SwiftExplicitDependencyGeneratePcm arm64 /Users/admin/builder/spi-builder-workspace/.derivedData/SDKExplicitPrecompiledModules/_DarwinFoundation1-JOTYMOA1YZCIJ2NON6FQ848O.pcm
PrecompileModule /Users/admin/builder/spi-builder-workspace/.derivedData/Build/Intermediates.noindex/ExplicitPrecompiledModules/ObjectiveC-BU1TH34H3N5MQBSPRVSN8BEM7.scan
    cd /
    builtin-precompileModule /Users/admin/builder/spi-builder-workspace/.derivedData/Build/Intermediates.noindex/ExplicitPrecompiledModules/ObjectiveC-BU1TH34H3N5MQBSPRVSN8BEM7.scan
PrecompileModule /Users/admin/builder/spi-builder-workspace/.derivedData/Build/Intermediates.noindex/ExplicitPrecompiledModules/os_object-6TO5YS7NNNYTZJM4OB9WLK7O4.scan
    cd /
    builtin-precompileModule /Users/admin/builder/spi-builder-workspace/.derivedData/Build/Intermediates.noindex/ExplicitPrecompiledModules/os_object-6TO5YS7NNNYTZJM4OB9WLK7O4.scan
SwiftExplicitDependencyGeneratePcm arm64 /Users/admin/builder/spi-builder-workspace/.derivedData/SDKExplicitPrecompiledModules/_DarwinFoundation2-AOGAN1O02NKXRJN5V73AV3V3M.pcm
SwiftExplicitDependencyGeneratePcm arm64 /Users/admin/builder/spi-builder-workspace/.derivedData/SDKExplicitPrecompiledModules/_Builtin_limits-7JU2HP127LIT1X9E2V3D8WZ1.pcm
PrecompileModule /Users/admin/builder/spi-builder-workspace/.derivedData/Build/Intermediates.noindex/ExplicitPrecompiledModules/os_workgroup-AMI2ATHOYJQ4B8LG94X6TQU3X.scan
    cd /
    builtin-precompileModule /Users/admin/builder/spi-builder-workspace/.derivedData/Build/Intermediates.noindex/ExplicitPrecompiledModules/os_workgroup-AMI2ATHOYJQ4B8LG94X6TQU3X.scan
PrecompileModule /Users/admin/builder/spi-builder-workspace/.derivedData/Build/Intermediates.noindex/ExplicitPrecompiledModules/Dispatch-E4SIRW25IITIXLRS3N3AZC10X.scan
    cd /
    builtin-precompileModule /Users/admin/builder/spi-builder-workspace/.derivedData/Build/Intermediates.noindex/ExplicitPrecompiledModules/Dispatch-E4SIRW25IITIXLRS3N3AZC10X.scan
SwiftExplicitDependencyGeneratePcm arm64 /Users/admin/builder/spi-builder-workspace/.derivedData/SDKExplicitPrecompiledModules/_Builtin_stdint-6NFTB6IBKS143IVPGT1EKB7HO.pcm
SwiftExplicitDependencyGeneratePcm arm64 /Users/admin/builder/spi-builder-workspace/.derivedData/SDKExplicitPrecompiledModules/string_h-6EVHP7A717OUS5DMC78F79HWO.pcm
SwiftExplicitDependencyGeneratePcm arm64 /Users/admin/builder/spi-builder-workspace/.derivedData/SDKExplicitPrecompiledModules/sys_types-8GCAV1YMG5UUGHUID3CA20TCH.pcm
SwiftExplicitDependencyGeneratePcm arm64 /Users/admin/builder/spi-builder-workspace/.derivedData/SDKExplicitPrecompiledModules/_Builtin_tgmath-7ULT1EUHDHW4OZPSTT33H6QGE.pcm
PrecompileModule /Users/admin/builder/spi-builder-workspace/.derivedData/Build/Intermediates.noindex/ExplicitPrecompiledModules/XPC-5GTGLD5P1818QWFG1URFLGT0G.scan
    cd /
    builtin-precompileModule /Users/admin/builder/spi-builder-workspace/.derivedData/Build/Intermediates.noindex/ExplicitPrecompiledModules/XPC-5GTGLD5P1818QWFG1URFLGT0G.scan
PrecompileModule /Users/admin/builder/spi-builder-workspace/.derivedData/Build/Intermediates.noindex/ExplicitPrecompiledModules/CoreFoundation-DVHC9HU0RS4NC62HR8F7A8214.scan
    cd /
    builtin-precompileModule /Users/admin/builder/spi-builder-workspace/.derivedData/Build/Intermediates.noindex/ExplicitPrecompiledModules/CoreFoundation-DVHC9HU0RS4NC62HR8F7A8214.scan
SwiftExplicitDependencyGeneratePcm arm64 /Users/admin/builder/spi-builder-workspace/.derivedData/SDKExplicitPrecompiledModules/_Builtin_intrinsics-437O2R2NID4WAQVENR63GR82C.pcm
SwiftExplicitDependencyGeneratePcm arm64 /Users/admin/builder/spi-builder-workspace/.derivedData/SDKExplicitPrecompiledModules/_DarwinFoundation3-8SR3855WDFHQPR6G9GHOI2C07.pcm
SwiftExplicitDependencyGeneratePcm arm64 /Users/admin/builder/spi-builder-workspace/.derivedData/SDKExplicitPrecompiledModules/_Builtin_stdatomic-3YXHN678NGYM3NL9POJ2HVEIF.pcm
PrecompileModule /Users/admin/builder/spi-builder-workspace/.derivedData/Build/Intermediates.noindex/ExplicitPrecompiledModules/CoreGraphics-5903HIACSRMOGRVA02DS183JW.scan
    cd /
    builtin-precompileModule /Users/admin/builder/spi-builder-workspace/.derivedData/Build/Intermediates.noindex/ExplicitPrecompiledModules/CoreGraphics-5903HIACSRMOGRVA02DS183JW.scan
PrecompileModule /Users/admin/builder/spi-builder-workspace/.derivedData/Build/Intermediates.noindex/ExplicitPrecompiledModules/CFNetwork-DVUAW5BPV7ZX4W0J3K3YYQOPG.scan
    cd /
    builtin-precompileModule /Users/admin/builder/spi-builder-workspace/.derivedData/Build/Intermediates.noindex/ExplicitPrecompiledModules/CFNetwork-DVUAW5BPV7ZX4W0J3K3YYQOPG.scan
PrecompileModule /Users/admin/builder/spi-builder-workspace/.derivedData/Build/Intermediates.noindex/ExplicitPrecompiledModules/Security-2Q596BF7U0DSLFPJFF0DFZX02.scan
    cd /
    builtin-precompileModule /Users/admin/builder/spi-builder-workspace/.derivedData/Build/Intermediates.noindex/ExplicitPrecompiledModules/Security-2Q596BF7U0DSLFPJFF0DFZX02.scan
PrecompileModule /Users/admin/builder/spi-builder-workspace/.derivedData/Build/Intermediates.noindex/ExplicitPrecompiledModules/Foundation-8I63MMX5RUTX3ZCO06DFZMWPV.scan
    cd /
    builtin-precompileModule /Users/admin/builder/spi-builder-workspace/.derivedData/Build/Intermediates.noindex/ExplicitPrecompiledModules/Foundation-8I63MMX5RUTX3ZCO06DFZMWPV.scan
SwiftExplicitDependencyGeneratePcm arm64 /Users/admin/builder/spi-builder-workspace/.derivedData/SDKExplicitPrecompiledModules/_Builtin_inttypes-6X1IQ3QK9KEVKXOK9Y79EW7J3.pcm
PrecompileModule /Users/admin/builder/spi-builder-workspace/.derivedData/Build/Intermediates.noindex/ExplicitPrecompiledModules/CoreText-95NDY2L6EL3S3CNRPFWCRP2FH.scan
    cd /
    builtin-precompileModule /Users/admin/builder/spi-builder-workspace/.derivedData/Build/Intermediates.noindex/ExplicitPrecompiledModules/CoreText-95NDY2L6EL3S3CNRPFWCRP2FH.scan
PrecompileModule /Users/admin/builder/spi-builder-workspace/.derivedData/Build/Intermediates.noindex/ExplicitPrecompiledModules/ImageIO-DDNN1S8KYZAARO7KU0RN0IFTC.scan
    cd /
    builtin-precompileModule /Users/admin/builder/spi-builder-workspace/.derivedData/Build/Intermediates.noindex/ExplicitPrecompiledModules/ImageIO-DDNN1S8KYZAARO7KU0RN0IFTC.scan
SwiftExplicitDependencyGeneratePcm arm64 /Users/admin/builder/spi-builder-workspace/.derivedData/SDKExplicitPrecompiledModules/Darwin-DBSQAVBBPC3D2OMU5ZI2RXMST.pcm
SwiftExplicitDependencyGeneratePcm arm64 /Users/admin/builder/spi-builder-workspace/.derivedData/SDKExplicitPrecompiledModules/simd-117QUXEUT3Z7UQCUYWV2UA228.pcm
PrecompileModule /Users/admin/builder/spi-builder-workspace/.derivedData/Build/Intermediates.noindex/ExplicitPrecompiledModules/IOSurface-4XV5NNTA36G2C9I949V3Q2C4M.scan
    cd /
    builtin-precompileModule /Users/admin/builder/spi-builder-workspace/.derivedData/Build/Intermediates.noindex/ExplicitPrecompiledModules/IOSurface-4XV5NNTA36G2C9I949V3Q2C4M.scan
CompileC /Users/admin/builder/spi-builder-workspace/.derivedData/Build/Intermediates.noindex/Proton.build/Debug-appletvos/ProtonCore-t.build/Objects-normal/arm64/PREditorContentName.o /Users/admin/builder/spi-builder-workspace/Proton/Sources/ObjC/PREditorContentName.m normal arm64 objective-c com.apple.compilers.llvm.clang.1_0.compiler (in target 'ProtonCore' from project 'Proton')
    cd /Users/admin/builder/spi-builder-workspace/.swiftpm/xcode

    Using response file: /Users/admin/builder/spi-builder-workspace/.derivedData/Build/Intermediates.noindex/Proton.build/Debug-appletvos/ProtonCore-t.build/Objects-normal/arm64/e6072d4f65d7061329687fe24e3d63a7-common-args.resp

    /Applications/Xcode-27.0.0-Release.Candidate.app/Contents/Developer/Toolchains/XcodeDefault.xctoolchain/usr/bin/clang -x objective-c -ivfsstatcache /Users/admin/builder/spi-builder-workspace/.derivedData/SDKStatCaches.noindex/appletvos27.0-24J360-e829b21a6f8c9b70876ba0858053c044b32bfd8d43560033f8d89884cdb90028.sdkstatcache -target arm64-apple-tvos15.0 -fmessage-length\=0 -fdiagnostics-show-note-include-stack -fmacro-backtrace-limit\=0 -fno-color-diagnostics -fmodules-prune-interval\=86400 -fmodules-prune-after\=345600 -fbuild-session-file\=/Users/admin/builder/spi-builder-workspace/.derivedData/ModuleCache.noindex/Session.modulevalidation -fmodules-validate-once-per-build-session -Wnon-modular-include-in-framework-module -Werror\=non-modular-include-in-framework-module -Wno-trigraphs -Wno-missing-field-initializers -Wno-missing-prototypes -Wno-return-type -Wno-implicit-atomic-properties -Wno-objc-interface-ivars -Wno-arc-repeated-use-of-weak -Wno-missing-braces -Wparentheses -Wswitch -Wno-unused-function -Wno-unused-label -Wno-unused-parameter -Wno-unused-variable -Wunused-value -Wno-empty-body -Wno-uninitialized -Wno-unknown-pragmas -Wno-shadow -Wno-four-char-constants -Wno-conversion -Wno-constant-conversion -Wno-int-conversion -Wno-bool-conversion -Wno-enum-conversion -Wno-float-conversion -Wno-non-literal-null-conversion -Wno-objc-literal-conversion -Wshorten-64-to-32 -Wpointer-sign -Wno-newline-eof -Wno-selector -Wno-strict-selector-match -Wno-undeclared-selector -Wno-deprecated-implementations -Wno-implicit-fallthrough -isysroot /Applications/Xcode-27.0.0-Release.Candidate.app/Contents/Developer/Platforms/AppleTVOS.platform/Developer/SDKs/AppleTVOS27.0.sdk -fstrict-aliasing -Wprotocol -Wdeprecated-declarations -Wno-sign-conversion -Wno-infinite-recursion -Wno-comma -Wno-block-capture-autoreleasing -Wno-strict-prototypes -Wno-semicolon-before-method-body -index-store-path /Users/admin/builder/spi-builder-workspace/.derivedData/Index.noindex/DataStore @/Users/admin/builder/spi-builder-workspace/.derivedData/Build/Intermediates.noindex/Proton.build/Debug-appletvos/ProtonCore-t.build/Objects-normal/arm64/e6072d4f65d7061329687fe24e3d63a7-common-args.resp -MMD -MT dependencies -MF /Users/admin/builder/spi-builder-workspace/.derivedData/Build/Intermediates.noindex/Proton.build/Debug-appletvos/ProtonCore-t.build/Objects-normal/arm64/PREditorContentName.d --serialize-diagnostics /Users/admin/builder/spi-builder-workspace/.derivedData/Build/Intermediates.noindex/Proton.build/Debug-appletvos/ProtonCore-t.build/Objects-normal/arm64/PREditorContentName.dia -c /Users/admin/builder/spi-builder-workspace/Proton/Sources/ObjC/PREditorContentName.m -o /Users/admin/builder/spi-builder-workspace/.derivedData/Build/Intermediates.noindex/Proton.build/Debug-appletvos/ProtonCore-t.build/Objects-normal/arm64/PREditorContentName.o -index-unit-output-path /Proton.build/Debug-appletvos/ProtonCore-t.build/Objects-normal/arm64/PREditorContentName.o
PrecompileModule /Users/admin/builder/spi-builder-workspace/.derivedData/Build/Intermediates.noindex/ExplicitPrecompiledModules/Symbols-4QPJC9VU208FU8CAFJZZB8AG1.scan
    cd /
    builtin-precompileModule /Users/admin/builder/spi-builder-workspace/.derivedData/Build/Intermediates.noindex/ExplicitPrecompiledModules/Symbols-4QPJC9VU208FU8CAFJZZB8AG1.scan
PrecompileModule /Users/admin/builder/spi-builder-workspace/.derivedData/Build/Intermediates.noindex/ExplicitPrecompiledModules/UserNotifications-A0GE7CAXELTPIY2YHCMP4LQT3.scan
    cd /
    builtin-precompileModule /Users/admin/builder/spi-builder-workspace/.derivedData/Build/Intermediates.noindex/ExplicitPrecompiledModules/UserNotifications-A0GE7CAXELTPIY2YHCMP4LQT3.scan
PrecompileModule /Users/admin/builder/spi-builder-workspace/.derivedData/Build/Intermediates.noindex/ExplicitPrecompiledModules/UIUtilities-A6SDXN7Y5ZOJVF5AJGZ9P1CWV.scan
    cd /
    builtin-precompileModule /Users/admin/builder/spi-builder-workspace/.derivedData/Build/Intermediates.noindex/ExplicitPrecompiledModules/UIUtilities-A6SDXN7Y5ZOJVF5AJGZ9P1CWV.scan
PrecompileModule /Users/admin/builder/spi-builder-workspace/.derivedData/Build/Intermediates.noindex/ExplicitPrecompiledModules/_LocationEssentials-82N9XOAPM9N0ODLYDRD942SAJ.scan
    cd /
    builtin-precompileModule /Users/admin/builder/spi-builder-workspace/.derivedData/Build/Intermediates.noindex/ExplicitPrecompiledModules/_LocationEssentials-82N9XOAPM9N0ODLYDRD942SAJ.scan
PrecompileModule /Users/admin/builder/spi-builder-workspace/.derivedData/Build/Intermediates.noindex/ExplicitPrecompiledModules/CoreLocation-YBM38VE7BRFP1ENAY1WG9PNO.scan
    cd /
    builtin-precompileModule /Users/admin/builder/spi-builder-workspace/.derivedData/Build/Intermediates.noindex/ExplicitPrecompiledModules/CoreLocation-YBM38VE7BRFP1ENAY1WG9PNO.scan
PrecompileModule /Users/admin/builder/spi-builder-workspace/.derivedData/Build/Intermediates.noindex/ExplicitPrecompiledModules/OpenGLES-3UFAR98X37VNOMU6H000PLRVJ.scan
    cd /
    builtin-precompileModule /Users/admin/builder/spi-builder-workspace/.derivedData/Build/Intermediates.noindex/ExplicitPrecompiledModules/OpenGLES-3UFAR98X37VNOMU6H000PLRVJ.scan
PrecompileModule /Users/admin/builder/spi-builder-workspace/.derivedData/Build/Intermediates.noindex/ExplicitPrecompiledModules/Metal-8LGARFOISZGRPO5CR4K9HRZT2.scan
    cd /
    builtin-precompileModule /Users/admin/builder/spi-builder-workspace/.derivedData/Build/Intermediates.noindex/ExplicitPrecompiledModules/Metal-8LGARFOISZGRPO5CR4K9HRZT2.scan
SwiftExplicitDependencyGeneratePcm arm64 /Users/admin/builder/spi-builder-workspace/.derivedData/SDKExplicitPrecompiledModules/ObjectiveC-5250FDCE56N8508OR6XUYDKZM.pcm
SwiftExplicitDependencyGeneratePcm arm64 /Users/admin/builder/spi-builder-workspace/.derivedData/SDKExplicitPrecompiledModules/MachO-EH3F5PJCIZG05NO51CEFSZYPW.pcm
SwiftExplicitDependencyGeneratePcm arm64 /Users/admin/builder/spi-builder-workspace/.derivedData/SDKExplicitPrecompiledModules/os_object-E2DGZ0SX0TULQHULZRPO6OKNW.pcm
PrecompileModule /Users/admin/builder/spi-builder-workspace/.derivedData/Build/Intermediates.noindex/ExplicitPrecompiledModules/CoreVideo-BNND76OHEERIZERID7Z9615S3.scan
    cd /
    builtin-precompileModule /Users/admin/builder/spi-builder-workspace/.derivedData/Build/Intermediates.noindex/ExplicitPrecompiledModules/CoreVideo-BNND76OHEERIZERID7Z9615S3.scan
SwiftExplicitDependencyGeneratePcm arm64 /Users/admin/builder/spi-builder-workspace/.derivedData/SDKExplicitPrecompiledModules/os_workgroup-DBUFF7811DKMX7VPBOJPGGF1U.pcm
PrecompileModule /Users/admin/builder/spi-builder-workspace/.derivedData/Build/Intermediates.noindex/ExplicitPrecompiledModules/QuartzCore-AU8LQ2F41YHIXG0P4PR1P76NJ.scan
    cd /
    builtin-precompileModule /Users/admin/builder/spi-builder-workspace/.derivedData/Build/Intermediates.noindex/ExplicitPrecompiledModules/QuartzCore-AU8LQ2F41YHIXG0P4PR1P76NJ.scan
PrecompileModule /Users/admin/builder/spi-builder-workspace/.derivedData/Build/Intermediates.noindex/ExplicitPrecompiledModules/CoreImage-CCM8TVARZ0Q45BCRGSKTRHXH1.scan
    cd /
    builtin-precompileModule /Users/admin/builder/spi-builder-workspace/.derivedData/Build/Intermediates.noindex/ExplicitPrecompiledModules/CoreImage-CCM8TVARZ0Q45BCRGSKTRHXH1.scan
SwiftExplicitDependencyGeneratePcm arm64 /Users/admin/builder/spi-builder-workspace/.derivedData/SDKExplicitPrecompiledModules/Spatial-7U8NLEFXSB8BR7PJQGVMF5A4Q.pcm
SwiftExplicitDependencyGeneratePcm arm64 /Users/admin/builder/spi-builder-workspace/.derivedData/SDKExplicitPrecompiledModules/Dispatch-1QL58A0V50C39KVAIC6C38SHL.pcm
PrecompileModule /Users/admin/builder/spi-builder-workspace/.derivedData/Build/Intermediates.noindex/ExplicitPrecompiledModules/UIKit-9CUU6OR3QVWLGB703T43FLFRQ.scan
    cd /
    builtin-precompileModule /Users/admin/builder/spi-builder-workspace/.derivedData/Build/Intermediates.noindex/ExplicitPrecompiledModules/UIKit-9CUU6OR3QVWLGB703T43FLFRQ.scan
SwiftExplicitDependencyGeneratePcm arm64 /Users/admin/builder/spi-builder-workspace/.derivedData/SDKExplicitPrecompiledModules/CoreFoundation-7TPJ7ENDC4L1A1ESHYI9TXS0D.pcm
SwiftExplicitDependencyGeneratePcm arm64 /Users/admin/builder/spi-builder-workspace/.derivedData/SDKExplicitPrecompiledModules/XPC-6O2DJFT3QUJ7QKTD3SNUB6PCR.pcm
SwiftExplicitDependencyGeneratePcm arm64 /Users/admin/builder/spi-builder-workspace/.derivedData/SDKExplicitPrecompiledModules/os-3GJI8H0BNAEZPQPQ1V0VVY3FY.pcm
SwiftExplicitDependencyGeneratePcm arm64 /Users/admin/builder/spi-builder-workspace/.derivedData/SDKExplicitPrecompiledModules/CoreServices-2LPX99NW2QG44GNSEPKSMYBHY.pcm
SwiftExplicitDependencyGeneratePcm arm64 /Users/admin/builder/spi-builder-workspace/.derivedData/SDKExplicitPrecompiledModules/CFNetwork-2CUR2VK9S3S3WPFXPNXNUWYGN.pcm
SwiftExplicitDependencyGeneratePcm arm64 /Users/admin/builder/spi-builder-workspace/.derivedData/SDKExplicitPrecompiledModules/Security-8VMXEKVDA3MHUH9AOTP905DID.pcm
SwiftExplicitDependencyGeneratePcm arm64 /Users/admin/builder/spi-builder-workspace/.derivedData/SDKExplicitPrecompiledModules/CoreGraphics-CWSP3J98S2658BYCVL6RP99T3.pcm
SwiftExplicitDependencyGeneratePcm arm64 /Users/admin/builder/spi-builder-workspace/.derivedData/SDKExplicitPrecompiledModules/Foundation-BSSIP64DIGUKMAYJOG1WPQ78X.pcm
SwiftExplicitDependencyGeneratePcm arm64 /Users/admin/builder/spi-builder-workspace/.derivedData/SDKExplicitPrecompiledModules/CoreText-59NY7PABM0I4V978161FOC04A.pcm
SwiftExplicitDependencyGeneratePcm arm64 /Users/admin/builder/spi-builder-workspace/.derivedData/SDKExplicitPrecompiledModules/ImageIO-88D4CLEBD4CLWQKT78PZ6H1O8.pcm
CompileC /Users/admin/builder/spi-builder-workspace/.derivedData/Build/Intermediates.noindex/Proton.build/Debug-appletvos/ProtonCore-t.build/Objects-normal/arm64/PRTextStorage.o /Users/admin/builder/spi-builder-workspace/Proton/Sources/ObjC/PRTextStorage.m normal arm64 objective-c com.apple.compilers.llvm.clang.1_0.compiler (in target 'ProtonCore' from project 'Proton')
    cd /Users/admin/builder/spi-builder-workspace/.swiftpm/xcode

    Using response file: /Users/admin/builder/spi-builder-workspace/.derivedData/Build/Intermediates.noindex/Proton.build/Debug-appletvos/ProtonCore-t.build/Objects-normal/arm64/e6072d4f65d7061329687fe24e3d63a7-common-args.resp

    /Applications/Xcode-27.0.0-Release.Candidate.app/Contents/Developer/Toolchains/XcodeDefault.xctoolchain/usr/bin/clang -x objective-c -ivfsstatcache /Users/admin/builder/spi-builder-workspace/.derivedData/SDKStatCaches.noindex/appletvos27.0-24J360-e829b21a6f8c9b70876ba0858053c044b32bfd8d43560033f8d89884cdb90028.sdkstatcache -target arm64-apple-tvos15.0 -fmessage-length\=0 -fdiagnostics-show-note-include-stack -fmacro-backtrace-limit\=0 -fno-color-diagnostics -fmodules-prune-interval\=86400 -fmodules-prune-after\=345600 -fbuild-session-file\=/Users/admin/builder/spi-builder-workspace/.derivedData/ModuleCache.noindex/Session.modulevalidation -fmodules-validate-once-per-build-session -Wnon-modular-include-in-framework-module -Werror\=non-modular-include-in-framework-module -Wno-trigraphs -Wno-missing-field-initializers -Wno-missing-prototypes -Wno-return-type -Wno-implicit-atomic-properties -Wno-objc-interface-ivars -Wno-arc-repeated-use-of-weak -Wno-missing-braces -Wparentheses -Wswitch -Wno-unused-function -Wno-unused-label -Wno-unused-parameter -Wno-unused-variable -Wunused-value -Wno-empty-body -Wno-uninitialized -Wno-unknown-pragmas -Wno-shadow -Wno-four-char-constants -Wno-conversion -Wno-constant-conversion -Wno-int-conversion -Wno-bool-conversion -Wno-enum-conversion -Wno-float-conversion -Wno-non-literal-null-conversion -Wno-objc-literal-conversion -Wshorten-64-to-32 -Wpointer-sign -Wno-newline-eof -Wno-selector -Wno-strict-selector-match -Wno-undeclared-selector -Wno-deprecated-implementations -Wno-implicit-fallthrough -isysroot /Applications/Xcode-27.0.0-Release.Candidate.app/Contents/Developer/Platforms/AppleTVOS.platform/Developer/SDKs/AppleTVOS27.0.sdk -fstrict-aliasing -Wprotocol -Wdeprecated-declarations -Wno-sign-conversion -Wno-infinite-recursion -Wno-comma -Wno-block-capture-autoreleasing -Wno-strict-prototypes -Wno-semicolon-before-method-body -index-store-path /Users/admin/builder/spi-builder-workspace/.derivedData/Index.noindex/DataStore @/Users/admin/builder/spi-builder-workspace/.derivedData/Build/Intermediates.noindex/Proton.build/Debug-appletvos/ProtonCore-t.build/Objects-normal/arm64/e6072d4f65d7061329687fe24e3d63a7-common-args.resp -MMD -MT dependencies -MF /Users/admin/builder/spi-builder-workspace/.derivedData/Build/Intermediates.noindex/Proton.build/Debug-appletvos/ProtonCore-t.build/Objects-normal/arm64/PRTextStorage.d --serialize-diagnostics /Users/admin/builder/spi-builder-workspace/.derivedData/Build/Intermediates.noindex/Proton.build/Debug-appletvos/ProtonCore-t.build/Objects-normal/arm64/PRTextStorage.dia -c /Users/admin/builder/spi-builder-workspace/Proton/Sources/ObjC/PRTextStorage.m -o /Users/admin/builder/spi-builder-workspace/.derivedData/Build/Intermediates.noindex/Proton.build/Debug-appletvos/ProtonCore-t.build/Objects-normal/arm64/PRTextStorage.o -index-unit-output-path /Proton.build/Debug-appletvos/ProtonCore-t.build/Objects-normal/arm64/PRTextStorage.o
SwiftExplicitDependencyGeneratePcm arm64 /Users/admin/builder/spi-builder-workspace/.derivedData/SDKExplicitPrecompiledModules/Symbols-B5AU9VM9Y7NU79RLMH13Z4IFM.pcm
SwiftExplicitDependencyGeneratePcm arm64 /Users/admin/builder/spi-builder-workspace/.derivedData/SDKExplicitPrecompiledModules/CoreTransferable-7V4O8DATEQ9F7SDNTCW8YWLG3.pcm
SwiftExplicitDependencyGeneratePcm arm64 /Users/admin/builder/spi-builder-workspace/.derivedData/SDKExplicitPrecompiledModules/IOSurface-38FJ1CKX9FV2RD97O64Z7QB17.pcm
SwiftExplicitDependencyGeneratePcm arm64 /Users/admin/builder/spi-builder-workspace/.derivedData/SDKExplicitPrecompiledModules/UniformTypeIdentifiers-95CC8U42ZA9STP5K6GP9ZVJS5.pcm
SwiftExplicitDependencyGeneratePcm arm64 /Users/admin/builder/spi-builder-workspace/.derivedData/SDKExplicitPrecompiledModules/_LocationEssentials-ETSJ65FELPWR8WH8G49R1DF2E.pcm
SwiftExplicitDependencyGeneratePcm arm64 /Users/admin/builder/spi-builder-workspace/.derivedData/SDKExplicitPrecompiledModules/UIUtilities-6ZFJ1AK4H8IBGEBMYQBWGBYLK.pcm
SwiftExplicitDependencyGeneratePcm arm64 /Users/admin/builder/spi-builder-workspace/.derivedData/SDKExplicitPrecompiledModules/OSLog-7OT6HHTMY0ZFEQJ095LJZ6NLC.pcm
SwiftExplicitDependencyGeneratePcm arm64 /Users/admin/builder/spi-builder-workspace/.derivedData/SDKExplicitPrecompiledModules/DataDetection-37JIYZ2GWDA1L166PP1D9JKAF.pcm
SwiftExplicitDependencyGeneratePcm arm64 /Users/admin/builder/spi-builder-workspace/.derivedData/SDKExplicitPrecompiledModules/Accessibility-B6BODGZ4MQQTY0PBC4SHRP009.pcm
SwiftExplicitDependencyGeneratePcm arm64 /Users/admin/builder/spi-builder-workspace/.derivedData/SDKExplicitPrecompiledModules/UserNotifications-E9ZW5TH066WIJWH9080RC5NG4.pcm
Ld /Users/admin/builder/spi-builder-workspace/.derivedData/Build/Products/Debug-appletvos/ProtonCore.o normal (in target 'ProtonCore' from project 'Proton')
    cd /Users/admin/builder/spi-builder-workspace
    /Applications/Xcode-27.0.0-Release.Candidate.app/Contents/Developer/Toolchains/XcodeDefault.xctoolchain/usr/bin/clang -Xlinker -reproducible -target arm64-apple-tvos15.0 -r -isysroot /Applications/Xcode-27.0.0-Release.Candidate.app/Contents/Developer/Platforms/AppleTVOS.platform/Developer/SDKs/AppleTVOS27.0.sdk -O0 -Xlinker -no_warn_duplicate_libraries -F/Users/admin/builder/spi-builder-workspace/.derivedData/Build/Intermediates.noindex/EagerLinkingTBDs/Debug-appletvos -F/Users/admin/builder/spi-builder-workspace/.derivedData/Build/Products/Debug-appletvos -iframework /Applications/Xcode-27.0.0-Release.Candidate.app/Contents/Developer/Platforms/AppleTVOS.platform/Developer/Library/Frameworks -iframework /Applications/Xcode-27.0.0-Release.Candidate.app/Contents/Developer/Platforms/AppleTVOS.platform/Developer/SDKs/AppleTVOS27.0.sdk/Developer/Library/Frameworks -filelist /Users/admin/builder/spi-builder-workspace/.derivedData/Build/Intermediates.noindex/Proton.build/Debug-appletvos/ProtonCore-t.build/Objects-normal/arm64/ProtonCore.LinkFileList -nostdlib -Xlinker -object_path_lto -Xlinker /Users/admin/builder/spi-builder-workspace/.derivedData/Build/Intermediates.noindex/Proton.build/Debug-appletvos/ProtonCore-t.build/Objects-normal/arm64/ProtonCore_lto.o -Xlinker -no_deduplicate -Xlinker -debug_variant -Xlinker -dependency_info -Xlinker /Users/admin/builder/spi-builder-workspace/.derivedData/Build/Intermediates.noindex/Proton.build/Debug-appletvos/ProtonCore-t.build/Objects-normal/arm64/ProtonCore_dependency_info.dat -fobjc-arc -fobjc-link-runtime -o /Users/admin/builder/spi-builder-workspace/.derivedData/Build/Products/Debug-appletvos/ProtonCore.o
SwiftExplicitDependencyGeneratePcm arm64 /Users/admin/builder/spi-builder-workspace/.derivedData/SDKExplicitPrecompiledModules/CoreLocation-YVXXAOMVX0JH2KO1XTTKTY51.pcm
SwiftExplicitDependencyGeneratePcm arm64 /Users/admin/builder/spi-builder-workspace/.derivedData/SDKExplicitPrecompiledModules/OpenGLES-4NY99CNDU9WUNUYEIXSS1QFGE.pcm
SwiftExplicitDependencyGeneratePcm arm64 /Users/admin/builder/spi-builder-workspace/.derivedData/SDKExplicitPrecompiledModules/Metal-2KYBS7IML1SD788M91YV7Q0CC.pcm
SwiftExplicitDependencyGeneratePcm arm64 /Users/admin/builder/spi-builder-workspace/.derivedData/SDKExplicitPrecompiledModules/CoreVideo-DPU0PB5X0XLSVA2ETRGI6FJBM.pcm
SwiftExplicitDependencyGeneratePcm arm64 /Users/admin/builder/spi-builder-workspace/.derivedData/SDKExplicitPrecompiledModules/QuartzCore-DJSYAWKXFGVSAK5CQMOB3JSR.pcm
SwiftExplicitDependencyGeneratePcm arm64 /Users/admin/builder/spi-builder-workspace/.derivedData/SDKExplicitPrecompiledModules/CoreImage-7S2AFJ8EIY3DUFYLEAX1JR1QV.pcm
SwiftExplicitDependencyGeneratePcm arm64 /Users/admin/builder/spi-builder-workspace/.derivedData/SDKExplicitPrecompiledModules/SwiftUICore-543QU5V2NHKUFCYFJDKUJ7NYG.pcm
SwiftExplicitDependencyGeneratePcm arm64 /Users/admin/builder/spi-builder-workspace/.derivedData/SDKExplicitPrecompiledModules/UIKit-1TKWN7VC2X6N3ITMRVA2G0EB2.pcm
SwiftExplicitDependencyGeneratePcm arm64 /Users/admin/builder/spi-builder-workspace/.derivedData/Build/Intermediates.noindex/SwiftExplicitPrecompiledModules/ProtonCore-EIC7LJ44D1F13GCQK9XXSKC97.pcm
SwiftEmitModule normal arm64 Emitting\ module\ for\ Proton (in target 'Proton' from project 'Proton')
/Users/admin/builder/spi-builder-workspace/Proton/Sources/Swift/Editor/EditorContent.swift:64:1: warning: extension declares a conformance of imported type 'EditorContentName' to imported protocol 'RawRepresentable'; this will not behave correctly if the owners of 'ProtonCore' introduce this conformance in the future
62 | }
63 |
64 | extension EditorContentName: RawRepresentable {
   | |- warning: extension declares a conformance of imported type 'EditorContentName' to imported protocol 'RawRepresentable'; this will not behave correctly if the owners of 'ProtonCore' introduce this conformance in the future
   | `- note: add '@retroactive' to silence this warning
65 |     public convenience init(_ rawValue: String) {
66 |         self.init(rawValue: rawValue)
/Users/admin/builder/spi-builder-workspace/Proton/Sources/Swift/Editor/EditorView.swift:178:35: error: 'UITextInteraction' is unavailable in tvOS
 176 |     }
 177 |
 178 |     public var textInteractions: [UITextInteraction] {
     |                                   `- error: 'UITextInteraction' is unavailable in tvOS
 179 |         richTextView.interactions.compactMap({ $0 as? UITextInteraction })
 180 |     }
/Applications/Xcode-27.0.0-Release.Candidate.app/Contents/Developer/Platforms/AppleTVOS.platform/Developer/SDKs/AppleTVOS27.0.sdk/System/Library/Frameworks/UIKit.framework/Headers/UITextInteraction.h:31:12: note: 'UITextInteraction' has been explicitly marked unavailable here
29 |
30 | UIKIT_EXTERN API_AVAILABLE(ios(13.0)) API_UNAVAILABLE(tvos, watchos) NS_SWIFT_UI_ACTOR
31 | @interface UITextInteraction : NSObject <UIInteraction>
   |            `- note: 'UITextInteraction' has been explicitly marked unavailable here
32 |
33 | @property (nonatomic, weak) id <UITextInteractionDelegate> delegate;
/Users/admin/builder/spi-builder-workspace/Proton/Sources/Swift/Editor/EditorView.swift:325:40: error: 'UIPinchGestureRecognizer' is unavailable in tvOS
 323 |     }
 324 |
 325 |     public var pinchGestureRecognizer: UIPinchGestureRecognizer? {
     |                                        `- error: 'UIPinchGestureRecognizer' is unavailable in tvOS
 326 |         get { scrollView.pinchGestureRecognizer }
 327 |     }
/Applications/Xcode-27.0.0-Release.Candidate.app/Contents/Developer/Platforms/AppleTVOS.platform/Developer/SDKs/AppleTVOS27.0.sdk/System/Library/Frameworks/UIKit.framework/Headers/UIPinchGestureRecognizer.h:20:12: note: 'UIPinchGestureRecognizer' has been explicitly marked unavailable here
18 |
19 | UIKIT_EXTERN API_AVAILABLE(ios(3.2)) API_UNAVAILABLE(tvos, watchos) NS_SWIFT_UI_ACTOR
20 | @interface UIPinchGestureRecognizer : UIGestureRecognizer
   |            `- note: 'UIPinchGestureRecognizer' has been explicitly marked unavailable here
21 |
22 | @property (nonatomic)          CGFloat scale;               // scale relative to the touch points in screen coordinates
/Users/admin/builder/spi-builder-workspace/Proton/Sources/Swift/Editor/EditorView.swift:371:35: error: 'UIDataDetectorTypes' is unavailable in tvOS
 369 |
 370 |     /// The types of data converted to tappable URLs in the editor view.
 371 |     public var dataDetectorTypes: UIDataDetectorTypes {
     |                                   `- error: 'UIDataDetectorTypes' is unavailable in tvOS
 372 |         get { richTextView.dataDetectorTypes }
 373 |         set { richTextView.dataDetectorTypes = newValue }
/Applications/Xcode-27.0.0-Release.Candidate.app/Contents/Developer/Platforms/AppleTVOS.platform/Developer/SDKs/AppleTVOS27.0.sdk/System/Library/Frameworks/UIKit.framework/Headers/UIDataDetectors.h:11:32: note: 'UIDataDetectorTypes' has been explicitly marked unavailable here
 9 | #import <Foundation/Foundation.h>
10 |
11 | typedef NS_OPTIONS(NSUInteger, UIDataDetectorTypes) {
   |                                `- note: 'UIDataDetectorTypes' has been explicitly marked unavailable here
12 |     UIDataDetectorTypePhoneNumber                                     = 1 << 0, // Phone number detection
13 |     UIDataDetectorTypeLink                                            = 1 << 1, // URL detection
/Users/admin/builder/spi-builder-workspace/Proton/Sources/Swift/Editor/EditorView.swift:755:34: error: 'UITextDragDelegate' is unavailable in tvOS
 753 |
 754 |     /// A text drag delegate object for customizing the drag source behavior of a text view.
 755 |     public var textDragDelegate: UITextDragDelegate? {
     |                                  `- error: 'UITextDragDelegate' is unavailable in tvOS
 756 |         get { richTextView.textDragDelegate }
 757 |         set { richTextView.textDragDelegate = newValue }
/Applications/Xcode-27.0.0-Release.Candidate.app/Contents/Developer/Platforms/AppleTVOS.platform/Developer/SDKs/AppleTVOS27.0.sdk/System/Library/Frameworks/UIKit.framework/Headers/UITextDragging.h:56:11: note: 'UITextDragDelegate' has been explicitly marked unavailable here
 54 |
 55 | API_AVAILABLE(ios(11.0)) API_UNAVAILABLE(watchos, tvos) NS_SWIFT_UI_ACTOR
 56 | @protocol UITextDragDelegate <NSObject>
    |           `- note: 'UITextDragDelegate' has been explicitly marked unavailable here
 57 |
 58 | @optional
/Users/admin/builder/spi-builder-workspace/Proton/Sources/Swift/Editor/EditorView.swift:761:34: error: 'UITextDropDelegate' is unavailable in tvOS
 759 |
 760 |     /// The text drop delegate for interacting with a drop activity in the text view.
 761 |     public var textDropDelegate: UITextDropDelegate? {
     |                                  `- error: 'UITextDropDelegate' is unavailable in tvOS
 762 |         get { richTextView.textDropDelegate }
 763 |         set { richTextView.textDropDelegate = newValue }
/Applications/Xcode-27.0.0-Release.Candidate.app/Contents/Developer/Platforms/AppleTVOS.platform/Developer/SDKs/AppleTVOS27.0.sdk/System/Library/Frameworks/UIKit.framework/Headers/UITextDropping.h:61:11: note: 'UITextDropDelegate' has been explicitly marked unavailable here
 59 |
 60 | API_AVAILABLE(ios(11.0)) API_UNAVAILABLE(watchos, tvos) NS_SWIFT_UI_ACTOR
 61 | @protocol UITextDropDelegate <NSObject>
    |           `- note: 'UITextDropDelegate' has been explicitly marked unavailable here
 62 |
 63 | @optional
Failed frontend command:
SwiftCompile normal arm64 (in target 'Proton' from project 'Proton')
    cd /Users/admin/builder/spi-builder-workspace/.swiftpm/xcode

/Applications/Xcode-27.0.0-Release.Candidate.app/Contents/Developer/Toolchains/XcodeDefault.xctoolchain/usr/bin/swift-frontend -frontend -emit-module -experimental-skip-non-inlinable-function-bodies-without-types /Users/admin/builder/spi-builder-workspace/Proton/Sources/Swift/AsyncTextResolver/AsyncTextResolver.swift /Users/admin/builder/spi-builder-workspace/Proton/Sources/Swift/Attachment/Attachment.swift /Users/admin/builder/spi-builder-workspace/Proton/Sources/Swift/Attachment/AttachmentContent.swift /Users/admin/builder/spi-builder-workspace/Proton/Sources/Swift/Attachment/AttachmentSize.swift /Users/admin/builder/spi-builder-workspace/Proton/Sources/Swift/Attachment/Focusable.swift /Users/admin/builder/spi-builder-workspace/Proton/Sources/Swift/Attachment/SelectionView.swift /Users/admin/builder/spi-builder-workspace/Proton/Sources/Swift/Base/AutogrowingTextView.swift /Users/admin/builder/spi-builder-workspace/Proton/Sources/Swift/Base/BackgroundStyle.swift /Users/admin/builder/spi-builder-workspace/Proton/Sources/Swift/Base/NSAttributedString+ContentTypes.swift /Users/admin/builder/spi-builder-workspace/Proton/Sources/Swift/Base/NSParagraphStyleExtensions.swift /Users/admin/builder/spi-builder-workspace/Proton/Sources/Swift/Base/Types.swift /Users/admin/builder/spi-builder-workspace/Proton/Sources/Swift/Core/AsyncTaskScheduler.swift /Users/admin/builder/spi-builder-workspace/Proton/Sources/Swift/Core/CommandName.swift /Users/admin/builder/spi-builder-workspace/Proton/Sources/Swift/Core/EditorLineNumberProvider.swift /Users/admin/builder/spi-builder-workspace/Proton/Sources/Swift/Core/GestureRegognizerDelegateOverride.swift /Users/admin/builder/spi-builder-workspace/Proton/Sources/Swift/Core/LayoutManager.swift /Users/admin/builder/spi-builder-workspace/Proton/Sources/Swift/Core/LineNumberFormatting.swift /Users/admin/builder/spi-builder-workspace/Proton/Sources/Swift/Core/ListFormattingProvider.swift /Users/admin/builder/spi-builder-workspace/Proton/Sources/Swift/Core/ListParser.swift /Users/admin/builder/spi-builder-workspace/Proton/Sources/Swift/Core/NullRichTextEditorContext.swift /Users/admin/builder/spi-builder-workspace/Proton/Sources/Swift/Core/RichTextEditorContext.swift /Users/admin/builder/spi-builder-workspace/Proton/Sources/Swift/Core/RichTextRendererContext.swift /Users/admin/builder/spi-builder-workspace/Proton/Sources/Swift/Core/RichTextView.swift /Users/admin/builder/spi-builder-workspace/Proton/Sources/Swift/Core/RichTextViewContext.swift /Users/admin/builder/spi-builder-workspace/Proton/Sources/Swift/Core/RichTextViewDelegate.swift /Users/admin/builder/spi-builder-workspace/Proton/Sources/Swift/Core/SequenceGenerator.swift /Users/admin/builder/spi-builder-workspace/Proton/Sources/Swift/Core/TextContainer.swift /Users/admin/builder/spi-builder-workspace/Proton/Sources/Swift/Decoding/AttributesDecoding.swift /Users/admin/builder/spi-builder-workspace/Proton/Sources/Swift/Decoding/EditorContentDecoding.swift /Users/admin/builder/spi-builder-workspace/Proton/Sources/Swift/Editor/AggregateEditorViewDelegate.swift /Users/admin/builder/spi-builder-workspace/Proton/Sources/Swift/Editor/EditorContent.swift /Users/admin/builder/spi-builder-workspace/Proton/Sources/Swift/Editor/EditorContentIdentifying.swift /Users/admin/builder/spi-builder-workspace/Proton/Sources/Swift/Editor/EditorContentView.swift /Users/admin/builder/spi-builder-workspace/Proton/Sources/Swift/Editor/EditorView.swift /Users/admin/builder/spi-builder-workspace/Proton/Sources/Swift/Editor/EditorViewContext.swift /Users/admin/builder/spi-builder-workspace/Proton/Sources/Swift/Editor/EditorViewDelegate.swift /Users/admin/builder/spi-builder-workspace/Proton/Sources/Swift/EditorCommand/Commands/AttributesToggleCommand.swift /Users/admin/builder/spi-builder-workspace/Proton/Sources/Swift/EditorCommand/Commands/BoldCommand.swift /Users/admin/builder/spi-builder-workspace/Proton/Sources/Swift/EditorCommand/Commands/FontTraitToggleCommand.swift /Users/admin/builder/spi-builder-workspace/Proton/Sources/Swift/EditorCommand/Commands/ItalicsCommand.swift /Users/admin/builder/spi-builder-workspace/Proton/Sources/Swift/EditorCommand/Commands/List/ListCommand.swift /Users/admin/builder/spi-builder-workspace/Proton/Sources/Swift/EditorCommand/Commands/List/ListIndentCommand.swift /Users/admin/builder/spi-builder-workspace/Proton/Sources/Swift/EditorCommand/Commands/List/ListOutdentCommand.swift /Users/admin/builder/spi-builder-workspace/Proton/Sources/Swift/EditorCommand/Commands/StrikethroughCommand.swift /Users/admin/builder/spi-builder-workspace/Proton/Sources/Swift/EditorCommand/Commands/UnderlineCommand.swift /Users/admin/builder/spi-builder-workspace/Proton/Sources/Swift/EditorCommand/EditorCommand.swift /Users/admin/builder/spi-builder-workspace/Proton/Sources/Swift/EditorCommand/EditorCommandExecutor.swift /Users/admin/builder/spi-builder-workspace/Proton/Sources/Swift/Encoding/AttributesEncoding.swift /Users/admin/builder/spi-builder-workspace/Proton/Sources/Swift/Encoding/EditorContentEncoding.swift /Users/admin/builder/spi-builder-workspace/Proton/Sources/Swift/Grid/Core/Grid.swift /Users/admin/builder/spi-builder-workspace/Proton/Sources/Swift/Grid/Core/GridCellStore.swift /Users/admin/builder/spi-builder-workspace/Proton/Sources/Swift/Grid/Core/GridConfiguration.swift /Users/admin/builder/spi-builder-workspace/Proton/Sources/Swift/Grid/View/GridCell.swift /Users/admin/builder/spi-builder-workspace/Proton/Sources/Swift/Grid/View/GridContentView.swift /Users/admin/builder/spi-builder-workspace/Proton/Sources/Swift/Grid/View/GridView.swift /Users/admin/builder/spi-builder-workspace/Proton/Sources/Swift/Helpers/GradientView.swift /Users/admin/builder/spi-builder-workspace/Proton/Sources/Swift/Helpers/Logger.swift /Users/admin/builder/spi-builder-workspace/Proton/Sources/Swift/Helpers/NSAttributedString+Content.swift /Users/admin/builder/spi-builder-workspace/Proton/Sources/Swift/Helpers/NSAttributedString+Range.swift /Users/admin/builder/spi-builder-workspace/Proton/Sources/Swift/Helpers/NSRangeExtensions.swift /Users/admin/builder/spi-builder-workspace/Proton/Sources/Swift/Helpers/String+NSRange.swift /Users/admin/builder/spi-builder-workspace/Proton/Sources/Swift/Helpers/SynchronizedArray.swift /Users/admin/builder/spi-builder-workspace/Proton/Sources/Swift/Helpers/Text/FontExtensions.swift /Users/admin/builder/spi-builder-workspace/Proton/Sources/Swift/Helpers/UIColor+Image.swift /Users/admin/builder/spi-builder-workspace/Proton/Sources/Swift/Helpers/UITextRangeExtensions.swift /Users/admin/builder/spi-builder-workspace/Proton/Sources/Swift/TextProcessors/TextProcessing.swift /Users/admin/builder/spi-builder-workspace/Proton/Sources/Swift/TextProcessors/TextProcessor.swift /Users/admin/builder/spi-builder-workspace/Proton/Sources/Swift/TextProcessors/TextProcessors/ListTextProcessor.swift -target arm64-apple-tvos15.0 -disable-cross-import-overlay-search -load-resolved-plugin /Applications/Xcode-27.0.0-Release.Candidate.app/Contents/Developer/Platforms/AppleTVOS.platform/Developer/usr/lib/swift/host/plugins/libFoundationMacros.dylib\#/Applications/Xcode-27.0.0-Release.Candidate.app/Contents/Developer/Platforms/AppleTVOS.platform/Developer/usr/bin/swift-plugin-server\#FoundationMacros -load-resolved-plugin /Applications/Xcode-27.0.0-Release.Candidate.app/Contents/Developer/Platforms/AppleTVOS.platform/Developer/usr/lib/swift/host/plugins/libObservationMacros.dylib\#/Applications/Xcode-27.0.0-Release.Candidate.app/Contents/Developer/Platforms/AppleTVOS.platform/Developer/usr/bin/swift-plugin-server\#ObservationMacros -load-resolved-plugin /Applications/Xcode-27.0.0-Release.Candidate.app/Contents/Developer/Platforms/AppleTVOS.platform/Developer/usr/lib/swift/host/plugins/libPreviewsMacros.dylib\#/Applications/Xcode-27.0.0-Release.Candidate.app/Contents/Developer/Platforms/AppleTVOS.platform/Developer/usr/bin/swift-plugin-server\#PreviewsMacros -load-resolved-plugin /Applications/Xcode-27.0.0-Release.Candidate.app/Contents/Developer/Platforms/AppleTVOS.platform/Developer/usr/lib/swift/host/plugins/libSwiftMacros.dylib\#/Applications/Xcode-27.0.0-Release.Candidate.app/Contents/Developer/Platforms/AppleTVOS.platform/Developer/usr/bin/swift-plugin-server\#SwiftMacros -load-resolved-plugin /Applications/Xcode-27.0.0-Release.Candidate.app/Contents/Developer/Platforms/AppleTVOS.platform/Developer/usr/lib/swift/host/plugins/libSwiftUIMacros.dylib\#/Applications/Xcode-27.0.0-Release.Candidate.app/Contents/Developer/Platforms/AppleTVOS.platform/Developer/usr/bin/swift-plugin-server\#SwiftUIMacros -disable-implicit-swift-modules -Xcc -fno-implicit-modules -Xcc -fno-implicit-module-maps -explicit-swift-module-map-file /Users/admin/builder/spi-builder-workspace/.derivedData/Build/Intermediates.noindex/Proton.build/Debug-appletvos/Proton-t.build/Objects-normal/arm64/Proton-dependencies-1.json -Xllvm -aarch64-use-tbi -enable-objc-interop -stack-check -sdk /Applications/Xcode-27.0.0-Release.Candidate.app/Contents/Developer/Platforms/AppleTVOS.platform/Developer/SDKs/AppleTVOS27.0.sdk -I /Users/admin/builder/spi-builder-workspace/.derivedData/Build/Products/Debug-appletvos -Isystem /Applications/Xcode-27.0.0-Release.Candidate.app/Contents/Developer/Platforms/AppleTVOS.platform/Developer/usr/lib -F /Users/admin/builder/spi-builder-workspace/.derivedData/Build/Products/Debug-appletvos/PackageFrameworks -F /Users/admin/builder/spi-builder-workspace/.derivedData/Build/Products/Debug-appletvos -F /Applications/Xcode-27.0.0-Release.Candidate.app/Contents/Developer/Platforms/AppleTVOS.platform/Developer/Library/Frameworks -F /Applications/Xcode-27.0.0-Release.Candidate.app/Contents/Developer/Platforms/AppleTVOS.platform/Developer/SDKs/AppleTVOS27.0.sdk/Developer/Library/Frameworks -module-cache-path /Users/admin/builder/spi-builder-workspace/.derivedData/Build/Intermediates.noindex/SwiftExplicitPrecompiledModules -no-color-diagnostics -Xcc -fno-color-diagnostics -enable-testing -g -debug-info-format\=dwarf -dwarf-version\=4 -profile-generate -profile-coverage-mapping -swift-version 5 -Onone -D SWIFT_PACKAGE -D DEBUG -D SWIFT_MODULE_RESOURCE_BUNDLE_UNAVAILABLE -D Xcode -serialize-debugging-options -enable-experimental-feature DebugDescriptionMacro -empty-abi-descriptor -validate-clang-modules-once -clang-build-session-file /Users/admin/builder/spi-builder-workspace/.derivedData/ModuleCache.noindex/Session.modulevalidation -Xcc -working-directory -Xcc /Users/admin/builder/spi-builder-workspace/.swiftpm/xcode -enable-anonymous-context-mangled-names -file-compilation-dir /Users/admin/builder/spi-builder-workspace/.swiftpm/xcode -Xcc -fmodule-map-file\=/Users/admin/builder/spi-builder-workspace/.derivedData/Build/Intermediates.noindex/GeneratedModuleMaps-appletvos/ProtonCore.modulemap -Xcc -D_LIBCPP_HARDENING_MODE\=_LIBCPP_HARDENING_MODE_DEBUG -Xcc -ivfsstatcache -Xcc /Users/admin/builder/spi-builder-workspace/.derivedData/SDKStatCaches.noindex/appletvos27.0-24J360-e829b21a6f8c9b70876ba0858053c044b32bfd8d43560033f8d89884cdb90028.sdkstatcache -Xcc -fmodules-prune-interval\=86400 -Xcc -fmodules-prune-after\=345600 -Xcc -I/Users/admin/builder/spi-builder-workspace/Proton/Sources/ObjC/include -Xcc -I/Users/admin/builder/spi-builder-workspace/.derivedData/Build/Products/Debug-appletvos/include -Xcc -I/Users/admin/builder/spi-builder-workspace/.derivedData/Build/Intermediates.noindex/Proton.build/Debug-appletvos/Proton-t.build/DerivedSources-normal/arm64 -Xcc -I/Users/admin/builder/spi-builder-workspace/.derivedData/Build/Intermediates.noindex/Proton.build/Debug-appletvos/Proton-t.build/DerivedSources/arm64 -Xcc -I/Users/admin/builder/spi-builder-workspace/.derivedData/Build/Intermediates.noindex/Proton.build/Debug-appletvos/Proton-t.build/DerivedSources -Xcc -DSWIFT_PACKAGE -Xcc -DDEBUG\=1 -no-auto-bridging-header-chaining -module-name Proton -package-name spi_builder_workspace -const-gather-protocols-file /Users/admin/builder/spi-builder-workspace/.derivedData/Build/Intermediates.noindex/Proton.build/Debug-appletvos/Proton-t.build/Objects-normal/arm64/Proton_const_extract_protocols.json -disable-clang-spi -clang-target arm64-apple-tvos27.0 -target-sdk-version 27.0 -target-sdk-name appletvos27.0 -in-process-plugin-server-path /Applications/Xcode-27.0.0-Release.Candidate.app/Contents/Developer/Toolchains/XcodeDefault.xctoolchain/usr/lib/swift/host/libSwiftInProcPluginServer.dylib -emit-module-doc-path /Users/admin/builder/spi-builder-workspace/.derivedData/Build/Intermediates.noindex/Proton.build/Debug-appletvos/Proton-t.build/Objects-normal/arm64/Proton.swiftdoc -emit-module-source-info-path /Users/admin/builder/spi-builder-workspace/.derivedData/Build/Intermediates.noindex/Proton.build/Debug-appletvos/Proton-t.build/Objects-normal/arm64/Proton.swiftsourceinfo -emit-objc-header-path /Users/admin/builder/spi-builder-workspace/.derivedData/Build/Intermediates.noindex/Proton.build/Debug-appletvos/Proton-t.build/Objects-normal/arm64/Proton-Swift.h -serialize-diagnostics-path /Users/admin/builder/spi-builder-workspace/.derivedData/Build/Intermediates.noindex/Proton.build/Debug-appletvos/Proton-t.build/Objects-normal/arm64/Proton-primary-emit-module.dia -emit-dependencies-path /Users/admin/builder/spi-builder-workspace/.derivedData/Build/Intermediates.noindex/Proton.build/Debug-appletvos/Proton-t.build/Objects-normal/arm64/Proton-primary-emit-module.d -parse-as-library -o /Users/admin/builder/spi-builder-workspace/.derivedData/Build/Intermediates.noindex/Proton.build/Debug-appletvos/Proton-t.build/Objects-normal/arm64/Proton.swiftmodule -emit-abi-descriptor-path /Users/admin/builder/spi-builder-workspace/.derivedData/Build/Intermediates.noindex/Proton.build/Debug-appletvos/Proton-t.build/Objects-normal/arm64/Proton.abi.json
SwiftCompile normal arm64 Compiling\ Logger.swift,\ NSAttributedString+Content.swift,\ NSAttributedString+Range.swift,\ NSRangeExtensions.swift,\ String+NSRange.swift,\ SynchronizedArray.swift /Users/admin/builder/spi-builder-workspace/Proton/Sources/Swift/Helpers/Logger.swift /Users/admin/builder/spi-builder-workspace/Proton/Sources/Swift/Helpers/NSAttributedString+Content.swift /Users/admin/builder/spi-builder-workspace/Proton/Sources/Swift/Helpers/NSAttributedString+Range.swift /Users/admin/builder/spi-builder-workspace/Proton/Sources/Swift/Helpers/NSRangeExtensions.swift /Users/admin/builder/spi-builder-workspace/Proton/Sources/Swift/Helpers/String+NSRange.swift /Users/admin/builder/spi-builder-workspace/Proton/Sources/Swift/Helpers/SynchronizedArray.swift (in target 'Proton' from project 'Proton')
SwiftCompile normal arm64 /Users/admin/builder/spi-builder-workspace/Proton/Sources/Swift/Helpers/Logger.swift (in target 'Proton' from project 'Proton')
    cd /Users/admin/builder/spi-builder-workspace/.swiftpm/xcode
    builtin-SwiftPerFileCompile Logger.swift
SwiftCompile normal arm64 /Users/admin/builder/spi-builder-workspace/Proton/Sources/Swift/Helpers/NSAttributedString+Content.swift (in target 'Proton' from project 'Proton')
    cd /Users/admin/builder/spi-builder-workspace/.swiftpm/xcode
    builtin-SwiftPerFileCompile NSAttributedString+Content.swift
SwiftCompile normal arm64 /Users/admin/builder/spi-builder-workspace/Proton/Sources/Swift/Helpers/NSAttributedString+Range.swift (in target 'Proton' from project 'Proton')
    cd /Users/admin/builder/spi-builder-workspace/.swiftpm/xcode
    builtin-SwiftPerFileCompile NSAttributedString+Range.swift
SwiftCompile normal arm64 /Users/admin/builder/spi-builder-workspace/Proton/Sources/Swift/Helpers/NSRangeExtensions.swift (in target 'Proton' from project 'Proton')
    cd /Users/admin/builder/spi-builder-workspace/.swiftpm/xcode
    builtin-SwiftPerFileCompile NSRangeExtensions.swift
SwiftCompile normal arm64 /Users/admin/builder/spi-builder-workspace/Proton/Sources/Swift/Helpers/String+NSRange.swift (in target 'Proton' from project 'Proton')
    cd /Users/admin/builder/spi-builder-workspace/.swiftpm/xcode
    builtin-SwiftPerFileCompile String+NSRange.swift
SwiftCompile normal arm64 /Users/admin/builder/spi-builder-workspace/Proton/Sources/Swift/Helpers/SynchronizedArray.swift (in target 'Proton' from project 'Proton')
    cd /Users/admin/builder/spi-builder-workspace/.swiftpm/xcode
    builtin-SwiftPerFileCompile SynchronizedArray.swift
SwiftCompile normal arm64 Compiling\ ListOutdentCommand.swift,\ StrikethroughCommand.swift,\ UnderlineCommand.swift,\ EditorCommand.swift,\ EditorCommandExecutor.swift,\ AttributesEncoding.swift,\ EditorContentEncoding.swift /Users/admin/builder/spi-builder-workspace/Proton/Sources/Swift/EditorCommand/Commands/List/ListOutdentCommand.swift /Users/admin/builder/spi-builder-workspace/Proton/Sources/Swift/EditorCommand/Commands/StrikethroughCommand.swift /Users/admin/builder/spi-builder-workspace/Proton/Sources/Swift/EditorCommand/Commands/UnderlineCommand.swift /Users/admin/builder/spi-builder-workspace/Proton/Sources/Swift/EditorCommand/EditorCommand.swift /Users/admin/builder/spi-builder-workspace/Proton/Sources/Swift/EditorCommand/EditorCommandExecutor.swift /Users/admin/builder/spi-builder-workspace/Proton/Sources/Swift/Encoding/AttributesEncoding.swift /Users/admin/builder/spi-builder-workspace/Proton/Sources/Swift/Encoding/EditorContentEncoding.swift (in target 'Proton' from project 'Proton')
SwiftCompile normal arm64 /Users/admin/builder/spi-builder-workspace/Proton/Sources/Swift/EditorCommand/Commands/List/ListOutdentCommand.swift (in target 'Proton' from project 'Proton')
    cd /Users/admin/builder/spi-builder-workspace/.swiftpm/xcode
    builtin-SwiftPerFileCompile ListOutdentCommand.swift
SwiftCompile normal arm64 /Users/admin/builder/spi-builder-workspace/Proton/Sources/Swift/EditorCommand/Commands/StrikethroughCommand.swift (in target 'Proton' from project 'Proton')
    cd /Users/admin/builder/spi-builder-workspace/.swiftpm/xcode
    builtin-SwiftPerFileCompile StrikethroughCommand.swift
SwiftCompile normal arm64 /Users/admin/builder/spi-builder-workspace/Proton/Sources/Swift/EditorCommand/Commands/UnderlineCommand.swift (in target 'Proton' from project 'Proton')
    cd /Users/admin/builder/spi-builder-workspace/.swiftpm/xcode
    builtin-SwiftPerFileCompile UnderlineCommand.swift
SwiftCompile normal arm64 /Users/admin/builder/spi-builder-workspace/Proton/Sources/Swift/EditorCommand/EditorCommand.swift (in target 'Proton' from project 'Proton')
    cd /Users/admin/builder/spi-builder-workspace/.swiftpm/xcode
    builtin-SwiftPerFileCompile EditorCommand.swift
SwiftCompile normal arm64 /Users/admin/builder/spi-builder-workspace/Proton/Sources/Swift/EditorCommand/EditorCommandExecutor.swift (in target 'Proton' from project 'Proton')
    cd /Users/admin/builder/spi-builder-workspace/.swiftpm/xcode
    builtin-SwiftPerFileCompile EditorCommandExecutor.swift
SwiftCompile normal arm64 /Users/admin/builder/spi-builder-workspace/Proton/Sources/Swift/Encoding/AttributesEncoding.swift (in target 'Proton' from project 'Proton')
    cd /Users/admin/builder/spi-builder-workspace/.swiftpm/xcode
    builtin-SwiftPerFileCompile AttributesEncoding.swift
SwiftCompile normal arm64 /Users/admin/builder/spi-builder-workspace/Proton/Sources/Swift/Encoding/EditorContentEncoding.swift (in target 'Proton' from project 'Proton')
    cd /Users/admin/builder/spi-builder-workspace/.swiftpm/xcode
    builtin-SwiftPerFileCompile EditorContentEncoding.swift
SwiftCompile normal arm64 Compiling\ Grid.swift,\ GridCellStore.swift,\ GridConfiguration.swift,\ GridCell.swift,\ GridContentView.swift,\ GridView.swift,\ GradientView.swift /Users/admin/builder/spi-builder-workspace/Proton/Sources/Swift/Grid/Core/Grid.swift /Users/admin/builder/spi-builder-workspace/Proton/Sources/Swift/Grid/Core/GridCellStore.swift /Users/admin/builder/spi-builder-workspace/Proton/Sources/Swift/Grid/Core/GridConfiguration.swift /Users/admin/builder/spi-builder-workspace/Proton/Sources/Swift/Grid/View/GridCell.swift /Users/admin/builder/spi-builder-workspace/Proton/Sources/Swift/Grid/View/GridContentView.swift /Users/admin/builder/spi-builder-workspace/Proton/Sources/Swift/Grid/View/GridView.swift /Users/admin/builder/spi-builder-workspace/Proton/Sources/Swift/Helpers/GradientView.swift (in target 'Proton' from project 'Proton')
/Users/admin/builder/spi-builder-workspace/Proton/Sources/Swift/Grid/View/GridContentView.swift:183:27: error: 'minimumNumberOfTouches' is unavailable in tvOS
181 |         let gestureRecognizer = UIPanGestureRecognizer(target: self, action: #selector(handleSelection(_:)))
182 |         gestureRecognizer.delegate = self
183 |         gestureRecognizer.minimumNumberOfTouches = 2
    |                           `- error: 'minimumNumberOfTouches' is unavailable in tvOS
184 |         gestureRecognizer.maximumNumberOfTouches = 2
185 |         addGestureRecognizer(gestureRecognizer)
/Applications/Xcode-27.0.0-Release.Candidate.app/Contents/Developer/Platforms/AppleTVOS.platform/Developer/SDKs/AppleTVOS27.0.sdk/System/Library/Frameworks/UIKit.framework/Headers/UIPanGestureRecognizer.h:33:43: note: 'minimumNumberOfTouches' has been explicitly marked unavailable here
31 | @interface UIPanGestureRecognizer : UIGestureRecognizer
32 |
33 | @property (nonatomic)          NSUInteger minimumNumberOfTouches API_UNAVAILABLE(tvos);   // default is 1. the minimum number of touches required to match
   |                                           `- note: 'minimumNumberOfTouches' has been explicitly marked unavailable here
34 | @property (nonatomic)          NSUInteger maximumNumberOfTouches API_UNAVAILABLE(tvos);   // default is UINT_MAX. the maximum number of touches that can be down
35 |
SwiftCompile normal arm64 /Users/admin/builder/spi-builder-workspace/Proton/Sources/Swift/Grid/Core/Grid.swift (in target 'Proton' from project 'Proton')
    cd /Users/admin/builder/spi-builder-workspace/.swiftpm/xcode
    builtin-SwiftPerFileCompile Grid.swift
SwiftCompile normal arm64 /Users/admin/builder/spi-builder-workspace/Proton/Sources/Swift/Grid/Core/GridCellStore.swift (in target 'Proton' from project 'Proton')
    cd /Users/admin/builder/spi-builder-workspace/.swiftpm/xcode
    builtin-SwiftPerFileCompile GridCellStore.swift
SwiftCompile normal arm64 /Users/admin/builder/spi-builder-workspace/Proton/Sources/Swift/Grid/Core/GridConfiguration.swift (in target 'Proton' from project 'Proton')
    cd /Users/admin/builder/spi-builder-workspace/.swiftpm/xcode
    builtin-SwiftPerFileCompile GridConfiguration.swift
SwiftCompile normal arm64 /Users/admin/builder/spi-builder-workspace/Proton/Sources/Swift/Grid/View/GridCell.swift (in target 'Proton' from project 'Proton')
    cd /Users/admin/builder/spi-builder-workspace/.swiftpm/xcode
    builtin-SwiftPerFileCompile GridCell.swift
SwiftCompile normal arm64 /Users/admin/builder/spi-builder-workspace/Proton/Sources/Swift/Grid/View/GridContentView.swift (in target 'Proton' from project 'Proton')
    cd /Users/admin/builder/spi-builder-workspace/.swiftpm/xcode
    builtin-SwiftPerFileCompile GridContentView.swift
SwiftCompile normal arm64 /Users/admin/builder/spi-builder-workspace/Proton/Sources/Swift/Grid/View/GridView.swift (in target 'Proton' from project 'Proton')
    cd /Users/admin/builder/spi-builder-workspace/.swiftpm/xcode
    builtin-SwiftPerFileCompile GridView.swift
SwiftCompile normal arm64 /Users/admin/builder/spi-builder-workspace/Proton/Sources/Swift/Helpers/GradientView.swift (in target 'Proton' from project 'Proton')
    cd /Users/admin/builder/spi-builder-workspace/.swiftpm/xcode
    builtin-SwiftPerFileCompile GradientView.swift
SwiftCompile normal arm64 Compiling\ EditorViewDelegate.swift,\ AttributesToggleCommand.swift,\ BoldCommand.swift,\ FontTraitToggleCommand.swift,\ ItalicsCommand.swift,\ ListCommand.swift,\ ListIndentCommand.swift /Users/admin/builder/spi-builder-workspace/Proton/Sources/Swift/Editor/EditorViewDelegate.swift /Users/admin/builder/spi-builder-workspace/Proton/Sources/Swift/EditorCommand/Commands/AttributesToggleCommand.swift /Users/admin/builder/spi-builder-workspace/Proton/Sources/Swift/EditorCommand/Commands/BoldCommand.swift /Users/admin/builder/spi-builder-workspace/Proton/Sources/Swift/EditorCommand/Commands/FontTraitToggleCommand.swift /Users/admin/builder/spi-builder-workspace/Proton/Sources/Swift/EditorCommand/Commands/ItalicsCommand.swift /Users/admin/builder/spi-builder-workspace/Proton/Sources/Swift/EditorCommand/Commands/List/ListCommand.swift /Users/admin/builder/spi-builder-workspace/Proton/Sources/Swift/EditorCommand/Commands/List/ListIndentCommand.swift (in target 'Proton' from project 'Proton')
SwiftCompile normal arm64 /Users/admin/builder/spi-builder-workspace/Proton/Sources/Swift/Editor/EditorViewDelegate.swift (in target 'Proton' from project 'Proton')
    cd /Users/admin/builder/spi-builder-workspace/.swiftpm/xcode
    builtin-SwiftPerFileCompile EditorViewDelegate.swift
SwiftCompile normal arm64 /Users/admin/builder/spi-builder-workspace/Proton/Sources/Swift/EditorCommand/Commands/AttributesToggleCommand.swift (in target 'Proton' from project 'Proton')
    cd /Users/admin/builder/spi-builder-workspace/.swiftpm/xcode
    builtin-SwiftPerFileCompile AttributesToggleCommand.swift
SwiftCompile normal arm64 /Users/admin/builder/spi-builder-workspace/Proton/Sources/Swift/EditorCommand/Commands/BoldCommand.swift (in target 'Proton' from project 'Proton')
    cd /Users/admin/builder/spi-builder-workspace/.swiftpm/xcode
    builtin-SwiftPerFileCompile BoldCommand.swift
SwiftCompile normal arm64 /Users/admin/builder/spi-builder-workspace/Proton/Sources/Swift/EditorCommand/Commands/FontTraitToggleCommand.swift (in target 'Proton' from project 'Proton')
    cd /Users/admin/builder/spi-builder-workspace/.swiftpm/xcode
    builtin-SwiftPerFileCompile FontTraitToggleCommand.swift
SwiftCompile normal arm64 /Users/admin/builder/spi-builder-workspace/Proton/Sources/Swift/EditorCommand/Commands/ItalicsCommand.swift (in target 'Proton' from project 'Proton')
    cd /Users/admin/builder/spi-builder-workspace/.swiftpm/xcode
    builtin-SwiftPerFileCompile ItalicsCommand.swift
SwiftCompile normal arm64 /Users/admin/builder/spi-builder-workspace/Proton/Sources/Swift/EditorCommand/Commands/List/ListCommand.swift (in target 'Proton' from project 'Proton')
    cd /Users/admin/builder/spi-builder-workspace/.swiftpm/xcode
    builtin-SwiftPerFileCompile ListCommand.swift
SwiftCompile normal arm64 /Users/admin/builder/spi-builder-workspace/Proton/Sources/Swift/EditorCommand/Commands/List/ListIndentCommand.swift (in target 'Proton' from project 'Proton')
    cd /Users/admin/builder/spi-builder-workspace/.swiftpm/xcode
    builtin-SwiftPerFileCompile ListIndentCommand.swift
SwiftCompile normal arm64 Compiling\ EditorContentDecoding.swift,\ AggregateEditorViewDelegate.swift,\ EditorContent.swift,\ EditorContentIdentifying.swift,\ EditorContentView.swift,\ EditorView.swift,\ EditorViewContext.swift /Users/admin/builder/spi-builder-workspace/Proton/Sources/Swift/Decoding/EditorContentDecoding.swift /Users/admin/builder/spi-builder-workspace/Proton/Sources/Swift/Editor/AggregateEditorViewDelegate.swift /Users/admin/builder/spi-builder-workspace/Proton/Sources/Swift/Editor/EditorContent.swift /Users/admin/builder/spi-builder-workspace/Proton/Sources/Swift/Editor/EditorContentIdentifying.swift /Users/admin/builder/spi-builder-workspace/Proton/Sources/Swift/Editor/EditorContentView.swift /Users/admin/builder/spi-builder-workspace/Proton/Sources/Swift/Editor/EditorView.swift /Users/admin/builder/spi-builder-workspace/Proton/Sources/Swift/Editor/EditorViewContext.swift (in target 'Proton' from project 'Proton')
/Users/admin/builder/spi-builder-workspace/Proton/Sources/Swift/Editor/EditorContent.swift:64:1: warning: extension declares a conformance of imported type 'EditorContentName' to imported protocol 'RawRepresentable'; this will not behave correctly if the owners of 'ProtonCore' introduce this conformance in the future
62 | }
63 |
64 | extension EditorContentName: RawRepresentable {
   | |- warning: extension declares a conformance of imported type 'EditorContentName' to imported protocol 'RawRepresentable'; this will not behave correctly if the owners of 'ProtonCore' introduce this conformance in the future
   | `- note: add '@retroactive' to silence this warning
65 |     public convenience init(_ rawValue: String) {
66 |         self.init(rawValue: rawValue)
/Users/admin/builder/spi-builder-workspace/Proton/Sources/Swift/Editor/EditorView.swift:178:35: error: 'UITextInteraction' is unavailable in tvOS
 176 |     }
 177 |
 178 |     public var textInteractions: [UITextInteraction] {
     |                                   `- error: 'UITextInteraction' is unavailable in tvOS
 179 |         richTextView.interactions.compactMap({ $0 as? UITextInteraction })
 180 |     }
/Applications/Xcode-27.0.0-Release.Candidate.app/Contents/Developer/Platforms/AppleTVOS.platform/Developer/SDKs/AppleTVOS27.0.sdk/System/Library/Frameworks/UIKit.framework/Headers/UITextInteraction.h:31:12: note: 'UITextInteraction' has been explicitly marked unavailable here
29 |
30 | UIKIT_EXTERN API_AVAILABLE(ios(13.0)) API_UNAVAILABLE(tvos, watchos) NS_SWIFT_UI_ACTOR
31 | @interface UITextInteraction : NSObject <UIInteraction>
   |            `- note: 'UITextInteraction' has been explicitly marked unavailable here
32 |
33 | @property (nonatomic, weak) id <UITextInteractionDelegate> delegate;
/Users/admin/builder/spi-builder-workspace/Proton/Sources/Swift/Editor/EditorView.swift:325:40: error: 'UIPinchGestureRecognizer' is unavailable in tvOS
 323 |     }
 324 |
 325 |     public var pinchGestureRecognizer: UIPinchGestureRecognizer? {
     |                                        `- error: 'UIPinchGestureRecognizer' is unavailable in tvOS
 326 |         get { scrollView.pinchGestureRecognizer }
 327 |     }
/Applications/Xcode-27.0.0-Release.Candidate.app/Contents/Developer/Platforms/AppleTVOS.platform/Developer/SDKs/AppleTVOS27.0.sdk/System/Library/Frameworks/UIKit.framework/Headers/UIPinchGestureRecognizer.h:20:12: note: 'UIPinchGestureRecognizer' has been explicitly marked unavailable here
18 |
19 | UIKIT_EXTERN API_AVAILABLE(ios(3.2)) API_UNAVAILABLE(tvos, watchos) NS_SWIFT_UI_ACTOR
20 | @interface UIPinchGestureRecognizer : UIGestureRecognizer
   |            `- note: 'UIPinchGestureRecognizer' has been explicitly marked unavailable here
21 |
22 | @property (nonatomic)          CGFloat scale;               // scale relative to the touch points in screen coordinates
/Users/admin/builder/spi-builder-workspace/Proton/Sources/Swift/Editor/EditorView.swift:371:35: error: 'UIDataDetectorTypes' is unavailable in tvOS
 369 |
 370 |     /// The types of data converted to tappable URLs in the editor view.
 371 |     public var dataDetectorTypes: UIDataDetectorTypes {
     |                                   `- error: 'UIDataDetectorTypes' is unavailable in tvOS
 372 |         get { richTextView.dataDetectorTypes }
 373 |         set { richTextView.dataDetectorTypes = newValue }
/Applications/Xcode-27.0.0-Release.Candidate.app/Contents/Developer/Platforms/AppleTVOS.platform/Developer/SDKs/AppleTVOS27.0.sdk/System/Library/Frameworks/UIKit.framework/Headers/UIDataDetectors.h:11:32: note: 'UIDataDetectorTypes' has been explicitly marked unavailable here
 9 | #import <Foundation/Foundation.h>
10 |
11 | typedef NS_OPTIONS(NSUInteger, UIDataDetectorTypes) {
   |                                `- note: 'UIDataDetectorTypes' has been explicitly marked unavailable here
12 |     UIDataDetectorTypePhoneNumber                                     = 1 << 0, // Phone number detection
13 |     UIDataDetectorTypeLink                                            = 1 << 1, // URL detection
/Users/admin/builder/spi-builder-workspace/Proton/Sources/Swift/Editor/EditorView.swift:755:34: error: 'UITextDragDelegate' is unavailable in tvOS
 753 |
 754 |     /// A text drag delegate object for customizing the drag source behavior of a text view.
 755 |     public var textDragDelegate: UITextDragDelegate? {
     |                                  `- error: 'UITextDragDelegate' is unavailable in tvOS
 756 |         get { richTextView.textDragDelegate }
 757 |         set { richTextView.textDragDelegate = newValue }
/Applications/Xcode-27.0.0-Release.Candidate.app/Contents/Developer/Platforms/AppleTVOS.platform/Developer/SDKs/AppleTVOS27.0.sdk/System/Library/Frameworks/UIKit.framework/Headers/UITextDragging.h:56:11: note: 'UITextDragDelegate' has been explicitly marked unavailable here
 54 |
 55 | API_AVAILABLE(ios(11.0)) API_UNAVAILABLE(watchos, tvos) NS_SWIFT_UI_ACTOR
 56 | @protocol UITextDragDelegate <NSObject>
    |           `- note: 'UITextDragDelegate' has been explicitly marked unavailable here
 57 |
 58 | @optional
/Users/admin/builder/spi-builder-workspace/Proton/Sources/Swift/Editor/EditorView.swift:761:34: error: 'UITextDropDelegate' is unavailable in tvOS
 759 |
 760 |     /// The text drop delegate for interacting with a drop activity in the text view.
 761 |     public var textDropDelegate: UITextDropDelegate? {
     |                                  `- error: 'UITextDropDelegate' is unavailable in tvOS
 762 |         get { richTextView.textDropDelegate }
 763 |         set { richTextView.textDropDelegate = newValue }
/Applications/Xcode-27.0.0-Release.Candidate.app/Contents/Developer/Platforms/AppleTVOS.platform/Developer/SDKs/AppleTVOS27.0.sdk/System/Library/Frameworks/UIKit.framework/Headers/UITextDropping.h:61:11: note: 'UITextDropDelegate' has been explicitly marked unavailable here
 59 |
 60 | API_AVAILABLE(ios(11.0)) API_UNAVAILABLE(watchos, tvos) NS_SWIFT_UI_ACTOR
 61 | @protocol UITextDropDelegate <NSObject>
    |           `- note: 'UITextDropDelegate' has been explicitly marked unavailable here
 62 |
 63 | @optional
/Users/admin/builder/spi-builder-workspace/Proton/Sources/Swift/Editor/EditorView.swift:179:55: error: 'UITextInteraction' is unavailable in tvOS
 177 |
 178 |     public var textInteractions: [UITextInteraction] {
 179 |         richTextView.interactions.compactMap({ $0 as? UITextInteraction })
     |                                                       `- error: 'UITextInteraction' is unavailable in tvOS
 180 |     }
 181 |
/Applications/Xcode-27.0.0-Release.Candidate.app/Contents/Developer/Platforms/AppleTVOS.platform/Developer/SDKs/AppleTVOS27.0.sdk/System/Library/Frameworks/UIKit.framework/Headers/UITextInteraction.h:31:12: note: 'UITextInteraction' has been explicitly marked unavailable here
29 |
30 | UIKIT_EXTERN API_AVAILABLE(ios(13.0)) API_UNAVAILABLE(tvos, watchos) NS_SWIFT_UI_ACTOR
31 | @interface UITextInteraction : NSObject <UIInteraction>
   |            `- note: 'UITextInteraction' has been explicitly marked unavailable here
32 |
33 | @property (nonatomic, weak) id <UITextInteractionDelegate> delegate;
/Users/admin/builder/spi-builder-workspace/Proton/Sources/Swift/Editor/EditorView.swift:187:28: error: value of type 'RichTextView' has no member 'textDragInteraction'
 185 |
 186 |     public var textDragInteractionEnabled: Bool {
 187 |         get { richTextView.textDragInteraction?.isEnabled ?? false }
     |                            `- error: value of type 'RichTextView' has no member 'textDragInteraction'
 188 |         set { richTextView.textDragInteraction?.isEnabled = newValue }
 189 |     }
/Users/admin/builder/spi-builder-workspace/Proton/Sources/Swift/Editor/EditorView.swift:188:28: error: value of type 'RichTextView' has no member 'textDragInteraction'
 186 |     public var textDragInteractionEnabled: Bool {
 187 |         get { richTextView.textDragInteraction?.isEnabled ?? false }
 188 |         set { richTextView.textDragInteraction?.isEnabled = newValue }
     |                            `- error: value of type 'RichTextView' has no member 'textDragInteraction'
 189 |     }
 190 |
/Users/admin/builder/spi-builder-workspace/Proton/Sources/Swift/Editor/EditorView.swift:326:26: error: 'pinchGestureRecognizer' is unavailable in tvOS
 324 |
 325 |     public var pinchGestureRecognizer: UIPinchGestureRecognizer? {
 326 |         get { scrollView.pinchGestureRecognizer }
     |                          `- error: 'pinchGestureRecognizer' is unavailable in tvOS
 327 |     }
 328 |
/Applications/Xcode-27.0.0-Release.Candidate.app/Contents/Developer/Platforms/AppleTVOS.platform/Developer/SDKs/AppleTVOS27.0.sdk/System/Library/Frameworks/UIKit.framework/Headers/UIScrollView.h:280:68: note: 'pinchGestureRecognizer' has been explicitly marked unavailable here
278 | @property(nonatomic, readonly) UIPanGestureRecognizer *panGestureRecognizer API_AVAILABLE(ios(5.0));
279 | // `pinchGestureRecognizer` will return nil when zooming is disabled.
280 | @property(nullable, nonatomic, readonly) UIPinchGestureRecognizer *pinchGestureRecognizer API_AVAILABLE(ios(5.0)) API_UNAVAILABLE(tvos);
    |                                                                    `- note: 'pinchGestureRecognizer' has been explicitly marked unavailable here
281 | // `directionalPressGestureRecognizer` is disabled by default, but can be enabled to perform scrolling in response to up / down / left / right arrow button presses directly, instead of scrolling indirectly in response to focus updates.
282 | @property(nonatomic, readonly) UIGestureRecognizer *directionalPressGestureRecognizer API_DEPRECATED("Configuring the panGestureRecognizer for indirect scrolling automatically supports directional presses now, so this property is no longer useful.", tvos(9.0, 11.0)) API_UNAVAILABLE(watchos);
/Users/admin/builder/spi-builder-workspace/Proton/Sources/Swift/Editor/EditorView.swift:330:26: warning: 'directionalPressGestureRecognizer' was deprecated in tvOS 11.0: Configuring the panGestureRecognizer for indirect scrolling automatically supports directional presses now, so this property is no longer useful. [#DeprecatedDeclaration]
 328 |
 329 |     public var directionalPressGestureRecognizer: UIGestureRecognizer? {
 330 |         get { scrollView.directionalPressGestureRecognizer }
     |                          `- warning: 'directionalPressGestureRecognizer' was deprecated in tvOS 11.0: Configuring the panGestureRecognizer for indirect scrolling automatically supports directional presses now, so this property is no longer useful. [#DeprecatedDeclaration]
 331 |     }
 332 |
/Users/admin/builder/spi-builder-workspace/Proton/Sources/Swift/Editor/EditorView.swift:372:28: error: 'dataDetectorTypes' is unavailable in tvOS
 370 |     /// The types of data converted to tappable URLs in the editor view.
 371 |     public var dataDetectorTypes: UIDataDetectorTypes {
 372 |         get { richTextView.dataDetectorTypes }
     |                            `- error: 'dataDetectorTypes' is unavailable in tvOS
 373 |         set { richTextView.dataDetectorTypes = newValue }
 374 |     }
/Applications/Xcode-27.0.0-Release.Candidate.app/Contents/Developer/Platforms/AppleTVOS.platform/Developer/SDKs/AppleTVOS27.0.sdk/System/Library/Frameworks/UIKit.framework/Headers/UITextView.h:242:42: note: 'dataDetectorTypes' has been explicitly marked unavailable here
240 | // By default, text item interaction follows selectable if the text item methods on UITextViewDelegate are not implemented; otherwise, they follow the result of the specified delegate methods.
241 | @property(nonatomic,getter=isSelectable) BOOL selectable API_AVAILABLE(ios(7.0));
242 | @property(nonatomic) UIDataDetectorTypes dataDetectorTypes API_AVAILABLE(ios(3.0)) API_UNAVAILABLE(tvos);
    |                                          `- note: 'dataDetectorTypes' has been explicitly marked unavailable here
243 |
244 | @property(nonatomic) BOOL allowsEditingTextAttributes API_AVAILABLE(ios(6.0)); // defaults to NO
/Users/admin/builder/spi-builder-workspace/Proton/Sources/Swift/Editor/EditorView.swift:373:28: error: 'dataDetectorTypes' is unavailable in tvOS
 371 |     public var dataDetectorTypes: UIDataDetectorTypes {
 372 |         get { richTextView.dataDetectorTypes }
 373 |         set { richTextView.dataDetectorTypes = newValue }
     |                            `- error: 'dataDetectorTypes' is unavailable in tvOS
 374 |     }
 375 |
/Applications/Xcode-27.0.0-Release.Candidate.app/Contents/Developer/Platforms/AppleTVOS.platform/Developer/SDKs/AppleTVOS27.0.sdk/System/Library/Frameworks/UIKit.framework/Headers/UITextView.h:242:42: note: 'dataDetectorTypes' has been explicitly marked unavailable here
240 | // By default, text item interaction follows selectable if the text item methods on UITextViewDelegate are not implemented; otherwise, they follow the result of the specified delegate methods.
241 | @property(nonatomic,getter=isSelectable) BOOL selectable API_AVAILABLE(ios(7.0));
242 | @property(nonatomic) UIDataDetectorTypes dataDetectorTypes API_AVAILABLE(ios(3.0)) API_UNAVAILABLE(tvos);
    |                                          `- note: 'dataDetectorTypes' has been explicitly marked unavailable here
243 |
244 | @property(nonatomic) BOOL allowsEditingTextAttributes API_AVAILABLE(ios(6.0)); // defaults to NO
/Users/admin/builder/spi-builder-workspace/Proton/Sources/Swift/Editor/EditorView.swift:391:28: error: 'isEditable' is unavailable in tvOS
 389 |     /// in case of text with large number of attachments.
 390 |     public var isEditable: Bool {
 391 |         get { richTextView.isEditable }
     |                            `- error: 'isEditable' is unavailable in tvOS
 392 |         set {
 393 |             richTextView.isEditable = newValue
/Applications/Xcode-27.0.0-Release.Candidate.app/Contents/Developer/Platforms/AppleTVOS.platform/Developer/SDKs/AppleTVOS27.0.sdk/System/Library/Frameworks/UIKit.framework/Headers/UITextView.h:238:45: note: 'isEditable' has been explicitly marked unavailable here
236 | @property(nonatomic, copy, nonnull) NSArray<NSValue *> *selectedRanges API_AVAILABLE(ios(26.0), tvos(26.0), visionos(26.0), watchos(26.0)) NS_REFINED_FOR_SWIFT;
237 |
238 | @property(nonatomic,getter=isEditable) BOOL editable API_UNAVAILABLE(tvos);
    |                                             `- note: 'isEditable' has been explicitly marked unavailable here
239 | // Toggle selectability, which controls the ability of the user to select content and interact with URLs & attachments. On tvOS this also makes the text view focusable.
240 | // By default, text item interaction follows selectable if the text item methods on UITextViewDelegate are not implemented; otherwise, they follow the result of the specified delegate methods.
/Users/admin/builder/spi-builder-workspace/Proton/Sources/Swift/Editor/EditorView.swift:393:26: error: 'isEditable' is unavailable in tvOS
 391 |         get { richTextView.isEditable }
 392 |         set {
 393 |             richTextView.isEditable = newValue
     |                          `- error: 'isEditable' is unavailable in tvOS
 394 |             AggregateEditorViewDelegate.editor(self, didChangeEditable: newValue)
 395 |         }
/Applications/Xcode-27.0.0-Release.Candidate.app/Contents/Developer/Platforms/AppleTVOS.platform/Developer/SDKs/AppleTVOS27.0.sdk/System/Library/Frameworks/UIKit.framework/Headers/UITextView.h:238:45: note: 'isEditable' has been explicitly marked unavailable here
236 | @property(nonatomic, copy, nonnull) NSArray<NSValue *> *selectedRanges API_AVAILABLE(ios(26.0), tvos(26.0), visionos(26.0), watchos(26.0)) NS_REFINED_FOR_SWIFT;
237 |
238 | @property(nonatomic,getter=isEditable) BOOL editable API_UNAVAILABLE(tvos);
    |                                             `- note: 'isEditable' has been explicitly marked unavailable here
239 | // Toggle selectability, which controls the ability of the user to select content and interact with URLs & attachments. On tvOS this also makes the text view focusable.
240 | // By default, text item interaction follows selectable if the text item methods on UITextViewDelegate are not implemented; otherwise, they follow the result of the specified delegate methods.
/Users/admin/builder/spi-builder-workspace/Proton/Sources/Swift/Editor/EditorView.swift:756:28: error: value of type 'RichTextView' has no member 'textDragDelegate'
 754 |     /// A text drag delegate object for customizing the drag source behavior of a text view.
 755 |     public var textDragDelegate: UITextDragDelegate? {
 756 |         get { richTextView.textDragDelegate }
     |                            `- error: value of type 'RichTextView' has no member 'textDragDelegate'
 757 |         set { richTextView.textDragDelegate = newValue }
 758 |     }
/Users/admin/builder/spi-builder-workspace/Proton/Sources/Swift/Editor/EditorView.swift:757:28: error: value of type 'RichTextView' has no member 'textDragDelegate'
 755 |     public var textDragDelegate: UITextDragDelegate? {
 756 |         get { richTextView.textDragDelegate }
 757 |         set { richTextView.textDragDelegate = newValue }
     |                            `- error: value of type 'RichTextView' has no member 'textDragDelegate'
 758 |     }
 759 |
/Users/admin/builder/spi-builder-workspace/Proton/Sources/Swift/Editor/EditorView.swift:762:28: error: value of type 'RichTextView' has no member 'textDropDelegate'
 760 |     /// The text drop delegate for interacting with a drop activity in the text view.
 761 |     public var textDropDelegate: UITextDropDelegate? {
 762 |         get { richTextView.textDropDelegate }
     |                            `- error: value of type 'RichTextView' has no member 'textDropDelegate'
 763 |         set { richTextView.textDropDelegate = newValue }
 764 |     }
SwiftCompile normal arm64 /Users/admin/builder/spi-builder-workspace/Proton/Sources/Swift/Decoding/EditorContentDecoding.swift (in target 'Proton' from project 'Proton')
    cd /Users/admin/builder/spi-builder-workspace/.swiftpm/xcode
    builtin-SwiftPerFileCompile EditorContentDecoding.swift
SwiftCompile normal arm64 /Users/admin/builder/spi-builder-workspace/Proton/Sources/Swift/Editor/AggregateEditorViewDelegate.swift (in target 'Proton' from project 'Proton')
    cd /Users/admin/builder/spi-builder-workspace/.swiftpm/xcode
    builtin-SwiftPerFileCompile AggregateEditorViewDelegate.swift
SwiftCompile normal arm64 /Users/admin/builder/spi-builder-workspace/Proton/Sources/Swift/Editor/EditorContent.swift (in target 'Proton' from project 'Proton')
    cd /Users/admin/builder/spi-builder-workspace/.swiftpm/xcode
    builtin-SwiftPerFileCompile EditorContent.swift
SwiftCompile normal arm64 /Users/admin/builder/spi-builder-workspace/Proton/Sources/Swift/Editor/EditorContentIdentifying.swift (in target 'Proton' from project 'Proton')
    cd /Users/admin/builder/spi-builder-workspace/.swiftpm/xcode
    builtin-SwiftPerFileCompile EditorContentIdentifying.swift
SwiftCompile normal arm64 /Users/admin/builder/spi-builder-workspace/Proton/Sources/Swift/Editor/EditorContentView.swift (in target 'Proton' from project 'Proton')
    cd /Users/admin/builder/spi-builder-workspace/.swiftpm/xcode
    builtin-SwiftPerFileCompile EditorContentView.swift
SwiftCompile normal arm64 /Users/admin/builder/spi-builder-workspace/Proton/Sources/Swift/Editor/EditorView.swift (in target 'Proton' from project 'Proton')
    cd /Users/admin/builder/spi-builder-workspace/.swiftpm/xcode
    builtin-SwiftPerFileCompile EditorView.swift
SwiftCompile normal arm64 /Users/admin/builder/spi-builder-workspace/Proton/Sources/Swift/Editor/EditorViewContext.swift (in target 'Proton' from project 'Proton')
    cd /Users/admin/builder/spi-builder-workspace/.swiftpm/xcode
    builtin-SwiftPerFileCompile EditorViewContext.swift
SwiftCompile normal arm64 Compiling\ AsyncTextResolver.swift,\ Attachment.swift,\ AttachmentContent.swift,\ AttachmentSize.swift,\ Focusable.swift,\ SelectionView.swift,\ AutogrowingTextView.swift /Users/admin/builder/spi-builder-workspace/Proton/Sources/Swift/AsyncTextResolver/AsyncTextResolver.swift /Users/admin/builder/spi-builder-workspace/Proton/Sources/Swift/Attachment/Attachment.swift /Users/admin/builder/spi-builder-workspace/Proton/Sources/Swift/Attachment/AttachmentContent.swift /Users/admin/builder/spi-builder-workspace/Proton/Sources/Swift/Attachment/AttachmentSize.swift /Users/admin/builder/spi-builder-workspace/Proton/Sources/Swift/Attachment/Focusable.swift /Users/admin/builder/spi-builder-workspace/Proton/Sources/Swift/Attachment/SelectionView.swift /Users/admin/builder/spi-builder-workspace/Proton/Sources/Swift/Base/AutogrowingTextView.swift (in target 'Proton' from project 'Proton')
SwiftCompile normal arm64 /Users/admin/builder/spi-builder-workspace/Proton/Sources/Swift/AsyncTextResolver/AsyncTextResolver.swift (in target 'Proton' from project 'Proton')
    cd /Users/admin/builder/spi-builder-workspace/.swiftpm/xcode
    builtin-SwiftPerFileCompile AsyncTextResolver.swift
SwiftCompile normal arm64 /Users/admin/builder/spi-builder-workspace/Proton/Sources/Swift/Attachment/Attachment.swift (in target 'Proton' from project 'Proton')
    cd /Users/admin/builder/spi-builder-workspace/.swiftpm/xcode
    builtin-SwiftPerFileCompile Attachment.swift
SwiftCompile normal arm64 /Users/admin/builder/spi-builder-workspace/Proton/Sources/Swift/Attachment/AttachmentContent.swift (in target 'Proton' from project 'Proton')
    cd /Users/admin/builder/spi-builder-workspace/.swiftpm/xcode
    builtin-SwiftPerFileCompile AttachmentContent.swift
SwiftCompile normal arm64 /Users/admin/builder/spi-builder-workspace/Proton/Sources/Swift/Attachment/AttachmentSize.swift (in target 'Proton' from project 'Proton')
    cd /Users/admin/builder/spi-builder-workspace/.swiftpm/xcode
    builtin-SwiftPerFileCompile AttachmentSize.swift
SwiftCompile normal arm64 /Users/admin/builder/spi-builder-workspace/Proton/Sources/Swift/Attachment/Focusable.swift (in target 'Proton' from project 'Proton')
    cd /Users/admin/builder/spi-builder-workspace/.swiftpm/xcode
    builtin-SwiftPerFileCompile Focusable.swift
SwiftCompile normal arm64 /Users/admin/builder/spi-builder-workspace/Proton/Sources/Swift/Attachment/SelectionView.swift (in target 'Proton' from project 'Proton')
    cd /Users/admin/builder/spi-builder-workspace/.swiftpm/xcode
    builtin-SwiftPerFileCompile SelectionView.swift
SwiftCompile normal arm64 /Users/admin/builder/spi-builder-workspace/Proton/Sources/Swift/Base/AutogrowingTextView.swift (in target 'Proton' from project 'Proton')
    cd /Users/admin/builder/spi-builder-workspace/.swiftpm/xcode
    builtin-SwiftPerFileCompile AutogrowingTextView.swift
SwiftCompile normal arm64 Compiling\ GestureRegognizerDelegateOverride.swift,\ LayoutManager.swift,\ LineNumberFormatting.swift,\ ListFormattingProvider.swift,\ ListParser.swift,\ NullRichTextEditorContext.swift,\ RichTextEditorContext.swift /Users/admin/builder/spi-builder-workspace/Proton/Sources/Swift/Core/GestureRegognizerDelegateOverride.swift /Users/admin/builder/spi-builder-workspace/Proton/Sources/Swift/Core/LayoutManager.swift /Users/admin/builder/spi-builder-workspace/Proton/Sources/Swift/Core/LineNumberFormatting.swift /Users/admin/builder/spi-builder-workspace/Proton/Sources/Swift/Core/ListFormattingProvider.swift /Users/admin/builder/spi-builder-workspace/Proton/Sources/Swift/Core/ListParser.swift /Users/admin/builder/spi-builder-workspace/Proton/Sources/Swift/Core/NullRichTextEditorContext.swift /Users/admin/builder/spi-builder-workspace/Proton/Sources/Swift/Core/RichTextEditorContext.swift (in target 'Proton' from project 'Proton')
SwiftCompile normal arm64 /Users/admin/builder/spi-builder-workspace/Proton/Sources/Swift/Core/GestureRegognizerDelegateOverride.swift (in target 'Proton' from project 'Proton')
    cd /Users/admin/builder/spi-builder-workspace/.swiftpm/xcode
    builtin-SwiftPerFileCompile GestureRegognizerDelegateOverride.swift
SwiftCompile normal arm64 /Users/admin/builder/spi-builder-workspace/Proton/Sources/Swift/Core/LayoutManager.swift (in target 'Proton' from project 'Proton')
    cd /Users/admin/builder/spi-builder-workspace/.swiftpm/xcode
    builtin-SwiftPerFileCompile LayoutManager.swift
SwiftCompile normal arm64 /Users/admin/builder/spi-builder-workspace/Proton/Sources/Swift/Core/LineNumberFormatting.swift (in target 'Proton' from project 'Proton')
    cd /Users/admin/builder/spi-builder-workspace/.swiftpm/xcode
    builtin-SwiftPerFileCompile LineNumberFormatting.swift
SwiftCompile normal arm64 /Users/admin/builder/spi-builder-workspace/Proton/Sources/Swift/Core/ListFormattingProvider.swift (in target 'Proton' from project 'Proton')
    cd /Users/admin/builder/spi-builder-workspace/.swiftpm/xcode
    builtin-SwiftPerFileCompile ListFormattingProvider.swift
SwiftCompile normal arm64 /Users/admin/builder/spi-builder-workspace/Proton/Sources/Swift/Core/ListParser.swift (in target 'Proton' from project 'Proton')
    cd /Users/admin/builder/spi-builder-workspace/.swiftpm/xcode
    builtin-SwiftPerFileCompile ListParser.swift
SwiftCompile normal arm64 /Users/admin/builder/spi-builder-workspace/Proton/Sources/Swift/Core/NullRichTextEditorContext.swift (in target 'Proton' from project 'Proton')
    cd /Users/admin/builder/spi-builder-workspace/.swiftpm/xcode
    builtin-SwiftPerFileCompile NullRichTextEditorContext.swift
SwiftCompile normal arm64 /Users/admin/builder/spi-builder-workspace/Proton/Sources/Swift/Core/RichTextEditorContext.swift (in target 'Proton' from project 'Proton')
    cd /Users/admin/builder/spi-builder-workspace/.swiftpm/xcode
    builtin-SwiftPerFileCompile RichTextEditorContext.swift
SwiftCompile normal arm64 Compiling\ BackgroundStyle.swift,\ NSAttributedString+ContentTypes.swift,\ NSParagraphStyleExtensions.swift,\ Types.swift,\ AsyncTaskScheduler.swift,\ CommandName.swift,\ EditorLineNumberProvider.swift /Users/admin/builder/spi-builder-workspace/Proton/Sources/Swift/Base/BackgroundStyle.swift /Users/admin/builder/spi-builder-workspace/Proton/Sources/Swift/Base/NSAttributedString+ContentTypes.swift /Users/admin/builder/spi-builder-workspace/Proton/Sources/Swift/Base/NSParagraphStyleExtensions.swift /Users/admin/builder/spi-builder-workspace/Proton/Sources/Swift/Base/Types.swift /Users/admin/builder/spi-builder-workspace/Proton/Sources/Swift/Core/AsyncTaskScheduler.swift /Users/admin/builder/spi-builder-workspace/Proton/Sources/Swift/Core/CommandName.swift /Users/admin/builder/spi-builder-workspace/Proton/Sources/Swift/Core/EditorLineNumberProvider.swift (in target 'Proton' from project 'Proton')
SwiftCompile normal arm64 /Users/admin/builder/spi-builder-workspace/Proton/Sources/Swift/Base/BackgroundStyle.swift (in target 'Proton' from project 'Proton')
    cd /Users/admin/builder/spi-builder-workspace/.swiftpm/xcode
    builtin-SwiftPerFileCompile BackgroundStyle.swift
SwiftCompile normal arm64 /Users/admin/builder/spi-builder-workspace/Proton/Sources/Swift/Base/NSAttributedString+ContentTypes.swift (in target 'Proton' from project 'Proton')
    cd /Users/admin/builder/spi-builder-workspace/.swiftpm/xcode
    builtin-SwiftPerFileCompile NSAttributedString+ContentTypes.swift
SwiftCompile normal arm64 /Users/admin/builder/spi-builder-workspace/Proton/Sources/Swift/Base/NSParagraphStyleExtensions.swift (in target 'Proton' from project 'Proton')
    cd /Users/admin/builder/spi-builder-workspace/.swiftpm/xcode
    builtin-SwiftPerFileCompile NSParagraphStyleExtensions.swift
SwiftCompile normal arm64 /Users/admin/builder/spi-builder-workspace/Proton/Sources/Swift/Base/Types.swift (in target 'Proton' from project 'Proton')
    cd /Users/admin/builder/spi-builder-workspace/.swiftpm/xcode
    builtin-SwiftPerFileCompile Types.swift
SwiftCompile normal arm64 /Users/admin/builder/spi-builder-workspace/Proton/Sources/Swift/Core/AsyncTaskScheduler.swift (in target 'Proton' from project 'Proton')
    cd /Users/admin/builder/spi-builder-workspace/.swiftpm/xcode
    builtin-SwiftPerFileCompile AsyncTaskScheduler.swift
SwiftCompile normal arm64 /Users/admin/builder/spi-builder-workspace/Proton/Sources/Swift/Core/CommandName.swift (in target 'Proton' from project 'Proton')
    cd /Users/admin/builder/spi-builder-workspace/.swiftpm/xcode
    builtin-SwiftPerFileCompile CommandName.swift
SwiftCompile normal arm64 /Users/admin/builder/spi-builder-workspace/Proton/Sources/Swift/Core/EditorLineNumberProvider.swift (in target 'Proton' from project 'Proton')
    cd /Users/admin/builder/spi-builder-workspace/.swiftpm/xcode
    builtin-SwiftPerFileCompile EditorLineNumberProvider.swift
SwiftCompile normal arm64 Compiling\ RichTextRendererContext.swift,\ RichTextView.swift,\ RichTextViewContext.swift,\ RichTextViewDelegate.swift,\ SequenceGenerator.swift,\ TextContainer.swift,\ AttributesDecoding.swift /Users/admin/builder/spi-builder-workspace/Proton/Sources/Swift/Core/RichTextRendererContext.swift /Users/admin/builder/spi-builder-workspace/Proton/Sources/Swift/Core/RichTextView.swift /Users/admin/builder/spi-builder-workspace/Proton/Sources/Swift/Core/RichTextViewContext.swift /Users/admin/builder/spi-builder-workspace/Proton/Sources/Swift/Core/RichTextViewDelegate.swift /Users/admin/builder/spi-builder-workspace/Proton/Sources/Swift/Core/SequenceGenerator.swift /Users/admin/builder/spi-builder-workspace/Proton/Sources/Swift/Core/TextContainer.swift /Users/admin/builder/spi-builder-workspace/Proton/Sources/Swift/Decoding/AttributesDecoding.swift (in target 'Proton' from project 'Proton')
/Users/admin/builder/spi-builder-workspace/Proton/Sources/Swift/Core/RichTextView.swift:79:17: error: 'systemBackground' is unavailable in tvOS
 77 |     var defaultTextColor: UIColor { richTextStorage.defaultTextColor }
 78 |     var defaultBackgroundColor: UIColor {
 79 |         return .systemBackground
    |                 `- error: 'systemBackground' is unavailable in tvOS
 80 |     }
 81 |
/Applications/Xcode-27.0.0-Release.Candidate.app/Contents/Developer/Platforms/AppleTVOS.platform/Developer/SDKs/AppleTVOS27.0.sdk/System/Library/Frameworks/UIKit.framework/Headers/UIInterface.h:208:49: note: 'systemBackground' has been explicitly marked unavailable here
206 |  *    primary background in light mode.
207 |  */
208 | @property (class, nonatomic, readonly) UIColor *systemBackgroundColor                   API_AVAILABLE(ios(13.0)) API_UNAVAILABLE(tvos, watchos);
    |                                                 `- note: 'systemBackground' has been explicitly marked unavailable here
209 | @property (class, nonatomic, readonly) UIColor *secondarySystemBackgroundColor          API_AVAILABLE(ios(13.0)) API_UNAVAILABLE(tvos, watchos);
210 | @property (class, nonatomic, readonly) UIColor *tertiarySystemBackgroundColor           API_AVAILABLE(ios(13.0)) API_UNAVAILABLE(tvos, watchos);
SwiftCompile normal arm64 /Users/admin/builder/spi-builder-workspace/Proton/Sources/Swift/Core/RichTextRendererContext.swift (in target 'Proton' from project 'Proton')
    cd /Users/admin/builder/spi-builder-workspace/.swiftpm/xcode
    builtin-SwiftPerFileCompile RichTextRendererContext.swift
SwiftCompile normal arm64 /Users/admin/builder/spi-builder-workspace/Proton/Sources/Swift/Core/RichTextView.swift (in target 'Proton' from project 'Proton')
    cd /Users/admin/builder/spi-builder-workspace/.swiftpm/xcode
    builtin-SwiftPerFileCompile RichTextView.swift
SwiftCompile normal arm64 /Users/admin/builder/spi-builder-workspace/Proton/Sources/Swift/Core/RichTextViewContext.swift (in target 'Proton' from project 'Proton')
    cd /Users/admin/builder/spi-builder-workspace/.swiftpm/xcode
    builtin-SwiftPerFileCompile RichTextViewContext.swift
SwiftCompile normal arm64 /Users/admin/builder/spi-builder-workspace/Proton/Sources/Swift/Core/RichTextViewDelegate.swift (in target 'Proton' from project 'Proton')
    cd /Users/admin/builder/spi-builder-workspace/.swiftpm/xcode
    builtin-SwiftPerFileCompile RichTextViewDelegate.swift
SwiftCompile normal arm64 /Users/admin/builder/spi-builder-workspace/Proton/Sources/Swift/Core/SequenceGenerator.swift (in target 'Proton' from project 'Proton')
    cd /Users/admin/builder/spi-builder-workspace/.swiftpm/xcode
    builtin-SwiftPerFileCompile SequenceGenerator.swift
SwiftCompile normal arm64 /Users/admin/builder/spi-builder-workspace/Proton/Sources/Swift/Core/TextContainer.swift (in target 'Proton' from project 'Proton')
    cd /Users/admin/builder/spi-builder-workspace/.swiftpm/xcode
    builtin-SwiftPerFileCompile TextContainer.swift
SwiftCompile normal arm64 /Users/admin/builder/spi-builder-workspace/Proton/Sources/Swift/Decoding/AttributesDecoding.swift (in target 'Proton' from project 'Proton')
    cd /Users/admin/builder/spi-builder-workspace/.swiftpm/xcode
    builtin-SwiftPerFileCompile AttributesDecoding.swift
SwiftCompile normal arm64 Compiling\ FontExtensions.swift,\ UIColor+Image.swift,\ UITextRangeExtensions.swift,\ TextProcessing.swift,\ TextProcessor.swift,\ ListTextProcessor.swift /Users/admin/builder/spi-builder-workspace/Proton/Sources/Swift/Helpers/Text/FontExtensions.swift /Users/admin/builder/spi-builder-workspace/Proton/Sources/Swift/Helpers/UIColor+Image.swift /Users/admin/builder/spi-builder-workspace/Proton/Sources/Swift/Helpers/UITextRangeExtensions.swift /Users/admin/builder/spi-builder-workspace/Proton/Sources/Swift/TextProcessors/TextProcessing.swift /Users/admin/builder/spi-builder-workspace/Proton/Sources/Swift/TextProcessors/TextProcessor.swift /Users/admin/builder/spi-builder-workspace/Proton/Sources/Swift/TextProcessors/TextProcessors/ListTextProcessor.swift (in target 'Proton' from project 'Proton')
SwiftCompile normal arm64 /Users/admin/builder/spi-builder-workspace/Proton/Sources/Swift/Helpers/Text/FontExtensions.swift (in target 'Proton' from project 'Proton')
    cd /Users/admin/builder/spi-builder-workspace/.swiftpm/xcode
    builtin-SwiftPerFileCompile FontExtensions.swift
SwiftCompile normal arm64 /Users/admin/builder/spi-builder-workspace/Proton/Sources/Swift/Helpers/UIColor+Image.swift (in target 'Proton' from project 'Proton')
    cd /Users/admin/builder/spi-builder-workspace/.swiftpm/xcode
    builtin-SwiftPerFileCompile UIColor+Image.swift
SwiftCompile normal arm64 /Users/admin/builder/spi-builder-workspace/Proton/Sources/Swift/Helpers/UITextRangeExtensions.swift (in target 'Proton' from project 'Proton')
    cd /Users/admin/builder/spi-builder-workspace/.swiftpm/xcode
    builtin-SwiftPerFileCompile UITextRangeExtensions.swift
SwiftCompile normal arm64 /Users/admin/builder/spi-builder-workspace/Proton/Sources/Swift/TextProcessors/TextProcessing.swift (in target 'Proton' from project 'Proton')
    cd /Users/admin/builder/spi-builder-workspace/.swiftpm/xcode
    builtin-SwiftPerFileCompile TextProcessing.swift
SwiftCompile normal arm64 /Users/admin/builder/spi-builder-workspace/Proton/Sources/Swift/TextProcessors/TextProcessor.swift (in target 'Proton' from project 'Proton')
    cd /Users/admin/builder/spi-builder-workspace/.swiftpm/xcode
    builtin-SwiftPerFileCompile TextProcessor.swift
SwiftCompile normal arm64 /Users/admin/builder/spi-builder-workspace/Proton/Sources/Swift/TextProcessors/TextProcessors/ListTextProcessor.swift (in target 'Proton' from project 'Proton')
    cd /Users/admin/builder/spi-builder-workspace/.swiftpm/xcode
    builtin-SwiftPerFileCompile ListTextProcessor.swift
PruneExplicitPrecompiledModules /Users/admin/builder/spi-builder-workspace/.derivedData/Build/Intermediates.noindex/SwiftExplicitPrecompiledModules
PruneExplicitPrecompiledModules /Users/admin/builder/spi-builder-workspace/.derivedData/Build/Intermediates.noindex/ExplicitPrecompiledModules
PruneExplicitPrecompiledModules /Users/admin/builder/spi-builder-workspace/.derivedData/SDKExplicitPrecompiledModules
2026-09-20 09:29:32.054 xcodebuild[771:4732] [MT] IDERunDestination: Supported platforms for the buildables in the current scheme is empty.
** BUILD FAILED **
The following build commands failed:
	SwiftCompile normal arm64 (in target 'Proton' from project 'Proton')
	SwiftEmitModule normal arm64 Emitting\ module\ for\ Proton (in target 'Proton' from project 'Proton')
	Building workspace Proton with scheme Proton-Package
(3 failures)
Command line invocation:
    /Applications/Xcode-27.0.0-Release.Candidate.app/Contents/Developer/usr/bin/xcodebuild -IDEClonedSourcePackagesDirPathOverride=/Users/admin/builder/spi-builder-workspace/.dependencies -resolvePackageDependencies
Resolve Package Graph
Resolved source packages:
  SnapshotTesting: https://github.com/pointfreeco/swift-snapshot-testing.git @ master (4579af4)
  Proton: /Users/admin/builder/spi-builder-workspace
resolved source packages: SnapshotTesting, Proton
2026-09-20 09:29:39.345 xcodebuild[908:5279] [MT] IDERunDestination: Supported platforms for the buildables in the current scheme is empty.
{
  "dependencies" : [
    {
      "identity" : "swift-snapshot-testing",
      "requirement" : {
        "branch" : [
          "master"
        ]
      },
      "type" : "sourceControl",
      "url" : "https://github.com/pointfreeco/swift-snapshot-testing.git"
    }
  ],
  "manifest_display_name" : "Proton",
  "name" : "Proton",
  "path" : "/Users/admin/builder/spi-builder-workspace",
  "platforms" : [
    {
      "name" : "ios",
      "version" : "14.0"
    },
    {
      "name" : "visionos",
      "version" : "1.0"
    }
  ],
  "products" : [
    {
      "name" : "Proton",
      "targets" : [
        "Proton"
      ],
      "type" : {
        "library" : [
          "automatic"
        ]
      }
    },
    {
      "name" : "ProtonCore",
      "targets" : [
        "ProtonCore"
      ],
      "type" : {
        "library" : [
          "automatic"
        ]
      }
    }
  ],
  "targets" : [
    {
      "c99name" : "ProtonTests",
      "module_type" : "SwiftTarget",
      "name" : "ProtonTests",
      "path" : "Proton/Tests",
      "product_dependencies" : [
        "SnapshotTesting"
      ],
      "sources" : [
        "AsyncTextResolver/AsyncTextResolverSnapshotTests.swift",
        "Attachments/AttachmentUpdateSnapshotTests.swift",
        "Attachments/GridViewAttachment.swift",
        "Attachments/Mocks/RichTextAttachmentView.swift",
        "Attachments/ViewAttachmentSnapshotTests.swift",
        "Base/AutogrowingTextViewSnapshotTests.swift",
        "Base/AutogrowingTextViewTests.swift",
        "Base/Mocks/MockAutogrowingTextViewDelegate.swift",
        "Core/EditorKeyTests.swift",
        "Core/ListParserTests.swift",
        "Core/ListsSnapshotTests.swift",
        "Core/Mocks/MockDefaultTextFormattingProvider.swift",
        "Core/Mocks/MockKeyboardPress.swift",
        "Core/Mocks/MockListFormattingProvider.swift",
        "Core/Mocks/MockRichTextViewDelegate.swift",
        "Core/Mocks/MockRichTextViewListDelegate.swift",
        "Core/RichTextViewContextTests.swift",
        "Core/RichTextViewSnapshotTests.swift",
        "Core/RichTextViewTests.swift",
        "Core/TextBlockAttributeTests.swift",
        "Core/TextStorageTests.swift",
        "Editor/EditorContentTransformerTests.swift",
        "Editor/EditorContextDelegateTests.swift",
        "Editor/EditorListsSnapshotTests.swift",
        "Editor/EditorSnapshotTests.swift",
        "Editor/EditorViewContextSnapshotTests.swift",
        "Editor/EditorViewContextTests.swift",
        "Editor/EditorViewDelegateTests.swift",
        "Editor/EditorViewMenuTests.swift",
        "Editor/EditorViewTests.swift",
        "Editor/EditorViewportSnapshotTests.swift",
        "Editor/Mocks/MockAsyncAttachmentRenderingDelegate.swift",
        "Editor/Mocks/MockAttachment.swift",
        "Editor/Mocks/MockAttachmentOffsetProvider.swift",
        "Editor/Mocks/MockEditorViewDelegate.swift",
        "Editor/Mocks/MockLineNumberProvider.swift",
        "EditorCommands/AttributesCommandTests.swift",
        "EditorCommands/EditorCommandExecutorTests.swift",
        "EditorCommands/EditorCommandSnapshotTests.swift",
        "EditorCommands/FontTraitToggleCommandTests.swift",
        "EditorCommands/ListCommandTests.swift",
        "EditorCommands/Mocks/MockEditorCommand.swift",
        "EditorCommands/Mocks/MockEditorCommandExecutorDelegate.swift",
        "Encoding/EditorContentEncoderTests.swift",
        "ExtensionTests/NSAttributedStringExtensionTests.swift",
        "Grid/GridCellTests.swift",
        "Grid/GridTests.swift",
        "Grid/GridViewAttachmentSnapshotTests.swift",
        "Grid/GridViewSnapshotTests.swift",
        "Grid/GridViewTests.swift",
        "Grid/Mocks/MockGridCellDelegate.swift",
        "Grid/Mocks/MockGridViewDelegate.swift",
        "Helpers/EditorTestViewController.swift",
        "Helpers/GenericViewTestViewController.swift",
        "Helpers/RichTextViewTestViewController.swift",
        "Helpers/SnapshotTestCase.swift",
        "Helpers/SnapshotTestViewController.swift",
        "Helpers/TextTransformer.swift",
        "Helpers/UIView+Render.swift",
        "Helpers/Views/AutogrowingTextField.swift",
        "Helpers/Views/InlineEditorView.swift",
        "Helpers/Views/PanelView.swift",
        "Helpers/XCTestHelpers.swift",
        "TextProcessors/Mocks/MockTextProcessor.swift",
        "TextProcessors/Processors/TestTextProcessor.swift",
        "TextProcessors/TextProcessorTests.swift"
      ],
      "target_dependencies" : [
        "Proton"
      ],
      "type" : "test"
    },
    {
      "c99name" : "ProtonCore",
      "module_type" : "ClangTarget",
      "name" : "ProtonCore",
      "path" : "Proton/Sources/ObjC",
      "product_memberships" : [
        "Proton",
        "ProtonCore"
      ],
      "sources" : [
        "PREditorContentName.m",
        "PRTextStorage.m"
      ],
      "type" : "library"
    },
    {
      "c99name" : "Proton",
      "module_type" : "SwiftTarget",
      "name" : "Proton",
      "path" : "Proton/Sources/Swift",
      "product_memberships" : [
        "Proton"
      ],
      "sources" : [
        "AsyncTextResolver/AsyncTextResolver.swift",
        "Attachment/Attachment.swift",
        "Attachment/AttachmentContent.swift",
        "Attachment/AttachmentSize.swift",
        "Attachment/Focusable.swift",
        "Attachment/SelectionView.swift",
        "Base/AutogrowingTextView.swift",
        "Base/BackgroundStyle.swift",
        "Base/NSAttributedString+ContentTypes.swift",
        "Base/NSParagraphStyleExtensions.swift",
        "Base/Types.swift",
        "Core/AsyncTaskScheduler.swift",
        "Core/CommandName.swift",
        "Core/EditorLineNumberProvider.swift",
        "Core/GestureRegognizerDelegateOverride.swift",
        "Core/LayoutManager.swift",
        "Core/LineNumberFormatting.swift",
        "Core/ListFormattingProvider.swift",
        "Core/ListParser.swift",
        "Core/NullRichTextEditorContext.swift",
        "Core/RichTextEditorContext.swift",
        "Core/RichTextRendererContext.swift",
        "Core/RichTextView.swift",
        "Core/RichTextViewContext.swift",
        "Core/RichTextViewDelegate.swift",
        "Core/SequenceGenerator.swift",
        "Core/TextContainer.swift",
        "Decoding/AttributesDecoding.swift",
        "Decoding/EditorContentDecoding.swift",
        "Editor/AggregateEditorViewDelegate.swift",
        "Editor/EditorContent.swift",
        "Editor/EditorContentIdentifying.swift",
        "Editor/EditorContentView.swift",
        "Editor/EditorView.swift",
        "Editor/EditorViewContext.swift",
        "Editor/EditorViewDelegate.swift",
        "EditorCommand/Commands/AttributesToggleCommand.swift",
        "EditorCommand/Commands/BoldCommand.swift",
        "EditorCommand/Commands/FontTraitToggleCommand.swift",
        "EditorCommand/Commands/ItalicsCommand.swift",
        "EditorCommand/Commands/List/ListCommand.swift",
        "EditorCommand/Commands/List/ListIndentCommand.swift",
        "EditorCommand/Commands/List/ListOutdentCommand.swift",
        "EditorCommand/Commands/StrikethroughCommand.swift",
        "EditorCommand/Commands/UnderlineCommand.swift",
        "EditorCommand/EditorCommand.swift",
        "EditorCommand/EditorCommandExecutor.swift",
        "Encoding/AttributesEncoding.swift",
        "Encoding/EditorContentEncoding.swift",
        "Grid/Core/Grid.swift",
        "Grid/Core/GridCellStore.swift",
        "Grid/Core/GridConfiguration.swift",
        "Grid/View/GridCell.swift",
        "Grid/View/GridContentView.swift",
        "Grid/View/GridView.swift",
        "Helpers/GradientView.swift",
        "Helpers/Logger.swift",
        "Helpers/NSAttributedString+Content.swift",
        "Helpers/NSAttributedString+Range.swift",
        "Helpers/NSRangeExtensions.swift",
        "Helpers/String+NSRange.swift",
        "Helpers/SynchronizedArray.swift",
        "Helpers/Text/FontExtensions.swift",
        "Helpers/UIColor+Image.swift",
        "Helpers/UITextRangeExtensions.swift",
        "TextProcessors/TextProcessing.swift",
        "TextProcessors/TextProcessor.swift",
        "TextProcessors/TextProcessors/ListTextProcessor.swift"
      ],
      "target_dependencies" : [
        "ProtonCore"
      ],
      "type" : "library"
    }
  ],
  "tools_version" : "5.9"
}
{
  "workspace" : {
    "name" : "Proton",
    "schemes" : [
      "Proton",
      "Proton-Package",
      "ProtonCore"
    ]
  }
}
2026-09-20 09:29:40.715 xcodebuild[916:5350] [MT] IDERunDestination: Supported platforms for the buildables in the current scheme is empty.
Running build ...
env DEVELOPER_DIR=/Applications/Xcode-27.0.0-Release.Candidate.app xcrun xcodebuild -IDEClonedSourcePackagesDirPathOverride=$PWD/.dependencies -skipMacroValidation -skipPackagePluginValidation -derivedDataPath $PWD/.derivedData build -scheme Proton-Package -destination generic/platform=tvOS
Command line invocation:
    /Applications/Xcode-27.0.0-Release.Candidate.app/Contents/Developer/usr/bin/xcodebuild -IDEClonedSourcePackagesDirPathOverride=/Users/admin/builder/spi-builder-workspace/.dependencies -skipMacroValidation -skipPackagePluginValidation -derivedDataPath /Users/admin/builder/spi-builder-workspace/.derivedData build -scheme Proton-Package -destination generic/platform=tvOS
Resolve Package Graph
Resolved source packages:
  SnapshotTesting: https://github.com/pointfreeco/swift-snapshot-testing.git @ master (4579af4)
  Proton: /Users/admin/builder/spi-builder-workspace
ComputePackagePrebuildTargetDependencyGraph
Prepare packages
CreateBuildRequest
SendProjectDescription
CreateBuildOperation
ComputeTargetDependencyGraph
note: Building targets in dependency order
note: Target dependency graph (4 targets)
    Target 'ProtonCore-product' in project 'Proton'
        ➜ Explicit dependency on target 'ProtonCore' in project 'Proton'
    Target 'Proton-product' in project 'Proton'
        ➜ Explicit dependency on target 'Proton' in project 'Proton'
        ➜ Explicit dependency on target 'ProtonCore' in project 'Proton'
    Target 'Proton' in project 'Proton'
        ➜ Explicit dependency on target 'ProtonCore' in project 'Proton'
    Target 'ProtonCore' in project 'Proton' (no dependencies)
GatherProvisioningInputs
CreateBuildDescription
ClangStatCache /Applications/Xcode-27.0.0-Release.Candidate.app/Contents/Developer/Toolchains/XcodeDefault.xctoolchain/usr/bin/clang-stat-cache /Applications/Xcode-27.0.0-Release.Candidate.app/Contents/Developer/Platforms/AppleTVOS.platform/Developer/SDKs/AppleTVOS27.0.sdk /Users/admin/builder/spi-builder-workspace/.derivedData/SDKStatCaches.noindex/appletvos27.0-24J360-e829b21a6f8c9b70876ba0858053c044b32bfd8d43560033f8d89884cdb90028.sdkstatcache
    cd /Users/admin/builder/spi-builder-workspace/.swiftpm/xcode
    /Applications/Xcode-27.0.0-Release.Candidate.app/Contents/Developer/Toolchains/XcodeDefault.xctoolchain/usr/bin/clang-stat-cache /Applications/Xcode-27.0.0-Release.Candidate.app/Contents/Developer/Platforms/AppleTVOS.platform/Developer/SDKs/AppleTVOS27.0.sdk -o /Users/admin/builder/spi-builder-workspace/.derivedData/SDKStatCaches.noindex/appletvos27.0-24J360-e829b21a6f8c9b70876ba0858053c044b32bfd8d43560033f8d89884cdb90028.sdkstatcache
SwiftDriver Proton normal arm64 com.apple.xcode.tools.swift.compiler (in target 'Proton' from project 'Proton')
    cd /Users/admin/builder/spi-builder-workspace/.swiftpm/xcode
    builtin-SwiftDriver -- /Applications/Xcode-27.0.0-Release.Candidate.app/Contents/Developer/Toolchains/XcodeDefault.xctoolchain/usr/bin/swiftc -parse-as-library -module-name Proton -Onone @/Users/admin/builder/spi-builder-workspace/.derivedData/Build/Intermediates.noindex/Proton.build/Debug-appletvos/Proton-t.build/Objects-normal/arm64/Proton.SwiftFileList -DSWIFT_PACKAGE -DDEBUG -DSWIFT_MODULE_RESOURCE_BUNDLE_UNAVAILABLE -Xcc -fmodule-map-file\=/Users/admin/builder/spi-builder-workspace/.derivedData/Build/Intermediates.noindex/GeneratedModuleMaps-appletvos/ProtonCore.modulemap -DXcode -plugin-path /Applications/Xcode-27.0.0-Release.Candidate.app/Contents/Developer/Toolchains/XcodeDefault.xctoolchain/usr/lib/swift/host/plugins/testing -enable-experimental-feature DebugDescriptionMacro -sdk /Applications/Xcode-27.0.0-Release.Candidate.app/Contents/Developer/Platforms/AppleTVOS.platform/Developer/SDKs/AppleTVOS27.0.sdk -target arm64-apple-tvos15.0 -g -module-cache-path /Users/admin/builder/spi-builder-workspace/.derivedData/ModuleCache.noindex -Xfrontend -serialize-debugging-options -profile-coverage-mapping -profile-generate -enable-testing -index-store-path /Users/admin/builder/spi-builder-workspace/.derivedData/Index.noindex/DataStore -Xcc -D_LIBCPP_HARDENING_MODE\=_LIBCPP_HARDENING_MODE_DEBUG -swift-version 5 -I /Users/admin/builder/spi-builder-workspace/.derivedData/Build/Products/Debug-appletvos -Isystem /Applications/Xcode-27.0.0-Release.Candidate.app/Contents/Developer/Platforms/AppleTVOS.platform/Developer/usr/lib -F /Users/admin/builder/spi-builder-workspace/.derivedData/Build/Products/Debug-appletvos/PackageFrameworks -F /Users/admin/builder/spi-builder-workspace/.derivedData/Build/Products/Debug-appletvos -F /Applications/Xcode-27.0.0-Release.Candidate.app/Contents/Developer/Platforms/AppleTVOS.platform/Developer/Library/Frameworks -F /Applications/Xcode-27.0.0-Release.Candidate.app/Contents/Developer/Platforms/AppleTVOS.platform/Developer/SDKs/AppleTVOS27.0.sdk/Developer/Library/Frameworks -c -j10 -enable-batch-mode -incremental -Xcc -ivfsstatcache -Xcc /Users/admin/builder/spi-builder-workspace/.derivedData/SDKStatCaches.noindex/appletvos27.0-24J360-e829b21a6f8c9b70876ba0858053c044b32bfd8d43560033f8d89884cdb90028.sdkstatcache -output-file-map /Users/admin/builder/spi-builder-workspace/.derivedData/Build/Intermediates.noindex/Proton.build/Debug-appletvos/Proton-t.build/Objects-normal/arm64/Proton-OutputFileMap.json -save-temps -no-color-diagnostics -explicit-module-build -module-cache-path /Users/admin/builder/spi-builder-workspace/.derivedData/Build/Intermediates.noindex/SwiftExplicitPrecompiledModules -clang-scanner-module-cache-path /Users/admin/builder/spi-builder-workspace/.derivedData/ModuleCache.noindex -sdk-module-cache-path /Users/admin/builder/spi-builder-workspace/.derivedData/SDKExplicitPrecompiledModules -emit-dependencies -emit-module -emit-module-path /Users/admin/builder/spi-builder-workspace/.derivedData/Build/Intermediates.noindex/Proton.build/Debug-appletvos/Proton-t.build/Objects-normal/arm64/Proton.swiftmodule -serialize-diagnostics -dependency-scan-serialize-diagnostics-path /Users/admin/builder/spi-builder-workspace/.derivedData/Build/Intermediates.noindex/Proton.build/Debug-appletvos/Proton-t.build/Objects-normal/arm64/Proton-dependency-scan.dia -validate-clang-modules-once -clang-build-session-file /Users/admin/builder/spi-builder-workspace/.derivedData/ModuleCache.noindex/Session.modulevalidation -Xcc -fmodules-prune-interval\=86400 -Xcc -fmodules-prune-after\=345600 -package-name spi_builder_workspace -emit-const-values -const-gather-protocols-list /Users/admin/builder/spi-builder-workspace/.derivedData/Build/Intermediates.noindex/Proton.build/Debug-appletvos/Proton-t.build/Objects-normal/arm64/Proton_const_extract_protocols.json -Xcc -I/Users/admin/builder/spi-builder-workspace/Proton/Sources/ObjC/include -Xcc -I/Users/admin/builder/spi-builder-workspace/.derivedData/Build/Products/Debug-appletvos/include -Xcc -I/Users/admin/builder/spi-builder-workspace/.derivedData/Build/Intermediates.noindex/Proton.build/Debug-appletvos/Proton-t.build/DerivedSources-normal/arm64 -Xcc -I/Users/admin/builder/spi-builder-workspace/.derivedData/Build/Intermediates.noindex/Proton.build/Debug-appletvos/Proton-t.build/DerivedSources/arm64 -Xcc -I/Users/admin/builder/spi-builder-workspace/.derivedData/Build/Intermediates.noindex/Proton.build/Debug-appletvos/Proton-t.build/DerivedSources -Xcc -DSWIFT_PACKAGE -Xcc -DDEBUG\=1 -emit-objc-header -emit-objc-header-path /Users/admin/builder/spi-builder-workspace/.derivedData/Build/Intermediates.noindex/Proton.build/Debug-appletvos/Proton-t.build/Objects-normal/arm64/Proton-Swift.h -working-directory /Users/admin/builder/spi-builder-workspace/.swiftpm/xcode -experimental-emit-module-separately -disable-cmo
SwiftCompile normal arm64 Compiling\ EditorViewDelegate.swift,\ AttributesToggleCommand.swift,\ BoldCommand.swift,\ FontTraitToggleCommand.swift,\ ItalicsCommand.swift,\ ListCommand.swift,\ ListIndentCommand.swift /Users/admin/builder/spi-builder-workspace/Proton/Sources/Swift/Editor/EditorViewDelegate.swift /Users/admin/builder/spi-builder-workspace/Proton/Sources/Swift/EditorCommand/Commands/AttributesToggleCommand.swift /Users/admin/builder/spi-builder-workspace/Proton/Sources/Swift/EditorCommand/Commands/BoldCommand.swift /Users/admin/builder/spi-builder-workspace/Proton/Sources/Swift/EditorCommand/Commands/FontTraitToggleCommand.swift /Users/admin/builder/spi-builder-workspace/Proton/Sources/Swift/EditorCommand/Commands/ItalicsCommand.swift /Users/admin/builder/spi-builder-workspace/Proton/Sources/Swift/EditorCommand/Commands/List/ListCommand.swift /Users/admin/builder/spi-builder-workspace/Proton/Sources/Swift/EditorCommand/Commands/List/ListIndentCommand.swift (in target 'Proton' from project 'Proton')
SwiftCompile normal arm64 /Users/admin/builder/spi-builder-workspace/Proton/Sources/Swift/Editor/EditorViewDelegate.swift (in target 'Proton' from project 'Proton')
    cd /Users/admin/builder/spi-builder-workspace/.swiftpm/xcode
    builtin-SwiftPerFileCompile EditorViewDelegate.swift
SwiftCompile normal arm64 /Users/admin/builder/spi-builder-workspace/Proton/Sources/Swift/EditorCommand/Commands/AttributesToggleCommand.swift (in target 'Proton' from project 'Proton')
    cd /Users/admin/builder/spi-builder-workspace/.swiftpm/xcode
    builtin-SwiftPerFileCompile AttributesToggleCommand.swift
SwiftCompile normal arm64 /Users/admin/builder/spi-builder-workspace/Proton/Sources/Swift/EditorCommand/Commands/BoldCommand.swift (in target 'Proton' from project 'Proton')
    cd /Users/admin/builder/spi-builder-workspace/.swiftpm/xcode
    builtin-SwiftPerFileCompile BoldCommand.swift
SwiftCompile normal arm64 /Users/admin/builder/spi-builder-workspace/Proton/Sources/Swift/EditorCommand/Commands/FontTraitToggleCommand.swift (in target 'Proton' from project 'Proton')
    cd /Users/admin/builder/spi-builder-workspace/.swiftpm/xcode
    builtin-SwiftPerFileCompile FontTraitToggleCommand.swift
SwiftCompile normal arm64 /Users/admin/builder/spi-builder-workspace/Proton/Sources/Swift/EditorCommand/Commands/ItalicsCommand.swift (in target 'Proton' from project 'Proton')
    cd /Users/admin/builder/spi-builder-workspace/.swiftpm/xcode
    builtin-SwiftPerFileCompile ItalicsCommand.swift
SwiftCompile normal arm64 /Users/admin/builder/spi-builder-workspace/Proton/Sources/Swift/EditorCommand/Commands/List/ListCommand.swift (in target 'Proton' from project 'Proton')
    cd /Users/admin/builder/spi-builder-workspace/.swiftpm/xcode
    builtin-SwiftPerFileCompile ListCommand.swift
SwiftCompile normal arm64 /Users/admin/builder/spi-builder-workspace/Proton/Sources/Swift/EditorCommand/Commands/List/ListIndentCommand.swift (in target 'Proton' from project 'Proton')
    cd /Users/admin/builder/spi-builder-workspace/.swiftpm/xcode
    builtin-SwiftPerFileCompile ListIndentCommand.swift
SwiftCompile normal arm64 Compiling\ BackgroundStyle.swift,\ NSAttributedString+ContentTypes.swift,\ NSParagraphStyleExtensions.swift,\ Types.swift,\ AsyncTaskScheduler.swift,\ CommandName.swift,\ EditorLineNumberProvider.swift /Users/admin/builder/spi-builder-workspace/Proton/Sources/Swift/Base/BackgroundStyle.swift /Users/admin/builder/spi-builder-workspace/Proton/Sources/Swift/Base/NSAttributedString+ContentTypes.swift /Users/admin/builder/spi-builder-workspace/Proton/Sources/Swift/Base/NSParagraphStyleExtensions.swift /Users/admin/builder/spi-builder-workspace/Proton/Sources/Swift/Base/Types.swift /Users/admin/builder/spi-builder-workspace/Proton/Sources/Swift/Core/AsyncTaskScheduler.swift /Users/admin/builder/spi-builder-workspace/Proton/Sources/Swift/Core/CommandName.swift /Users/admin/builder/spi-builder-workspace/Proton/Sources/Swift/Core/EditorLineNumberProvider.swift (in target 'Proton' from project 'Proton')
SwiftCompile normal arm64 /Users/admin/builder/spi-builder-workspace/Proton/Sources/Swift/Base/BackgroundStyle.swift (in target 'Proton' from project 'Proton')
    cd /Users/admin/builder/spi-builder-workspace/.swiftpm/xcode
    builtin-SwiftPerFileCompile BackgroundStyle.swift
SwiftCompile normal arm64 /Users/admin/builder/spi-builder-workspace/Proton/Sources/Swift/Base/NSAttributedString+ContentTypes.swift (in target 'Proton' from project 'Proton')
    cd /Users/admin/builder/spi-builder-workspace/.swiftpm/xcode
    builtin-SwiftPerFileCompile NSAttributedString+ContentTypes.swift
SwiftCompile normal arm64 /Users/admin/builder/spi-builder-workspace/Proton/Sources/Swift/Base/NSParagraphStyleExtensions.swift (in target 'Proton' from project 'Proton')
    cd /Users/admin/builder/spi-builder-workspace/.swiftpm/xcode
    builtin-SwiftPerFileCompile NSParagraphStyleExtensions.swift
SwiftCompile normal arm64 /Users/admin/builder/spi-builder-workspace/Proton/Sources/Swift/Base/Types.swift (in target 'Proton' from project 'Proton')
    cd /Users/admin/builder/spi-builder-workspace/.swiftpm/xcode
    builtin-SwiftPerFileCompile Types.swift
SwiftCompile normal arm64 /Users/admin/builder/spi-builder-workspace/Proton/Sources/Swift/Core/AsyncTaskScheduler.swift (in target 'Proton' from project 'Proton')
    cd /Users/admin/builder/spi-builder-workspace/.swiftpm/xcode
    builtin-SwiftPerFileCompile AsyncTaskScheduler.swift
SwiftCompile normal arm64 /Users/admin/builder/spi-builder-workspace/Proton/Sources/Swift/Core/CommandName.swift (in target 'Proton' from project 'Proton')
    cd /Users/admin/builder/spi-builder-workspace/.swiftpm/xcode
    builtin-SwiftPerFileCompile CommandName.swift
SwiftCompile normal arm64 /Users/admin/builder/spi-builder-workspace/Proton/Sources/Swift/Core/EditorLineNumberProvider.swift (in target 'Proton' from project 'Proton')
    cd /Users/admin/builder/spi-builder-workspace/.swiftpm/xcode
    builtin-SwiftPerFileCompile EditorLineNumberProvider.swift
SwiftCompile normal arm64 Compiling\ GestureRegognizerDelegateOverride.swift,\ LayoutManager.swift,\ LineNumberFormatting.swift,\ ListFormattingProvider.swift,\ ListParser.swift,\ NullRichTextEditorContext.swift,\ RichTextEditorContext.swift /Users/admin/builder/spi-builder-workspace/Proton/Sources/Swift/Core/GestureRegognizerDelegateOverride.swift /Users/admin/builder/spi-builder-workspace/Proton/Sources/Swift/Core/LayoutManager.swift /Users/admin/builder/spi-builder-workspace/Proton/Sources/Swift/Core/LineNumberFormatting.swift /Users/admin/builder/spi-builder-workspace/Proton/Sources/Swift/Core/ListFormattingProvider.swift /Users/admin/builder/spi-builder-workspace/Proton/Sources/Swift/Core/ListParser.swift /Users/admin/builder/spi-builder-workspace/Proton/Sources/Swift/Core/NullRichTextEditorContext.swift /Users/admin/builder/spi-builder-workspace/Proton/Sources/Swift/Core/RichTextEditorContext.swift (in target 'Proton' from project 'Proton')
SwiftCompile normal arm64 /Users/admin/builder/spi-builder-workspace/Proton/Sources/Swift/Core/GestureRegognizerDelegateOverride.swift (in target 'Proton' from project 'Proton')
    cd /Users/admin/builder/spi-builder-workspace/.swiftpm/xcode
    builtin-SwiftPerFileCompile GestureRegognizerDelegateOverride.swift
SwiftCompile normal arm64 /Users/admin/builder/spi-builder-workspace/Proton/Sources/Swift/Core/LayoutManager.swift (in target 'Proton' from project 'Proton')
    cd /Users/admin/builder/spi-builder-workspace/.swiftpm/xcode
    builtin-SwiftPerFileCompile LayoutManager.swift
SwiftCompile normal arm64 /Users/admin/builder/spi-builder-workspace/Proton/Sources/Swift/Core/LineNumberFormatting.swift (in target 'Proton' from project 'Proton')
    cd /Users/admin/builder/spi-builder-workspace/.swiftpm/xcode
    builtin-SwiftPerFileCompile LineNumberFormatting.swift
SwiftCompile normal arm64 /Users/admin/builder/spi-builder-workspace/Proton/Sources/Swift/Core/ListFormattingProvider.swift (in target 'Proton' from project 'Proton')
    cd /Users/admin/builder/spi-builder-workspace/.swiftpm/xcode
    builtin-SwiftPerFileCompile ListFormattingProvider.swift
SwiftCompile normal arm64 /Users/admin/builder/spi-builder-workspace/Proton/Sources/Swift/Core/ListParser.swift (in target 'Proton' from project 'Proton')
    cd /Users/admin/builder/spi-builder-workspace/.swiftpm/xcode
    builtin-SwiftPerFileCompile ListParser.swift
SwiftCompile normal arm64 /Users/admin/builder/spi-builder-workspace/Proton/Sources/Swift/Core/NullRichTextEditorContext.swift (in target 'Proton' from project 'Proton')
    cd /Users/admin/builder/spi-builder-workspace/.swiftpm/xcode
    builtin-SwiftPerFileCompile NullRichTextEditorContext.swift
SwiftCompile normal arm64 /Users/admin/builder/spi-builder-workspace/Proton/Sources/Swift/Core/RichTextEditorContext.swift (in target 'Proton' from project 'Proton')
    cd /Users/admin/builder/spi-builder-workspace/.swiftpm/xcode
    builtin-SwiftPerFileCompile RichTextEditorContext.swift
SwiftCompile normal arm64 Compiling\ RichTextRendererContext.swift,\ RichTextView.swift,\ RichTextViewContext.swift,\ RichTextViewDelegate.swift,\ SequenceGenerator.swift,\ TextContainer.swift,\ AttributesDecoding.swift /Users/admin/builder/spi-builder-workspace/Proton/Sources/Swift/Core/RichTextRendererContext.swift /Users/admin/builder/spi-builder-workspace/Proton/Sources/Swift/Core/RichTextView.swift /Users/admin/builder/spi-builder-workspace/Proton/Sources/Swift/Core/RichTextViewContext.swift /Users/admin/builder/spi-builder-workspace/Proton/Sources/Swift/Core/RichTextViewDelegate.swift /Users/admin/builder/spi-builder-workspace/Proton/Sources/Swift/Core/SequenceGenerator.swift /Users/admin/builder/spi-builder-workspace/Proton/Sources/Swift/Core/TextContainer.swift /Users/admin/builder/spi-builder-workspace/Proton/Sources/Swift/Decoding/AttributesDecoding.swift (in target 'Proton' from project 'Proton')
/Users/admin/builder/spi-builder-workspace/Proton/Sources/Swift/Core/RichTextView.swift:79:17: error: 'systemBackground' is unavailable in tvOS
 77 |     var defaultTextColor: UIColor { richTextStorage.defaultTextColor }
 78 |     var defaultBackgroundColor: UIColor {
 79 |         return .systemBackground
    |                 `- error: 'systemBackground' is unavailable in tvOS
 80 |     }
 81 |
/Applications/Xcode-27.0.0-Release.Candidate.app/Contents/Developer/Platforms/AppleTVOS.platform/Developer/SDKs/AppleTVOS27.0.sdk/System/Library/Frameworks/UIKit.framework/Headers/UIInterface.h:208:49: note: 'systemBackground' has been explicitly marked unavailable here
206 |  *    primary background in light mode.
207 |  */
208 | @property (class, nonatomic, readonly) UIColor *systemBackgroundColor                   API_AVAILABLE(ios(13.0)) API_UNAVAILABLE(tvos, watchos);
    |                                                 `- note: 'systemBackground' has been explicitly marked unavailable here
209 | @property (class, nonatomic, readonly) UIColor *secondarySystemBackgroundColor          API_AVAILABLE(ios(13.0)) API_UNAVAILABLE(tvos, watchos);
210 | @property (class, nonatomic, readonly) UIColor *tertiarySystemBackgroundColor           API_AVAILABLE(ios(13.0)) API_UNAVAILABLE(tvos, watchos);
SwiftCompile normal arm64 /Users/admin/builder/spi-builder-workspace/Proton/Sources/Swift/Core/RichTextRendererContext.swift (in target 'Proton' from project 'Proton')
    cd /Users/admin/builder/spi-builder-workspace/.swiftpm/xcode
    builtin-SwiftPerFileCompile RichTextRendererContext.swift
SwiftCompile normal arm64 /Users/admin/builder/spi-builder-workspace/Proton/Sources/Swift/Core/RichTextView.swift (in target 'Proton' from project 'Proton')
    cd /Users/admin/builder/spi-builder-workspace/.swiftpm/xcode
    builtin-SwiftPerFileCompile RichTextView.swift
SwiftCompile normal arm64 /Users/admin/builder/spi-builder-workspace/Proton/Sources/Swift/Core/RichTextViewContext.swift (in target 'Proton' from project 'Proton')
    cd /Users/admin/builder/spi-builder-workspace/.swiftpm/xcode
    builtin-SwiftPerFileCompile RichTextViewContext.swift
SwiftCompile normal arm64 /Users/admin/builder/spi-builder-workspace/Proton/Sources/Swift/Core/RichTextViewDelegate.swift (in target 'Proton' from project 'Proton')
    cd /Users/admin/builder/spi-builder-workspace/.swiftpm/xcode
    builtin-SwiftPerFileCompile RichTextViewDelegate.swift
SwiftCompile normal arm64 /Users/admin/builder/spi-builder-workspace/Proton/Sources/Swift/Core/SequenceGenerator.swift (in target 'Proton' from project 'Proton')
    cd /Users/admin/builder/spi-builder-workspace/.swiftpm/xcode
    builtin-SwiftPerFileCompile SequenceGenerator.swift
SwiftCompile normal arm64 /Users/admin/builder/spi-builder-workspace/Proton/Sources/Swift/Core/TextContainer.swift (in target 'Proton' from project 'Proton')
    cd /Users/admin/builder/spi-builder-workspace/.swiftpm/xcode
    builtin-SwiftPerFileCompile TextContainer.swift
SwiftCompile normal arm64 /Users/admin/builder/spi-builder-workspace/Proton/Sources/Swift/Decoding/AttributesDecoding.swift (in target 'Proton' from project 'Proton')
    cd /Users/admin/builder/spi-builder-workspace/.swiftpm/xcode
    builtin-SwiftPerFileCompile AttributesDecoding.swift
SwiftCompile normal arm64 Compiling\ EditorContentDecoding.swift,\ AggregateEditorViewDelegate.swift,\ EditorContent.swift,\ EditorContentIdentifying.swift,\ EditorContentView.swift,\ EditorView.swift,\ EditorViewContext.swift /Users/admin/builder/spi-builder-workspace/Proton/Sources/Swift/Decoding/EditorContentDecoding.swift /Users/admin/builder/spi-builder-workspace/Proton/Sources/Swift/Editor/AggregateEditorViewDelegate.swift /Users/admin/builder/spi-builder-workspace/Proton/Sources/Swift/Editor/EditorContent.swift /Users/admin/builder/spi-builder-workspace/Proton/Sources/Swift/Editor/EditorContentIdentifying.swift /Users/admin/builder/spi-builder-workspace/Proton/Sources/Swift/Editor/EditorContentView.swift /Users/admin/builder/spi-builder-workspace/Proton/Sources/Swift/Editor/EditorView.swift /Users/admin/builder/spi-builder-workspace/Proton/Sources/Swift/Editor/EditorViewContext.swift (in target 'Proton' from project 'Proton')
/Users/admin/builder/spi-builder-workspace/Proton/Sources/Swift/Editor/EditorContent.swift:64:1: warning: extension declares a conformance of imported type 'EditorContentName' to imported protocol 'RawRepresentable'; this will not behave correctly if the owners of 'ProtonCore' introduce this conformance in the future
62 | }
63 |
64 | extension EditorContentName: RawRepresentable {
   | |- warning: extension declares a conformance of imported type 'EditorContentName' to imported protocol 'RawRepresentable'; this will not behave correctly if the owners of 'ProtonCore' introduce this conformance in the future
   | `- note: add '@retroactive' to silence this warning
65 |     public convenience init(_ rawValue: String) {
66 |         self.init(rawValue: rawValue)
/Users/admin/builder/spi-builder-workspace/Proton/Sources/Swift/Editor/EditorView.swift:178:35: error: 'UITextInteraction' is unavailable in tvOS
 176 |     }
 177 |
 178 |     public var textInteractions: [UITextInteraction] {
     |                                   `- error: 'UITextInteraction' is unavailable in tvOS
 179 |         richTextView.interactions.compactMap({ $0 as? UITextInteraction })
 180 |     }
/Applications/Xcode-27.0.0-Release.Candidate.app/Contents/Developer/Platforms/AppleTVOS.platform/Developer/SDKs/AppleTVOS27.0.sdk/System/Library/Frameworks/UIKit.framework/Headers/UITextInteraction.h:31:12: note: 'UITextInteraction' has been explicitly marked unavailable here
29 |
30 | UIKIT_EXTERN API_AVAILABLE(ios(13.0)) API_UNAVAILABLE(tvos, watchos) NS_SWIFT_UI_ACTOR
31 | @interface UITextInteraction : NSObject <UIInteraction>
   |            `- note: 'UITextInteraction' has been explicitly marked unavailable here
32 |
33 | @property (nonatomic, weak) id <UITextInteractionDelegate> delegate;
/Users/admin/builder/spi-builder-workspace/Proton/Sources/Swift/Editor/EditorView.swift:325:40: error: 'UIPinchGestureRecognizer' is unavailable in tvOS
 323 |     }
 324 |
 325 |     public var pinchGestureRecognizer: UIPinchGestureRecognizer? {
     |                                        `- error: 'UIPinchGestureRecognizer' is unavailable in tvOS
 326 |         get { scrollView.pinchGestureRecognizer }
 327 |     }
/Applications/Xcode-27.0.0-Release.Candidate.app/Contents/Developer/Platforms/AppleTVOS.platform/Developer/SDKs/AppleTVOS27.0.sdk/System/Library/Frameworks/UIKit.framework/Headers/UIPinchGestureRecognizer.h:20:12: note: 'UIPinchGestureRecognizer' has been explicitly marked unavailable here
18 |
19 | UIKIT_EXTERN API_AVAILABLE(ios(3.2)) API_UNAVAILABLE(tvos, watchos) NS_SWIFT_UI_ACTOR
20 | @interface UIPinchGestureRecognizer : UIGestureRecognizer
   |            `- note: 'UIPinchGestureRecognizer' has been explicitly marked unavailable here
21 |
22 | @property (nonatomic)          CGFloat scale;               // scale relative to the touch points in screen coordinates
/Users/admin/builder/spi-builder-workspace/Proton/Sources/Swift/Editor/EditorView.swift:371:35: error: 'UIDataDetectorTypes' is unavailable in tvOS
 369 |
 370 |     /// The types of data converted to tappable URLs in the editor view.
 371 |     public var dataDetectorTypes: UIDataDetectorTypes {
     |                                   `- error: 'UIDataDetectorTypes' is unavailable in tvOS
 372 |         get { richTextView.dataDetectorTypes }
 373 |         set { richTextView.dataDetectorTypes = newValue }
/Applications/Xcode-27.0.0-Release.Candidate.app/Contents/Developer/Platforms/AppleTVOS.platform/Developer/SDKs/AppleTVOS27.0.sdk/System/Library/Frameworks/UIKit.framework/Headers/UIDataDetectors.h:11:32: note: 'UIDataDetectorTypes' has been explicitly marked unavailable here
 9 | #import <Foundation/Foundation.h>
10 |
11 | typedef NS_OPTIONS(NSUInteger, UIDataDetectorTypes) {
   |                                `- note: 'UIDataDetectorTypes' has been explicitly marked unavailable here
12 |     UIDataDetectorTypePhoneNumber                                     = 1 << 0, // Phone number detection
13 |     UIDataDetectorTypeLink                                            = 1 << 1, // URL detection
/Users/admin/builder/spi-builder-workspace/Proton/Sources/Swift/Editor/EditorView.swift:755:34: error: 'UITextDragDelegate' is unavailable in tvOS
 753 |
 754 |     /// A text drag delegate object for customizing the drag source behavior of a text view.
 755 |     public var textDragDelegate: UITextDragDelegate? {
     |                                  `- error: 'UITextDragDelegate' is unavailable in tvOS
 756 |         get { richTextView.textDragDelegate }
 757 |         set { richTextView.textDragDelegate = newValue }
/Applications/Xcode-27.0.0-Release.Candidate.app/Contents/Developer/Platforms/AppleTVOS.platform/Developer/SDKs/AppleTVOS27.0.sdk/System/Library/Frameworks/UIKit.framework/Headers/UITextDragging.h:56:11: note: 'UITextDragDelegate' has been explicitly marked unavailable here
 54 |
 55 | API_AVAILABLE(ios(11.0)) API_UNAVAILABLE(watchos, tvos) NS_SWIFT_UI_ACTOR
 56 | @protocol UITextDragDelegate <NSObject>
    |           `- note: 'UITextDragDelegate' has been explicitly marked unavailable here
 57 |
 58 | @optional
/Users/admin/builder/spi-builder-workspace/Proton/Sources/Swift/Editor/EditorView.swift:761:34: error: 'UITextDropDelegate' is unavailable in tvOS
 759 |
 760 |     /// The text drop delegate for interacting with a drop activity in the text view.
 761 |     public var textDropDelegate: UITextDropDelegate? {
     |                                  `- error: 'UITextDropDelegate' is unavailable in tvOS
 762 |         get { richTextView.textDropDelegate }
 763 |         set { richTextView.textDropDelegate = newValue }
/Applications/Xcode-27.0.0-Release.Candidate.app/Contents/Developer/Platforms/AppleTVOS.platform/Developer/SDKs/AppleTVOS27.0.sdk/System/Library/Frameworks/UIKit.framework/Headers/UITextDropping.h:61:11: note: 'UITextDropDelegate' has been explicitly marked unavailable here
 59 |
 60 | API_AVAILABLE(ios(11.0)) API_UNAVAILABLE(watchos, tvos) NS_SWIFT_UI_ACTOR
 61 | @protocol UITextDropDelegate <NSObject>
    |           `- note: 'UITextDropDelegate' has been explicitly marked unavailable here
 62 |
 63 | @optional
/Users/admin/builder/spi-builder-workspace/Proton/Sources/Swift/Editor/EditorView.swift:179:55: error: 'UITextInteraction' is unavailable in tvOS
 177 |
 178 |     public var textInteractions: [UITextInteraction] {
 179 |         richTextView.interactions.compactMap({ $0 as? UITextInteraction })
     |                                                       `- error: 'UITextInteraction' is unavailable in tvOS
 180 |     }
 181 |
/Applications/Xcode-27.0.0-Release.Candidate.app/Contents/Developer/Platforms/AppleTVOS.platform/Developer/SDKs/AppleTVOS27.0.sdk/System/Library/Frameworks/UIKit.framework/Headers/UITextInteraction.h:31:12: note: 'UITextInteraction' has been explicitly marked unavailable here
29 |
30 | UIKIT_EXTERN API_AVAILABLE(ios(13.0)) API_UNAVAILABLE(tvos, watchos) NS_SWIFT_UI_ACTOR
31 | @interface UITextInteraction : NSObject <UIInteraction>
   |            `- note: 'UITextInteraction' has been explicitly marked unavailable here
32 |
33 | @property (nonatomic, weak) id <UITextInteractionDelegate> delegate;
/Users/admin/builder/spi-builder-workspace/Proton/Sources/Swift/Editor/EditorView.swift:187:28: error: value of type 'RichTextView' has no member 'textDragInteraction'
 185 |
 186 |     public var textDragInteractionEnabled: Bool {
 187 |         get { richTextView.textDragInteraction?.isEnabled ?? false }
     |                            `- error: value of type 'RichTextView' has no member 'textDragInteraction'
 188 |         set { richTextView.textDragInteraction?.isEnabled = newValue }
 189 |     }
/Users/admin/builder/spi-builder-workspace/Proton/Sources/Swift/Editor/EditorView.swift:188:28: error: value of type 'RichTextView' has no member 'textDragInteraction'
 186 |     public var textDragInteractionEnabled: Bool {
 187 |         get { richTextView.textDragInteraction?.isEnabled ?? false }
 188 |         set { richTextView.textDragInteraction?.isEnabled = newValue }
     |                            `- error: value of type 'RichTextView' has no member 'textDragInteraction'
 189 |     }
 190 |
/Users/admin/builder/spi-builder-workspace/Proton/Sources/Swift/Editor/EditorView.swift:326:26: error: 'pinchGestureRecognizer' is unavailable in tvOS
 324 |
 325 |     public var pinchGestureRecognizer: UIPinchGestureRecognizer? {
 326 |         get { scrollView.pinchGestureRecognizer }
     |                          `- error: 'pinchGestureRecognizer' is unavailable in tvOS
 327 |     }
 328 |
/Applications/Xcode-27.0.0-Release.Candidate.app/Contents/Developer/Platforms/AppleTVOS.platform/Developer/SDKs/AppleTVOS27.0.sdk/System/Library/Frameworks/UIKit.framework/Headers/UIScrollView.h:280:68: note: 'pinchGestureRecognizer' has been explicitly marked unavailable here
278 | @property(nonatomic, readonly) UIPanGestureRecognizer *panGestureRecognizer API_AVAILABLE(ios(5.0));
279 | // `pinchGestureRecognizer` will return nil when zooming is disabled.
280 | @property(nullable, nonatomic, readonly) UIPinchGestureRecognizer *pinchGestureRecognizer API_AVAILABLE(ios(5.0)) API_UNAVAILABLE(tvos);
    |                                                                    `- note: 'pinchGestureRecognizer' has been explicitly marked unavailable here
281 | // `directionalPressGestureRecognizer` is disabled by default, but can be enabled to perform scrolling in response to up / down / left / right arrow button presses directly, instead of scrolling indirectly in response to focus updates.
282 | @property(nonatomic, readonly) UIGestureRecognizer *directionalPressGestureRecognizer API_DEPRECATED("Configuring the panGestureRecognizer for indirect scrolling automatically supports directional presses now, so this property is no longer useful.", tvos(9.0, 11.0)) API_UNAVAILABLE(watchos);
/Users/admin/builder/spi-builder-workspace/Proton/Sources/Swift/Editor/EditorView.swift:330:26: warning: 'directionalPressGestureRecognizer' was deprecated in tvOS 11.0: Configuring the panGestureRecognizer for indirect scrolling automatically supports directional presses now, so this property is no longer useful. [#DeprecatedDeclaration]
 328 |
 329 |     public var directionalPressGestureRecognizer: UIGestureRecognizer? {
 330 |         get { scrollView.directionalPressGestureRecognizer }
     |                          `- warning: 'directionalPressGestureRecognizer' was deprecated in tvOS 11.0: Configuring the panGestureRecognizer for indirect scrolling automatically supports directional presses now, so this property is no longer useful. [#DeprecatedDeclaration]
 331 |     }
 332 |
/Users/admin/builder/spi-builder-workspace/Proton/Sources/Swift/Editor/EditorView.swift:372:28: error: 'dataDetectorTypes' is unavailable in tvOS
 370 |     /// The types of data converted to tappable URLs in the editor view.
 371 |     public var dataDetectorTypes: UIDataDetectorTypes {
 372 |         get { richTextView.dataDetectorTypes }
     |                            `- error: 'dataDetectorTypes' is unavailable in tvOS
 373 |         set { richTextView.dataDetectorTypes = newValue }
 374 |     }
/Applications/Xcode-27.0.0-Release.Candidate.app/Contents/Developer/Platforms/AppleTVOS.platform/Developer/SDKs/AppleTVOS27.0.sdk/System/Library/Frameworks/UIKit.framework/Headers/UITextView.h:242:42: note: 'dataDetectorTypes' has been explicitly marked unavailable here
240 | // By default, text item interaction follows selectable if the text item methods on UITextViewDelegate are not implemented; otherwise, they follow the result of the specified delegate methods.
241 | @property(nonatomic,getter=isSelectable) BOOL selectable API_AVAILABLE(ios(7.0));
242 | @property(nonatomic) UIDataDetectorTypes dataDetectorTypes API_AVAILABLE(ios(3.0)) API_UNAVAILABLE(tvos);
    |                                          `- note: 'dataDetectorTypes' has been explicitly marked unavailable here
243 |
244 | @property(nonatomic) BOOL allowsEditingTextAttributes API_AVAILABLE(ios(6.0)); // defaults to NO
/Users/admin/builder/spi-builder-workspace/Proton/Sources/Swift/Editor/EditorView.swift:373:28: error: 'dataDetectorTypes' is unavailable in tvOS
 371 |     public var dataDetectorTypes: UIDataDetectorTypes {
 372 |         get { richTextView.dataDetectorTypes }
 373 |         set { richTextView.dataDetectorTypes = newValue }
     |                            `- error: 'dataDetectorTypes' is unavailable in tvOS
 374 |     }
 375 |
/Applications/Xcode-27.0.0-Release.Candidate.app/Contents/Developer/Platforms/AppleTVOS.platform/Developer/SDKs/AppleTVOS27.0.sdk/System/Library/Frameworks/UIKit.framework/Headers/UITextView.h:242:42: note: 'dataDetectorTypes' has been explicitly marked unavailable here
240 | // By default, text item interaction follows selectable if the text item methods on UITextViewDelegate are not implemented; otherwise, they follow the result of the specified delegate methods.
241 | @property(nonatomic,getter=isSelectable) BOOL selectable API_AVAILABLE(ios(7.0));
242 | @property(nonatomic) UIDataDetectorTypes dataDetectorTypes API_AVAILABLE(ios(3.0)) API_UNAVAILABLE(tvos);
    |                                          `- note: 'dataDetectorTypes' has been explicitly marked unavailable here
243 |
244 | @property(nonatomic) BOOL allowsEditingTextAttributes API_AVAILABLE(ios(6.0)); // defaults to NO
/Users/admin/builder/spi-builder-workspace/Proton/Sources/Swift/Editor/EditorView.swift:391:28: error: 'isEditable' is unavailable in tvOS
 389 |     /// in case of text with large number of attachments.
 390 |     public var isEditable: Bool {
 391 |         get { richTextView.isEditable }
     |                            `- error: 'isEditable' is unavailable in tvOS
 392 |         set {
 393 |             richTextView.isEditable = newValue
/Applications/Xcode-27.0.0-Release.Candidate.app/Contents/Developer/Platforms/AppleTVOS.platform/Developer/SDKs/AppleTVOS27.0.sdk/System/Library/Frameworks/UIKit.framework/Headers/UITextView.h:238:45: note: 'isEditable' has been explicitly marked unavailable here
236 | @property(nonatomic, copy, nonnull) NSArray<NSValue *> *selectedRanges API_AVAILABLE(ios(26.0), tvos(26.0), visionos(26.0), watchos(26.0)) NS_REFINED_FOR_SWIFT;
237 |
238 | @property(nonatomic,getter=isEditable) BOOL editable API_UNAVAILABLE(tvos);
    |                                             `- note: 'isEditable' has been explicitly marked unavailable here
239 | // Toggle selectability, which controls the ability of the user to select content and interact with URLs & attachments. On tvOS this also makes the text view focusable.
240 | // By default, text item interaction follows selectable if the text item methods on UITextViewDelegate are not implemented; otherwise, they follow the result of the specified delegate methods.
/Users/admin/builder/spi-builder-workspace/Proton/Sources/Swift/Editor/EditorView.swift:393:26: error: 'isEditable' is unavailable in tvOS
 391 |         get { richTextView.isEditable }
 392 |         set {
 393 |             richTextView.isEditable = newValue
     |                          `- error: 'isEditable' is unavailable in tvOS
 394 |             AggregateEditorViewDelegate.editor(self, didChangeEditable: newValue)
 395 |         }
/Applications/Xcode-27.0.0-Release.Candidate.app/Contents/Developer/Platforms/AppleTVOS.platform/Developer/SDKs/AppleTVOS27.0.sdk/System/Library/Frameworks/UIKit.framework/Headers/UITextView.h:238:45: note: 'isEditable' has been explicitly marked unavailable here
236 | @property(nonatomic, copy, nonnull) NSArray<NSValue *> *selectedRanges API_AVAILABLE(ios(26.0), tvos(26.0), visionos(26.0), watchos(26.0)) NS_REFINED_FOR_SWIFT;
237 |
238 | @property(nonatomic,getter=isEditable) BOOL editable API_UNAVAILABLE(tvos);
    |                                             `- note: 'isEditable' has been explicitly marked unavailable here
239 | // Toggle selectability, which controls the ability of the user to select content and interact with URLs & attachments. On tvOS this also makes the text view focusable.
240 | // By default, text item interaction follows selectable if the text item methods on UITextViewDelegate are not implemented; otherwise, they follow the result of the specified delegate methods.
/Users/admin/builder/spi-builder-workspace/Proton/Sources/Swift/Editor/EditorView.swift:756:28: error: value of type 'RichTextView' has no member 'textDragDelegate'
 754 |     /// A text drag delegate object for customizing the drag source behavior of a text view.
 755 |     public var textDragDelegate: UITextDragDelegate? {
 756 |         get { richTextView.textDragDelegate }
     |                            `- error: value of type 'RichTextView' has no member 'textDragDelegate'
 757 |         set { richTextView.textDragDelegate = newValue }
 758 |     }
/Users/admin/builder/spi-builder-workspace/Proton/Sources/Swift/Editor/EditorView.swift:757:28: error: value of type 'RichTextView' has no member 'textDragDelegate'
 755 |     public var textDragDelegate: UITextDragDelegate? {
 756 |         get { richTextView.textDragDelegate }
 757 |         set { richTextView.textDragDelegate = newValue }
     |                            `- error: value of type 'RichTextView' has no member 'textDragDelegate'
 758 |     }
 759 |
/Users/admin/builder/spi-builder-workspace/Proton/Sources/Swift/Editor/EditorView.swift:762:28: error: value of type 'RichTextView' has no member 'textDropDelegate'
 760 |     /// The text drop delegate for interacting with a drop activity in the text view.
 761 |     public var textDropDelegate: UITextDropDelegate? {
 762 |         get { richTextView.textDropDelegate }
     |                            `- error: value of type 'RichTextView' has no member 'textDropDelegate'
 763 |         set { richTextView.textDropDelegate = newValue }
 764 |     }
SwiftCompile normal arm64 /Users/admin/builder/spi-builder-workspace/Proton/Sources/Swift/Decoding/EditorContentDecoding.swift (in target 'Proton' from project 'Proton')
    cd /Users/admin/builder/spi-builder-workspace/.swiftpm/xcode
    builtin-SwiftPerFileCompile EditorContentDecoding.swift
SwiftCompile normal arm64 /Users/admin/builder/spi-builder-workspace/Proton/Sources/Swift/Editor/AggregateEditorViewDelegate.swift (in target 'Proton' from project 'Proton')
    cd /Users/admin/builder/spi-builder-workspace/.swiftpm/xcode
    builtin-SwiftPerFileCompile AggregateEditorViewDelegate.swift
SwiftCompile normal arm64 /Users/admin/builder/spi-builder-workspace/Proton/Sources/Swift/Editor/EditorContent.swift (in target 'Proton' from project 'Proton')
    cd /Users/admin/builder/spi-builder-workspace/.swiftpm/xcode
    builtin-SwiftPerFileCompile EditorContent.swift
SwiftCompile normal arm64 /Users/admin/builder/spi-builder-workspace/Proton/Sources/Swift/Editor/EditorContentIdentifying.swift (in target 'Proton' from project 'Proton')
    cd /Users/admin/builder/spi-builder-workspace/.swiftpm/xcode
    builtin-SwiftPerFileCompile EditorContentIdentifying.swift
SwiftCompile normal arm64 /Users/admin/builder/spi-builder-workspace/Proton/Sources/Swift/Editor/EditorContentView.swift (in target 'Proton' from project 'Proton')
    cd /Users/admin/builder/spi-builder-workspace/.swiftpm/xcode
    builtin-SwiftPerFileCompile EditorContentView.swift
SwiftCompile normal arm64 /Users/admin/builder/spi-builder-workspace/Proton/Sources/Swift/Editor/EditorView.swift (in target 'Proton' from project 'Proton')
    cd /Users/admin/builder/spi-builder-workspace/.swiftpm/xcode
    builtin-SwiftPerFileCompile EditorView.swift
SwiftCompile normal arm64 /Users/admin/builder/spi-builder-workspace/Proton/Sources/Swift/Editor/EditorViewContext.swift (in target 'Proton' from project 'Proton')
    cd /Users/admin/builder/spi-builder-workspace/.swiftpm/xcode
    builtin-SwiftPerFileCompile EditorViewContext.swift
SwiftCompile normal arm64 Compiling\ ListOutdentCommand.swift,\ StrikethroughCommand.swift,\ UnderlineCommand.swift,\ EditorCommand.swift,\ EditorCommandExecutor.swift,\ AttributesEncoding.swift,\ EditorContentEncoding.swift /Users/admin/builder/spi-builder-workspace/Proton/Sources/Swift/EditorCommand/Commands/List/ListOutdentCommand.swift /Users/admin/builder/spi-builder-workspace/Proton/Sources/Swift/EditorCommand/Commands/StrikethroughCommand.swift /Users/admin/builder/spi-builder-workspace/Proton/Sources/Swift/EditorCommand/Commands/UnderlineCommand.swift /Users/admin/builder/spi-builder-workspace/Proton/Sources/Swift/EditorCommand/EditorCommand.swift /Users/admin/builder/spi-builder-workspace/Proton/Sources/Swift/EditorCommand/EditorCommandExecutor.swift /Users/admin/builder/spi-builder-workspace/Proton/Sources/Swift/Encoding/AttributesEncoding.swift /Users/admin/builder/spi-builder-workspace/Proton/Sources/Swift/Encoding/EditorContentEncoding.swift (in target 'Proton' from project 'Proton')
SwiftCompile normal arm64 /Users/admin/builder/spi-builder-workspace/Proton/Sources/Swift/EditorCommand/Commands/List/ListOutdentCommand.swift (in target 'Proton' from project 'Proton')
    cd /Users/admin/builder/spi-builder-workspace/.swiftpm/xcode
    builtin-SwiftPerFileCompile ListOutdentCommand.swift
SwiftCompile normal arm64 /Users/admin/builder/spi-builder-workspace/Proton/Sources/Swift/EditorCommand/Commands/StrikethroughCommand.swift (in target 'Proton' from project 'Proton')
    cd /Users/admin/builder/spi-builder-workspace/.swiftpm/xcode
    builtin-SwiftPerFileCompile StrikethroughCommand.swift
SwiftCompile normal arm64 /Users/admin/builder/spi-builder-workspace/Proton/Sources/Swift/EditorCommand/Commands/UnderlineCommand.swift (in target 'Proton' from project 'Proton')
    cd /Users/admin/builder/spi-builder-workspace/.swiftpm/xcode
    builtin-SwiftPerFileCompile UnderlineCommand.swift
SwiftCompile normal arm64 /Users/admin/builder/spi-builder-workspace/Proton/Sources/Swift/EditorCommand/EditorCommand.swift (in target 'Proton' from project 'Proton')
    cd /Users/admin/builder/spi-builder-workspace/.swiftpm/xcode
    builtin-SwiftPerFileCompile EditorCommand.swift
SwiftCompile normal arm64 /Users/admin/builder/spi-builder-workspace/Proton/Sources/Swift/EditorCommand/EditorCommandExecutor.swift (in target 'Proton' from project 'Proton')
    cd /Users/admin/builder/spi-builder-workspace/.swiftpm/xcode
    builtin-SwiftPerFileCompile EditorCommandExecutor.swift
SwiftCompile normal arm64 /Users/admin/builder/spi-builder-workspace/Proton/Sources/Swift/Encoding/AttributesEncoding.swift (in target 'Proton' from project 'Proton')
    cd /Users/admin/builder/spi-builder-workspace/.swiftpm/xcode
    builtin-SwiftPerFileCompile AttributesEncoding.swift
SwiftCompile normal arm64 /Users/admin/builder/spi-builder-workspace/Proton/Sources/Swift/Encoding/EditorContentEncoding.swift (in target 'Proton' from project 'Proton')
    cd /Users/admin/builder/spi-builder-workspace/.swiftpm/xcode
    builtin-SwiftPerFileCompile EditorContentEncoding.swift
SwiftCompile normal arm64 Compiling\ AsyncTextResolver.swift,\ Attachment.swift,\ AttachmentContent.swift,\ AttachmentSize.swift,\ Focusable.swift,\ SelectionView.swift,\ AutogrowingTextView.swift /Users/admin/builder/spi-builder-workspace/Proton/Sources/Swift/AsyncTextResolver/AsyncTextResolver.swift /Users/admin/builder/spi-builder-workspace/Proton/Sources/Swift/Attachment/Attachment.swift /Users/admin/builder/spi-builder-workspace/Proton/Sources/Swift/Attachment/AttachmentContent.swift /Users/admin/builder/spi-builder-workspace/Proton/Sources/Swift/Attachment/AttachmentSize.swift /Users/admin/builder/spi-builder-workspace/Proton/Sources/Swift/Attachment/Focusable.swift /Users/admin/builder/spi-builder-workspace/Proton/Sources/Swift/Attachment/SelectionView.swift /Users/admin/builder/spi-builder-workspace/Proton/Sources/Swift/Base/AutogrowingTextView.swift (in target 'Proton' from project 'Proton')
SwiftCompile normal arm64 /Users/admin/builder/spi-builder-workspace/Proton/Sources/Swift/AsyncTextResolver/AsyncTextResolver.swift (in target 'Proton' from project 'Proton')
    cd /Users/admin/builder/spi-builder-workspace/.swiftpm/xcode
    builtin-SwiftPerFileCompile AsyncTextResolver.swift
SwiftCompile normal arm64 /Users/admin/builder/spi-builder-workspace/Proton/Sources/Swift/Attachment/Attachment.swift (in target 'Proton' from project 'Proton')
    cd /Users/admin/builder/spi-builder-workspace/.swiftpm/xcode
    builtin-SwiftPerFileCompile Attachment.swift
SwiftCompile normal arm64 /Users/admin/builder/spi-builder-workspace/Proton/Sources/Swift/Attachment/AttachmentContent.swift (in target 'Proton' from project 'Proton')
    cd /Users/admin/builder/spi-builder-workspace/.swiftpm/xcode
    builtin-SwiftPerFileCompile AttachmentContent.swift
SwiftCompile normal arm64 /Users/admin/builder/spi-builder-workspace/Proton/Sources/Swift/Attachment/AttachmentSize.swift (in target 'Proton' from project 'Proton')
    cd /Users/admin/builder/spi-builder-workspace/.swiftpm/xcode
    builtin-SwiftPerFileCompile AttachmentSize.swift
SwiftCompile normal arm64 /Users/admin/builder/spi-builder-workspace/Proton/Sources/Swift/Attachment/Focusable.swift (in target 'Proton' from project 'Proton')
    cd /Users/admin/builder/spi-builder-workspace/.swiftpm/xcode
    builtin-SwiftPerFileCompile Focusable.swift
SwiftCompile normal arm64 /Users/admin/builder/spi-builder-workspace/Proton/Sources/Swift/Attachment/SelectionView.swift (in target 'Proton' from project 'Proton')
    cd /Users/admin/builder/spi-builder-workspace/.swiftpm/xcode
    builtin-SwiftPerFileCompile SelectionView.swift
SwiftCompile normal arm64 /Users/admin/builder/spi-builder-workspace/Proton/Sources/Swift/Base/AutogrowingTextView.swift (in target 'Proton' from project 'Proton')
    cd /Users/admin/builder/spi-builder-workspace/.swiftpm/xcode
    builtin-SwiftPerFileCompile AutogrowingTextView.swift
SwiftCompile normal arm64 Compiling\ Logger.swift,\ NSAttributedString+Content.swift,\ NSAttributedString+Range.swift,\ NSRangeExtensions.swift,\ String+NSRange.swift,\ SynchronizedArray.swift /Users/admin/builder/spi-builder-workspace/Proton/Sources/Swift/Helpers/Logger.swift /Users/admin/builder/spi-builder-workspace/Proton/Sources/Swift/Helpers/NSAttributedString+Content.swift /Users/admin/builder/spi-builder-workspace/Proton/Sources/Swift/Helpers/NSAttributedString+Range.swift /Users/admin/builder/spi-builder-workspace/Proton/Sources/Swift/Helpers/NSRangeExtensions.swift /Users/admin/builder/spi-builder-workspace/Proton/Sources/Swift/Helpers/String+NSRange.swift /Users/admin/builder/spi-builder-workspace/Proton/Sources/Swift/Helpers/SynchronizedArray.swift (in target 'Proton' from project 'Proton')
SwiftCompile normal arm64 /Users/admin/builder/spi-builder-workspace/Proton/Sources/Swift/Helpers/Logger.swift (in target 'Proton' from project 'Proton')
    cd /Users/admin/builder/spi-builder-workspace/.swiftpm/xcode
    builtin-SwiftPerFileCompile Logger.swift
SwiftCompile normal arm64 /Users/admin/builder/spi-builder-workspace/Proton/Sources/Swift/Helpers/NSAttributedString+Content.swift (in target 'Proton' from project 'Proton')
    cd /Users/admin/builder/spi-builder-workspace/.swiftpm/xcode
    builtin-SwiftPerFileCompile NSAttributedString+Content.swift
SwiftCompile normal arm64 /Users/admin/builder/spi-builder-workspace/Proton/Sources/Swift/Helpers/NSAttributedString+Range.swift (in target 'Proton' from project 'Proton')
    cd /Users/admin/builder/spi-builder-workspace/.swiftpm/xcode
    builtin-SwiftPerFileCompile NSAttributedString+Range.swift
SwiftCompile normal arm64 /Users/admin/builder/spi-builder-workspace/Proton/Sources/Swift/Helpers/NSRangeExtensions.swift (in target 'Proton' from project 'Proton')
    cd /Users/admin/builder/spi-builder-workspace/.swiftpm/xcode
    builtin-SwiftPerFileCompile NSRangeExtensions.swift
SwiftCompile normal arm64 /Users/admin/builder/spi-builder-workspace/Proton/Sources/Swift/Helpers/String+NSRange.swift (in target 'Proton' from project 'Proton')
    cd /Users/admin/builder/spi-builder-workspace/.swiftpm/xcode
    builtin-SwiftPerFileCompile String+NSRange.swift
SwiftCompile normal arm64 /Users/admin/builder/spi-builder-workspace/Proton/Sources/Swift/Helpers/SynchronizedArray.swift (in target 'Proton' from project 'Proton')
    cd /Users/admin/builder/spi-builder-workspace/.swiftpm/xcode
    builtin-SwiftPerFileCompile SynchronizedArray.swift
SwiftEmitModule normal arm64 Emitting\ module\ for\ Proton (in target 'Proton' from project 'Proton')
/Users/admin/builder/spi-builder-workspace/Proton/Sources/Swift/Editor/EditorContent.swift:64:1: warning: extension declares a conformance of imported type 'EditorContentName' to imported protocol 'RawRepresentable'; this will not behave correctly if the owners of 'ProtonCore' introduce this conformance in the future
62 | }
63 |
64 | extension EditorContentName: RawRepresentable {
   | |- warning: extension declares a conformance of imported type 'EditorContentName' to imported protocol 'RawRepresentable'; this will not behave correctly if the owners of 'ProtonCore' introduce this conformance in the future
   | `- note: add '@retroactive' to silence this warning
65 |     public convenience init(_ rawValue: String) {
66 |         self.init(rawValue: rawValue)
/Users/admin/builder/spi-builder-workspace/Proton/Sources/Swift/Editor/EditorView.swift:178:35: error: 'UITextInteraction' is unavailable in tvOS
 176 |     }
 177 |
 178 |     public var textInteractions: [UITextInteraction] {
     |                                   `- error: 'UITextInteraction' is unavailable in tvOS
 179 |         richTextView.interactions.compactMap({ $0 as? UITextInteraction })
 180 |     }
/Applications/Xcode-27.0.0-Release.Candidate.app/Contents/Developer/Platforms/AppleTVOS.platform/Developer/SDKs/AppleTVOS27.0.sdk/System/Library/Frameworks/UIKit.framework/Headers/UITextInteraction.h:31:12: note: 'UITextInteraction' has been explicitly marked unavailable here
29 |
30 | UIKIT_EXTERN API_AVAILABLE(ios(13.0)) API_UNAVAILABLE(tvos, watchos) NS_SWIFT_UI_ACTOR
31 | @interface UITextInteraction : NSObject <UIInteraction>
   |            `- note: 'UITextInteraction' has been explicitly marked unavailable here
32 |
33 | @property (nonatomic, weak) id <UITextInteractionDelegate> delegate;
/Users/admin/builder/spi-builder-workspace/Proton/Sources/Swift/Editor/EditorView.swift:325:40: error: 'UIPinchGestureRecognizer' is unavailable in tvOS
 323 |     }
 324 |
 325 |     public var pinchGestureRecognizer: UIPinchGestureRecognizer? {
     |                                        `- error: 'UIPinchGestureRecognizer' is unavailable in tvOS
 326 |         get { scrollView.pinchGestureRecognizer }
 327 |     }
/Applications/Xcode-27.0.0-Release.Candidate.app/Contents/Developer/Platforms/AppleTVOS.platform/Developer/SDKs/AppleTVOS27.0.sdk/System/Library/Frameworks/UIKit.framework/Headers/UIPinchGestureRecognizer.h:20:12: note: 'UIPinchGestureRecognizer' has been explicitly marked unavailable here
18 |
19 | UIKIT_EXTERN API_AVAILABLE(ios(3.2)) API_UNAVAILABLE(tvos, watchos) NS_SWIFT_UI_ACTOR
20 | @interface UIPinchGestureRecognizer : UIGestureRecognizer
   |            `- note: 'UIPinchGestureRecognizer' has been explicitly marked unavailable here
21 |
22 | @property (nonatomic)          CGFloat scale;               // scale relative to the touch points in screen coordinates
/Users/admin/builder/spi-builder-workspace/Proton/Sources/Swift/Editor/EditorView.swift:371:35: error: 'UIDataDetectorTypes' is unavailable in tvOS
 369 |
 370 |     /// The types of data converted to tappable URLs in the editor view.
 371 |     public var dataDetectorTypes: UIDataDetectorTypes {
     |                                   `- error: 'UIDataDetectorTypes' is unavailable in tvOS
 372 |         get { richTextView.dataDetectorTypes }
 373 |         set { richTextView.dataDetectorTypes = newValue }
/Applications/Xcode-27.0.0-Release.Candidate.app/Contents/Developer/Platforms/AppleTVOS.platform/Developer/SDKs/AppleTVOS27.0.sdk/System/Library/Frameworks/UIKit.framework/Headers/UIDataDetectors.h:11:32: note: 'UIDataDetectorTypes' has been explicitly marked unavailable here
 9 | #import <Foundation/Foundation.h>
10 |
11 | typedef NS_OPTIONS(NSUInteger, UIDataDetectorTypes) {
   |                                `- note: 'UIDataDetectorTypes' has been explicitly marked unavailable here
12 |     UIDataDetectorTypePhoneNumber                                     = 1 << 0, // Phone number detection
13 |     UIDataDetectorTypeLink                                            = 1 << 1, // URL detection
/Users/admin/builder/spi-builder-workspace/Proton/Sources/Swift/Editor/EditorView.swift:755:34: error: 'UITextDragDelegate' is unavailable in tvOS
 753 |
 754 |     /// A text drag delegate object for customizing the drag source behavior of a text view.
 755 |     public var textDragDelegate: UITextDragDelegate? {
     |                                  `- error: 'UITextDragDelegate' is unavailable in tvOS
 756 |         get { richTextView.textDragDelegate }
 757 |         set { richTextView.textDragDelegate = newValue }
/Applications/Xcode-27.0.0-Release.Candidate.app/Contents/Developer/Platforms/AppleTVOS.platform/Developer/SDKs/AppleTVOS27.0.sdk/System/Library/Frameworks/UIKit.framework/Headers/UITextDragging.h:56:11: note: 'UITextDragDelegate' has been explicitly marked unavailable here
 54 |
 55 | API_AVAILABLE(ios(11.0)) API_UNAVAILABLE(watchos, tvos) NS_SWIFT_UI_ACTOR
 56 | @protocol UITextDragDelegate <NSObject>
    |           `- note: 'UITextDragDelegate' has been explicitly marked unavailable here
 57 |
 58 | @optional
/Users/admin/builder/spi-builder-workspace/Proton/Sources/Swift/Editor/EditorView.swift:761:34: error: 'UITextDropDelegate' is unavailable in tvOS
 759 |
 760 |     /// The text drop delegate for interacting with a drop activity in the text view.
 761 |     public var textDropDelegate: UITextDropDelegate? {
     |                                  `- error: 'UITextDropDelegate' is unavailable in tvOS
 762 |         get { richTextView.textDropDelegate }
 763 |         set { richTextView.textDropDelegate = newValue }
/Applications/Xcode-27.0.0-Release.Candidate.app/Contents/Developer/Platforms/AppleTVOS.platform/Developer/SDKs/AppleTVOS27.0.sdk/System/Library/Frameworks/UIKit.framework/Headers/UITextDropping.h:61:11: note: 'UITextDropDelegate' has been explicitly marked unavailable here
 59 |
 60 | API_AVAILABLE(ios(11.0)) API_UNAVAILABLE(watchos, tvos) NS_SWIFT_UI_ACTOR
 61 | @protocol UITextDropDelegate <NSObject>
    |           `- note: 'UITextDropDelegate' has been explicitly marked unavailable here
 62 |
 63 | @optional
Failed frontend command:
/Applications/Xcode-27.0.0-Release.Candidate.app/Contents/Developer/Toolchains/XcodeDefault.xctoolchain/usr/bin/swift-frontend -frontend -emit-module -experimental-skip-non-inlinable-function-bodies-without-types /Users/admin/builder/spi-builder-workspace/Proton/Sources/Swift/AsyncTextResolver/AsyncTextResolver.swift /Users/admin/builder/spi-builder-workspace/Proton/Sources/Swift/Attachment/Attachment.swift /Users/admin/builder/spi-builder-workspace/Proton/Sources/Swift/Attachment/AttachmentContent.swift /Users/admin/builder/spi-builder-workspace/Proton/Sources/Swift/Attachment/AttachmentSize.swift /Users/admin/builder/spi-builder-workspace/Proton/Sources/Swift/Attachment/Focusable.swift /Users/admin/builder/spi-builder-workspace/Proton/Sources/Swift/Attachment/SelectionView.swift /Users/admin/builder/spi-builder-workspace/Proton/Sources/Swift/Base/AutogrowingTextView.swift /Users/admin/builder/spi-builder-workspace/Proton/Sources/Swift/Base/BackgroundStyle.swift /Users/admin/builder/spi-builder-workspace/Proton/Sources/Swift/Base/NSAttributedString+ContentTypes.swift /Users/admin/builder/spi-builder-workspace/Proton/Sources/Swift/Base/NSParagraphStyleExtensions.swift /Users/admin/builder/spi-builder-workspace/Proton/Sources/Swift/Base/Types.swift /Users/admin/builder/spi-builder-workspace/Proton/Sources/Swift/Core/AsyncTaskScheduler.swift /Users/admin/builder/spi-builder-workspace/Proton/Sources/Swift/Core/CommandName.swift /Users/admin/builder/spi-builder-workspace/Proton/Sources/Swift/Core/EditorLineNumberProvider.swift /Users/admin/builder/spi-builder-workspace/Proton/Sources/Swift/Core/GestureRegognizerDelegateOverride.swift /Users/admin/builder/spi-builder-workspace/Proton/Sources/Swift/Core/LayoutManager.swift /Users/admin/builder/spi-builder-workspace/Proton/Sources/Swift/Core/LineNumberFormatting.swift /Users/admin/builder/spi-builder-workspace/Proton/Sources/Swift/Core/ListFormattingProvider.swift /Users/admin/builder/spi-builder-workspace/Proton/Sources/Swift/Core/ListParser.swift /Users/admin/builder/spi-builder-workspace/Proton/Sources/Swift/Core/NullRichTextEditorContext.swift /Users/admin/builder/spi-builder-workspace/Proton/Sources/Swift/Core/RichTextEditorContext.swift /Users/admin/builder/spi-builder-workspace/Proton/Sources/Swift/Core/RichTextRendererContext.swift /Users/admin/builder/spi-builder-workspace/Proton/Sources/Swift/Core/RichTextView.swift /Users/admin/builder/spi-builder-workspace/Proton/Sources/Swift/Core/RichTextViewContext.swift /Users/admin/builder/spi-builder-workspace/Proton/Sources/Swift/Core/RichTextViewDelegate.swift /Users/admin/builder/spi-builder-workspace/Proton/Sources/Swift/Core/SequenceGenerator.swift /Users/admin/builder/spi-builder-workspace/Proton/Sources/Swift/Core/TextContainer.swift /Users/admin/builder/spi-builder-workspace/Proton/Sources/Swift/Decoding/AttributesDecoding.swift /Users/admin/builder/spi-builder-workspace/Proton/Sources/Swift/Decoding/EditorContentDecoding.swift /Users/admin/builder/spi-builder-workspace/Proton/Sources/Swift/Editor/AggregateEditorViewDelegate.swift /Users/admin/builder/spi-builder-workspace/Proton/Sources/Swift/Editor/EditorContent.swift /Users/admin/builder/spi-builder-workspace/Proton/Sources/Swift/Editor/EditorContentIdentifying.swift /Users/admin/builder/spi-builder-workspace/Proton/Sources/Swift/Editor/EditorContentView.swift /Users/admin/builder/spi-builder-workspace/Proton/Sources/Swift/Editor/EditorView.swift /Users/admin/builder/spi-builder-workspace/Proton/Sources/Swift/Editor/EditorViewContext.swift /Users/admin/builder/spi-builder-workspace/Proton/Sources/Swift/Editor/EditorViewDelegate.swift /Users/admin/builder/spi-builder-workspace/Proton/Sources/Swift/EditorCommand/Commands/AttributesToggleCommand.swift /Users/admin/builder/spi-builder-workspace/Proton/Sources/Swift/EditorCommand/Commands/BoldCommand.swift /Users/admin/builder/spi-builder-workspace/Proton/Sources/Swift/EditorCommand/Commands/FontTraitToggleCommand.swift /Users/admin/builder/spi-builder-workspace/Proton/Sources/Swift/EditorCommand/Commands/ItalicsCommand.swift /Users/admin/builder/spi-builder-workspace/Proton/Sources/Swift/EditorCommand/Commands/List/ListCommand.swift /Users/admin/builder/spi-builder-workspace/Proton/Sources/Swift/EditorCommand/Commands/List/ListIndentCommand.swift /Users/admin/builder/spi-builder-workspace/Proton/Sources/Swift/EditorCommand/Commands/List/ListOutdentCommand.swift /Users/admin/builder/spi-builder-workspace/Proton/Sources/Swift/EditorCommand/Commands/StrikethroughCommand.swift /Users/admin/builder/spi-builder-workspace/Proton/Sources/Swift/EditorCommand/Commands/UnderlineCommand.swift /Users/admin/builder/spi-builder-workspace/Proton/Sources/Swift/EditorCommand/EditorCommand.swift /Users/admin/builder/spi-builder-workspace/Proton/Sources/Swift/EditorCommand/EditorCommandExecutor.swift /Users/admin/builder/spi-builder-workspace/Proton/Sources/Swift/Encoding/AttributesEncoding.swift /Users/admin/builder/spi-builder-workspace/Proton/Sources/Swift/Encoding/EditorContentEncoding.swift /Users/admin/builder/spi-builder-workspace/Proton/Sources/Swift/Grid/Core/Grid.swift /Users/admin/builder/spi-builder-workspace/Proton/Sources/Swift/Grid/Core/GridCellStore.swift /Users/admin/builder/spi-builder-workspace/Proton/Sources/Swift/Grid/Core/GridConfiguration.swift /Users/admin/builder/spi-builder-workspace/Proton/Sources/Swift/Grid/View/GridCell.swift /Users/admin/builder/spi-builder-workspace/Proton/Sources/Swift/Grid/View/GridContentView.swift /Users/admin/builder/spi-builder-workspace/Proton/Sources/Swift/Grid/View/GridView.swift /Users/admin/builder/spi-builder-workspace/Proton/Sources/Swift/Helpers/GradientView.swift /Users/admin/builder/spi-builder-workspace/Proton/Sources/Swift/Helpers/Logger.swift /Users/admin/builder/spi-builder-workspace/Proton/Sources/Swift/Helpers/NSAttributedString+Content.swift /Users/admin/builder/spi-builder-workspace/Proton/Sources/Swift/Helpers/NSAttributedString+Range.swift /Users/admin/builder/spi-builder-workspace/Proton/Sources/Swift/Helpers/NSRangeExtensions.swift /Users/admin/builder/spi-builder-workspace/Proton/Sources/Swift/Helpers/String+NSRange.swift /Users/admin/builder/spi-builder-workspace/Proton/Sources/Swift/Helpers/SynchronizedArray.swift /Users/admin/builder/spi-builder-workspace/Proton/Sources/Swift/Helpers/Text/FontExtensions.swift /Users/admin/builder/spi-builder-workspace/Proton/Sources/Swift/Helpers/UIColor+Image.swift /Users/admin/builder/spi-builder-workspace/Proton/Sources/Swift/Helpers/UITextRangeExtensions.swift /Users/admin/builder/spi-builder-workspace/Proton/Sources/Swift/TextProcessors/TextProcessing.swift /Users/admin/builder/spi-builder-workspace/Proton/Sources/Swift/TextProcessors/TextProcessor.swift /Users/admin/builder/spi-builder-workspace/Proton/Sources/Swift/TextProcessors/TextProcessors/ListTextProcessor.swift -target arm64-apple-tvos15.0 -disable-cross-import-overlay-search -load-resolved-plugin /Applications/Xcode-27.0.0-Release.Candidate.app/Contents/Developer/Platforms/AppleTVOS.platform/Developer/usr/lib/swift/host/plugins/libFoundationMacros.dylib\#/Applications/Xcode-27.0.0-Release.Candidate.app/Contents/Developer/Platforms/AppleTVOS.platform/Developer/usr/bin/swift-plugin-server\#FoundationMacros -load-resolved-plugin /Applications/Xcode-27.0.0-Release.Candidate.app/Contents/Developer/Platforms/AppleTVOS.platform/Developer/usr/lib/swift/host/plugins/libObservationMacros.dylib\#/Applications/Xcode-27.0.0-Release.Candidate.app/Contents/Developer/Platforms/AppleTVOS.platform/Developer/usr/bin/swift-plugin-server\#ObservationMacros -load-resolved-plugin /Applications/Xcode-27.0.0-Release.Candidate.app/Contents/Developer/Platforms/AppleTVOS.platform/Developer/usr/lib/swift/host/plugins/libPreviewsMacros.dylib\#/Applications/Xcode-27.0.0-Release.Candidate.app/Contents/Developer/Platforms/AppleTVOS.platform/Developer/usr/bin/swift-plugin-server\#PreviewsMacros -load-resolved-plugin /Applications/Xcode-27.0.0-Release.Candidate.app/Contents/Developer/Platforms/AppleTVOS.platform/Developer/usr/lib/swift/host/plugins/libSwiftMacros.dylib\#/Applications/Xcode-27.0.0-Release.Candidate.app/Contents/Developer/Platforms/AppleTVOS.platform/Developer/usr/bin/swift-plugin-server\#SwiftMacros -load-resolved-plugin /Applications/Xcode-27.0.0-Release.Candidate.app/Contents/Developer/Platforms/AppleTVOS.platform/Developer/usr/lib/swift/host/plugins/libSwiftUIMacros.dylib\#/Applications/Xcode-27.0.0-Release.Candidate.app/Contents/Developer/Platforms/AppleTVOS.platform/Developer/usr/bin/swift-plugin-server\#SwiftUIMacros -disable-implicit-swift-modules -Xcc -fno-implicit-modules -Xcc -fno-implicit-module-maps -explicit-swift-module-map-file /Users/admin/builder/spi-builder-workspace/.derivedData/Build/Intermediates.noindex/Proton.build/Debug-appletvos/Proton-t.build/Objects-normal/arm64/Proton-dependencies-1.json -Xllvm -aarch64-use-tbi -enable-objc-interop -stack-check -sdk /Applications/Xcode-27.0.0-Release.Candidate.app/Contents/Developer/Platforms/AppleTVOS.platform/Developer/SDKs/AppleTVOS27.0.sdk -I /Users/admin/builder/spi-builder-workspace/.derivedData/Build/Products/Debug-appletvos -Isystem /Applications/Xcode-27.0.0-Release.Candidate.app/Contents/Developer/Platforms/AppleTVOS.platform/Developer/usr/lib -F /Users/admin/builder/spi-builder-workspace/.derivedData/Build/Products/Debug-appletvos/PackageFrameworks -F /Users/admin/builder/spi-builder-workspace/.derivedData/Build/Products/Debug-appletvos -F /Applications/Xcode-27.0.0-Release.Candidate.app/Contents/Developer/Platforms/AppleTVOS.platform/Developer/Library/Frameworks -F /Applications/Xcode-27.0.0-Release.Candidate.app/Contents/Developer/Platforms/AppleTVOS.platform/Developer/SDKs/AppleTVOS27.0.sdk/Developer/Library/Frameworks -module-cache-path /Users/admin/builder/spi-builder-workspace/.derivedData/Build/Intermediates.noindex/SwiftExplicitPrecompiledModules -no-color-diagnostics -Xcc -fno-color-diagnostics -enable-testing -g -debug-info-format\=dwarf -dwarf-version\=4 -profile-generate -profile-coverage-mapping -swift-version 5 -Onone -D SWIFT_PACKAGE -D DEBUG -D SWIFT_MODULE_RESOURCE_BUNDLE_UNAVAILABLE -D Xcode -serialize-debugging-options -enable-experimental-feature DebugDescriptionMacro -empty-abi-descriptor -validate-clang-modules-once -clang-build-session-file /Users/admin/builder/spi-builder-workspace/.derivedData/ModuleCache.noindex/Session.modulevalidation -Xcc -working-directory -Xcc /Users/admin/builder/spi-builder-workspace/.swiftpm/xcode -enable-anonymous-context-mangled-names -file-compilation-dir /Users/admin/builder/spi-builder-workspace/.swiftpm/xcode -Xcc -fmodule-map-file\=/Users/admin/builder/spi-builder-workspace/.derivedData/Build/Intermediates.noindex/GeneratedModuleMaps-appletvos/ProtonCore.modulemap -Xcc -D_LIBCPP_HARDENING_MODE\=_LIBCPP_HARDENING_MODE_DEBUG -Xcc -ivfsstatcache -Xcc /Users/admin/builder/spi-builder-workspace/.derivedData/SDKStatCaches.noindex/appletvos27.0-24J360-e829b21a6f8c9b70876ba0858053c044b32bfd8d43560033f8d89884cdb90028.sdkstatcache -Xcc -fmodules-prune-interval\=86400 -Xcc -fmodules-prune-after\=345600 -Xcc -I/Users/admin/builder/spi-builder-workspace/Proton/Sources/ObjC/include -Xcc -I/Users/admin/builder/spi-builder-workspace/.derivedData/Build/Products/Debug-appletvos/include -Xcc -I/Users/admin/builder/spi-builder-workspace/.derivedData/Build/Intermediates.noindex/Proton.build/Debug-appletvos/Proton-t.build/DerivedSources-normal/arm64 -Xcc -I/Users/admin/builder/spi-builder-workspace/.derivedData/Build/Intermediates.noindex/Proton.build/Debug-appletvos/Proton-t.build/DerivedSources/arm64 -Xcc -I/Users/admin/builder/spi-builder-workspace/.derivedData/Build/Intermediates.noindex/Proton.build/Debug-appletvos/Proton-t.build/DerivedSources -Xcc -DSWIFT_PACKAGE -Xcc -DDEBUG\=1 -no-auto-bridging-header-chaining -module-name Proton -package-name spi_builder_workspace -const-gather-protocols-file /Users/admin/builder/spi-builder-workspace/.derivedData/Build/Intermediates.noindex/Proton.build/Debug-appletvos/Proton-t.build/Objects-normal/arm64/Proton_const_extract_protocols.json -disable-clang-spi -clang-target arm64-apple-tvos27.0 -target-sdk-version 27.0 -target-sdk-name appletvos27.0 -in-process-plugin-server-path /Applications/Xcode-27.0.0-Release.Candidate.app/Contents/Developer/Toolchains/XcodeDefault.xctoolchain/usr/lib/swift/host/libSwiftInProcPluginServer.dylib -emit-module-doc-path /Users/admin/builder/spi-builder-workspace/.derivedData/Build/Intermediates.noindex/Proton.build/Debug-appletvos/Proton-t.build/Objects-normal/arm64/Proton.swiftdoc -emit-module-source-info-path /Users/admin/builder/spi-builder-workspace/.derivedData/Build/Intermediates.noindex/Proton.build/Debug-appletvos/Proton-t.build/Objects-normal/arm64/Proton.swiftsourceinfo -emit-objc-header-path /Users/admin/builder/spi-builder-workspace/.derivedData/Build/Intermediates.noindex/Proton.build/Debug-appletvos/Proton-t.build/Objects-normal/arm64/Proton-Swift.h -serialize-diagnostics-path /Users/admin/builder/spi-builder-workspace/.derivedData/Build/Intermediates.noindex/Proton.build/Debug-appletvos/Proton-t.build/Objects-normal/arm64/Proton-primary-emit-module.dia -emit-dependencies-path /Users/admin/builder/spi-builder-workspace/.derivedData/Build/Intermediates.noindex/Proton.build/Debug-appletvos/Proton-t.build/Objects-normal/arm64/Proton-primary-emit-module.d -parse-as-library -o /Users/admin/builder/spi-builder-workspace/.derivedData/Build/Intermediates.noindex/Proton.build/Debug-appletvos/Proton-t.build/Objects-normal/arm64/Proton.swiftmodule -emit-abi-descriptor-path /Users/admin/builder/spi-builder-workspace/.derivedData/Build/Intermediates.noindex/Proton.build/Debug-appletvos/Proton-t.build/Objects-normal/arm64/Proton.abi.json
SwiftCompile normal arm64 (in target 'Proton' from project 'Proton')
    cd /Users/admin/builder/spi-builder-workspace/.swiftpm/xcode

SwiftCompile normal arm64 Compiling\ FontExtensions.swift,\ UIColor+Image.swift,\ UITextRangeExtensions.swift,\ TextProcessing.swift,\ TextProcessor.swift,\ ListTextProcessor.swift /Users/admin/builder/spi-builder-workspace/Proton/Sources/Swift/Helpers/Text/FontExtensions.swift /Users/admin/builder/spi-builder-workspace/Proton/Sources/Swift/Helpers/UIColor+Image.swift /Users/admin/builder/spi-builder-workspace/Proton/Sources/Swift/Helpers/UITextRangeExtensions.swift /Users/admin/builder/spi-builder-workspace/Proton/Sources/Swift/TextProcessors/TextProcessing.swift /Users/admin/builder/spi-builder-workspace/Proton/Sources/Swift/TextProcessors/TextProcessor.swift /Users/admin/builder/spi-builder-workspace/Proton/Sources/Swift/TextProcessors/TextProcessors/ListTextProcessor.swift (in target 'Proton' from project 'Proton')
SwiftCompile normal arm64 /Users/admin/builder/spi-builder-workspace/Proton/Sources/Swift/Helpers/Text/FontExtensions.swift (in target 'Proton' from project 'Proton')
    cd /Users/admin/builder/spi-builder-workspace/.swiftpm/xcode
    builtin-SwiftPerFileCompile FontExtensions.swift
SwiftCompile normal arm64 /Users/admin/builder/spi-builder-workspace/Proton/Sources/Swift/Helpers/UIColor+Image.swift (in target 'Proton' from project 'Proton')
    cd /Users/admin/builder/spi-builder-workspace/.swiftpm/xcode
    builtin-SwiftPerFileCompile UIColor+Image.swift
SwiftCompile normal arm64 /Users/admin/builder/spi-builder-workspace/Proton/Sources/Swift/Helpers/UITextRangeExtensions.swift (in target 'Proton' from project 'Proton')
    cd /Users/admin/builder/spi-builder-workspace/.swiftpm/xcode
    builtin-SwiftPerFileCompile UITextRangeExtensions.swift
SwiftCompile normal arm64 /Users/admin/builder/spi-builder-workspace/Proton/Sources/Swift/TextProcessors/TextProcessing.swift (in target 'Proton' from project 'Proton')
    cd /Users/admin/builder/spi-builder-workspace/.swiftpm/xcode
    builtin-SwiftPerFileCompile TextProcessing.swift
SwiftCompile normal arm64 /Users/admin/builder/spi-builder-workspace/Proton/Sources/Swift/TextProcessors/TextProcessor.swift (in target 'Proton' from project 'Proton')
    cd /Users/admin/builder/spi-builder-workspace/.swiftpm/xcode
    builtin-SwiftPerFileCompile TextProcessor.swift
SwiftCompile normal arm64 /Users/admin/builder/spi-builder-workspace/Proton/Sources/Swift/TextProcessors/TextProcessors/ListTextProcessor.swift (in target 'Proton' from project 'Proton')
    cd /Users/admin/builder/spi-builder-workspace/.swiftpm/xcode
    builtin-SwiftPerFileCompile ListTextProcessor.swift
SwiftCompile normal arm64 Compiling\ Grid.swift,\ GridCellStore.swift,\ GridConfiguration.swift,\ GridCell.swift,\ GridContentView.swift,\ GridView.swift,\ GradientView.swift /Users/admin/builder/spi-builder-workspace/Proton/Sources/Swift/Grid/Core/Grid.swift /Users/admin/builder/spi-builder-workspace/Proton/Sources/Swift/Grid/Core/GridCellStore.swift /Users/admin/builder/spi-builder-workspace/Proton/Sources/Swift/Grid/Core/GridConfiguration.swift /Users/admin/builder/spi-builder-workspace/Proton/Sources/Swift/Grid/View/GridCell.swift /Users/admin/builder/spi-builder-workspace/Proton/Sources/Swift/Grid/View/GridContentView.swift /Users/admin/builder/spi-builder-workspace/Proton/Sources/Swift/Grid/View/GridView.swift /Users/admin/builder/spi-builder-workspace/Proton/Sources/Swift/Helpers/GradientView.swift (in target 'Proton' from project 'Proton')
SwiftCompile normal arm64 /Users/admin/builder/spi-builder-workspace/Proton/Sources/Swift/Grid/Core/Grid.swift (in target 'Proton' from project 'Proton')
    cd /Users/admin/builder/spi-builder-workspace/.swiftpm/xcode
    builtin-SwiftPerFileCompile Grid.swift
SwiftCompile normal arm64 /Users/admin/builder/spi-builder-workspace/Proton/Sources/Swift/Grid/Core/GridCellStore.swift (in target 'Proton' from project 'Proton')
    cd /Users/admin/builder/spi-builder-workspace/.swiftpm/xcode
    builtin-SwiftPerFileCompile GridCellStore.swift
SwiftCompile normal arm64 /Users/admin/builder/spi-builder-workspace/Proton/Sources/Swift/Grid/Core/GridConfiguration.swift (in target 'Proton' from project 'Proton')
    cd /Users/admin/builder/spi-builder-workspace/.swiftpm/xcode
    builtin-SwiftPerFileCompile GridConfiguration.swift
SwiftCompile normal arm64 /Users/admin/builder/spi-builder-workspace/Proton/Sources/Swift/Grid/View/GridCell.swift (in target 'Proton' from project 'Proton')
    cd /Users/admin/builder/spi-builder-workspace/.swiftpm/xcode
    builtin-SwiftPerFileCompile GridCell.swift
SwiftCompile normal arm64 /Users/admin/builder/spi-builder-workspace/Proton/Sources/Swift/Grid/View/GridContentView.swift (in target 'Proton' from project 'Proton')
    cd /Users/admin/builder/spi-builder-workspace/.swiftpm/xcode
    builtin-SwiftPerFileCompile GridContentView.swift
SwiftCompile normal arm64 /Users/admin/builder/spi-builder-workspace/Proton/Sources/Swift/Grid/View/GridView.swift (in target 'Proton' from project 'Proton')
    cd /Users/admin/builder/spi-builder-workspace/.swiftpm/xcode
    builtin-SwiftPerFileCompile GridView.swift
SwiftCompile normal arm64 /Users/admin/builder/spi-builder-workspace/Proton/Sources/Swift/Helpers/GradientView.swift (in target 'Proton' from project 'Proton')
    cd /Users/admin/builder/spi-builder-workspace/.swiftpm/xcode
    builtin-SwiftPerFileCompile GradientView.swift
PruneExplicitPrecompiledModules /Users/admin/builder/spi-builder-workspace/.derivedData/Build/Intermediates.noindex/ExplicitPrecompiledModules
PruneExplicitPrecompiledModules /Users/admin/builder/spi-builder-workspace/.derivedData/Build/Intermediates.noindex/SwiftExplicitPrecompiledModules
PruneExplicitPrecompiledModules /Users/admin/builder/spi-builder-workspace/.derivedData/SDKExplicitPrecompiledModules
2026-09-20 09:29:41.774 xcodebuild[917:5376] [MT] IDERunDestination: Supported platforms for the buildables in the current scheme is empty.
** BUILD FAILED **
The following build commands failed:
	SwiftEmitModule normal arm64 Emitting\ module\ for\ Proton (in target 'Proton' from project 'Proton')
	SwiftCompile normal arm64 (in target 'Proton' from project 'Proton')
	Building workspace Proton with scheme Proton-Package
(3 failures)
BUILD FAILURE 6.4 tvOS