The Swift Package Index logo.Swift Package Index

Build Information

Failed to build ComposedUI, reference master (cc1d8e), with Swift 6.4 for macOS (Xcode) using Xcode 27.0 on 17 Sep 2026 09:47:02 UTC.

Build Command

env DEVELOPER_DIR=/Applications/Xcode-27.0.0-Release.Candidate.app xcrun xcodebuild -IDEClonedSourcePackagesDirPathOverride=$PWD/.dependencies -skipMacroValidation -skipPackagePluginValidation -derivedDataPath $PWD/.derivedData build -scheme ComposedUI -destination platform=macOS,arch=arm64

Build Log

========================================
RunAll
========================================
Builder version: 5.1.0
Interrupt handler set up.
========================================
Checkout
========================================
Clone URL: https://github.com/composed-swift/composedui.git
Reference: master
Initialized empty Git repository in /Users/admin/builder/spi-builder-workspace/.git/
From https://github.com/composed-swift/composedui
 * branch            master     -> FETCH_HEAD
 * [new branch]      master     -> origin/master
HEAD is now at cc1d8e4 Merge pull request #14 from composed-swift/potential-fix-for-crashes
Cloned https://github.com/composed-swift/composedui.git
Revision (git rev-parse @):
cc1d8e497e43429007ff81ed39a4c39712b62888
SUCCESS checkout https://github.com/composed-swift/composedui.git at master
========================================
Build
========================================
Selected platform:         macosXcodebuild
Swift version:             6.4
Building package at path:  $PWD
https://github.com/composed-swift/composedui.git
Command line invocation:
    /Applications/Xcode-27.0.0-Release.Candidate.app/Contents/Developer/usr/bin/xcodebuild -IDEClonedSourcePackagesDirPathOverride=/Users/admin/builder/spi-builder-workspace/.dependencies -resolvePackageDependencies
Resolve Package Graph
Fetching from https://github.com/composed-swift/composed
Creating working copy of package ‘composed’
Checking out 1.1.1 of package ‘composed’
Resolve Package Graph
Resolved source packages:
  ComposedUI: /Users/admin/builder/spi-builder-workspace
  Composed: https://github.com/composed-swift/composed @ 1.1.1
resolved source packages: ComposedUI, Composed
2026-09-17 05:45:59.103 xcodebuild[529:3013] [MT] IDERunDestination: Supported platforms for the buildables in the current scheme is empty.
2026-09-17 05:45:59.255 xcodebuild[529:3013] [MT] IDERunDestination: Supported platforms for the buildables in the current scheme is empty.
2026-09-17 05:46:01.086 xcodebuild[529:3013] [MT] IDERunDestination: Supported platforms for the buildables in the current scheme is empty.
{
  "dependencies" : [
    {
      "identity" : "composed",
      "requirement" : {
        "range" : [
          {
            "lower_bound" : "1.0.0",
            "upper_bound" : "2.0.0"
          }
        ]
      },
      "type" : "sourceControl",
      "url" : "https://github.com/composed-swift/composed"
    }
  ],
  "manifest_display_name" : "ComposedUI",
  "name" : "ComposedUI",
  "path" : "/Users/admin/builder/spi-builder-workspace",
  "platforms" : [
    {
      "name" : "ios",
      "version" : "11.0"
    }
  ],
  "products" : [
    {
      "name" : "ComposedUI",
      "targets" : [
        "ComposedUI"
      ],
      "type" : {
        "library" : [
          "automatic"
        ]
      }
    }
  ],
  "targets" : [
    {
      "c99name" : "ComposedUITests",
      "module_type" : "SwiftTarget",
      "name" : "ComposedUITests",
      "path" : "Tests/ComposedUITests",
      "product_dependencies" : [
        "Composed"
      ],
      "sources" : [
        "CollectionCoordinator.swift"
      ],
      "target_dependencies" : [
        "ComposedUI"
      ],
      "type" : "test"
    },
    {
      "c99name" : "ComposedUI",
      "module_type" : "SwiftTarget",
      "name" : "ComposedUI",
      "path" : "Sources/ComposedUI",
      "product_dependencies" : [
        "Composed"
      ],
      "product_memberships" : [
        "ComposedUI"
      ],
      "sources" : [
        "CollectionView/CollectionCoordinator.swift",
        "CollectionView/CollectionElement.swift",
        "CollectionView/CollectionSection.swift",
        "CollectionView/CollectionSectionProvider.swift",
        "CollectionView/Handlers/CollectionContextMenuHandler.swift",
        "CollectionView/Handlers/CollectionDragHandler.swift",
        "CollectionView/Handlers/CollectionDropHandler.swift",
        "CollectionView/Handlers/CollectionEditingHandler.swift",
        "CollectionView/Handlers/CollectionSelectionHandler.swift",
        "CollectionView/Handlers/CollectionUpdateHandler.swift",
        "Common/IndexPath+Identifier.swift",
        "Common/Reuse.swift",
        "Common/Types.swift",
        "StackView/ComposedSectionView.swift",
        "StackView/ComposedStackView.swift",
        "StackView/ComposedView.swift",
        "StackView/ComposedViewCell.swift",
        "StackView/StackCoordinator.swift",
        "StackView/StackElement.swift",
        "StackView/StackElementsProvider.swift",
        "StackView/StackSection.swift",
        "TableView/Handlers/TableAccessoryHandler.swift",
        "TableView/Handlers/TableActionsHandler.swift",
        "TableView/Handlers/TableContextMenuHandler.swift",
        "TableView/Handlers/TableDropHandler.swift",
        "TableView/Handlers/TableEditingHandler.swift",
        "TableView/Handlers/TableLayoutHandler.swift",
        "TableView/Handlers/TableMoveHandler.swift",
        "TableView/Handlers/TableSelectionHandler.swift",
        "TableView/Handlers/TableUpdateHandler.swift",
        "TableView/TableCoordinator.swift",
        "TableView/TableElement.swift",
        "TableView/TableSection.swift",
        "TableView/TableSectionProvider.swift"
      ],
      "type" : "library"
    }
  ],
  "tools_version" : "5.2"
}
{
  "workspace" : {
    "name" : "ComposedUI",
    "schemes" : [
      "Composed",
      "ComposedUI"
    ]
  }
}
2026-09-17 05:46:49.596 xcodebuild[685:4290] [MT] IDERunDestination: Supported platforms for the buildables in the current scheme is empty.
2026-09-17 05:46:49.742 xcodebuild[685:4290] [MT] IDERunDestination: Supported platforms for the buildables in the current scheme is empty.
{
  "workspace" : {
    "name" : "ComposedUI",
    "schemes" : [
      "Composed",
      "ComposedUI"
    ]
  }
}
2026-09-17 05:46:50.669 xcodebuild[687:4351] [MT] IDERunDestination: Supported platforms for the buildables in the current scheme is empty.
2026-09-17 05:46:50.814 xcodebuild[687:4351] [MT] IDERunDestination: Supported platforms for the buildables in the current scheme is empty.
Running build ...
env DEVELOPER_DIR=/Applications/Xcode-27.0.0-Release.Candidate.app xcrun xcodebuild -IDEClonedSourcePackagesDirPathOverride=$PWD/.dependencies -skipMacroValidation -skipPackagePluginValidation -derivedDataPath $PWD/.derivedData build -scheme ComposedUI -destination platform=macOS,arch=arm64
Command line invocation:
    /Applications/Xcode-27.0.0-Release.Candidate.app/Contents/Developer/usr/bin/xcodebuild -IDEClonedSourcePackagesDirPathOverride=/Users/admin/builder/spi-builder-workspace/.dependencies -skipMacroValidation -skipPackagePluginValidation -derivedDataPath /Users/admin/builder/spi-builder-workspace/.derivedData build -scheme ComposedUI -destination platform=macOS,arch=arm64
Resolve Package Graph
Resolve Package Graph
Resolved source packages:
  Composed: https://github.com/composed-swift/composed @ 1.1.1
  ComposedUI: /Users/admin/builder/spi-builder-workspace
ComputePackagePrebuildTargetDependencyGraph
Prepare packages
CreateBuildRequest
SendProjectDescription
CreateBuildOperation
ComputeTargetDependencyGraph
note: Building targets in dependency order
note: Target dependency graph (4 targets)
    Target 'ComposedUI-product' in project 'ComposedUI'
        ➜ Explicit dependency on target 'ComposedUI' in project 'ComposedUI'
        ➜ Explicit dependency on target 'Composed-product' in project 'Composed'
    Target 'ComposedUI' in project 'ComposedUI'
        ➜ Explicit dependency on target 'Composed-product' in project 'Composed'
    Target 'Composed-product' in project 'Composed'
        ➜ Explicit dependency on target 'Composed' in project 'Composed'
    Target 'Composed' in project 'Composed' (no dependencies)
GatherProvisioningInputs
CreateBuildDescription
ExecuteExternalTool /Applications/Xcode-27.0.0-Release.Candidate.app/Contents/Developer/Toolchains/XcodeDefault.xctoolchain/usr/bin/clang -v -E -dM -isysroot /Applications/Xcode-27.0.0-Release.Candidate.app/Contents/Developer/Platforms/MacOSX.platform/Developer/SDKs/MacOSX27.0.sdk -x c -c /dev/null
ExecuteExternalTool /Applications/Xcode-27.0.0-Release.Candidate.app/Contents/Developer/Toolchains/XcodeDefault.xctoolchain/usr/bin/swiftc --version
ExecuteExternalTool /Applications/Xcode-27.0.0-Release.Candidate.app/Contents/Developer/Toolchains/XcodeDefault.xctoolchain/usr/bin/ld -version_details
Build description signature: 59c6452ff58df5e0fd3bceb88bac493b
Build description path: /Users/admin/builder/spi-builder-workspace/.derivedData/Build/Intermediates.noindex/XCBuildData/59c6452ff58df5e0fd3bceb88bac493b.xcbuilddata
CreateBuildDirectory /Users/admin/builder/spi-builder-workspace/.derivedData/SDKExplicitPrecompiledModules
    cd /Users/admin/builder/spi-builder-workspace/.swiftpm/xcode
    builtin-create-build-directory /Users/admin/builder/spi-builder-workspace/.derivedData/SDKExplicitPrecompiledModules
CreateBuildDirectory /Users/admin/builder/spi-builder-workspace/.derivedData/CompilationCache.noindex
    cd /Users/admin/builder/spi-builder-workspace/.swiftpm/xcode
    builtin-create-build-directory /Users/admin/builder/spi-builder-workspace/.derivedData/CompilationCache.noindex
CreateBuildDirectory /Users/admin/builder/spi-builder-workspace/.derivedData/ModuleCache.noindex
    cd /Users/admin/builder/spi-builder-workspace/.swiftpm/xcode
    builtin-create-build-directory /Users/admin/builder/spi-builder-workspace/.derivedData/ModuleCache.noindex
ClangStatCache /Applications/Xcode-27.0.0-Release.Candidate.app/Contents/Developer/Toolchains/XcodeDefault.xctoolchain/usr/bin/clang-stat-cache /Applications/Xcode-27.0.0-Release.Candidate.app/Contents/Developer/Platforms/MacOSX.platform/Developer/SDKs/MacOSX27.0.sdk /Users/admin/builder/spi-builder-workspace/.derivedData/SDKStatCaches.noindex/macosx27.0-26A425-e829b21a6f8c9b70876ba0858053c0446a22442a12e9d48fe1a705f55a1adfc4.sdkstatcache
    cd /Users/admin/builder/spi-builder-workspace/.swiftpm/xcode
    /Applications/Xcode-27.0.0-Release.Candidate.app/Contents/Developer/Toolchains/XcodeDefault.xctoolchain/usr/bin/clang-stat-cache /Applications/Xcode-27.0.0-Release.Candidate.app/Contents/Developer/Platforms/MacOSX.platform/Developer/SDKs/MacOSX27.0.sdk -o /Users/admin/builder/spi-builder-workspace/.derivedData/SDKStatCaches.noindex/macosx27.0-26A425-e829b21a6f8c9b70876ba0858053c0446a22442a12e9d48fe1a705f55a1adfc4.sdkstatcache
CreateBuildDirectory /Users/admin/builder/spi-builder-workspace/.derivedData/Build/Products
    cd /Users/admin/builder/spi-builder-workspace/.swiftpm/xcode
    builtin-create-build-directory /Users/admin/builder/spi-builder-workspace/.derivedData/Build/Products
CreateBuildDirectory /Users/admin/builder/spi-builder-workspace/.derivedData/Build/Intermediates.noindex
    cd /Users/admin/builder/spi-builder-workspace/.swiftpm/xcode
    builtin-create-build-directory /Users/admin/builder/spi-builder-workspace/.derivedData/Build/Intermediates.noindex
CreateBuildDirectory /Users/admin/builder/spi-builder-workspace/.derivedData/Build/Intermediates.noindex/SwiftExplicitPrecompiledModules
    cd /Users/admin/builder/spi-builder-workspace/.swiftpm/xcode
    builtin-create-build-directory /Users/admin/builder/spi-builder-workspace/.derivedData/Build/Intermediates.noindex/SwiftExplicitPrecompiledModules
CreateBuildDirectory /Users/admin/builder/spi-builder-workspace/.derivedData/Build/Products/Debug
    cd /Users/admin/builder/spi-builder-workspace/.swiftpm/xcode
    builtin-create-build-directory /Users/admin/builder/spi-builder-workspace/.derivedData/Build/Products/Debug
CreateBuildDirectory /Users/admin/builder/spi-builder-workspace/.derivedData/Build/Intermediates.noindex/PrecompiledHeaders
    cd /Users/admin/builder/spi-builder-workspace/.swiftpm/xcode
    builtin-create-build-directory /Users/admin/builder/spi-builder-workspace/.derivedData/Build/Intermediates.noindex/PrecompiledHeaders
CreateBuildDirectory /Users/admin/builder/spi-builder-workspace/.derivedData/Build/Intermediates.noindex/ExplicitPrecompiledModules
    cd /Users/admin/builder/spi-builder-workspace/.swiftpm/xcode
    builtin-create-build-directory /Users/admin/builder/spi-builder-workspace/.derivedData/Build/Intermediates.noindex/ExplicitPrecompiledModules
CreateBuildDirectory /Users/admin/builder/spi-builder-workspace/.derivedData/Build/Intermediates.noindex/EagerLinkingTBDs/Debug
    cd /Users/admin/builder/spi-builder-workspace/.swiftpm/xcode
    builtin-create-build-directory /Users/admin/builder/spi-builder-workspace/.derivedData/Build/Intermediates.noindex/EagerLinkingTBDs/Debug
CreateBuildDirectory /Users/admin/builder/spi-builder-workspace/.derivedData/Build/Products/Debug/PackageFrameworks
    cd /Users/admin/builder/spi-builder-workspace/.swiftpm/xcode
    builtin-create-build-directory /Users/admin/builder/spi-builder-workspace/.derivedData/Build/Products/Debug/PackageFrameworks
WriteAuxiliaryFile /Users/admin/builder/spi-builder-workspace/.derivedData/Build/Intermediates.noindex/ComposedUI.build/Debug/ComposedUI-t.build/ComposedUI.DependencyStaticMetadataFileList (in target 'ComposedUI' from project 'ComposedUI')
    cd /Users/admin/builder/spi-builder-workspace
    write-file /Users/admin/builder/spi-builder-workspace/.derivedData/Build/Intermediates.noindex/ComposedUI.build/Debug/ComposedUI-t.build/ComposedUI.DependencyStaticMetadataFileList
WriteAuxiliaryFile /Users/admin/builder/spi-builder-workspace/.derivedData/Build/Intermediates.noindex/ComposedUI.build/Debug/ComposedUI-t.build/ComposedUI.modulemap (in target 'ComposedUI' from project 'ComposedUI')
    cd /Users/admin/builder/spi-builder-workspace
    write-file /Users/admin/builder/spi-builder-workspace/.derivedData/Build/Intermediates.noindex/ComposedUI.build/Debug/ComposedUI-t.build/ComposedUI.modulemap
WriteAuxiliaryFile /Users/admin/builder/spi-builder-workspace/.derivedData/Build/Intermediates.noindex/ComposedUI.build/Debug/ComposedUI-t.build/ComposedUI.DependencyMetadataFileList (in target 'ComposedUI' from project 'ComposedUI')
    cd /Users/admin/builder/spi-builder-workspace
    write-file /Users/admin/builder/spi-builder-workspace/.derivedData/Build/Intermediates.noindex/ComposedUI.build/Debug/ComposedUI-t.build/ComposedUI.DependencyMetadataFileList
WriteAuxiliaryFile /Users/admin/builder/spi-builder-workspace/.derivedData/Build/Intermediates.noindex/ComposedUI.build/Debug/ComposedUI-t.build/Objects-normal/arm64/ComposedUI.SwiftConstValuesFileList (in target 'ComposedUI' from project 'ComposedUI')
    cd /Users/admin/builder/spi-builder-workspace
    write-file /Users/admin/builder/spi-builder-workspace/.derivedData/Build/Intermediates.noindex/ComposedUI.build/Debug/ComposedUI-t.build/Objects-normal/arm64/ComposedUI.SwiftConstValuesFileList
WriteAuxiliaryFile /Users/admin/builder/spi-builder-workspace/.derivedData/Build/Intermediates.noindex/ComposedUI.build/Debug/ComposedUI-t.build/Objects-normal/arm64/ComposedUI.LinkFileList (in target 'ComposedUI' from project 'ComposedUI')
    cd /Users/admin/builder/spi-builder-workspace
    write-file /Users/admin/builder/spi-builder-workspace/.derivedData/Build/Intermediates.noindex/ComposedUI.build/Debug/ComposedUI-t.build/Objects-normal/arm64/ComposedUI.LinkFileList
WriteAuxiliaryFile /Users/admin/builder/spi-builder-workspace/.derivedData/Build/Intermediates.noindex/ComposedUI.build/Debug/ComposedUI-t.build/Objects-normal/arm64/ComposedUI-OutputFileMap.json (in target 'ComposedUI' from project 'ComposedUI')
    cd /Users/admin/builder/spi-builder-workspace
    write-file /Users/admin/builder/spi-builder-workspace/.derivedData/Build/Intermediates.noindex/ComposedUI.build/Debug/ComposedUI-t.build/Objects-normal/arm64/ComposedUI-OutputFileMap.json
WriteAuxiliaryFile /Users/admin/builder/spi-builder-workspace/.derivedData/Build/Intermediates.noindex/ComposedUI.build/Debug/ComposedUI-t.build/Objects-normal/arm64/ComposedUI.SwiftFileList (in target 'ComposedUI' from project 'ComposedUI')
    cd /Users/admin/builder/spi-builder-workspace
    write-file /Users/admin/builder/spi-builder-workspace/.derivedData/Build/Intermediates.noindex/ComposedUI.build/Debug/ComposedUI-t.build/Objects-normal/arm64/ComposedUI.SwiftFileList
WriteAuxiliaryFile /Users/admin/builder/spi-builder-workspace/.derivedData/Build/Intermediates.noindex/ComposedUI.build/Debug/ComposedUI-t.build/Objects-normal/arm64/ComposedUI_const_extract_protocols.json (in target 'ComposedUI' from project 'ComposedUI')
    cd /Users/admin/builder/spi-builder-workspace
    write-file /Users/admin/builder/spi-builder-workspace/.derivedData/Build/Intermediates.noindex/ComposedUI.build/Debug/ComposedUI-t.build/Objects-normal/arm64/ComposedUI_const_extract_protocols.json
WriteAuxiliaryFile /Users/admin/builder/spi-builder-workspace/.derivedData/Build/Intermediates.noindex/Composed.build/Debug/Composed-t.build/Objects-normal/arm64/Composed_const_extract_protocols.json (in target 'Composed' from project 'Composed')
    cd /Users/admin/builder/spi-builder-workspace/.dependencies/checkouts/composed
    write-file /Users/admin/builder/spi-builder-workspace/.derivedData/Build/Intermediates.noindex/Composed.build/Debug/Composed-t.build/Objects-normal/arm64/Composed_const_extract_protocols.json
WriteAuxiliaryFile /Users/admin/builder/spi-builder-workspace/.derivedData/Build/Intermediates.noindex/Composed.build/Debug/Composed-t.build/Objects-normal/arm64/Composed.SwiftConstValuesFileList (in target 'Composed' from project 'Composed')
    cd /Users/admin/builder/spi-builder-workspace/.dependencies/checkouts/composed
    write-file /Users/admin/builder/spi-builder-workspace/.derivedData/Build/Intermediates.noindex/Composed.build/Debug/Composed-t.build/Objects-normal/arm64/Composed.SwiftConstValuesFileList
WriteAuxiliaryFile /Users/admin/builder/spi-builder-workspace/.derivedData/Build/Intermediates.noindex/Composed.build/Debug/Composed-t.build/Objects-normal/arm64/Composed.SwiftFileList (in target 'Composed' from project 'Composed')
    cd /Users/admin/builder/spi-builder-workspace/.dependencies/checkouts/composed
    write-file /Users/admin/builder/spi-builder-workspace/.derivedData/Build/Intermediates.noindex/Composed.build/Debug/Composed-t.build/Objects-normal/arm64/Composed.SwiftFileList
WriteAuxiliaryFile /Users/admin/builder/spi-builder-workspace/.derivedData/Build/Intermediates.noindex/Composed.build/Debug/Composed-t.build/Objects-normal/arm64/Composed-OutputFileMap.json (in target 'Composed' from project 'Composed')
    cd /Users/admin/builder/spi-builder-workspace/.dependencies/checkouts/composed
    write-file /Users/admin/builder/spi-builder-workspace/.derivedData/Build/Intermediates.noindex/Composed.build/Debug/Composed-t.build/Objects-normal/arm64/Composed-OutputFileMap.json
WriteAuxiliaryFile /Users/admin/builder/spi-builder-workspace/.derivedData/Build/Intermediates.noindex/Composed.build/Debug/Composed-t.build/Objects-normal/arm64/Composed.LinkFileList (in target 'Composed' from project 'Composed')
    cd /Users/admin/builder/spi-builder-workspace/.dependencies/checkouts/composed
    write-file /Users/admin/builder/spi-builder-workspace/.derivedData/Build/Intermediates.noindex/Composed.build/Debug/Composed-t.build/Objects-normal/arm64/Composed.LinkFileList
Copy /Users/admin/builder/spi-builder-workspace/.derivedData/Build/Intermediates.noindex/GeneratedModuleMaps/ComposedUI.modulemap /Users/admin/builder/spi-builder-workspace/.derivedData/Build/Intermediates.noindex/ComposedUI.build/Debug/ComposedUI-t.build/ComposedUI.modulemap (in target 'ComposedUI' from project 'ComposedUI')
    cd /Users/admin/builder/spi-builder-workspace
    builtin-copy -exclude .DS_Store -exclude CVS -exclude .svn -exclude .git -exclude .hg -resolve-src-symlinks /Users/admin/builder/spi-builder-workspace/.derivedData/Build/Intermediates.noindex/ComposedUI.build/Debug/ComposedUI-t.build/ComposedUI.modulemap /Users/admin/builder/spi-builder-workspace/.derivedData/Build/Intermediates.noindex/GeneratedModuleMaps
WriteAuxiliaryFile /Users/admin/builder/spi-builder-workspace/.derivedData/Build/Intermediates.noindex/Composed.build/Debug/Composed-t.build/Composed.modulemap (in target 'Composed' from project 'Composed')
    cd /Users/admin/builder/spi-builder-workspace/.dependencies/checkouts/composed
    write-file /Users/admin/builder/spi-builder-workspace/.derivedData/Build/Intermediates.noindex/Composed.build/Debug/Composed-t.build/Composed.modulemap
WriteAuxiliaryFile /Users/admin/builder/spi-builder-workspace/.derivedData/Build/Intermediates.noindex/Composed.build/Debug/Composed-t.build/Composed.DependencyStaticMetadataFileList (in target 'Composed' from project 'Composed')
    cd /Users/admin/builder/spi-builder-workspace/.dependencies/checkouts/composed
    write-file /Users/admin/builder/spi-builder-workspace/.derivedData/Build/Intermediates.noindex/Composed.build/Debug/Composed-t.build/Composed.DependencyStaticMetadataFileList
WriteAuxiliaryFile /Users/admin/builder/spi-builder-workspace/.derivedData/Build/Intermediates.noindex/Composed.build/Debug/Composed-t.build/Composed.DependencyMetadataFileList (in target 'Composed' from project 'Composed')
    cd /Users/admin/builder/spi-builder-workspace/.dependencies/checkouts/composed
    write-file /Users/admin/builder/spi-builder-workspace/.derivedData/Build/Intermediates.noindex/Composed.build/Debug/Composed-t.build/Composed.DependencyMetadataFileList
Copy /Users/admin/builder/spi-builder-workspace/.derivedData/Build/Intermediates.noindex/GeneratedModuleMaps/Composed.modulemap /Users/admin/builder/spi-builder-workspace/.derivedData/Build/Intermediates.noindex/Composed.build/Debug/Composed-t.build/Composed.modulemap (in target 'Composed' from project 'Composed')
    cd /Users/admin/builder/spi-builder-workspace/.dependencies/checkouts/composed
    builtin-copy -exclude .DS_Store -exclude CVS -exclude .svn -exclude .git -exclude .hg -resolve-src-symlinks /Users/admin/builder/spi-builder-workspace/.derivedData/Build/Intermediates.noindex/Composed.build/Debug/Composed-t.build/Composed.modulemap /Users/admin/builder/spi-builder-workspace/.derivedData/Build/Intermediates.noindex/GeneratedModuleMaps
SwiftDriver Composed normal arm64 com.apple.xcode.tools.swift.compiler (in target 'Composed' from project 'Composed')
    cd /Users/admin/builder/spi-builder-workspace/.swiftpm/xcode
    builtin-SwiftDriver -- /Applications/Xcode-27.0.0-Release.Candidate.app/Contents/Developer/Toolchains/XcodeDefault.xctoolchain/usr/bin/swiftc -parse-as-library -module-name Composed -Onone @/Users/admin/builder/spi-builder-workspace/.derivedData/Build/Intermediates.noindex/Composed.build/Debug/Composed-t.build/Objects-normal/arm64/Composed.SwiftFileList -DSWIFT_PACKAGE -DDEBUG -DSWIFT_MODULE_RESOURCE_BUNDLE_UNAVAILABLE -DXcode -plugin-path /Applications/Xcode-27.0.0-Release.Candidate.app/Contents/Developer/Toolchains/XcodeDefault.xctoolchain/usr/lib/swift/host/plugins/testing -enable-experimental-feature DebugDescriptionMacro -sdk /Applications/Xcode-27.0.0-Release.Candidate.app/Contents/Developer/Platforms/MacOSX.platform/Developer/SDKs/MacOSX27.0.sdk -target arm64-apple-macos12.0 -g -module-cache-path /Users/admin/builder/spi-builder-workspace/.derivedData/ModuleCache.noindex -Xfrontend -serialize-debugging-options -enable-testing -suppress-warnings -index-store-path /Users/admin/builder/spi-builder-workspace/.derivedData/Index.noindex/DataStore -Xcc -D_LIBCPP_HARDENING_MODE\=_LIBCPP_HARDENING_MODE_DEBUG -swift-version 5 -I /Users/admin/builder/spi-builder-workspace/.derivedData/Build/Products/Debug -Isystem /Applications/Xcode-27.0.0-Release.Candidate.app/Contents/Developer/Platforms/MacOSX.platform/Developer/usr/lib -F /Users/admin/builder/spi-builder-workspace/.derivedData/Build/Products/Debug -F /Applications/Xcode-27.0.0-Release.Candidate.app/Contents/Developer/Platforms/MacOSX.platform/Developer/Library/Frameworks -c -j10 -enable-batch-mode -incremental -Xcc -ivfsstatcache -Xcc /Users/admin/builder/spi-builder-workspace/.derivedData/SDKStatCaches.noindex/macosx27.0-26A425-e829b21a6f8c9b70876ba0858053c0446a22442a12e9d48fe1a705f55a1adfc4.sdkstatcache -output-file-map /Users/admin/builder/spi-builder-workspace/.derivedData/Build/Intermediates.noindex/Composed.build/Debug/Composed-t.build/Objects-normal/arm64/Composed-OutputFileMap.json -save-temps -no-color-diagnostics -explicit-module-build -module-cache-path /Users/admin/builder/spi-builder-workspace/.derivedData/Build/Intermediates.noindex/SwiftExplicitPrecompiledModules -clang-scanner-module-cache-path /Users/admin/builder/spi-builder-workspace/.derivedData/ModuleCache.noindex -sdk-module-cache-path /Users/admin/builder/spi-builder-workspace/.derivedData/SDKExplicitPrecompiledModules -emit-dependencies -emit-module -emit-module-path /Users/admin/builder/spi-builder-workspace/.derivedData/Build/Intermediates.noindex/Composed.build/Debug/Composed-t.build/Objects-normal/arm64/Composed.swiftmodule -serialize-diagnostics -dependency-scan-serialize-diagnostics-path /Users/admin/builder/spi-builder-workspace/.derivedData/Build/Intermediates.noindex/Composed.build/Debug/Composed-t.build/Objects-normal/arm64/Composed-dependency-scan.dia -validate-clang-modules-once -clang-build-session-file /Users/admin/builder/spi-builder-workspace/.derivedData/ModuleCache.noindex/Session.modulevalidation -Xcc -fmodules-prune-interval\=86400 -Xcc -fmodules-prune-after\=345600 -emit-const-values -const-gather-protocols-list /Users/admin/builder/spi-builder-workspace/.derivedData/Build/Intermediates.noindex/Composed.build/Debug/Composed-t.build/Objects-normal/arm64/Composed_const_extract_protocols.json -Xcc -I/Users/admin/builder/spi-builder-workspace/.derivedData/Build/Products/Debug/include -Xcc -I/Users/admin/builder/spi-builder-workspace/.derivedData/Build/Intermediates.noindex/Composed.build/Debug/Composed-t.build/DerivedSources-normal/arm64 -Xcc -I/Users/admin/builder/spi-builder-workspace/.derivedData/Build/Intermediates.noindex/Composed.build/Debug/Composed-t.build/DerivedSources/arm64 -Xcc -I/Users/admin/builder/spi-builder-workspace/.derivedData/Build/Intermediates.noindex/Composed.build/Debug/Composed-t.build/DerivedSources -Xcc -DSWIFT_PACKAGE -Xcc -DDEBUG\=1 -emit-objc-header -emit-objc-header-path /Users/admin/builder/spi-builder-workspace/.derivedData/Build/Intermediates.noindex/Composed.build/Debug/Composed-t.build/Objects-normal/arm64/Composed-Swift.h -working-directory /Users/admin/builder/spi-builder-workspace/.swiftpm/xcode -experimental-emit-module-separately -disable-cmo
/Users/admin/builder/spi-builder-workspace/.dependencies/checkouts/composed/Sources/Composed/Core/SectionProviderMapping.swift:1:8: error: Unable to resolve module dependency: 'UIKit' (in target 'Composed' from project 'Composed')
    note: A dependency of main module 'Composed'
    /Users/admin/builder/spi-builder-workspace/.dependencies/checkouts/composed/Sources/Composed/Handlers/MoveHandler.swift:1:8: note: Also imported here
/Users/admin/builder/spi-builder-workspace/.dependencies/checkouts/composed/Sources/Composed/Core/SectionProviderMapping.swift:1:8: note: A dependency of main module 'Composed'
import UIKit
       ^ (in target 'Composed' from project 'Composed')
/Users/admin/builder/spi-builder-workspace/.dependencies/checkouts/composed/Sources/Composed/Handlers/MoveHandler.swift:1:8: note: Also imported here
import UIKit
       ^ (in target 'Composed' from project 'Composed')
PruneExplicitPrecompiledModules /Users/admin/builder/spi-builder-workspace/.derivedData/Build/Intermediates.noindex/ExplicitPrecompiledModules
PruneExplicitPrecompiledModules /Users/admin/builder/spi-builder-workspace/.derivedData/SDKExplicitPrecompiledModules
PruneExplicitPrecompiledModules /Users/admin/builder/spi-builder-workspace/.derivedData/Build/Intermediates.noindex/SwiftExplicitPrecompiledModules
2026-09-17 05:46:51.690 xcodebuild[688:4379] [MT] IDERunDestination: Supported platforms for the buildables in the current scheme is empty.
2026-09-17 05:46:51.836 xcodebuild[688:4379] [MT] IDERunDestination: Supported platforms for the buildables in the current scheme is empty.
--- xcodebuild: WARNING: Using the first of multiple matching destinations:
{ platform:macOS, arch:arm64, id:3a09b09885f3a2cd4970bf515af7bde2628a47dd, name:My Mac }
{ platform:macOS, arch:arm64, variant:Mac Catalyst, id:3a09b09885f3a2cd4970bf515af7bde2628a47dd, name:My Mac }
{ platform:macOS, arch:arm64, variant:DriverKit, id:3a09b09885f3a2cd4970bf515af7bde2628a47dd, name:My Mac }
{ platform:macOS, arch:arm64, variant:Designed for [iPad,iPhone], id:3a09b09885f3a2cd4970bf515af7bde2628a47dd, name:My Mac }
** BUILD FAILED **
The following build commands failed:
	SwiftDriver Composed normal arm64 com.apple.xcode.tools.swift.compiler (in target 'Composed' from project 'Composed')
	Building workspace ComposedUI with scheme ComposedUI
(2 failures)
Command line invocation:
    /Applications/Xcode-27.0.0-Release.Candidate.app/Contents/Developer/usr/bin/xcodebuild -IDEClonedSourcePackagesDirPathOverride=/Users/admin/builder/spi-builder-workspace/.dependencies -resolvePackageDependencies
Resolve Package Graph
Resolved source packages:
  ComposedUI: /Users/admin/builder/spi-builder-workspace
  Composed: https://github.com/composed-swift/composed @ 1.1.1
resolved source packages: ComposedUI, Composed
2026-09-17 05:46:57.692 xcodebuild[711:4588] [MT] IDERunDestination: Supported platforms for the buildables in the current scheme is empty.
2026-09-17 05:46:57.835 xcodebuild[711:4588] [MT] IDERunDestination: Supported platforms for the buildables in the current scheme is empty.
{
  "dependencies" : [
    {
      "identity" : "composed",
      "requirement" : {
        "range" : [
          {
            "lower_bound" : "1.0.0",
            "upper_bound" : "2.0.0"
          }
        ]
      },
      "type" : "sourceControl",
      "url" : "https://github.com/composed-swift/composed"
    }
  ],
  "manifest_display_name" : "ComposedUI",
  "name" : "ComposedUI",
  "path" : "/Users/admin/builder/spi-builder-workspace",
  "platforms" : [
    {
      "name" : "ios",
      "version" : "11.0"
    }
  ],
  "products" : [
    {
      "name" : "ComposedUI",
      "targets" : [
        "ComposedUI"
      ],
      "type" : {
        "library" : [
          "automatic"
        ]
      }
    }
  ],
  "targets" : [
    {
      "c99name" : "ComposedUITests",
      "module_type" : "SwiftTarget",
      "name" : "ComposedUITests",
      "path" : "Tests/ComposedUITests",
      "product_dependencies" : [
        "Composed"
      ],
      "sources" : [
        "CollectionCoordinator.swift"
      ],
      "target_dependencies" : [
        "ComposedUI"
      ],
      "type" : "test"
    },
    {
      "c99name" : "ComposedUI",
      "module_type" : "SwiftTarget",
      "name" : "ComposedUI",
      "path" : "Sources/ComposedUI",
      "product_dependencies" : [
        "Composed"
      ],
      "product_memberships" : [
        "ComposedUI"
      ],
      "sources" : [
        "CollectionView/CollectionCoordinator.swift",
        "CollectionView/CollectionElement.swift",
        "CollectionView/CollectionSection.swift",
        "CollectionView/CollectionSectionProvider.swift",
        "CollectionView/Handlers/CollectionContextMenuHandler.swift",
        "CollectionView/Handlers/CollectionDragHandler.swift",
        "CollectionView/Handlers/CollectionDropHandler.swift",
        "CollectionView/Handlers/CollectionEditingHandler.swift",
        "CollectionView/Handlers/CollectionSelectionHandler.swift",
        "CollectionView/Handlers/CollectionUpdateHandler.swift",
        "Common/IndexPath+Identifier.swift",
        "Common/Reuse.swift",
        "Common/Types.swift",
        "StackView/ComposedSectionView.swift",
        "StackView/ComposedStackView.swift",
        "StackView/ComposedView.swift",
        "StackView/ComposedViewCell.swift",
        "StackView/StackCoordinator.swift",
        "StackView/StackElement.swift",
        "StackView/StackElementsProvider.swift",
        "StackView/StackSection.swift",
        "TableView/Handlers/TableAccessoryHandler.swift",
        "TableView/Handlers/TableActionsHandler.swift",
        "TableView/Handlers/TableContextMenuHandler.swift",
        "TableView/Handlers/TableDropHandler.swift",
        "TableView/Handlers/TableEditingHandler.swift",
        "TableView/Handlers/TableLayoutHandler.swift",
        "TableView/Handlers/TableMoveHandler.swift",
        "TableView/Handlers/TableSelectionHandler.swift",
        "TableView/Handlers/TableUpdateHandler.swift",
        "TableView/TableCoordinator.swift",
        "TableView/TableElement.swift",
        "TableView/TableSection.swift",
        "TableView/TableSectionProvider.swift"
      ],
      "type" : "library"
    }
  ],
  "tools_version" : "5.2"
}
{
  "workspace" : {
    "name" : "ComposedUI",
    "schemes" : [
      "Composed",
      "ComposedUI"
    ]
  }
}
2026-09-17 05:46:58.919 xcodebuild[719:4656] [MT] IDERunDestination: Supported platforms for the buildables in the current scheme is empty.
2026-09-17 05:46:59.058 xcodebuild[719:4656] [MT] IDERunDestination: Supported platforms for the buildables in the current scheme is empty.
{
  "workspace" : {
    "name" : "ComposedUI",
    "schemes" : [
      "Composed",
      "ComposedUI"
    ]
  }
}
2026-09-17 05:46:59.902 xcodebuild[721:4686] [MT] IDERunDestination: Supported platforms for the buildables in the current scheme is empty.
2026-09-17 05:47:00.043 xcodebuild[721:4686] [MT] IDERunDestination: Supported platforms for the buildables in the current scheme is empty.
Running build ...
env DEVELOPER_DIR=/Applications/Xcode-27.0.0-Release.Candidate.app xcrun xcodebuild -IDEClonedSourcePackagesDirPathOverride=$PWD/.dependencies -skipMacroValidation -skipPackagePluginValidation -derivedDataPath $PWD/.derivedData build -scheme ComposedUI -destination platform=macOS,arch=arm64
Command line invocation:
    /Applications/Xcode-27.0.0-Release.Candidate.app/Contents/Developer/usr/bin/xcodebuild -IDEClonedSourcePackagesDirPathOverride=/Users/admin/builder/spi-builder-workspace/.dependencies -skipMacroValidation -skipPackagePluginValidation -derivedDataPath /Users/admin/builder/spi-builder-workspace/.derivedData build -scheme ComposedUI -destination platform=macOS,arch=arm64
Resolve Package Graph
Resolved source packages:
  Composed: https://github.com/composed-swift/composed @ 1.1.1
  ComposedUI: /Users/admin/builder/spi-builder-workspace
ComputePackagePrebuildTargetDependencyGraph
Prepare packages
CreateBuildRequest
SendProjectDescription
CreateBuildOperation
ComputeTargetDependencyGraph
note: Building targets in dependency order
note: Target dependency graph (4 targets)
    Target 'ComposedUI-product' in project 'ComposedUI'
        ➜ Explicit dependency on target 'ComposedUI' in project 'ComposedUI'
        ➜ Explicit dependency on target 'Composed-product' in project 'Composed'
    Target 'ComposedUI' in project 'ComposedUI'
        ➜ Explicit dependency on target 'Composed-product' in project 'Composed'
    Target 'Composed-product' in project 'Composed'
        ➜ Explicit dependency on target 'Composed' in project 'Composed'
    Target 'Composed' in project 'Composed' (no dependencies)
GatherProvisioningInputs
CreateBuildDescription
ClangStatCache /Applications/Xcode-27.0.0-Release.Candidate.app/Contents/Developer/Toolchains/XcodeDefault.xctoolchain/usr/bin/clang-stat-cache /Applications/Xcode-27.0.0-Release.Candidate.app/Contents/Developer/Platforms/MacOSX.platform/Developer/SDKs/MacOSX27.0.sdk /Users/admin/builder/spi-builder-workspace/.derivedData/SDKStatCaches.noindex/macosx27.0-26A425-e829b21a6f8c9b70876ba0858053c0446a22442a12e9d48fe1a705f55a1adfc4.sdkstatcache
    cd /Users/admin/builder/spi-builder-workspace/.swiftpm/xcode
    /Applications/Xcode-27.0.0-Release.Candidate.app/Contents/Developer/Toolchains/XcodeDefault.xctoolchain/usr/bin/clang-stat-cache /Applications/Xcode-27.0.0-Release.Candidate.app/Contents/Developer/Platforms/MacOSX.platform/Developer/SDKs/MacOSX27.0.sdk -o /Users/admin/builder/spi-builder-workspace/.derivedData/SDKStatCaches.noindex/macosx27.0-26A425-e829b21a6f8c9b70876ba0858053c0446a22442a12e9d48fe1a705f55a1adfc4.sdkstatcache
SwiftDriver Composed normal arm64 com.apple.xcode.tools.swift.compiler (in target 'Composed' from project 'Composed')
    cd /Users/admin/builder/spi-builder-workspace/.swiftpm/xcode
    builtin-SwiftDriver -- /Applications/Xcode-27.0.0-Release.Candidate.app/Contents/Developer/Toolchains/XcodeDefault.xctoolchain/usr/bin/swiftc -parse-as-library -module-name Composed -Onone @/Users/admin/builder/spi-builder-workspace/.derivedData/Build/Intermediates.noindex/Composed.build/Debug/Composed-t.build/Objects-normal/arm64/Composed.SwiftFileList -DSWIFT_PACKAGE -DDEBUG -DSWIFT_MODULE_RESOURCE_BUNDLE_UNAVAILABLE -DXcode -plugin-path /Applications/Xcode-27.0.0-Release.Candidate.app/Contents/Developer/Toolchains/XcodeDefault.xctoolchain/usr/lib/swift/host/plugins/testing -enable-experimental-feature DebugDescriptionMacro -sdk /Applications/Xcode-27.0.0-Release.Candidate.app/Contents/Developer/Platforms/MacOSX.platform/Developer/SDKs/MacOSX27.0.sdk -target arm64-apple-macos12.0 -g -module-cache-path /Users/admin/builder/spi-builder-workspace/.derivedData/ModuleCache.noindex -Xfrontend -serialize-debugging-options -enable-testing -suppress-warnings -index-store-path /Users/admin/builder/spi-builder-workspace/.derivedData/Index.noindex/DataStore -Xcc -D_LIBCPP_HARDENING_MODE\=_LIBCPP_HARDENING_MODE_DEBUG -swift-version 5 -I /Users/admin/builder/spi-builder-workspace/.derivedData/Build/Products/Debug -Isystem /Applications/Xcode-27.0.0-Release.Candidate.app/Contents/Developer/Platforms/MacOSX.platform/Developer/usr/lib -F /Users/admin/builder/spi-builder-workspace/.derivedData/Build/Products/Debug -F /Applications/Xcode-27.0.0-Release.Candidate.app/Contents/Developer/Platforms/MacOSX.platform/Developer/Library/Frameworks -c -j10 -enable-batch-mode -incremental -Xcc -ivfsstatcache -Xcc /Users/admin/builder/spi-builder-workspace/.derivedData/SDKStatCaches.noindex/macosx27.0-26A425-e829b21a6f8c9b70876ba0858053c0446a22442a12e9d48fe1a705f55a1adfc4.sdkstatcache -output-file-map /Users/admin/builder/spi-builder-workspace/.derivedData/Build/Intermediates.noindex/Composed.build/Debug/Composed-t.build/Objects-normal/arm64/Composed-OutputFileMap.json -save-temps -no-color-diagnostics -explicit-module-build -module-cache-path /Users/admin/builder/spi-builder-workspace/.derivedData/Build/Intermediates.noindex/SwiftExplicitPrecompiledModules -clang-scanner-module-cache-path /Users/admin/builder/spi-builder-workspace/.derivedData/ModuleCache.noindex -sdk-module-cache-path /Users/admin/builder/spi-builder-workspace/.derivedData/SDKExplicitPrecompiledModules -emit-dependencies -emit-module -emit-module-path /Users/admin/builder/spi-builder-workspace/.derivedData/Build/Intermediates.noindex/Composed.build/Debug/Composed-t.build/Objects-normal/arm64/Composed.swiftmodule -serialize-diagnostics -dependency-scan-serialize-diagnostics-path /Users/admin/builder/spi-builder-workspace/.derivedData/Build/Intermediates.noindex/Composed.build/Debug/Composed-t.build/Objects-normal/arm64/Composed-dependency-scan.dia -validate-clang-modules-once -clang-build-session-file /Users/admin/builder/spi-builder-workspace/.derivedData/ModuleCache.noindex/Session.modulevalidation -Xcc -fmodules-prune-interval\=86400 -Xcc -fmodules-prune-after\=345600 -emit-const-values -const-gather-protocols-list /Users/admin/builder/spi-builder-workspace/.derivedData/Build/Intermediates.noindex/Composed.build/Debug/Composed-t.build/Objects-normal/arm64/Composed_const_extract_protocols.json -Xcc -I/Users/admin/builder/spi-builder-workspace/.derivedData/Build/Products/Debug/include -Xcc -I/Users/admin/builder/spi-builder-workspace/.derivedData/Build/Intermediates.noindex/Composed.build/Debug/Composed-t.build/DerivedSources-normal/arm64 -Xcc -I/Users/admin/builder/spi-builder-workspace/.derivedData/Build/Intermediates.noindex/Composed.build/Debug/Composed-t.build/DerivedSources/arm64 -Xcc -I/Users/admin/builder/spi-builder-workspace/.derivedData/Build/Intermediates.noindex/Composed.build/Debug/Composed-t.build/DerivedSources -Xcc -DSWIFT_PACKAGE -Xcc -DDEBUG\=1 -emit-objc-header -emit-objc-header-path /Users/admin/builder/spi-builder-workspace/.derivedData/Build/Intermediates.noindex/Composed.build/Debug/Composed-t.build/Objects-normal/arm64/Composed-Swift.h -working-directory /Users/admin/builder/spi-builder-workspace/.swiftpm/xcode -experimental-emit-module-separately -disable-cmo
/Users/admin/builder/spi-builder-workspace/.dependencies/checkouts/composed/Sources/Composed/Core/SectionProviderMapping.swift:1:8: error: Unable to resolve module dependency: 'UIKit' (in target 'Composed' from project 'Composed')
    note: A dependency of main module 'Composed'
    /Users/admin/builder/spi-builder-workspace/.dependencies/checkouts/composed/Sources/Composed/Handlers/MoveHandler.swift:1:8: note: Also imported here
/Users/admin/builder/spi-builder-workspace/.dependencies/checkouts/composed/Sources/Composed/Core/SectionProviderMapping.swift:1:8: note: A dependency of main module 'Composed'
import UIKit
       ^ (in target 'Composed' from project 'Composed')
/Users/admin/builder/spi-builder-workspace/.dependencies/checkouts/composed/Sources/Composed/Handlers/MoveHandler.swift:1:8: note: Also imported here
import UIKit
       ^ (in target 'Composed' from project 'Composed')
PruneExplicitPrecompiledModules /Users/admin/builder/spi-builder-workspace/.derivedData/Build/Intermediates.noindex/ExplicitPrecompiledModules
PruneExplicitPrecompiledModules /Users/admin/builder/spi-builder-workspace/.derivedData/Build/Intermediates.noindex/SwiftExplicitPrecompiledModules
PruneExplicitPrecompiledModules /Users/admin/builder/spi-builder-workspace/.derivedData/SDKExplicitPrecompiledModules
2026-09-17 05:47:00.963 xcodebuild[722:4711] [MT] IDERunDestination: Supported platforms for the buildables in the current scheme is empty.
2026-09-17 05:47:01.112 xcodebuild[722:4711] [MT] IDERunDestination: Supported platforms for the buildables in the current scheme is empty.
--- xcodebuild: WARNING: Using the first of multiple matching destinations:
{ platform:macOS, arch:arm64, id:3a09b09885f3a2cd4970bf515af7bde2628a47dd, name:My Mac }
{ platform:macOS, arch:arm64, variant:Mac Catalyst, id:3a09b09885f3a2cd4970bf515af7bde2628a47dd, name:My Mac }
{ platform:macOS, arch:arm64, variant:DriverKit, id:3a09b09885f3a2cd4970bf515af7bde2628a47dd, name:My Mac }
{ platform:macOS, arch:arm64, variant:Designed for [iPad,iPhone], id:3a09b09885f3a2cd4970bf515af7bde2628a47dd, name:My Mac }
** BUILD FAILED **
The following build commands failed:
	SwiftDriver Composed normal arm64 com.apple.xcode.tools.swift.compiler (in target 'Composed' from project 'Composed')
	Building workspace ComposedUI with scheme ComposedUI
(2 failures)
BUILD FAILURE 6.4 macosXcodebuild