The Swift Package Index logo.Swift Package Index

Build Information

Failed to build ETCarouSwift, reference master (98bdb6), with Swift 6.4 for macOS (SPM) on 24 Sep 2026 00:30:49 UTC.

Build Command

env DEVELOPER_DIR=/Applications/Xcode-27.0.0-Release.Candidate.app xcrun swift build --arch arm64

Build Log

========================================
RunAll
========================================
Builder version: 5.1.0
Interrupt handler set up.
========================================
Checkout
========================================
Clone URL: https://github.com/helenhell/ETCarouSwift.git
Reference: master
Initialized empty Git repository in /Users/admin/builder/spi-builder-workspace/.git/
From https://github.com/helenhell/ETCarouSwift
 * branch            master     -> FETCH_HEAD
 * [new branch]      master     -> origin/master
HEAD is now at 98bdb67 added release notes
Cloned https://github.com/helenhell/ETCarouSwift.git
Revision (git rev-parse @):
98bdb677a5fa699c25e83aaf5bdcc19bc038007e
SUCCESS checkout https://github.com/helenhell/ETCarouSwift.git at master
========================================
Build
========================================
Selected platform:         macosSpm
Swift version:             6.4
Building package at path:  $PWD
https://github.com/helenhell/ETCarouSwift.git
Running build ...
env DEVELOPER_DIR=/Applications/Xcode-27.0.0-Release.Candidate.app xcrun swift build --arch arm64
Building for debugging...
[Planning deferred tasks]
[19 / 28]
[20 / 29] ETCarouSwift
[30 / 106]
[33 / 106]
[41 / 106]
[43 / 106]
[44 / 106]
[49 / 106]
[51 / 106]
[53 / 106]
[56 / 106]
[61 / 106]
[64 / 106]
[66 / 106]
[67 / 106]
[77 / 106]
[79 / 106]
[80 / 106]
[83 / 106]
[85 / 106]
[97 / 106] ETCarouSwift
error: SwiftCompile normal arm64 failed with a nonzero exit code. Command line:     cd /Users/admin/builder

/Users/admin/builder/spi-builder-workspace/ETCarouSwift/CarouView.swift:61:20: error: cannot find type 'UIImage' in scope
59 |     /// Convenience initializer for UIImage array (basic carousel).
60 |     public init(
61 |         imageSet: [UIImage],
   |                    `- error: cannot find type 'UIImage' in scope
62 |         configuration: CarouViewConfiguration = CarouViewConfiguration(),
63 |         onImageChanged: ((Int) -> Void)? = nil,
/Users/admin/builder/spi-builder-workspace/ETCarouSwift/CarouViewConfiguration.swift:221:41: error: reference to member 'systemBackground' cannot be resolved without a contextual type
219 |         imageBorderWidth: CGFloat = 0,
220 |         imageBorderColor: Color = .clear,
221 |         backgroundColor: Color = Color(.systemBackground),
    |                                         `- error: reference to member 'systemBackground' cannot be resolved without a contextual type
222 |         backgroundBorderWidth: CGFloat = 0,
223 |         backgroundBorderColor: Color = .clear,
Failed frontend command:
/Applications/Xcode-27.0.0-Release.Candidate.app/Contents/Developer/Toolchains/XcodeDefault.xctoolchain/usr/bin/swift-frontend -frontend -emit-module -experimental-skip-non-inlinable-function-bodies-without-types /Users/admin/builder/spi-builder-workspace/ETCarouSwift/BasicCarouView.swift /Users/admin/builder/spi-builder-workspace/ETCarouSwift/CarouConstants.swift /Users/admin/builder/spi-builder-workspace/ETCarouSwift/CarouFontHelper.swift /Users/admin/builder/spi-builder-workspace/ETCarouSwift/CarouImageScaleModifier.swift /Users/admin/builder/spi-builder-workspace/ETCarouSwift/CarouItem.swift /Users/admin/builder/spi-builder-workspace/ETCarouSwift/CarouPageControl.swift /Users/admin/builder/spi-builder-workspace/ETCarouSwift/CarouScrollLogic.swift /Users/admin/builder/spi-builder-workspace/ETCarouSwift/CarouView.swift /Users/admin/builder/spi-builder-workspace/ETCarouSwift/CarouViewConfiguration.swift /Users/admin/builder/spi-builder-workspace/ETCarouSwift/EnrichedCarouView.swift -target arm64-apple-macos12.0 -disable-cross-import-overlay-search -load-resolved-plugin /Applications/Xcode-27.0.0-Release.Candidate.app/Contents/Developer/Platforms/MacOSX.platform/Developer/usr/lib/swift/host/plugins/libFoundationMacros.dylib\#/Applications/Xcode-27.0.0-Release.Candidate.app/Contents/Developer/Platforms/MacOSX.platform/Developer/usr/bin/swift-plugin-server\#FoundationMacros -load-resolved-plugin /Applications/Xcode-27.0.0-Release.Candidate.app/Contents/Developer/Platforms/MacOSX.platform/Developer/usr/lib/swift/host/plugins/libObservationMacros.dylib\#/Applications/Xcode-27.0.0-Release.Candidate.app/Contents/Developer/Platforms/MacOSX.platform/Developer/usr/bin/swift-plugin-server\#ObservationMacros -load-resolved-plugin /Applications/Xcode-27.0.0-Release.Candidate.app/Contents/Developer/Platforms/MacOSX.platform/Developer/usr/lib/swift/host/plugins/libPreviewsMacros.dylib\#/Applications/Xcode-27.0.0-Release.Candidate.app/Contents/Developer/Platforms/MacOSX.platform/Developer/usr/bin/swift-plugin-server\#PreviewsMacros -load-resolved-plugin /Applications/Xcode-27.0.0-Release.Candidate.app/Contents/Developer/Platforms/MacOSX.platform/Developer/usr/lib/swift/host/plugins/libSwiftMacros.dylib\#/Applications/Xcode-27.0.0-Release.Candidate.app/Contents/Developer/Platforms/MacOSX.platform/Developer/usr/bin/swift-plugin-server\#SwiftMacros -load-resolved-plugin /Applications/Xcode-27.0.0-Release.Candidate.app/Contents/Developer/Platforms/MacOSX.platform/Developer/usr/lib/swift/host/plugins/libSwiftUIMacros.dylib\#/Applications/Xcode-27.0.0-Release.Candidate.app/Contents/Developer/Platforms/MacOSX.platform/Developer/usr/bin/swift-plugin-server\#SwiftUIMacros -disable-implicit-swift-modules -Xcc -fno-implicit-modules -Xcc -fno-implicit-module-maps -explicit-swift-module-map-file /Users/admin/builder/spi-builder-workspace/.build/out/Intermediates.noindex/ETCarouSwift.build/Debug/ETCarouSwift-t.build/Objects-normal/arm64/ETCarouSwift-dependencies-1.json -Xllvm -aarch64-use-tbi -enable-objc-interop -stack-check -sdk /Applications/Xcode-27.0.0-Release.Candidate.app/Contents/Developer/Platforms/MacOSX.platform/Developer/SDKs/MacOSX27.0.sdk -I /Users/admin/builder/spi-builder-workspace/.build/out/Products/Debug -Isystem /Applications/Xcode-27.0.0-Release.Candidate.app/Contents/Developer/Platforms/MacOSX.platform/Developer/usr/lib -F /Users/admin/builder/spi-builder-workspace/.build/out/Products/Debug -F /Applications/Xcode-27.0.0-Release.Candidate.app/Contents/Developer/Platforms/MacOSX.platform/Developer/Library/Frameworks -module-cache-path /Users/admin/builder/spi-builder-workspace/.build/out/Intermediates.noindex/SwiftExplicitPrecompiledModules -color-diagnostics -Xcc -fcolor-diagnostics -enable-testing -g -debug-info-format\=dwarf -dwarf-version\=4 -swift-version 5 -Onone -D SWIFT_PACKAGE -D DEBUG -D SWIFT_MODULE_RESOURCE_BUNDLE_UNAVAILABLE -D Xcode -serialize-debugging-options -enable-experimental-feature DebugDescriptionMacro -empty-abi-descriptor -validate-clang-modules-once -clang-build-session-file /Users/admin/builder/spi-builder-workspace/.build/out/ModuleCache.noindex/Session.modulevalidation -Xcc -working-directory -Xcc /Users/admin/builder -enable-anonymous-context-mangled-names -file-compilation-dir /Users/admin/builder -Xcc -D_LIBCPP_HARDENING_MODE\=_LIBCPP_HARDENING_MODE_DEBUG -Xcc -ivfsstatcache -Xcc /Users/admin/builder/spi-builder-workspace/.build/out/SDKStatCaches.noindex/macosx27.0-26A425-80c5bbf1d171475443272936d42f90a36a22442a12e9d48fe1a705f55a1adfc4.sdkstatcache -Xcc -fmodules-prune-interval\=86400 -Xcc -fmodules-prune-after\=345600 -Xcc -I/Users/admin/builder/spi-builder-workspace/.build/out/Products/Debug/include -Xcc -I/Users/admin/builder/spi-builder-workspace/.build/out/Intermediates.noindex/ETCarouSwift.build/Debug/ETCarouSwift-t.build/DerivedSources-normal/arm64 -Xcc -I/Users/admin/builder/spi-builder-workspace/.build/out/Intermediates.noindex/ETCarouSwift.build/Debug/ETCarouSwift-t.build/DerivedSources/arm64 -Xcc -I/Users/admin/builder/spi-builder-workspace/.build/out/Intermediates.noindex/ETCarouSwift.build/Debug/ETCarouSwift-t.build/DerivedSources -Xcc -DSWIFT_PACKAGE -Xcc -DDEBUG\=1 -no-auto-bridging-header-chaining -module-name ETCarouSwift -package-name spi_builder_workspace -const-gather-protocols-file /Users/admin/builder/spi-builder-workspace/.build/out/Intermediates.noindex/ETCarouSwift.build/Debug/ETCarouSwift-t.build/Objects-normal/arm64/ETCarouSwift_const_extract_protocols.json -disable-clang-spi -clang-target arm64-apple-macos27.0 -target-sdk-version 27.0 -target-sdk-name macosx27.0 -in-process-plugin-server-path /Applications/Xcode-27.0.0-Release.Candidate.app/Contents/Developer/Toolchains/XcodeDefault.xctoolchain/usr/lib/swift/host/libSwiftInProcPluginServer.dylib -emit-module-doc-path /Users/admin/builder/spi-builder-workspace/.build/out/Intermediates.noindex/ETCarouSwift.build/Debug/ETCarouSwift-t.build/Objects-normal/arm64/ETCarouSwift.swiftdoc -emit-module-source-info-path /Users/admin/builder/spi-builder-workspace/.build/out/Intermediates.noindex/ETCarouSwift.build/Debug/ETCarouSwift-t.build/Objects-normal/arm64/ETCarouSwift.swiftsourceinfo -emit-objc-header-path /Users/admin/builder/spi-builder-workspace/.build/out/Intermediates.noindex/ETCarouSwift.build/Debug/ETCarouSwift-t.build/Objects-normal/arm64/ETCarouSwift-Swift.h -serialize-diagnostics-path /Users/admin/builder/spi-builder-workspace/.build/out/Intermediates.noindex/ETCarouSwift.build/Debug/ETCarouSwift-t.build/Objects-normal/arm64/ETCarouSwift-primary-emit-module.dia -emit-dependencies-path /Users/admin/builder/spi-builder-workspace/.build/out/Intermediates.noindex/ETCarouSwift.build/Debug/ETCarouSwift-t.build/Objects-normal/arm64/ETCarouSwift-primary-emit-module.d -parse-as-library -o /Users/admin/builder/spi-builder-workspace/.build/out/Intermediates.noindex/ETCarouSwift.build/Debug/ETCarouSwift-t.build/Objects-normal/arm64/ETCarouSwift.swiftmodule -emit-abi-descriptor-path /Users/admin/builder/spi-builder-workspace/.build/out/Intermediates.noindex/ETCarouSwift.build/Debug/ETCarouSwift-t.build/Objects-normal/arm64/ETCarouSwift.abi.json
error: Build failed
BUILD FAILURE 6.4 macosSpm