Build Information
Failed to build WebKitScreenTimeWorkaround, reference 0.3.0 (c7abc1), with Swift 6.2 for macOS (Xcode) using Xcode 26.3 on 21 Oct 2026 07:12:37 UTC.
Build Command
No build command. This typically means the build failed at an early stage where we determine the build command.Build Log
========================================
RunAll
========================================
Builder version: 5.1.3
Interrupt handler set up.
========================================
Checkout
========================================
Clone URL: https://github.com/lynnswap/WebKitTestWorkarounds.git
Reference: 0.3.0
Initialized empty Git repository in /Users/admin/builder/spi-builder-workspace/.git/
From https://github.com/lynnswap/WebKitTestWorkarounds
* tag 0.3.0 -> FETCH_HEAD
HEAD is now at c7abc18 Merge pull request #5 from lynnswap/codex/macos-screen-time-workaround
Cloned https://github.com/lynnswap/WebKitTestWorkarounds.git
Revision (git rev-parse @):
c7abc1846b6bba2635f043870d6dac3344990086
SUCCESS checkout https://github.com/lynnswap/WebKitTestWorkarounds.git at 0.3.0
========================================
Build
========================================
Selected platform: macosXcodebuild
Swift version: 6.2
Building package at path: $PWD
https://github.com/lynnswap/WebKitTestWorkarounds.git
Command line invocation:
/Applications/Xcode-26.3.0.app/Contents/Developer/usr/bin/xcodebuild -IDEClonedSourcePackagesDirPathOverride=/Users/admin/builder/spi-builder-workspace/.dependencies -resolvePackageDependencies
Resolve Package Graph
package 'spi-builder-workspace' is using Swift tools version 6.3.0 but the installed version is 6.2.4
Resolved source packages:
spi-builder-workspace: (null)
2026-10-21 03:12:35.995 xcodebuild[539:3118] Writing error result bundle to /var/folders/xq/y_g06wb113726d38xsyx71_h0000gn/T/ResultBundle_2026-21-10_03-12-0035.xcresult
xcodebuild: error: Could not resolve package dependencies:
package 'spi-builder-workspace' is using Swift tools version 6.3.0 but the installed version is 6.2.4
Command line invocation:
/Applications/Xcode-26.3.0.app/Contents/Developer/usr/bin/xcodebuild -IDEClonedSourcePackagesDirPathOverride=/Users/admin/builder/spi-builder-workspace/.dependencies -resolvePackageDependencies
Resolve Package Graph
package 'spi-builder-workspace' is using Swift tools version 6.3.0 but the installed version is 6.2.4
Resolved source packages:
spi-builder-workspace: (null)
2026-10-21 03:12:36.960 xcodebuild[601:3647] Writing error result bundle to /var/folders/xq/y_g06wb113726d38xsyx71_h0000gn/T/ResultBundle_2026-21-10_03-12-0036.xcresult
xcodebuild: error: Could not resolve package dependencies:
package 'spi-builder-workspace' is using Swift tools version 6.3.0 but the installed version is 6.2.4
BUILD FAILURE 6.2 macosXcodebuild