Build Information
Failed to build CalendarKit, reference 1.1.15 (99a4a0), with Swift 6.2 for watchOS using Xcode 26.3 on 15 Sep 2026 05:08:31 UTC.
Build Command
env DEVELOPER_DIR=/Applications/Xcode-26.3.0.app xcrun xcodebuild -IDEClonedSourcePackagesDirPathOverride=$PWD/.dependencies -skipMacroValidation -skipPackagePluginValidation -derivedDataPath $PWD/.derivedData build -scheme CalendarKit -destination generic/platform=watchOSBuild Log
}
],
"tools_version" : "5.7"
}
{
"workspace" : {
"name" : "spi-builder-workspace",
"schemes" : [
"CalendarKit"
]
}
}
2026-09-15 01:08:29.010 xcodebuild[848:5029] [MT] IDERunDestination: Supported platforms for the buildables in the current scheme is empty.
Running build ...
env DEVELOPER_DIR=/Applications/Xcode-26.3.0.app xcrun xcodebuild -IDEClonedSourcePackagesDirPathOverride=$PWD/.dependencies -skipMacroValidation -skipPackagePluginValidation -derivedDataPath $PWD/.derivedData build -scheme CalendarKit -destination generic/platform=watchOS
Command line invocation:
/Applications/Xcode-26.3.0.app/Contents/Developer/usr/bin/xcodebuild -IDEClonedSourcePackagesDirPathOverride=/Users/admin/builder/spi-builder-workspace/.dependencies -skipMacroValidation -skipPackagePluginValidation -derivedDataPath /Users/admin/builder/spi-builder-workspace/.derivedData build -scheme CalendarKit -destination generic/platform=watchOS
Resolve Package Graph
Resolved source packages:
CalendarKit: /Users/admin/builder/spi-builder-workspace
ComputePackagePrebuildTargetDependencyGraph
Prepare packages
CreateBuildRequest
SendProjectDescription
CreateBuildOperation
ComputeTargetDependencyGraph
note: Building targets in dependency order
note: Target dependency graph (3 targets)
Target 'CalendarKit' in project 'CalendarKit'
➜ Explicit dependency on target 'CalendarKit' in project 'CalendarKit'
➜ Explicit dependency on target 'CalendarKit_CalendarKit' in project 'CalendarKit'
Target 'CalendarKit' in project 'CalendarKit'
➜ Explicit dependency on target 'CalendarKit_CalendarKit' in project 'CalendarKit'
Target 'CalendarKit_CalendarKit' in project 'CalendarKit' (no dependencies)
GatherProvisioningInputs
CreateBuildDescription
ClangStatCache /Applications/Xcode-26.3.0.app/Contents/Developer/Toolchains/XcodeDefault.xctoolchain/usr/bin/clang-stat-cache /Applications/Xcode-26.3.0.app/Contents/Developer/Platforms/WatchOS.platform/Developer/SDKs/WatchOS26.2.sdk /Users/admin/builder/spi-builder-workspace/.derivedData/SDKStatCaches.noindex/watchos26.2-23S303-dc75598d0054f22ec865fa860f139d721753b489057de6bda919edfa1c59a62b.sdkstatcache
cd /Users/admin/builder/spi-builder-workspace/.swiftpm/xcode
/Applications/Xcode-26.3.0.app/Contents/Developer/Toolchains/XcodeDefault.xctoolchain/usr/bin/clang-stat-cache /Applications/Xcode-26.3.0.app/Contents/Developer/Platforms/WatchOS.platform/Developer/SDKs/WatchOS26.2.sdk -o /Users/admin/builder/spi-builder-workspace/.derivedData/SDKStatCaches.noindex/watchos26.2-23S303-dc75598d0054f22ec865fa860f139d721753b489057de6bda919edfa1c59a62b.sdkstatcache
SwiftDriver CalendarKit normal arm64_32 com.apple.xcode.tools.swift.compiler (in target 'CalendarKit' from project 'CalendarKit')
cd /Users/admin/builder/spi-builder-workspace/.swiftpm/xcode
builtin-SwiftDriver -- /Applications/Xcode-26.3.0.app/Contents/Developer/Toolchains/XcodeDefault.xctoolchain/usr/bin/swiftc -module-name CalendarKit -Onone -enforce-exclusivity\=checked @/Users/admin/builder/spi-builder-workspace/.derivedData/Build/Intermediates.noindex/CalendarKit.build/Debug-watchos/CalendarKit.build/Objects-normal/arm64_32/CalendarKit.SwiftFileList -DSWIFT_PACKAGE -DDEBUG -DSWIFT_MODULE_RESOURCE_BUNDLE_AVAILABLE -DXcode -plugin-path /Applications/Xcode-26.3.0.app/Contents/Developer/Toolchains/XcodeDefault.xctoolchain/usr/lib/swift/host/plugins/testing -enable-experimental-feature DebugDescriptionMacro -sdk /Applications/Xcode-26.3.0.app/Contents/Developer/Platforms/WatchOS.platform/Developer/SDKs/WatchOS26.2.sdk -target arm64_32-apple-watchos5.0 -g -module-cache-path /Users/admin/builder/spi-builder-workspace/.derivedData/ModuleCache.noindex -Xfrontend -serialize-debugging-options -enable-testing -index-store-path /Users/admin/builder/spi-builder-workspace/.derivedData/Index.noindex/DataStore -Xcc -D_LIBCPP_HARDENING_MODE\=_LIBCPP_HARDENING_MODE_DEBUG -swift-version 5 -I /Users/admin/builder/spi-builder-workspace/.derivedData/Build/Products/Debug-watchos -Isystem /Applications/Xcode-26.3.0.app/Contents/Developer/Platforms/WatchOS.platform/Developer/usr/lib -F /Users/admin/builder/spi-builder-workspace/.derivedData/Build/Products/Debug-watchos -F /Applications/Xcode-26.3.0.app/Contents/Developer/Platforms/WatchOS.platform/Developer/Library/Frameworks -F /Applications/Xcode-26.3.0.app/Contents/Developer/Platforms/WatchOS.platform/Developer/SDKs/WatchOS26.2.sdk/Developer/Library/Frameworks -emit-localized-strings -emit-localized-strings-path /Users/admin/builder/spi-builder-workspace/.derivedData/Build/Intermediates.noindex/CalendarKit.build/Debug-watchos/CalendarKit.build/Objects-normal/arm64_32 -c -j10 -enable-batch-mode -incremental -Xcc -ivfsstatcache -Xcc /Users/admin/builder/spi-builder-workspace/.derivedData/SDKStatCaches.noindex/watchos26.2-23S303-dc75598d0054f22ec865fa860f139d721753b489057de6bda919edfa1c59a62b.sdkstatcache -output-file-map /Users/admin/builder/spi-builder-workspace/.derivedData/Build/Intermediates.noindex/CalendarKit.build/Debug-watchos/CalendarKit.build/Objects-normal/arm64_32/CalendarKit-OutputFileMap.json -use-frontend-parseable-output -save-temps -no-color-diagnostics -explicit-module-build -module-cache-path /Users/admin/builder/spi-builder-workspace/.derivedData/Build/Intermediates.noindex/SwiftExplicitPrecompiledModules -clang-scanner-module-cache-path /Users/admin/builder/spi-builder-workspace/.derivedData/ModuleCache.noindex -sdk-module-cache-path /Users/admin/builder/spi-builder-workspace/.derivedData/ModuleCache.noindex -serialize-diagnostics -emit-dependencies -emit-module -emit-module-path /Users/admin/builder/spi-builder-workspace/.derivedData/Build/Intermediates.noindex/CalendarKit.build/Debug-watchos/CalendarKit.build/Objects-normal/arm64_32/CalendarKit.swiftmodule -validate-clang-modules-once -clang-build-session-file /Users/admin/builder/spi-builder-workspace/.derivedData/ModuleCache.noindex/Session.modulevalidation -Xcc -I/Users/admin/builder/spi-builder-workspace/.derivedData/Build/Intermediates.noindex/CalendarKit.build/Debug-watchos/CalendarKit.build/swift-overrides.hmap -emit-const-values -Xfrontend -const-gather-protocols-file -Xfrontend /Users/admin/builder/spi-builder-workspace/.derivedData/Build/Intermediates.noindex/CalendarKit.build/Debug-watchos/CalendarKit.build/Objects-normal/arm64_32/CalendarKit_const_extract_protocols.json -Xcc -I/Users/admin/builder/spi-builder-workspace/.derivedData/Build/Products/Debug-watchos/include -Xcc -I/Users/admin/builder/spi-builder-workspace/.derivedData/Build/Intermediates.noindex/CalendarKit.build/Debug-watchos/CalendarKit.build/DerivedSources-normal/arm64_32 -Xcc -I/Users/admin/builder/spi-builder-workspace/.derivedData/Build/Intermediates.noindex/CalendarKit.build/Debug-watchos/CalendarKit.build/DerivedSources/arm64_32 -Xcc -I/Users/admin/builder/spi-builder-workspace/.derivedData/Build/Intermediates.noindex/CalendarKit.build/Debug-watchos/CalendarKit.build/DerivedSources -Xcc -DSWIFT_PACKAGE -Xcc -DDEBUG\=1 -emit-objc-header -emit-objc-header-path /Users/admin/builder/spi-builder-workspace/.derivedData/Build/Intermediates.noindex/CalendarKit.build/Debug-watchos/CalendarKit.build/Objects-normal/arm64_32/CalendarKit-Swift.h -working-directory /Users/admin/builder/spi-builder-workspace/.swiftpm/xcode -experimental-emit-module-separately -disable-cmo
SwiftDriver CalendarKit normal armv7k com.apple.xcode.tools.swift.compiler (in target 'CalendarKit' from project 'CalendarKit')
cd /Users/admin/builder/spi-builder-workspace/.swiftpm/xcode
builtin-SwiftDriver -- /Applications/Xcode-26.3.0.app/Contents/Developer/Toolchains/XcodeDefault.xctoolchain/usr/bin/swiftc -module-name CalendarKit -Onone -enforce-exclusivity\=checked @/Users/admin/builder/spi-builder-workspace/.derivedData/Build/Intermediates.noindex/CalendarKit.build/Debug-watchos/CalendarKit.build/Objects-normal/armv7k/CalendarKit.SwiftFileList -DSWIFT_PACKAGE -DDEBUG -DSWIFT_MODULE_RESOURCE_BUNDLE_AVAILABLE -DXcode -plugin-path /Applications/Xcode-26.3.0.app/Contents/Developer/Toolchains/XcodeDefault.xctoolchain/usr/lib/swift/host/plugins/testing -enable-experimental-feature DebugDescriptionMacro -sdk /Applications/Xcode-26.3.0.app/Contents/Developer/Platforms/WatchOS.platform/Developer/SDKs/WatchOS26.2.sdk -target armv7k-apple-watchos5.0 -g -module-cache-path /Users/admin/builder/spi-builder-workspace/.derivedData/ModuleCache.noindex -Xfrontend -serialize-debugging-options -enable-testing -index-store-path /Users/admin/builder/spi-builder-workspace/.derivedData/Index.noindex/DataStore -Xcc -D_LIBCPP_HARDENING_MODE\=_LIBCPP_HARDENING_MODE_DEBUG -swift-version 5 -I /Users/admin/builder/spi-builder-workspace/.derivedData/Build/Products/Debug-watchos -Isystem /Applications/Xcode-26.3.0.app/Contents/Developer/Platforms/WatchOS.platform/Developer/usr/lib -F /Users/admin/builder/spi-builder-workspace/.derivedData/Build/Products/Debug-watchos -F /Applications/Xcode-26.3.0.app/Contents/Developer/Platforms/WatchOS.platform/Developer/Library/Frameworks -F /Applications/Xcode-26.3.0.app/Contents/Developer/Platforms/WatchOS.platform/Developer/SDKs/WatchOS26.2.sdk/Developer/Library/Frameworks -emit-localized-strings -emit-localized-strings-path /Users/admin/builder/spi-builder-workspace/.derivedData/Build/Intermediates.noindex/CalendarKit.build/Debug-watchos/CalendarKit.build/Objects-normal/armv7k -c -j10 -enable-batch-mode -incremental -Xcc -ivfsstatcache -Xcc /Users/admin/builder/spi-builder-workspace/.derivedData/SDKStatCaches.noindex/watchos26.2-23S303-dc75598d0054f22ec865fa860f139d721753b489057de6bda919edfa1c59a62b.sdkstatcache -output-file-map /Users/admin/builder/spi-builder-workspace/.derivedData/Build/Intermediates.noindex/CalendarKit.build/Debug-watchos/CalendarKit.build/Objects-normal/armv7k/CalendarKit-OutputFileMap.json -use-frontend-parseable-output -save-temps -no-color-diagnostics -explicit-module-build -module-cache-path /Users/admin/builder/spi-builder-workspace/.derivedData/Build/Intermediates.noindex/SwiftExplicitPrecompiledModules -clang-scanner-module-cache-path /Users/admin/builder/spi-builder-workspace/.derivedData/ModuleCache.noindex -sdk-module-cache-path /Users/admin/builder/spi-builder-workspace/.derivedData/ModuleCache.noindex -serialize-diagnostics -emit-dependencies -emit-module -emit-module-path /Users/admin/builder/spi-builder-workspace/.derivedData/Build/Intermediates.noindex/CalendarKit.build/Debug-watchos/CalendarKit.build/Objects-normal/armv7k/CalendarKit.swiftmodule -validate-clang-modules-once -clang-build-session-file /Users/admin/builder/spi-builder-workspace/.derivedData/ModuleCache.noindex/Session.modulevalidation -Xcc -I/Users/admin/builder/spi-builder-workspace/.derivedData/Build/Intermediates.noindex/CalendarKit.build/Debug-watchos/CalendarKit.build/swift-overrides.hmap -emit-const-values -Xfrontend -const-gather-protocols-file -Xfrontend /Users/admin/builder/spi-builder-workspace/.derivedData/Build/Intermediates.noindex/CalendarKit.build/Debug-watchos/CalendarKit.build/Objects-normal/armv7k/CalendarKit_const_extract_protocols.json -Xcc -I/Users/admin/builder/spi-builder-workspace/.derivedData/Build/Products/Debug-watchos/include -Xcc -I/Users/admin/builder/spi-builder-workspace/.derivedData/Build/Intermediates.noindex/CalendarKit.build/Debug-watchos/CalendarKit.build/DerivedSources-normal/armv7k -Xcc -I/Users/admin/builder/spi-builder-workspace/.derivedData/Build/Intermediates.noindex/CalendarKit.build/Debug-watchos/CalendarKit.build/DerivedSources/armv7k -Xcc -I/Users/admin/builder/spi-builder-workspace/.derivedData/Build/Intermediates.noindex/CalendarKit.build/Debug-watchos/CalendarKit.build/DerivedSources -Xcc -DSWIFT_PACKAGE -Xcc -DDEBUG\=1 -emit-objc-header -emit-objc-header-path /Users/admin/builder/spi-builder-workspace/.derivedData/Build/Intermediates.noindex/CalendarKit.build/Debug-watchos/CalendarKit.build/Objects-normal/armv7k/CalendarKit-Swift.h -working-directory /Users/admin/builder/spi-builder-workspace/.swiftpm/xcode -experimental-emit-module-separately -disable-cmo
SwiftDriver CalendarKit normal arm64 com.apple.xcode.tools.swift.compiler (in target 'CalendarKit' from project 'CalendarKit')
cd /Users/admin/builder/spi-builder-workspace/.swiftpm/xcode
builtin-SwiftDriver -- /Applications/Xcode-26.3.0.app/Contents/Developer/Toolchains/XcodeDefault.xctoolchain/usr/bin/swiftc -module-name CalendarKit -Onone -enforce-exclusivity\=checked @/Users/admin/builder/spi-builder-workspace/.derivedData/Build/Intermediates.noindex/CalendarKit.build/Debug-watchos/CalendarKit.build/Objects-normal/arm64/CalendarKit.SwiftFileList -DSWIFT_PACKAGE -DDEBUG -DSWIFT_MODULE_RESOURCE_BUNDLE_AVAILABLE -DXcode -plugin-path /Applications/Xcode-26.3.0.app/Contents/Developer/Toolchains/XcodeDefault.xctoolchain/usr/lib/swift/host/plugins/testing -enable-experimental-feature DebugDescriptionMacro -sdk /Applications/Xcode-26.3.0.app/Contents/Developer/Platforms/WatchOS.platform/Developer/SDKs/WatchOS26.2.sdk -target arm64-apple-watchos5.0 -g -module-cache-path /Users/admin/builder/spi-builder-workspace/.derivedData/ModuleCache.noindex -Xfrontend -serialize-debugging-options -enable-testing -index-store-path /Users/admin/builder/spi-builder-workspace/.derivedData/Index.noindex/DataStore -Xcc -D_LIBCPP_HARDENING_MODE\=_LIBCPP_HARDENING_MODE_DEBUG -swift-version 5 -I /Users/admin/builder/spi-builder-workspace/.derivedData/Build/Products/Debug-watchos -Isystem /Applications/Xcode-26.3.0.app/Contents/Developer/Platforms/WatchOS.platform/Developer/usr/lib -F /Users/admin/builder/spi-builder-workspace/.derivedData/Build/Products/Debug-watchos -F /Applications/Xcode-26.3.0.app/Contents/Developer/Platforms/WatchOS.platform/Developer/Library/Frameworks -F /Applications/Xcode-26.3.0.app/Contents/Developer/Platforms/WatchOS.platform/Developer/SDKs/WatchOS26.2.sdk/Developer/Library/Frameworks -emit-localized-strings -emit-localized-strings-path /Users/admin/builder/spi-builder-workspace/.derivedData/Build/Intermediates.noindex/CalendarKit.build/Debug-watchos/CalendarKit.build/Objects-normal/arm64 -c -j10 -enable-batch-mode -incremental -Xcc -ivfsstatcache -Xcc /Users/admin/builder/spi-builder-workspace/.derivedData/SDKStatCaches.noindex/watchos26.2-23S303-dc75598d0054f22ec865fa860f139d721753b489057de6bda919edfa1c59a62b.sdkstatcache -output-file-map /Users/admin/builder/spi-builder-workspace/.derivedData/Build/Intermediates.noindex/CalendarKit.build/Debug-watchos/CalendarKit.build/Objects-normal/arm64/CalendarKit-OutputFileMap.json -use-frontend-parseable-output -save-temps -no-color-diagnostics -explicit-module-build -module-cache-path /Users/admin/builder/spi-builder-workspace/.derivedData/Build/Intermediates.noindex/SwiftExplicitPrecompiledModules -clang-scanner-module-cache-path /Users/admin/builder/spi-builder-workspace/.derivedData/ModuleCache.noindex -sdk-module-cache-path /Users/admin/builder/spi-builder-workspace/.derivedData/ModuleCache.noindex -serialize-diagnostics -emit-dependencies -emit-module -emit-module-path /Users/admin/builder/spi-builder-workspace/.derivedData/Build/Intermediates.noindex/CalendarKit.build/Debug-watchos/CalendarKit.build/Objects-normal/arm64/CalendarKit.swiftmodule -validate-clang-modules-once -clang-build-session-file /Users/admin/builder/spi-builder-workspace/.derivedData/ModuleCache.noindex/Session.modulevalidation -Xcc -I/Users/admin/builder/spi-builder-workspace/.derivedData/Build/Intermediates.noindex/CalendarKit.build/Debug-watchos/CalendarKit.build/swift-overrides.hmap -emit-const-values -Xfrontend -const-gather-protocols-file -Xfrontend /Users/admin/builder/spi-builder-workspace/.derivedData/Build/Intermediates.noindex/CalendarKit.build/Debug-watchos/CalendarKit.build/Objects-normal/arm64/CalendarKit_const_extract_protocols.json -Xcc -I/Users/admin/builder/spi-builder-workspace/.derivedData/Build/Products/Debug-watchos/include -Xcc -I/Users/admin/builder/spi-builder-workspace/.derivedData/Build/Intermediates.noindex/CalendarKit.build/Debug-watchos/CalendarKit.build/DerivedSources-normal/arm64 -Xcc -I/Users/admin/builder/spi-builder-workspace/.derivedData/Build/Intermediates.noindex/CalendarKit.build/Debug-watchos/CalendarKit.build/DerivedSources/arm64 -Xcc -I/Users/admin/builder/spi-builder-workspace/.derivedData/Build/Intermediates.noindex/CalendarKit.build/Debug-watchos/CalendarKit.build/DerivedSources -Xcc -DSWIFT_PACKAGE -Xcc -DDEBUG\=1 -emit-objc-header -emit-objc-header-path /Users/admin/builder/spi-builder-workspace/.derivedData/Build/Intermediates.noindex/CalendarKit.build/Debug-watchos/CalendarKit.build/Objects-normal/arm64/CalendarKit-Swift.h -working-directory /Users/admin/builder/spi-builder-workspace/.swiftpm/xcode -experimental-emit-module-separately -disable-cmo
SwiftEmitModule normal arm64_32 Emitting\ module\ for\ CalendarKit (in target 'CalendarKit' from project 'CalendarKit')
EmitSwiftModule normal arm64_32 (in target 'CalendarKit' from project 'CalendarKit')
cd /Users/admin/builder/spi-builder-workspace/.swiftpm/xcode
/Users/admin/builder/spi-builder-workspace/Sources/DayView.swift:134:59: error: 'UIGestureRecognizer' is unavailable in watchOS
public func timelinePanGestureRequire(toFail gesture: UIGestureRecognizer) {
^~~~~~~~~~~~~~~~~~~
/Applications/Xcode-26.3.0.app/Contents/Developer/Platforms/WatchOS.platform/Developer/SDKs/WatchOS26.2.sdk/System/Library/Frameworks/UIKit.framework/Headers/UIGestureRecognizer.h:35:12: note: 'UIGestureRecognizer' has been explicitly marked unavailable here
@interface UIGestureRecognizer : NSObject
^
/Users/admin/builder/spi-builder-workspace/Sources/DayView.swift:154:62: error: 'UIUserInterfaceSizeClass' is unavailable in watchOS
public func transitionToHorizontalSizeClass(_ sizeClass: UIUserInterfaceSizeClass) {
^~~~~~~~~~~~~~~~~~~~~~~~
/Applications/Xcode-26.3.0.app/Contents/Developer/Platforms/WatchOS.platform/Developer/SDKs/WatchOS26.2.sdk/System/Library/Frameworks/UIKit.framework/Headers/UIInterface.h:26:28: note: 'UIUserInterfaceSizeClass' has been explicitly marked unavailable here
typedef NS_ENUM(NSInteger, UIUserInterfaceSizeClass) {
^
/Users/admin/builder/spi-builder-workspace/Sources/DayView.swift:15:23: error: 'UIView' is unavailable in watchOS
public class DayView: UIView, TimelinePagerViewDelegate {
^~~~~~
/Applications/Xcode-26.3.0.app/Contents/Developer/Platforms/WatchOS.platform/Developer/SDKs/WatchOS26.2.sdk/System/Library/Frameworks/UIKit.framework/Headers/UIView.h:148:12: note: 'UIView' has been explicitly marked unavailable here
@interface UIView : UIResponder <NSCoding, UIAppearance, UIAppearanceContainer, UIDynamicItem, UITraitEnvironment, UICoordinateSpace, UIFocusItem, UIFocusItemContainer, CALayerDelegate>
^
/Users/admin/builder/spi-builder-workspace/Sources/DayViewController.swift:59:57: error: 'UITraitCollection' is unavailable in watchOS
open override func willTransition(to newCollection: UITraitCollection, with coordinator: UIViewControllerTransitionCoordinator) {
^~~~~~~~~~~~~~~~~
/Applications/Xcode-26.3.0.app/Contents/Developer/Platforms/WatchOS.platform/Developer/SDKs/WatchOS26.2.sdk/System/Library/Frameworks/UIKit.framework/Headers/UITraitCollection.h:23:12: note: 'UITraitCollection' has been explicitly marked unavailable here
@interface UITraitCollection : NSObject <NSCopying, NSSecureCoding>
^
/Users/admin/builder/spi-builder-workspace/Sources/DayViewController.swift:59:94: error: 'UIViewControllerTransitionCoordinator' is unavailable in watchOS
open override func willTransition(to newCollection: UITraitCollection, with coordinator: UIViewControllerTransitionCoordinator) {
^~~~~~~~~~~~~~~~~~~~~~~~~~~~~~~~~~~~~
/Applications/Xcode-26.3.0.app/Contents/Developer/Platforms/WatchOS.platform/Developer/SDKs/WatchOS26.2.sdk/System/Library/Frameworks/UIKit.framework/Headers/UIViewControllerTransitionCoordinator.h:81:11: note: 'UIViewControllerTransitionCoordinator' has been explicitly marked unavailable here
@protocol UIViewControllerTransitionCoordinator <UIViewControllerTransitionCoordinatorContext>
^
/Users/admin/builder/spi-builder-workspace/Sources/DayViewController.swift:64:73: error: 'UIUserInterfaceSizeClass' is unavailable in watchOS
open func configureDayViewLayoutForHorizontalSizeClass(_ sizeClass: UIUserInterfaceSizeClass) {
^~~~~~~~~~~~~~~~~~~~~~~~
/Applications/Xcode-26.3.0.app/Contents/Developer/Platforms/WatchOS.platform/Developer/SDKs/WatchOS26.2.sdk/System/Library/Frameworks/UIKit.framework/Headers/UIInterface.h:26:28: note: 'UIUserInterfaceSizeClass' has been explicitly marked unavailable here
typedef NS_ENUM(NSInteger, UIUserInterfaceSizeClass) {
^
/Users/admin/builder/spi-builder-workspace/Sources/DayViewController.swift:3:31: error: 'UIViewController' is unavailable in watchOS
open class DayViewController: UIViewController, EventDataSource, DayViewDelegate {
^~~~~~~~~~~~~~~~
/Applications/Xcode-26.3.0.app/Contents/Developer/Platforms/WatchOS.platform/Developer/SDKs/WatchOS26.2.sdk/System/Library/Frameworks/UIKit.framework/Headers/UIViewController.h:102:12: note: 'UIViewController' has been explicitly marked unavailable here
@interface UIViewController : UIResponder <NSCoding, UIAppearanceContainer, UITraitEnvironment, UIContentContainer, UIFocusEnvironment>
^
/Users/admin/builder/spi-builder-workspace/Sources/Extensions/View+StackView.swift:11:28: error: 'NSLayoutConstraint' is unavailable in watchOS
convenience init(axis: NSLayoutConstraint.Axis = .vertical,
^~~~~~~~~~~~~~~~~~
/Applications/Xcode-26.3.0.app/Contents/Developer/Platforms/WatchOS.platform/Developer/SDKs/WatchOS26.2.sdk/System/Library/Frameworks/UIKit.framework/Headers/NSLayoutConstraint.h:126:12: note: 'NSLayoutConstraint' has been explicitly marked unavailable here
@interface NSLayoutConstraint : NSObject
^
/Users/admin/builder/spi-builder-workspace/Sources/Extensions/View+StackView.swift:12:36: error: 'UIStackView' is unavailable in watchOS
distribution: UIStackView.Distribution = .fill,
^~~~~~~~~~~
/Applications/Xcode-26.3.0.app/Contents/Developer/Platforms/WatchOS.platform/Developer/SDKs/WatchOS26.2.sdk/System/Library/Frameworks/UIKit.framework/Headers/UIStackView.h:124:12: note: 'UIStackView' has been explicitly marked unavailable here
@interface UIStackView : UIView
^
/Users/admin/builder/spi-builder-workspace/Sources/Extensions/View+StackView.swift:13:33: error: 'UIStackView' is unavailable in watchOS
alignment: UIStackView.Alignment = .fill,
^~~~~~~~~~~
/Applications/Xcode-26.3.0.app/Contents/Developer/Platforms/WatchOS.platform/Developer/SDKs/WatchOS26.2.sdk/System/Library/Frameworks/UIKit.framework/Headers/UIStackView.h:124:12: note: 'UIStackView' has been explicitly marked unavailable here
@interface UIStackView : UIView
^
/Users/admin/builder/spi-builder-workspace/Sources/Extensions/View+StackView.swift:15:33: error: 'UIView' is unavailable in watchOS
subviews: [UIView] = []) {
^~~~~~
/Applications/Xcode-26.3.0.app/Contents/Developer/Platforms/WatchOS.platform/Developer/SDKs/WatchOS26.2.sdk/System/Library/Frameworks/UIKit.framework/Headers/UIView.h:148:12: note: 'UIView' has been explicitly marked unavailable here
@interface UIView : UIResponder <NSCoding, UIAppearance, UIAppearanceContainer, UIDynamicItem, UITraitEnvironment, UICoordinateSpace, UIFocusItem, UIFocusItemContainer, CALayerDelegate>
^
/Users/admin/builder/spi-builder-workspace/Sources/Extensions/View+StackView.swift:10:11: error: 'UIStackView' is unavailable in watchOS
extension UIStackView {
^~~~~~~~~~~
/Applications/Xcode-26.3.0.app/Contents/Developer/Platforms/WatchOS.platform/Developer/SDKs/WatchOS26.2.sdk/System/Library/Frameworks/UIKit.framework/Headers/UIStackView.h:124:12: note: 'UIStackView' has been explicitly marked unavailable here
@interface UIStackView : UIView
^
/Users/admin/builder/spi-builder-workspace/Sources/Header/DayHeaderView.swift:8:36: error: 'UIUserInterfaceSizeClass' is unavailable in watchOS
private var currentSizeClass = UIUserInterfaceSizeClass.compact
^~~~~~~~~~~~~~~~~~~~~~~~
/Applications/Xcode-26.3.0.app/Contents/Developer/Platforms/WatchOS.platform/Developer/SDKs/WatchOS26.2.sdk/System/Library/Frameworks/UIKit.framework/Headers/UIInterface.h:26:28: note: 'UIUserInterfaceSizeClass' has been explicitly marked unavailable here
typedef NS_ENUM(NSInteger, UIUserInterfaceSizeClass) {
^
/Users/admin/builder/spi-builder-workspace/Sources/Header/DayHeaderView.swift:27:40: error: 'UIPageViewController' is unavailable in watchOS
private var pagingViewController = UIPageViewController(transitionStyle: .scroll,
^~~~~~~~~~~~~~~~~~~~
/Applications/Xcode-26.3.0.app/Contents/Developer/Platforms/WatchOS.platform/Developer/SDKs/WatchOS26.2.sdk/System/Library/Frameworks/UIKit.framework/Headers/UIPageViewController.h:51:12: note: 'UIPageViewController' has been explicitly marked unavailable here
@interface UIPageViewController : UIViewController {
^
/Users/admin/builder/spi-builder-workspace/Sources/Header/DayHeaderView.swift:31:33: error: 'UIView' is unavailable in watchOS
private lazy var separator: UIView = {
^~~~~~
/Applications/Xcode-26.3.0.app/Contents/Developer/Platforms/WatchOS.platform/Developer/SDKs/WatchOS26.2.sdk/System/Library/Frameworks/UIKit.framework/Headers/UIView.h:148:12: note: 'UIView' has been explicitly marked unavailable here
@interface UIView : UIResponder <NSCoding, UIAppearance, UIAppearanceContainer, UIDynamicItem, UITraitEnvironment, UICoordinateSpace, UIFocusItem, UIFocusItemContainer, CALayerDelegate>
^
/Users/admin/builder/spi-builder-workspace/Sources/Header/DayHeaderView.swift:32:25: error: 'UIView' is unavailable in watchOS
let separator = UIView()
^~~~~~
/Applications/Xcode-26.3.0.app/Contents/Developer/Platforms/WatchOS.platform/Developer/SDKs/WatchOS26.2.sdk/System/Library/Frameworks/UIKit.framework/Headers/UIView.h:148:12: note: 'UIView' has been explicitly marked unavailable here
@interface UIView : UIResponder <NSCoding, UIAppearance, UIAppearanceContainer, UIDynamicItem, UITraitEnvironment, UICoordinateSpace, UIFocusItem, UIFocusItemContainer, CALayerDelegate>
^
/Users/admin/builder/spi-builder-workspace/Sources/Header/DayHeaderView.swift:32:25: error: 'init()' is unavailable in watchOS
let separator = UIView()
^~~~~~
/Applications/Xcode-26.3.0.app/Contents/Developer/Platforms/WatchOS.platform/Developer/SDKs/WatchOS26.2.sdk/System/Library/Frameworks/UIKit.framework/Headers/UIView.h:154:1: note: 'init()' has been explicitly marked unavailable here
- (instancetype)init API_AVAILABLE(ios(2.0), tvos(9.0), visionos(1.0)) API_UNAVAILABLE(watchos);
^
/Users/admin/builder/spi-builder-workspace/Sources/Header/DayHeaderView.swift:119:62: error: 'UIUserInterfaceSizeClass' is unavailable in watchOS
public func transitionToHorizontalSizeClass(_ sizeClass: UIUserInterfaceSizeClass) {
^~~~~~~~~~~~~~~~~~~~~~~~
/Applications/Xcode-26.3.0.app/Contents/Developer/Platforms/WatchOS.platform/Developer/SDKs/WatchOS26.2.sdk/System/Library/Frameworks/UIKit.framework/Headers/UIInterface.h:26:28: note: 'UIUserInterfaceSizeClass' has been explicitly marked unavailable here
typedef NS_ENUM(NSInteger, UIUserInterfaceSizeClass) {
^
/Users/admin/builder/spi-builder-workspace/Sources/Header/DayHeaderView.swift:169:58: error: 'UIPageViewController' is unavailable in watchOS
public func pageViewController(_ pageViewController: UIPageViewController, viewControllerBefore viewController: UIViewController) -> UIViewController? {
^~~~~~~~~~~~~~~~~~~~
/Applications/Xcode-26.3.0.app/Contents/Developer/Platforms/WatchOS.platform/Developer/SDKs/WatchOS26.2.sdk/System/Library/Frameworks/UIKit.framework/Headers/UIPageViewController.h:51:12: note: 'UIPageViewController' has been explicitly marked unavailable here
@interface UIPageViewController : UIViewController {
^
/Users/admin/builder/spi-builder-workspace/Sources/Header/DayHeaderView.swift:169:117: error: 'UIViewController' is unavailable in watchOS
public func pageViewController(_ pageViewController: UIPageViewController, viewControllerBefore viewController: UIViewController) -> UIViewController? {
^~~~~~~~~~~~~~~~
/Applications/Xcode-26.3.0.app/Contents/Developer/Platforms/WatchOS.platform/Developer/SDKs/WatchOS26.2.sdk/System/Library/Frameworks/UIKit.framework/Headers/UIViewController.h:102:12: note: 'UIViewController' has been explicitly marked unavailable here
@interface UIViewController : UIResponder <NSCoding, UIAppearanceContainer, UITraitEnvironment, UIContentContainer, UIFocusEnvironment>
^
/Users/admin/builder/spi-builder-workspace/Sources/Header/DayHeaderView.swift:169:138: error: 'UIViewController' is unavailable in watchOS
public func pageViewController(_ pageViewController: UIPageViewController, viewControllerBefore viewController: UIViewController) -> UIViewController? {
^~~~~~~~~~~~~~~~
/Applications/Xcode-26.3.0.app/Contents/Developer/Platforms/WatchOS.platform/Developer/SDKs/WatchOS26.2.sdk/System/Library/Frameworks/UIKit.framework/Headers/UIViewController.h:102:12: note: 'UIViewController' has been explicitly marked unavailable here
@interface UIViewController : UIResponder <NSCoding, UIAppearanceContainer, UITraitEnvironment, UIContentContainer, UIFocusEnvironment>
^
/Users/admin/builder/spi-builder-workspace/Sources/Header/DayHeaderView.swift:177:58: error: 'UIPageViewController' is unavailable in watchOS
public func pageViewController(_ pageViewController: UIPageViewController, viewControllerAfter viewController: UIViewController) -> UIViewController? {
^~~~~~~~~~~~~~~~~~~~
/Applications/Xcode-26.3.0.app/Contents/Developer/Platforms/WatchOS.platform/Developer/SDKs/WatchOS26.2.sdk/System/Library/Frameworks/UIKit.framework/Headers/UIPageViewController.h:51:12: note: 'UIPageViewController' has been explicitly marked unavailable here
@interface UIPageViewController : UIViewController {
^
/Users/admin/builder/spi-builder-workspace/Sources/Header/DayHeaderView.swift:177:116: error: 'UIViewController' is unavailable in watchOS
public func pageViewController(_ pageViewController: UIPageViewController, viewControllerAfter viewController: UIViewController) -> UIViewController? {
^~~~~~~~~~~~~~~~
/Applications/Xcode-26.3.0.app/Contents/Developer/Platforms/WatchOS.platform/Developer/SDKs/WatchOS26.2.sdk/System/Library/Frameworks/UIKit.framework/Headers/UIViewController.h:102:12: note: 'UIViewController' has been explicitly marked unavailable here
@interface UIViewController : UIResponder <NSCoding, UIAppearanceContainer, UITraitEnvironment, UIContentContainer, UIFocusEnvironment>
^
/Users/admin/builder/spi-builder-workspace/Sources/Header/DayHeaderView.swift:177:137: error: 'UIViewController' is unavailable in watchOS
public func pageViewController(_ pageViewController: UIPageViewController, viewControllerAfter viewController: UIViewController) -> UIViewController? {
^~~~~~~~~~~~~~~~
/Applications/Xcode-26.3.0.app/Contents/Developer/Platforms/WatchOS.platform/Developer/SDKs/WatchOS26.2.sdk/System/Library/Frameworks/UIKit.framework/Headers/UIViewController.h:102:12: note: 'UIViewController' has been explicitly marked unavailable here
@interface UIViewController : UIResponder <NSCoding, UIAppearanceContainer, UITraitEnvironment, UIContentContainer, UIFocusEnvironment>
^
/Users/admin/builder/spi-builder-workspace/Sources/Header/DayHeaderView.swift:187:58: error: 'UIPageViewController' is unavailable in watchOS
public func pageViewController(_ pageViewController: UIPageViewController, didFinishAnimating finished: Bool, previousViewControllers: [UIViewController], transitionCompleted completed: Bool) {
^~~~~~~~~~~~~~~~~~~~
/Applications/Xcode-26.3.0.app/Contents/Developer/Platforms/WatchOS.platform/Developer/SDKs/WatchOS26.2.sdk/System/Library/Frameworks/UIKit.framework/Headers/UIPageViewController.h:51:12: note: 'UIPageViewController' has been explicitly marked unavailable here
@interface UIPageViewController : UIViewController {
^
/Users/admin/builder/spi-builder-workspace/Sources/Header/DayHeaderView.swift:187:141: error: 'UIViewController' is unavailable in watchOS
public func pageViewController(_ pageViewController: UIPageViewController, didFinishAnimating finished: Bool, previousViewControllers: [UIViewController], transitionCompleted completed: Bool) {
^~~~~~~~~~~~~~~~
/Applications/Xcode-26.3.0.app/Contents/Developer/Platforms/WatchOS.platform/Developer/SDKs/WatchOS26.2.sdk/System/Library/Frameworks/UIKit.framework/Headers/UIViewController.h:102:12: note: 'UIViewController' has been explicitly marked unavailable here
@interface UIViewController : UIResponder <NSCoding, UIAppearanceContainer, UITraitEnvironment, UIContentContainer, UIFocusEnvironment>
^
/Users/admin/builder/spi-builder-workspace/Sources/Header/DayHeaderView.swift:199:58: error: 'UIPageViewController' is unavailable in watchOS
public func pageViewController(_ pageViewController: UIPageViewController, willTransitionTo pendingViewControllers: [UIViewController]) {
^~~~~~~~~~~~~~~~~~~~
/Applications/Xcode-26.3.0.app/Contents/Developer/Platforms/WatchOS.platform/Developer/SDKs/WatchOS26.2.sdk/System/Library/Frameworks/UIKit.framework/Headers/UIPageViewController.h:51:12: note: 'UIPageViewController' has been explicitly marked unavailable here
@interface UIPageViewController : UIViewController {
^
/Users/admin/builder/spi-builder-workspace/Sources/Header/DayHeaderView.swift:199:122: error: 'UIViewController' is unavailable in watchOS
public func pageViewController(_ pageViewController: UIPageViewController, willTransitionTo pendingViewControllers: [UIViewController]) {
^~~~~~~~~~~~~~~~
/Applications/Xcode-26.3.0.app/Contents/Developer/Platforms/WatchOS.platform/Developer/SDKs/WatchOS26.2.sdk/System/Library/Frameworks/UIKit.framework/Headers/UIViewController.h:102:12: note: 'UIViewController' has been explicitly marked unavailable here
@interface UIViewController : UIResponder <NSCoding, UIAppearanceContainer, UITraitEnvironment, UIContentContainer, UIFocusEnvironment>
^
/Users/admin/builder/spi-builder-workspace/Sources/Header/DayHeaderView.swift:3:35: error: 'UIView' is unavailable in watchOS
public final class DayHeaderView: UIView, DaySelectorDelegate, DayViewStateUpdating, UIPageViewControllerDataSource, UIPageViewControllerDelegate {
^~~~~~
/Applications/Xcode-26.3.0.app/Contents/Developer/Platforms/WatchOS.platform/Developer/SDKs/WatchOS26.2.sdk/System/Library/Frameworks/UIKit.framework/Headers/UIView.h:148:12: note: 'UIView' has been explicitly marked unavailable here
@interface UIView : UIResponder <NSCoding, UIAppearance, UIAppearanceContainer, UIDynamicItem, UITraitEnvironment, UICoordinateSpace, UIFocusItem, UIFocusItemContainer, CALayerDelegate>
^
/Users/admin/builder/spi-builder-workspace/Sources/Header/DayHeaderView.swift:3:86: error: 'UIPageViewControllerDataSource' is unavailable in watchOS
public final class DayHeaderView: UIView, DaySelectorDelegate, DayViewStateUpdating, UIPageViewControllerDataSource, UIPageViewControllerDelegate {
^~~~~~~~~~~~~~~~~~~~~~~~~~~~~~
/Applications/Xcode-26.3.0.app/Contents/Developer/Platforms/WatchOS.platform/Developer/SDKs/WatchOS26.2.sdk/System/Library/Frameworks/UIKit.framework/Headers/UIPageViewController.h:100:11: note: 'UIPageViewControllerDataSource' has been explicitly marked unavailable here
@protocol UIPageViewControllerDataSource <NSObject>
^
/Users/admin/builder/spi-builder-workspace/Sources/Header/DayHeaderView.swift:3:118: error: 'UIPageViewControllerDelegate' is unavailable in watchOS
public final class DayHeaderView: UIView, DaySelectorDelegate, DayViewStateUpdating, UIPageViewControllerDataSource, UIPageViewControllerDelegate {
^~~~~~~~~~~~~~~~~~~~~~~~~~~~
/Applications/Xcode-26.3.0.app/Contents/Developer/Platforms/WatchOS.platform/Developer/SDKs/WatchOS26.2.sdk/System/Library/Frameworks/UIKit.framework/Headers/UIPageViewController.h:80:11: note: 'UIPageViewControllerDelegate' has been explicitly marked unavailable here
@protocol UIPageViewControllerDelegate <NSObject>
^
/Users/admin/builder/spi-builder-workspace/Sources/Header/DaySelector/DateLabel.swift:3:31: error: 'UILabel' is unavailable in watchOS
public final class DateLabel: UILabel, DaySelectorItemProtocol {
^~~~~~~
/Applications/Xcode-26.3.0.app/Contents/Developer/Platforms/WatchOS.platform/Developer/SDKs/WatchOS26.2.sdk/System/Library/Frameworks/UIKit.framework/Headers/UILabel.h:33:12: note: 'UILabel' has been explicitly marked unavailable here
@interface UILabel : UIView <NSCoding, UIContentSizeCategoryAdjusting, UILetterformAwareAdjusting>
^
/Users/admin/builder/spi-builder-workspace/Sources/Header/DaySelector/DayDateCell.swift:5:29: error: 'init()' is unavailable in watchOS
private let dateLabel = DateLabel()
^~~~~~~~~
/Applications/Xcode-26.3.0.app/Contents/Developer/Platforms/WatchOS.platform/Developer/SDKs/WatchOS26.2.sdk/System/Library/Frameworks/UIKit.framework/Headers/UIView.h:154:1: note: 'init()' has been explicitly marked unavailable here
- (instancetype)init API_AVAILABLE(ios(2.0), tvos(9.0), visionos(1.0)) API_UNAVAILABLE(watchos);
^
/Users/admin/builder/spi-builder-workspace/Sources/Header/DaySelector/DayDateCell.swift:6:28: error: 'UILabel' is unavailable in watchOS
private let dayLabel = UILabel()
^~~~~~~
/Applications/Xcode-26.3.0.app/Contents/Developer/Platforms/WatchOS.platform/Developer/SDKs/WatchOS26.2.sdk/System/Library/Frameworks/UIKit.framework/Headers/UILabel.h:33:12: note: 'UILabel' has been explicitly marked unavailable here
@interface UILabel : UIView <NSCoding, UIContentSizeCategoryAdjusting, UILetterformAwareAdjusting>
^
/Users/admin/builder/spi-builder-workspace/Sources/Header/DaySelector/DayDateCell.swift:6:28: error: 'init()' is unavailable in watchOS
private let dayLabel = UILabel()
^~~~~~~
/Applications/Xcode-26.3.0.app/Contents/Developer/Platforms/WatchOS.platform/Developer/SDKs/WatchOS26.2.sdk/System/Library/Frameworks/UIKit.framework/Headers/UIView.h:154:1: note: 'init()' has been explicitly marked unavailable here
- (instancetype)init API_AVAILABLE(ios(2.0), tvos(9.0), visionos(1.0)) API_UNAVAILABLE(watchos);
^
/Users/admin/builder/spi-builder-workspace/Sources/Header/DaySelector/DayDateCell.swift:3:33: error: 'UIView' is unavailable in watchOS
public final class DayDateCell: UIView, DaySelectorItemProtocol {
^~~~~~
/Applications/Xcode-26.3.0.app/Contents/Developer/Platforms/WatchOS.platform/Developer/SDKs/WatchOS26.2.sdk/System/Library/Frameworks/UIKit.framework/Headers/UIView.h:148:12: note: 'UIView' has been explicitly marked unavailable here
@interface UIView : UIResponder <NSCoding, UIAppearance, UIAppearanceContainer, UIDynamicItem, UITraitEnvironment, UICoordinateSpace, UIFocusItem, UIFocusItemContainer, CALayerDelegate>
^
/Users/admin/builder/spi-builder-workspace/Sources/Header/DaySelector/DaySelector.swift:60:26: error: 'UIView' is unavailable in watchOS
private var items = [UIView & DaySelectorItemProtocol]()
^~~~~~
/Applications/Xcode-26.3.0.app/Contents/Developer/Platforms/WatchOS.platform/Developer/SDKs/WatchOS26.2.sdk/System/Library/Frameworks/UIKit.framework/Headers/UIView.h:148:12: note: 'UIView' has been explicitly marked unavailable here
@interface UIView : UIResponder <NSCoding, UIAppearance, UIAppearanceContainer, UIDynamicItem, UITraitEnvironment, UICoordinateSpace, UIFocusItem, UIFocusItemContainer, CALayerDelegate>
^
/Users/admin/builder/spi-builder-workspace/Sources/Header/DaySelector/DaySelector.swift:82:37: error: 'UIView' is unavailable in watchOS
private func initializeViews<T: UIView>(viewType: T.Type) where T: DaySelectorItemProtocol {
^~~~~~
/Applications/Xcode-26.3.0.app/Contents/Developer/Platforms/WatchOS.platform/Developer/SDKs/WatchOS26.2.sdk/System/Library/Frameworks/UIKit.framework/Headers/UIView.h:148:12: note: 'UIView' has been explicitly marked unavailable here
@interface UIView : UIResponder <NSCoding, UIAppearance, UIAppearanceContainer, UIDynamicItem, UITraitEnvironment, UICoordinateSpace, UIFocusItem, UIFocusItemContainer, CALayerDelegate>
^
/Users/admin/builder/spi-builder-workspace/Sources/Header/DaySelector/DaySelector.swift:150:62: error: 'UIUserInterfaceSizeClass' is unavailable in watchOS
public func transitionToHorizontalSizeClass(_ sizeClass: UIUserInterfaceSizeClass) {
^~~~~~~~~~~~~~~~~~~~~~~~
/Applications/Xcode-26.3.0.app/Contents/Developer/Platforms/WatchOS.platform/Developer/SDKs/WatchOS26.2.sdk/System/Library/Frameworks/UIKit.framework/Headers/UIInterface.h:26:28: note: 'UIUserInterfaceSizeClass' has been explicitly marked unavailable here
typedef NS_ENUM(NSInteger, UIUserInterfaceSizeClass) {
^
/Users/admin/builder/spi-builder-workspace/Sources/Header/DaySelector/DaySelector.swift:159:50: error: 'UITapGestureRecognizer' is unavailable in watchOS
@objc private func dateLabelDidTap(_ sender: UITapGestureRecognizer) {
^~~~~~~~~~~~~~~~~~~~~~
/Applications/Xcode-26.3.0.app/Contents/Developer/Platforms/WatchOS.platform/Developer/SDKs/WatchOS26.2.sdk/System/Library/Frameworks/UIKit.framework/Headers/UITapGestureRecognizer.h:23:12: note: 'UITapGestureRecognizer' has been explicitly marked unavailable here
@interface UITapGestureRecognizer : UIGestureRecognizer
^
/Users/admin/builder/spi-builder-workspace/Sources/Header/DaySelector/DaySelector.swift:14:33: error: 'UIView' is unavailable in watchOS
public final class DaySelector: UIView {
^~~~~~
/Applications/Xcode-26.3.0.app/Contents/Developer/Platforms/WatchOS.platform/Developer/SDKs/WatchOS26.2.sdk/System/Library/Frameworks/UIKit.framework/Headers/UIView.h:148:12: note: 'UIView' has been explicitly marked unavailable here
@interface UIView : UIResponder <NSCoding, UIAppearance, UIAppearanceContainer, UIDynamicItem, UITraitEnvironment, UICoordinateSpace, UIFocusItem, UIFocusItemContainer, CALayerDelegate>
^
/Users/admin/builder/spi-builder-workspace/Sources/Header/DaySelector/DaySelectorController.swift:55:55: error: 'UIUserInterfaceSizeClass' is unavailable in watchOS
func transitionToHorizontalSizeClass(_ sizeClass: UIUserInterfaceSizeClass) {
^~~~~~~~~~~~~~~~~~~~~~~~
/Applications/Xcode-26.3.0.app/Contents/Developer/Platforms/WatchOS.platform/Developer/SDKs/WatchOS26.2.sdk/System/Library/Frameworks/UIKit.framework/Headers/UIInterface.h:26:28: note: 'UIUserInterfaceSizeClass' has been explicitly marked unavailable here
typedef NS_ENUM(NSInteger, UIUserInterfaceSizeClass) {
^
/Users/admin/builder/spi-builder-workspace/Sources/Header/DaySelector/DaySelectorController.swift:3:43: error: 'UIViewController' is unavailable in watchOS
public final class DaySelectorController: UIViewController {
^~~~~~~~~~~~~~~~
/Applications/Xcode-26.3.0.app/Contents/Developer/Platforms/WatchOS.platform/Developer/SDKs/WatchOS26.2.sdk/System/Library/Frameworks/UIKit.framework/Headers/UIViewController.h:102:12: note: 'UIViewController' has been explicitly marked unavailable here
@interface UIViewController : UIResponder <NSCoding, UIAppearanceContainer, UITraitEnvironment, UIContentContainer, UIFocusEnvironment>
^
/Users/admin/builder/spi-builder-workspace/Sources/Header/DaySymbolsView.swift:6:27: error: 'UILabel' is unavailable in watchOS
private var labels = [UILabel]()
^~~~~~~
/Applications/Xcode-26.3.0.app/Contents/Developer/Platforms/WatchOS.platform/Developer/SDKs/WatchOS26.2.sdk/System/Library/Frameworks/UIKit.framework/Headers/UILabel.h:33:12: note: 'UILabel' has been explicitly marked unavailable here
@interface UILabel : UIView <NSCoding, UIContentSizeCategoryAdjusting, UILetterformAwareAdjusting>
^
/Users/admin/builder/spi-builder-workspace/Sources/Header/DaySymbolsView.swift:3:36: error: 'UIView' is unavailable in watchOS
public final class DaySymbolsView: UIView {
^~~~~~
/Applications/Xcode-26.3.0.app/Contents/Developer/Platforms/WatchOS.platform/Developer/SDKs/WatchOS26.2.sdk/System/Library/Frameworks/UIKit.framework/Headers/UIView.h:148:12: note: 'UIView' has been explicitly marked unavailable here
@interface UIView : UIResponder <NSCoding, UIAppearance, UIAppearanceContainer, UIDynamicItem, UITraitEnvironment, UICoordinateSpace, UIFocusItem, UIFocusItemContainer, CALayerDelegate>
^
/Users/admin/builder/spi-builder-workspace/Sources/Header/SwipeLabelView.swift:33:29: error: 'UILabel' is unavailable in watchOS
private var firstLabel: UILabel {
^~~~~~~
/Applications/Xcode-26.3.0.app/Contents/Developer/Platforms/WatchOS.platform/Developer/SDKs/WatchOS26.2.sdk/System/Library/Frameworks/UIKit.framework/Headers/UILabel.h:33:12: note: 'UILabel' has been explicitly marked unavailable here
@interface UILabel : UIView <NSCoding, UIContentSizeCategoryAdjusting, UILetterformAwareAdjusting>
^
/Users/admin/builder/spi-builder-workspace/Sources/Header/SwipeLabelView.swift:37:30: error: 'UILabel' is unavailable in watchOS
private var secondLabel: UILabel {
^~~~~~~
/Applications/Xcode-26.3.0.app/Contents/Developer/Platforms/WatchOS.platform/Developer/SDKs/WatchOS26.2.sdk/System/Library/Frameworks/UIKit.framework/Headers/UILabel.h:33:12: note: 'UILabel' has been explicitly marked unavailable here
@interface UILabel : UIView <NSCoding, UIContentSizeCategoryAdjusting, UILetterformAwareAdjusting>
^
/Users/admin/builder/spi-builder-workspace/Sources/Header/SwipeLabelView.swift:41:27: error: 'UILabel' is unavailable in watchOS
private var labels = [UILabel]()
^~~~~~~
/Applications/Xcode-26.3.0.app/Contents/Developer/Platforms/WatchOS.platform/Developer/SDKs/WatchOS26.2.sdk/System/Library/Frameworks/UIKit.framework/Headers/UILabel.h:33:12: note: 'UILabel' has been explicitly marked unavailable here
@interface UILabel : UIView <NSCoding, UIContentSizeCategoryAdjusting, UILetterformAwareAdjusting>
^
/Users/admin/builder/spi-builder-workspace/Sources/Header/SwipeLabelView.swift:3:36: error: 'UIView' is unavailable in watchOS
public final class SwipeLabelView: UIView, DayViewStateUpdating {
^~~~~~
/Applications/Xcode-26.3.0.app/Contents/Developer/Platforms/WatchOS.platform/Developer/SDKs/WatchOS26.2.sdk/System/Library/Frameworks/UIKit.framework/Headers/UIView.h:148:12: note: 'UIView' has been explicitly marked unavailable here
@interface UIView : UIResponder <NSCoding, UIAppearance, UIAppearanceContainer, UIDynamicItem, UITraitEnvironment, UICoordinateSpace, UIFocusItem, UIFocusItemContainer, CALayerDelegate>
^
/Users/admin/builder/spi-builder-workspace/Sources/Timeline/AllDayView.swift:16:33: error: 'UILabel' is unavailable in watchOS
private lazy var textLabel: UILabel = {
^~~~~~~
/Applications/Xcode-26.3.0.app/Contents/Developer/Platforms/WatchOS.platform/Developer/SDKs/WatchOS26.2.sdk/System/Library/Frameworks/UIKit.framework/Headers/UILabel.h:33:12: note: 'UILabel' has been explicitly marked unavailable here
@interface UILabel : UIView <NSCoding, UIContentSizeCategoryAdjusting, UILetterformAwareAdjusting>
^
/Users/admin/builder/spi-builder-workspace/Sources/Timeline/AllDayView.swift:17:21: error: 'UILabel' is unavailable in watchOS
let label = UILabel()
^~~~~~~
/Applications/Xcode-26.3.0.app/Contents/Developer/Platforms/WatchOS.platform/Developer/SDKs/WatchOS26.2.sdk/System/Library/Frameworks/UIKit.framework/Headers/UILabel.h:33:12: note: 'UILabel' has been explicitly marked unavailable here
@interface UILabel : UIView <NSCoding, UIContentSizeCategoryAdjusting, UILetterformAwareAdjusting>
^
/Users/admin/builder/spi-builder-workspace/Sources/Timeline/AllDayView.swift:17:21: error: 'init()' is unavailable in watchOS
let label = UILabel()
^~~~~~~
/Applications/Xcode-26.3.0.app/Contents/Developer/Platforms/WatchOS.platform/Developer/SDKs/WatchOS26.2.sdk/System/Library/Frameworks/UIKit.framework/Headers/UIView.h:154:1: note: 'init()' has been explicitly marked unavailable here
- (instancetype)init API_AVAILABLE(ios(2.0), tvos(9.0), visionos(1.0)) API_UNAVAILABLE(watchos);
^
/Users/admin/builder/spi-builder-workspace/Sources/Timeline/AllDayView.swift:20:56: error: 'required' is unavailable in watchOS
label.setContentCompressionResistancePriority(.required, for: .horizontal)
^~~~~~~~
/Applications/Xcode-26.3.0.app/Contents/Developer/Platforms/WatchOS.platform/Developer/SDKs/WatchOS26.2.sdk/System/Library/Frameworks/UIKit.framework/Headers/NSLayoutConstraint.h:18:31: note: 'required' has been explicitly marked unavailable here
static const UILayoutPriority UILayoutPriorityRequired API_AVAILABLE(ios(6.0)) API_UNAVAILABLE(watchos) = 1000; // A required constraint. Do not exceed this.
^
/Users/admin/builder/spi-builder-workspace/Sources/Timeline/AllDayView.swift:28:39: error: 'UIScrollView' is unavailable in watchOS
private(set) lazy var scrollView: UIScrollView = {
^~~~~~~~~~~~
/Applications/Xcode-26.3.0.app/Contents/Developer/Platforms/WatchOS.platform/Developer/SDKs/WatchOS26.2.sdk/System/Library/Frameworks/UIKit.framework/Headers/UIScrollView.h:87:12: note: 'UIScrollView' has been explicitly marked unavailable here
@interface UIScrollView : UIView <NSCoding, UIFocusItemScrollableContainer>
^
/Users/admin/builder/spi-builder-workspace/Sources/Timeline/AllDayView.swift:29:18: error: 'UIScrollView' is unavailable in watchOS
let sv = UIScrollView()
^~~~~~~~~~~~
/Applications/Xcode-26.3.0.app/Contents/Developer/Platforms/WatchOS.platform/Developer/SDKs/WatchOS26.2.sdk/System/Library/Frameworks/UIKit.framework/Headers/UIScrollView.h:87:12: note: 'UIScrollView' has been explicitly marked unavailable here
@interface UIScrollView : UIView <NSCoding, UIFocusItemScrollableContainer>
^
/Users/admin/builder/spi-builder-workspace/Sources/Timeline/AllDayView.swift:29:18: error: 'init()' is unavailable in watchOS
let sv = UIScrollView()
^~~~~~~~~~~~
/Applications/Xcode-26.3.0.app/Contents/Developer/Platforms/WatchOS.platform/Developer/SDKs/WatchOS26.2.sdk/System/Library/Frameworks/UIKit.framework/Headers/UIView.h:154:1: note: 'init()' has been explicitly marked unavailable here
- (instancetype)init API_AVAILABLE(ios(2.0), tvos(9.0), visionos(1.0)) API_UNAVAILABLE(watchos);
^
/Users/admin/builder/spi-builder-workspace/Sources/Timeline/AllDayView.swift:3:32: error: 'UIView' is unavailable in watchOS
public final class AllDayView: UIView {
^~~~~~
/Applications/Xcode-26.3.0.app/Contents/Developer/Platforms/WatchOS.platform/Developer/SDKs/WatchOS26.2.sdk/System/Library/Frameworks/UIKit.framework/Headers/UIView.h:148:12: note: 'UIView' has been explicitly marked unavailable here
@interface UIView : UIResponder <NSCoding, UIAppearance, UIAppearanceContainer, UIDynamicItem, UITraitEnvironment, UICoordinateSpace, UIFocusItem, UIFocusItemContainer, CALayerDelegate>
^
/Users/admin/builder/spi-builder-workspace/Sources/Timeline/CurrentTimeIndicator.swift:26:29: error: 'UILabel' is unavailable in watchOS
private var timeLabel = UILabel()
^~~~~~~
/Applications/Xcode-26.3.0.app/Contents/Developer/Platforms/WatchOS.platform/Developer/SDKs/WatchOS26.2.sdk/System/Library/Frameworks/UIKit.framework/Headers/UILabel.h:33:12: note: 'UILabel' has been explicitly marked unavailable here
@interface UILabel : UIView <NSCoding, UIContentSizeCategoryAdjusting, UILetterformAwareAdjusting>
^
/Users/admin/builder/spi-builder-workspace/Sources/Timeline/CurrentTimeIndicator.swift:26:29: error: 'init()' is unavailable in watchOS
private var timeLabel = UILabel()
^~~~~~~
/Applications/Xcode-26.3.0.app/Contents/Developer/Platforms/WatchOS.platform/Developer/SDKs/WatchOS26.2.sdk/System/Library/Frameworks/UIKit.framework/Headers/UIView.h:154:1: note: 'init()' has been explicitly marked unavailable here
- (instancetype)init API_AVAILABLE(ios(2.0), tvos(9.0), visionos(1.0)) API_UNAVAILABLE(watchos);
^
/Users/admin/builder/spi-builder-workspace/Sources/Timeline/CurrentTimeIndicator.swift:27:26: error: 'UIView' is unavailable in watchOS
private var circle = UIView()
^~~~~~
/Applications/Xcode-26.3.0.app/Contents/Developer/Platforms/WatchOS.platform/Developer/SDKs/WatchOS26.2.sdk/System/Library/Frameworks/UIKit.framework/Headers/UIView.h:148:12: note: 'UIView' has been explicitly marked unavailable here
@interface UIView : UIResponder <NSCoding, UIAppearance, UIAppearanceContainer, UIDynamicItem, UITraitEnvironment, UICoordinateSpace, UIFocusItem, UIFocusItemContainer, CALayerDelegate>
^
/Users/admin/builder/spi-builder-workspace/Sources/Timeline/CurrentTimeIndicator.swift:27:26: error: 'init()' is unavailable in watchOS
private var circle = UIView()
^~~~~~
/Applications/Xcode-26.3.0.app/Contents/Developer/Platforms/WatchOS.platform/Developer/SDKs/WatchOS26.2.sdk/System/Library/Frameworks/UIKit.framework/Headers/UIView.h:154:1: note: 'init()' has been explicitly marked unavailable here
- (instancetype)init API_AVAILABLE(ios(2.0), tvos(9.0), visionos(1.0)) API_UNAVAILABLE(watchos);
^
/Users/admin/builder/spi-builder-workspace/Sources/Timeline/CurrentTimeIndicator.swift:28:24: error: 'UIView' is unavailable in watchOS
private var line = UIView()
^~~~~~
/Applications/Xcode-26.3.0.app/Contents/Developer/Platforms/WatchOS.platform/Developer/SDKs/WatchOS26.2.sdk/System/Library/Frameworks/UIKit.framework/Headers/UIView.h:148:12: note: 'UIView' has been explicitly marked unavailable here
@interface UIView : UIResponder <NSCoding, UIAppearance, UIAppearanceContainer, UIDynamicItem, UITraitEnvironment, UICoordinateSpace, UIFocusItem, UIFocusItemContainer, CALayerDelegate>
^
/Users/admin/builder/spi-builder-workspace/Sources/Timeline/CurrentTimeIndicator.swift:28:24: error: 'init()' is unavailable in watchOS
private var line = UIView()
^~~~~~
/Applications/Xcode-26.3.0.app/Contents/Developer/Platforms/WatchOS.platform/Developer/SDKs/WatchOS26.2.sdk/System/Library/Frameworks/UIKit.framework/Headers/UIView.h:154:1: note: 'init()' has been explicitly marked unavailable here
- (instancetype)init API_AVAILABLE(ios(2.0), tvos(9.0), visionos(1.0)) API_UNAVAILABLE(watchos);
^
/Users/admin/builder/spi-builder-workspace/Sources/Timeline/CurrentTimeIndicator.swift:3:48: error: 'UIView' is unavailable in watchOS
@objc public final class CurrentTimeIndicator: UIView {
^~~~~~
/Applications/Xcode-26.3.0.app/Contents/Developer/Platforms/WatchOS.platform/Developer/SDKs/WatchOS26.2.sdk/System/Library/Frameworks/UIKit.framework/Headers/UIView.h:148:12: note: 'UIView' has been explicitly marked unavailable here
@interface UIView : UIResponder <NSCoding, UIAppearance, UIAppearanceContainer, UIDynamicItem, UITraitEnvironment, UICoordinateSpace, UIFocusItem, UIFocusItemContainer, CALayerDelegate>
^
/Users/admin/builder/spi-builder-workspace/Sources/Timeline/EventResizeHandleDotView.swift:4:46: error: 'UIView' is unavailable in watchOS
public final class EventResizeHandleDotView: UIView {
^~~~~~
/Applications/Xcode-26.3.0.app/Contents/Developer/Platforms/WatchOS.platform/Developer/SDKs/WatchOS26.2.sdk/System/Library/Frameworks/UIKit.framework/Headers/UIView.h:148:12: note: 'UIView' has been explicitly marked unavailable here
@interface UIView : UIResponder <NSCoding, UIAppearance, UIAppearanceContainer, UIDynamicItem, UITraitEnvironment, UICoordinateSpace, UIFocusItem, UIFocusItemContainer, CALayerDelegate>
^
/Users/admin/builder/spi-builder-workspace/Sources/Timeline/EventResizeHandleView.swift:5:57: error: 'UIPanGestureRecognizer' is unavailable in watchOS
public private(set) lazy var panGestureRecognizer = UIPanGestureRecognizer()
^~~~~~~~~~~~~~~~~~~~~~
/Applications/Xcode-26.3.0.app/Contents/Developer/Platforms/WatchOS.platform/Developer/SDKs/WatchOS26.2.sdk/System/Library/Frameworks/UIKit.framework/Headers/UIPanGestureRecognizer.h:31:12: note: 'UIPanGestureRecognizer' has been explicitly marked unavailable here
@interface UIPanGestureRecognizer : UIGestureRecognizer
^
/Users/admin/builder/spi-builder-workspace/Sources/Timeline/EventResizeHandleView.swift:6:44: error: 'init()' is unavailable in watchOS
public private(set) lazy var dotView = EventResizeHandleDotView()
^~~~~~~~~~~~~~~~~~~~~~~~
/Applications/Xcode-26.3.0.app/Contents/Developer/Platforms/WatchOS.platform/Developer/SDKs/WatchOS26.2.sdk/System/Library/Frameworks/UIKit.framework/Headers/UIView.h:154:1: note: 'init()' has been explicitly marked unavailable here
- (instancetype)init API_AVAILABLE(ios(2.0), tvos(9.0), visionos(1.0)) API_UNAVAILABLE(watchos);
^
/Users/admin/builder/spi-builder-workspace/Sources/Timeline/EventResizeHandleView.swift:4:43: error: 'UIView' is unavailable in watchOS
public final class EventResizeHandleView: UIView {
^~~~~~
/Applications/Xcode-26.3.0.app/Contents/Developer/Platforms/WatchOS.platform/Developer/SDKs/WatchOS26.2.sdk/System/Library/Frameworks/UIKit.framework/Headers/UIView.h:148:12: note: 'UIView' has been explicitly marked unavailable here
@interface UIView : UIResponder <NSCoding, UIAppearance, UIAppearanceContainer, UIDynamicItem, UITraitEnvironment, UICoordinateSpace, UIFocusItem, UIFocusItemContainer, CALayerDelegate>
^
/Users/admin/builder/spi-builder-workspace/Sources/Timeline/EventView.swift:22:56: error: 'init()' is unavailable in watchOS
public private(set) lazy var eventResizeHandles = [EventResizeHandleView(), EventResizeHandleView()]
^~~~~~~~~~~~~~~~~~~~~
/Applications/Xcode-26.3.0.app/Contents/Developer/Platforms/WatchOS.platform/Developer/SDKs/WatchOS26.2.sdk/System/Library/Frameworks/UIKit.framework/Headers/UIView.h:154:1: note: 'init()' has been explicitly marked unavailable here
- (instancetype)init API_AVAILABLE(ios(2.0), tvos(9.0), visionos(1.0)) API_UNAVAILABLE(watchos);
^
/Users/admin/builder/spi-builder-workspace/Sources/Timeline/EventView.swift:22:81: error: 'init()' is unavailable in watchOS
public private(set) lazy var eventResizeHandles = [EventResizeHandleView(), EventResizeHandleView()]
^~~~~~~~~~~~~~~~~~~~~
/Applications/Xcode-26.3.0.app/Contents/Developer/Platforms/WatchOS.platform/Developer/SDKs/WatchOS26.2.sdk/System/Library/Frameworks/UIKit.framework/Headers/UIView.h:154:1: note: 'init()' has been explicitly marked unavailable here
- (instancetype)init API_AVAILABLE(ios(2.0), tvos(9.0), visionos(1.0)) API_UNAVAILABLE(watchos);
^
/Users/admin/builder/spi-builder-workspace/Sources/Timeline/EventView.swift:11:44: error: 'UITextView' is unavailable in watchOS
public private(set) lazy var textView: UITextView = {
^~~~~~~~~~
/Applications/Xcode-26.3.0.app/Contents/Developer/Platforms/WatchOS.platform/Developer/SDKs/WatchOS26.2.sdk/System/Library/Frameworks/UIKit.framework/Headers/UITextView.h:219:12: note: 'UITextView' has been explicitly marked unavailable here
@interface UITextView : UIScrollView <UITextInput, UIContentSizeCategoryAdjusting, UILetterformAwareAdjusting>
^
/Users/admin/builder/spi-builder-workspace/Sources/Timeline/EventView.swift:12:20: error: 'UITextView' is unavailable in watchOS
let view = UITextView()
^~~~~~~~~~
/Applications/Xcode-26.3.0.app/Contents/Developer/Platforms/WatchOS.platform/Developer/SDKs/WatchOS26.2.sdk/System/Library/Frameworks/UIKit.framework/Headers/UITextView.h:219:12: note: 'UITextView' has been explicitly marked unavailable here
@interface UITextView : UIScrollView <UITextInput, UIContentSizeCategoryAdjusting, UILetterformAwareAdjusting>
^
/Users/admin/builder/spi-builder-workspace/Sources/Timeline/EventView.swift:12:20: error: 'init()' is unavailable in watchOS
let view = UITextView()
^~~~~~~~~~
/Applications/Xcode-26.3.0.app/Contents/Developer/Platforms/WatchOS.platform/Developer/SDKs/WatchOS26.2.sdk/System/Library/Frameworks/UIKit.framework/Headers/UIView.h:154:1: note: 'init()' has been explicitly marked unavailable here
- (instancetype)init API_AVAILABLE(ios(2.0), tvos(9.0), visionos(1.0)) API_UNAVAILABLE(watchos);
^
/Users/admin/builder/spi-builder-workspace/Sources/Timeline/EventView.swift:93:64: error: 'UIEvent' is unavailable in watchOS
public override func hitTest(_ point: CGPoint, with event: UIEvent?) -> UIView? {
^~~~~~~
/Applications/Xcode-26.3.0.app/Contents/Developer/Platforms/WatchOS.platform/Developer/SDKs/WatchOS26.2.sdk/System/Library/Frameworks/UIKit.framework/Headers/UIEvent.h:62:12: note: 'UIEvent' has been explicitly marked unavailable here
@interface UIEvent : NSObject
^
/Users/admin/builder/spi-builder-workspace/Sources/Timeline/EventView.swift:93:77: error: 'UIView' is unavailable in watchOS
public override func hitTest(_ point: CGPoint, with event: UIEvent?) -> UIView? {
^~~~~~
/Applications/Xcode-26.3.0.app/Contents/Developer/Platforms/WatchOS.platform/Developer/SDKs/WatchOS26.2.sdk/System/Library/Frameworks/UIKit.framework/Headers/UIView.h:148:12: note: 'UIView' has been explicitly marked unavailable here
@interface UIView : UIResponder <NSCoding, UIAppearance, UIAppearanceContainer, UIDynamicItem, UITraitEnvironment, UICoordinateSpace, UIFocusItem, UIFocusItemContainer, CALayerDelegate>
^
/Users/admin/builder/spi-builder-workspace/Sources/Timeline/EventView.swift:3:23: error: 'UIView' is unavailable in watchOS
open class EventView: UIView {
^~~~~~
/Applications/Xcode-26.3.0.app/Contents/Developer/Platforms/WatchOS.platform/Developer/SDKs/WatchOS26.2.sdk/System/Library/Frameworks/UIKit.framework/Headers/UIView.h:148:12: note: 'UIView' has been explicitly marked unavailable here
@interface UIView : UIResponder <NSCoding, UIAppearance, UIAppearanceContainer, UIDynamicItem, UITraitEnvironment, UICoordinateSpace, UIFocusItem, UIFocusItemContainer, CALayerDelegate>
^
/Users/admin/builder/spi-builder-workspace/Sources/Timeline/ReusePool.swift:3:26: error: 'UIView' is unavailable in watchOS
final class ReusePool<T: UIView> {
^~~~~~
/Applications/Xcode-26.3.0.app/Contents/Developer/Platforms/WatchOS.platform/Developer/SDKs/WatchOS26.2.sdk/System/Library/Frameworks/UIKit.framework/Headers/UIView.h:148:12: note: 'UIView' has been explicitly marked unavailable here
@interface UIView : UIResponder <NSCoding, UIAppearance, UIAppearanceContainer, UIDynamicItem, UITraitEnvironment, UICoordinateSpace, UIFocusItem, UIFocusItemContainer, CALayerDelegate>
^
/Users/admin/builder/spi-builder-workspace/Sources/Timeline/TimelineContainer.swift:3:39: error: 'UIScrollView' is unavailable in watchOS
public final class TimelineContainer: UIScrollView {
^~~~~~~~~~~~
/Applications/Xcode-26.3.0.app/Contents/Developer/Platforms/WatchOS.platform/Developer/SDKs/WatchOS26.2.sdk/System/Library/Frameworks/UIKit.framework/Headers/UIScrollView.h:87:12: note: 'UIScrollView' has been explicitly marked unavailable here
@interface UIScrollView : UIView <NSCoding, UIFocusItemScrollableContainer>
^
/Users/admin/builder/spi-builder-workspace/Sources/Timeline/TimelineContainerController.swift:3:49: error: 'UIViewController' is unavailable in watchOS
public final class TimelineContainerController: UIViewController {
^~~~~~~~~~~~~~~~
/Applications/Xcode-26.3.0.app/Contents/Developer/Platforms/WatchOS.platform/Developer/SDKs/WatchOS26.2.sdk/System/Library/Frameworks/UIKit.framework/Headers/UIViewController.h:102:12: note: 'UIViewController' has been explicitly marked unavailable here
@interface UIViewController : UIResponder <NSCoding, UIAppearanceContainer, UITraitEnvironment, UIContentContainer, UIFocusEnvironment>
^
/Users/admin/builder/spi-builder-workspace/Sources/Timeline/TimelinePagerView.swift:46:45: error: 'UIPanGestureRecognizer' is unavailable in watchOS
private lazy var panGestureRecognizer = UIPanGestureRecognizer(target: self,
^~~~~~~~~~~~~~~~~~~~~~
/Applications/Xcode-26.3.0.app/Contents/Developer/Platforms/WatchOS.platform/Developer/SDKs/WatchOS26.2.sdk/System/Library/Frameworks/UIKit.framework/Headers/UIPanGestureRecognizer.h:31:12: note: 'UIPanGestureRecognizer' has been explicitly marked unavailable here
@interface UIPanGestureRecognizer : UIGestureRecognizer
^
/Users/admin/builder/spi-builder-workspace/Sources/Timeline/TimelinePagerView.swift:41:40: error: 'UIPageViewController' is unavailable in watchOS
private var pagingViewController = UIPageViewController(transitionStyle: .scroll,
^~~~~~~~~~~~~~~~~~~~
/Applications/Xcode-26.3.0.app/Contents/Developer/Platforms/WatchOS.platform/Developer/SDKs/WatchOS26.2.sdk/System/Library/Frameworks/UIKit.framework/Headers/UIPageViewController.h:51:12: note: 'UIPageViewController' has been explicitly marked unavailable here
@interface UIPageViewController : UIViewController {
^
/Users/admin/builder/spi-builder-workspace/Sources/Timeline/TimelinePagerView.swift:49:56: error: 'UIGestureRecognizer' is unavailable in watchOS
public func gestureRecognizer(_ gestureRecognizer: UIGestureRecognizer,
^~~~~~~~~~~~~~~~~~~
/Applications/Xcode-26.3.0.app/Contents/Developer/Platforms/WatchOS.platform/Developer/SDKs/WatchOS26.2.sdk/System/Library/Frameworks/UIKit.framework/Headers/UIGestureRecognizer.h:35:12: note: 'UIGestureRecognizer' has been explicitly marked unavailable here
@interface UIGestureRecognizer : NSObject
^
/Users/admin/builder/spi-builder-workspace/Sources/Timeline/TimelinePagerView.swift:50:93: error: 'UIGestureRecognizer' is unavailable in watchOS
shouldRecognizeSimultaneouslyWith otherGestureRecognizer: UIGestureRecognizer) -> Bool {
^~~~~~~~~~~~~~~~~~~
/Applications/Xcode-26.3.0.app/Contents/Developer/Platforms/WatchOS.platform/Developer/SDKs/WatchOS26.2.sdk/System/Library/Frameworks/UIKit.framework/Headers/UIGestureRecognizer.h:35:12: note: 'UIGestureRecognizer' has been explicitly marked unavailable here
@interface UIGestureRecognizer : NSObject
^
/Users/admin/builder/spi-builder-workspace/Sources/Timeline/TimelinePagerView.swift:57:76: error: 'UIGestureRecognizer' is unavailable in watchOS
public override func gestureRecognizerShouldBegin(_ gestureRecognizer: UIGestureRecognizer) -> Bool {
^~~~~~~~~~~~~~~~~~~
/Applications/Xcode-26.3.0.app/Contents/Developer/Platforms/WatchOS.platform/Developer/SDKs/WatchOS26.2.sdk/System/Library/Frameworks/UIKit.framework/Headers/UIGestureRecognizer.h:35:12: note: 'UIGestureRecognizer' has been explicitly marked unavailable here
@interface UIGestureRecognizer : NSObject
^
/Users/admin/builder/spi-builder-workspace/Sources/Timeline/TimelinePagerView.swift:131:59: error: 'UIGestureRecognizer' is unavailable in watchOS
public func timelinePanGestureRequire(toFail gesture: UIGestureRecognizer) {
^~~~~~~~~~~~~~~~~~~
/Applications/Xcode-26.3.0.app/Contents/Developer/Platforms/WatchOS.platform/Developer/SDKs/WatchOS26.2.sdk/System/Library/Frameworks/UIKit.framework/Headers/UIGestureRecognizer.h:35:12: note: 'UIGestureRecognizer' has been explicitly marked unavailable here
@interface UIGestureRecognizer : NSObject
^
/Users/admin/builder/spi-builder-workspace/Sources/Timeline/TimelinePagerView.swift:162:59: error: 'UIScrollView' is unavailable in watchOS
public func scrollViewWillBeginDragging(_ scrollView: UIScrollView) {
^~~~~~~~~~~~
/Applications/Xcode-26.3.0.app/Contents/Developer/Platforms/WatchOS.platform/Developer/SDKs/WatchOS26.2.sdk/System/Library/Frameworks/UIKit.framework/Headers/UIScrollView.h:87:12: note: 'UIScrollView' has been explicitly marked unavailable here
@interface UIScrollView : UIView <NSCoding, UIFocusItemScrollableContainer>
^
/Users/admin/builder/spi-builder-workspace/Sources/Timeline/TimelinePagerView.swift:166:51: error: 'UIScrollView' is unavailable in watchOS
public func scrollViewDidScroll(_ scrollView: UIScrollView) {
^~~~~~~~~~~~
/Applications/Xcode-26.3.0.app/Contents/Developer/Platforms/WatchOS.platform/Developer/SDKs/WatchOS26.2.sdk/System/Library/Frameworks/UIKit.framework/Headers/UIScrollView.h:87:12: note: 'UIScrollView' has been explicitly marked unavailable here
@interface UIScrollView : UIView <NSCoding, UIFocusItemScrollableContainer>
^
/Users/admin/builder/spi-builder-workspace/Sources/Timeline/TimelinePagerView.swift:268:43: error: 'UIPanGestureRecognizer' is unavailable in watchOS
@objc func handlePanGesture(_ sender: UIPanGestureRecognizer) {
^~~~~~~~~~~~~~~~~~~~~~
/Applications/Xcode-26.3.0.app/Contents/Developer/Platforms/WatchOS.platform/Developer/SDKs/WatchOS26.2.sdk/System/Library/Frameworks/UIKit.framework/Headers/UIPanGestureRecognizer.h:31:12: note: 'UIPanGestureRecognizer' has been explicitly marked unavailable here
@interface UIPanGestureRecognizer : UIGestureRecognizer
^
/Users/admin/builder/spi-builder-workspace/Sources/Timeline/TimelinePagerView.swift:288:55: error: 'UIPanGestureRecognizer' is unavailable in watchOS
@objc func handleResizeHandlePanGesture(_ sender: UIPanGestureRecognizer) {
^~~~~~~~~~~~~~~~~~~~~~
/Applications/Xcode-26.3.0.app/Contents/Developer/Platforms/WatchOS.platform/Developer/SDKs/WatchOS26.2.sdk/System/Library/Frameworks/UIKit.framework/Headers/UIPanGestureRecognizer.h:31:12: note: 'UIPanGestureRecognizer' has been explicitly marked unavailable here
@interface UIPanGestureRecognizer : UIGestureRecognizer
^
/Users/admin/builder/spi-builder-workspace/Sources/Timeline/TimelinePagerView.swift:398:55: error: 'UILongPressGestureRecognizer' is unavailable in watchOS
@objc private func timelineDidLongPress(_ sender: UILongPressGestureRecognizer) {
^~~~~~~~~~~~~~~~~~~~~~~~~~~~
/Applications/Xcode-26.3.0.app/Contents/Developer/Platforms/WatchOS.platform/Developer/SDKs/WatchOS26.2.sdk/System/Library/Frameworks/UIKit.framework/Headers/UILongPressGestureRecognizer.h:22:12: note: 'UILongPressGestureRecognizer' has been explicitly marked unavailable here
@interface UILongPressGestureRecognizer : UIGestureRecognizer
^
/Users/admin/builder/spi-builder-workspace/Sources/Timeline/TimelinePagerView.swift:470:58: error: 'UIPageViewController' is unavailable in watchOS
public func pageViewController(_ pageViewController: UIPageViewController, viewControllerBefore viewController: UIViewController) -> UIViewController? {
^~~~~~~~~~~~~~~~~~~~
/Applications/Xcode-26.3.0.app/Contents/Developer/Platforms/WatchOS.platform/Developer/SDKs/WatchOS26.2.sdk/System/Library/Frameworks/UIKit.framework/Headers/UIPageViewController.h:51:12: note: 'UIPageViewController' has been explicitly marked unavailable here
@interface UIPageViewController : UIViewController {
^
/Users/admin/builder/spi-builder-workspace/Sources/Timeline/TimelinePagerView.swift:470:117: error: 'UIViewController' is unavailable in watchOS
public func pageViewController(_ pageViewController: UIPageViewController, viewControllerBefore viewController: UIViewController) -> UIViewController? {
^~~~~~~~~~~~~~~~
/Applications/Xcode-26.3.0.app/Contents/Developer/Platforms/WatchOS.platform/Developer/SDKs/WatchOS26.2.sdk/System/Library/Frameworks/UIKit.framework/Headers/UIViewController.h:102:12: note: 'UIViewController' has been explicitly marked unavailable here
@interface UIViewController : UIResponder <NSCoding, UIAppearanceContainer, UITraitEnvironment, UIContentContainer, UIFocusEnvironment>
^
/Users/admin/builder/spi-builder-workspace/Sources/Timeline/TimelinePagerView.swift:470:138: error: 'UIViewController' is unavailable in watchOS
public func pageViewController(_ pageViewController: UIPageViewController, viewControllerBefore viewController: UIViewController) -> UIViewController? {
^~~~~~~~~~~~~~~~
/Applications/Xcode-26.3.0.app/Contents/Developer/Platforms/WatchOS.platform/Developer/SDKs/WatchOS26.2.sdk/System/Library/Frameworks/UIKit.framework/Headers/UIViewController.h:102:12: note: 'UIViewController' has been explicitly marked unavailable here
@interface UIViewController : UIResponder <NSCoding, UIAppearanceContainer, UITraitEnvironment, UIContentContainer, UIFocusEnvironment>
^
/Users/admin/builder/spi-builder-workspace/Sources/Timeline/TimelinePagerView.swift:479:58: error: 'UIPageViewController' is unavailable in watchOS
public func pageViewController(_ pageViewController: UIPageViewController, viewControllerAfter viewController: UIViewController) -> UIViewController? {
^~~~~~~~~~~~~~~~~~~~
/Applications/Xcode-26.3.0.app/Contents/Developer/Platforms/WatchOS.platform/Developer/SDKs/WatchOS26.2.sdk/System/Library/Frameworks/UIKit.framework/Headers/UIPageViewController.h:51:12: note: 'UIPageViewController' has been explicitly marked unavailable here
@interface UIPageViewController : UIViewController {
^
/Users/admin/builder/spi-builder-workspace/Sources/Timeline/TimelinePagerView.swift:479:116: error: 'UIViewController' is unavailable in watchOS
public func pageViewController(_ pageViewController: UIPageViewController, viewControllerAfter viewController: UIViewController) -> UIViewController? {
^~~~~~~~~~~~~~~~
/Applications/Xcode-26.3.0.app/Contents/Developer/Platforms/WatchOS.platform/Developer/SDKs/WatchOS26.2.sdk/System/Library/Frameworks/UIKit.framework/Headers/UIViewController.h:102:12: note: 'UIViewController' has been explicitly marked unavailable here
@interface UIViewController : UIResponder <NSCoding, UIAppearanceContainer, UITraitEnvironment, UIContentContainer, UIFocusEnvironment>
^
/Users/admin/builder/spi-builder-workspace/Sources/Timeline/TimelinePagerView.swift:479:137: error: 'UIViewController' is unavailable in watchOS
public func pageViewController(_ pageViewController: UIPageViewController, viewControllerAfter viewController: UIViewController) -> UIViewController? {
^~~~~~~~~~~~~~~~
/Applications/Xcode-26.3.0.app/Contents/Developer/Platforms/WatchOS.platform/Developer/SDKs/WatchOS26.2.sdk/System/Library/Frameworks/UIKit.framework/Headers/UIViewController.h:102:12: note: 'UIViewController' has been explicitly marked unavailable here
@interface UIViewController : UIResponder <NSCoding, UIAppearanceContainer, UITraitEnvironment, UIContentContainer, UIFocusEnvironment>
^
/Users/admin/builder/spi-builder-workspace/Sources/Timeline/TimelinePagerView.swift:490:58: error: 'UIPageViewController' is unavailable in watchOS
public func pageViewController(_ pageViewController: UIPageViewController, didFinishAnimating finished: Bool, previousViewControllers: [UIViewController], transitionCompleted completed: Bool) {
^~~~~~~~~~~~~~~~~~~~
/Applications/Xcode-26.3.0.app/Contents/Developer/Platforms/WatchOS.platform/Developer/SDKs/WatchOS26.2.sdk/System/Library/Frameworks/UIKit.framework/Headers/UIPageViewController.h:51:12: note: 'UIPageViewController' has been explicitly marked unavailable here
@interface UIPageViewController : UIViewController {
^
/Users/admin/builder/spi-builder-workspace/Sources/Timeline/TimelinePagerView.swift:490:141: error: 'UIViewController' is unavailable in watchOS
public func pageViewController(_ pageViewController: UIPageViewController, didFinishAnimating finished: Bool, previousViewControllers: [UIViewController], transitionCompleted completed: Bool) {
^~~~~~~~~~~~~~~~
/Applications/Xcode-26.3.0.app/Contents/Developer/Platforms/WatchOS.platform/Developer/SDKs/WatchOS26.2.sdk/System/Library/Frameworks/UIKit.framework/Headers/UIViewController.h:102:12: note: 'UIViewController' has been explicitly marked unavailable here
@interface UIViewController : UIResponder <NSCoding, UIAppearanceContainer, UITraitEnvironment, UIContentContainer, UIFocusEnvironment>
^
/Users/admin/builder/spi-builder-workspace/Sources/Timeline/TimelinePagerView.swift:504:58: error: 'UIPageViewController' is unavailable in watchOS
public func pageViewController(_ pageViewController: UIPageViewController, willTransitionTo pendingViewControllers: [UIViewController]) {
^~~~~~~~~~~~~~~~~~~~
/Applications/Xcode-26.3.0.app/Contents/Developer/Platforms/WatchOS.platform/Developer/SDKs/WatchOS26.2.sdk/System/Library/Frameworks/UIKit.framework/Headers/UIPageViewController.h:51:12: note: 'UIPageViewController' has been explicitly marked unavailable here
@interface UIPageViewController : UIViewController {
^
/Users/admin/builder/spi-builder-workspace/Sources/Timeline/TimelinePagerView.swift:504:122: error: 'UIViewController' is unavailable in watchOS
public func pageViewController(_ pageViewController: UIPageViewController, willTransitionTo pendingViewControllers: [UIViewController]) {
^~~~~~~~~~~~~~~~
/Applications/Xcode-26.3.0.app/Contents/Developer/Platforms/WatchOS.platform/Developer/SDKs/WatchOS26.2.sdk/System/Library/Frameworks/UIKit.framework/Headers/UIViewController.h:102:12: note: 'UIViewController' has been explicitly marked unavailable here
@interface UIViewController : UIResponder <NSCoding, UIAppearanceContainer, UITraitEnvironment, UIContentContainer, UIFocusEnvironment>
^
/Users/admin/builder/spi-builder-workspace/Sources/Timeline/TimelinePagerView.swift:17:39: error: 'UIView' is unavailable in watchOS
public final class TimelinePagerView: UIView, UIGestureRecognizerDelegate, UIScrollViewDelegate, DayViewStateUpdating, UIPageViewControllerDataSource, UIPageViewControllerDelegate, TimelineViewDelegate {
^~~~~~
/Applications/Xcode-26.3.0.app/Contents/Developer/Platforms/WatchOS.platform/Developer/SDKs/WatchOS26.2.sdk/System/Library/Frameworks/UIKit.framework/Headers/UIView.h:148:12: note: 'UIView' has been explicitly marked unavailable here
@interface UIView : UIResponder <NSCoding, UIAppearance, UIAppearanceContainer, UIDynamicItem, UITraitEnvironment, UICoordinateSpace, UIFocusItem, UIFocusItemContainer, CALayerDelegate>
^
/Users/admin/builder/spi-builder-workspace/Sources/Timeline/TimelinePagerView.swift:17:47: error: 'UIGestureRecognizerDelegate' is unavailable in watchOS
public final class TimelinePagerView: UIView, UIGestureRecognizerDelegate, UIScrollViewDelegate, DayViewStateUpdating, UIPageViewControllerDataSource, UIPageViewControllerDelegate, TimelineViewDelegate {
^~~~~~~~~~~~~~~~~~~~~~~~~~~
/Applications/Xcode-26.3.0.app/Contents/Developer/Platforms/WatchOS.platform/Developer/SDKs/WatchOS26.2.sdk/System/Library/Frameworks/UIKit.framework/Headers/UIGestureRecognizer.h:91:11: note: 'UIGestureRecognizerDelegate' has been explicitly marked unavailable here
@protocol UIGestureRecognizerDelegate <NSObject>
^
/Users/admin/builder/spi-builder-workspace/Sources/Timeline/TimelinePagerView.swift:17:76: error: 'UIScrollViewDelegate' is unavailable in watchOS
public final class TimelinePagerView: UIView, UIGestureRecognizerDelegate, UIScrollViewDelegate, DayViewStateUpdating, UIPageViewControllerDataSource, UIPageViewControllerDelegate, TimelineViewDelegate {
^~~~~~~~~~~~~~~~~~~~
/Applications/Xcode-26.3.0.app/Contents/Developer/Platforms/WatchOS.platform/Developer/SDKs/WatchOS26.2.sdk/System/Library/Frameworks/UIKit.framework/Headers/UIScrollView.h:299:11: note: 'UIScrollViewDelegate' has been explicitly marked unavailable here
@protocol UIScrollViewDelegate<NSObject>
^
/Users/admin/builder/spi-builder-workspace/Sources/Timeline/TimelinePagerView.swift:17:120: error: 'UIPageViewControllerDataSource' is unavailable in watchOS
public final class TimelinePagerView: UIView, UIGestureRecognizerDelegate, UIScrollViewDelegate, DayViewStateUpdating, UIPageViewControllerDataSource, UIPageViewControllerDelegate, TimelineViewDelegate {
^~~~~~~~~~~~~~~~~~~~~~~~~~~~~~
/Applications/Xcode-26.3.0.app/Contents/Developer/Platforms/WatchOS.platform/Developer/SDKs/WatchOS26.2.sdk/System/Library/Frameworks/UIKit.framework/Headers/UIPageViewController.h:100:11: note: 'UIPageViewControllerDataSource' has been explicitly marked unavailable here
@protocol UIPageViewControllerDataSource <NSObject>
^
/Users/admin/builder/spi-builder-workspace/Sources/Timeline/TimelinePagerView.swift:17:152: error: 'UIPageViewControllerDelegate' is unavailable in watchOS
public final class TimelinePagerView: UIView, UIGestureRecognizerDelegate, UIScrollViewDelegate, DayViewStateUpdating, UIPageViewControllerDataSource, UIPageViewControllerDelegate, TimelineViewDelegate {
^~~~~~~~~~~~~~~~~~~~~~~~~~~~
/Applications/Xcode-26.3.0.app/Contents/Developer/Platforms/WatchOS.platform/Developer/SDKs/WatchOS26.2.sdk/System/Library/Frameworks/UIKit.framework/Headers/UIPageViewController.h:80:11: note: 'UIPageViewControllerDelegate' has been explicitly marked unavailable here
@protocol UIPageViewControllerDelegate <NSObject>
^
/Users/admin/builder/spi-builder-workspace/Sources/Timeline/TimelineView.swift:152:63: error: 'UILongPressGestureRecognizer' is unavailable in watchOS
public lazy private(set) var longPressGestureRecognizer = UILongPressGestureRecognizer(target: self,
^~~~~~~~~~~~~~~~~~~~~~~~~~~~
/Applications/Xcode-26.3.0.app/Contents/Developer/Platforms/WatchOS.platform/Developer/SDKs/WatchOS26.2.sdk/System/Library/Frameworks/UIKit.framework/Headers/UILongPressGestureRecognizer.h:22:12: note: 'UILongPressGestureRecognizer' has been explicitly marked unavailable here
@interface UILongPressGestureRecognizer : UIGestureRecognizer
^
/Users/admin/builder/spi-builder-workspace/Sources/Timeline/TimelineView.swift:155:57: error: 'UITapGestureRecognizer' is unavailable in watchOS
public lazy private(set) var tapGestureRecognizer = UITapGestureRecognizer(target: self,
^~~~~~~~~~~~~~~~~~~~~~
/Applications/Xcode-26.3.0.app/Contents/Developer/Platforms/WatchOS.platform/Developer/SDKs/WatchOS26.2.sdk/System/Library/Frameworks/UIKit.framework/Headers/UITapGestureRecognizer.h:23:12: note: 'UITapGestureRecognizer' has been explicitly marked unavailable here
@interface UITapGestureRecognizer : UIGestureRecognizer
^
/Users/admin/builder/spi-builder-workspace/Sources/Timeline/TimelineView.swift:66:54: error: 'init()' is unavailable in watchOS
private lazy var nowLine: CurrentTimeIndicator = CurrentTimeIndicator()
^~~~~~~~~~~~~~~~~~~~
/Applications/Xcode-26.3.0.app/Contents/Developer/Platforms/WatchOS.platform/Developer/SDKs/WatchOS26.2.sdk/System/Library/Frameworks/UIKit.framework/Headers/UIView.h:154:1: note: 'init()' has been explicitly marked unavailable here
- (instancetype)init API_AVAILABLE(ios(2.0), tvos(9.0), visionos(1.0)) API_UNAVAILABLE(watchos);
^
/Users/admin/builder/spi-builder-workspace/Sources/Timeline/TimelineView.swift:68:42: error: 'NSLayoutConstraint' is unavailable in watchOS
private var allDayViewTopConstraint: NSLayoutConstraint?
^~~~~~~~~~~~~~~~~~
/Applications/Xcode-26.3.0.app/Contents/Developer/Platforms/WatchOS.platform/Developer/SDKs/WatchOS26.2.sdk/System/Library/Frameworks/UIKit.framework/Headers/NSLayoutConstraint.h:126:12: note: 'NSLayoutConstraint' has been explicitly marked unavailable here
@interface NSLayoutConstraint : NSObject
^
/Users/admin/builder/spi-builder-workspace/Sources/Timeline/TimelineView.swift:215:55: error: 'UILongPressGestureRecognizer' is unavailable in watchOS
@objc private func longPress(_ gestureRecognizer: UILongPressGestureRecognizer) {
^~~~~~~~~~~~~~~~~~~~~~~~~~~~
/Applications/Xcode-26.3.0.app/Contents/Developer/Platforms/WatchOS.platform/Developer/SDKs/WatchOS26.2.sdk/System/Library/Frameworks/UIKit.framework/Headers/UILongPressGestureRecognizer.h:22:12: note: 'UILongPressGestureRecognizer' has been explicitly marked unavailable here
@interface UILongPressGestureRecognizer : UIGestureRecognizer
^
/Users/admin/builder/spi-builder-workspace/Sources/Timeline/TimelineView.swift:227:38: error: 'UITapGestureRecognizer' is unavailable in watchOS
@objc private func tap(_ sender: UITapGestureRecognizer) {
^~~~~~~~~~~~~~~~~~~~~~
/Applications/Xcode-26.3.0.app/Contents/Developer/Platforms/WatchOS.platform/Developer/SDKs/WatchOS26.2.sdk/System/Library/Frameworks/UIKit.framework/Headers/UITapGestureRecognizer.h:23:12: note: 'UITapGestureRecognizer' has been explicitly marked unavailable here
@interface UITapGestureRecognizer : UIGestureRecognizer
^
/Users/admin/builder/spi-builder-workspace/Sources/Timeline/TimelineView.swift:262:64: error: 'UIEvent' is unavailable in watchOS
public override func hitTest(_ point: CGPoint, with event: UIEvent?) -> UIView? {
^~~~~~~
/Applications/Xcode-26.3.0.app/Contents/Developer/Platforms/WatchOS.platform/Developer/SDKs/WatchOS26.2.sdk/System/Library/Frameworks/UIKit.framework/Headers/UIEvent.h:62:12: note: 'UIEvent' has been explicitly marked unavailable here
@interface UIEvent : NSObject
^
/Users/admin/builder/spi-builder-workspace/Sources/Timeline/TimelineView.swift:262:77: error: 'UIView' is unavailable in watchOS
public override func hitTest(_ point: CGPoint, with event: UIEvent?) -> UIView? {
^~~~~~
/Applications/Xcode-26.3.0.app/Contents/Developer/Platforms/WatchOS.platform/Developer/SDKs/WatchOS26.2.sdk/System/Library/Frameworks/UIKit.framework/Headers/UIView.h:148:12: note: 'UIView' has been explicitly marked unavailable here
@interface UIView : UIResponder <NSCoding, UIAppearance, UIAppearanceContainer, UIDynamicItem, UITraitEnvironment, UICoordinateSpace, UIFocusItem, UIFocusItemContainer, CALayerDelegate>
^
/Users/admin/builder/spi-builder-workspace/Sources/Timeline/TimelineView.swift:616:61: error: 'UIView' is unavailable in watchOS
public override func willMove(toSuperview newSuperview: UIView?) {
^~~~~~
/Applications/Xcode-26.3.0.app/Contents/Developer/Platforms/WatchOS.platform/Developer/SDKs/WatchOS26.2.sdk/System/Library/Frameworks/UIKit.framework/Headers/UIView.h:148:12: note: 'UIView' has been explicitly marked unavailable here
@interface UIView : UIResponder <NSCoding, UIAppearance, UIAppearanceContainer, UIDynamicItem, UITraitEnvironment, UICoordinateSpace, UIFocusItem, UIFocusItemContainer, CALayerDelegate>
^
/Users/admin/builder/spi-builder-workspace/Sources/Timeline/TimelineView.swift:10:34: error: 'UIView' is unavailable in watchOS
public final class TimelineView: UIView {
^~~~~~
/Applications/Xcode-26.3.0.app/Contents/Developer/Platforms/WatchOS.platform/Developer/SDKs/WatchOS26.2.sdk/System/Library/Frameworks/UIKit.framework/Headers/UIView.h:148:12: note: 'UIView' has been explicitly marked unavailable here
@interface UIView : UIResponder <NSCoding, UIAppearance, UIAppearanceContainer, UIDynamicItem, UITraitEnvironment, UICoordinateSpace, UIFocusItem, UIFocusItemContainer, CALayerDelegate>
^
Failed frontend command:
/Applications/Xcode-26.3.0.app/Contents/Developer/Toolchains/XcodeDefault.xctoolchain/usr/bin/swift-frontend -frontend -emit-module -experimental-skip-non-inlinable-function-bodies-without-types /Users/admin/builder/spi-builder-workspace/.derivedData/Build/Intermediates.noindex/CalendarKit.build/Debug-watchos/CalendarKit.build/DerivedSources/resource_bundle_accessor.swift /Users/admin/builder/spi-builder-workspace/Sources/CalendarStyle.swift /Users/admin/builder/spi-builder-workspace/Sources/DayView.swift /Users/admin/builder/spi-builder-workspace/Sources/DayViewController.swift /Users/admin/builder/spi-builder-workspace/Sources/DayViewState.swift /Users/admin/builder/spi-builder-workspace/Sources/EventDataSource.swift /Users/admin/builder/spi-builder-workspace/Sources/Extensions/Array+Shift.swift /Users/admin/builder/spi-builder-workspace/Sources/Extensions/Date+DateOnly.swift /Users/admin/builder/spi-builder-workspace/Sources/Extensions/Locale+24Hour.swift /Users/admin/builder/spi-builder-workspace/Sources/Extensions/UIColor+SystemColors.swift /Users/admin/builder/spi-builder-workspace/Sources/Extensions/Value+Clamped.swift /Users/admin/builder/spi-builder-workspace/Sources/Extensions/View+StackView.swift /Users/admin/builder/spi-builder-workspace/Sources/Header/DayHeaderView.swift /Users/admin/builder/spi-builder-workspace/Sources/Header/DaySelector/DateLabel.swift /Users/admin/builder/spi-builder-workspace/Sources/Header/DaySelector/DayDateCell.swift /Users/admin/builder/spi-builder-workspace/Sources/Header/DaySelector/DaySelector.swift /Users/admin/builder/spi-builder-workspace/Sources/Header/DaySelector/DaySelectorController.swift /Users/admin/builder/spi-builder-workspace/Sources/Header/DaySymbolsView.swift /Users/admin/builder/spi-builder-workspace/Sources/Header/SwipeLabelView.swift /Users/admin/builder/spi-builder-workspace/Sources/Localization.swift /Users/admin/builder/spi-builder-workspace/Sources/Timeline/AllDayView.swift /Users/admin/builder/spi-builder-workspace/Sources/Timeline/CurrentTimeIndicator.swift /Users/admin/builder/spi-builder-workspace/Sources/Timeline/Event.swift /Users/admin/builder/spi-builder-workspace/Sources/Timeline/EventDescriptor.swift /Users/admin/builder/spi-builder-workspace/Sources/Timeline/EventEditingSnappingBehavior.swift /Users/admin/builder/spi-builder-workspace/Sources/Timeline/EventLayoutAttributes.swift /Users/admin/builder/spi-builder-workspace/Sources/Timeline/EventResizeHandleDotView.swift /Users/admin/builder/spi-builder-workspace/Sources/Timeline/EventResizeHandleView.swift /Users/admin/builder/spi-builder-workspace/Sources/Timeline/EventView.swift /Users/admin/builder/spi-builder-workspace/Sources/Timeline/ReusePool.swift /Users/admin/builder/spi-builder-workspace/Sources/Timeline/SnapTo15MinuteIntervals.swift /Users/admin/builder/spi-builder-workspace/Sources/Timeline/TimeStringsFactory.swift /Users/admin/builder/spi-builder-workspace/Sources/Timeline/TimelineContainer.swift /Users/admin/builder/spi-builder-workspace/Sources/Timeline/TimelineContainerController.swift /Users/admin/builder/spi-builder-workspace/Sources/Timeline/TimelinePagerView.swift /Users/admin/builder/spi-builder-workspace/Sources/Timeline/TimelineView.swift -target arm64_32-apple-watchos5.0 -load-resolved-plugin /Applications/Xcode-26.3.0.app/Contents/Developer/Platforms/WatchOS.platform/Developer/usr/lib/swift/host/plugins/libFoundationMacros.dylib\#/Applications/Xcode-26.3.0.app/Contents/Developer/Platforms/WatchOS.platform/Developer/usr/bin/swift-plugin-server\#FoundationMacros -load-resolved-plugin /Applications/Xcode-26.3.0.app/Contents/Developer/Platforms/WatchOS.platform/Developer/usr/lib/swift/host/plugins/libObservationMacros.dylib\#/Applications/Xcode-26.3.0.app/Contents/Developer/Platforms/WatchOS.platform/Developer/usr/bin/swift-plugin-server\#ObservationMacros -load-resolved-plugin /Applications/Xcode-26.3.0.app/Contents/Developer/Platforms/WatchOS.platform/Developer/usr/lib/swift/host/plugins/libSwiftMacros.dylib\#/Applications/Xcode-26.3.0.app/Contents/Developer/Platforms/WatchOS.platform/Developer/usr/bin/swift-plugin-server\#SwiftMacros -load-resolved-plugin /Applications/Xcode-26.3.0.app/Contents/Developer/Platforms/WatchOS.platform/Developer/usr/lib/swift/host/plugins/libSwiftUIMacros.dylib\#/Applications/Xcode-26.3.0.app/Contents/Developer/Platforms/WatchOS.platform/Developer/usr/bin/swift-plugin-server\#SwiftUIMacros -disable-implicit-swift-modules -Xcc -fno-implicit-modules -Xcc -fno-implicit-module-maps -explicit-swift-module-map-file /Users/admin/builder/spi-builder-workspace/.derivedData/Build/Intermediates.noindex/CalendarKit.build/Debug-watchos/CalendarKit.build/Objects-normal/arm64_32/CalendarKit-dependencies-2.json -enable-objc-interop -sdk /Applications/Xcode-26.3.0.app/Contents/Developer/Platforms/WatchOS.platform/Developer/SDKs/WatchOS26.2.sdk -I /Users/admin/builder/spi-builder-workspace/.derivedData/Build/Products/Debug-watchos -Isystem /Applications/Xcode-26.3.0.app/Contents/Developer/Platforms/WatchOS.platform/Developer/usr/lib -F /Users/admin/builder/spi-builder-workspace/.derivedData/Build/Products/Debug-watchos -F /Applications/Xcode-26.3.0.app/Contents/Developer/Platforms/WatchOS.platform/Developer/Library/Frameworks -F /Applications/Xcode-26.3.0.app/Contents/Developer/Platforms/WatchOS.platform/Developer/SDKs/WatchOS26.2.sdk/Developer/Library/Frameworks -no-color-diagnostics -Xcc -fno-color-diagnostics -enable-testing -g -debug-info-format\=dwarf -dwarf-version\=4 -module-cache-path /Users/admin/builder/spi-builder-workspace/.derivedData/Build/Intermediates.noindex/SwiftExplicitPrecompiledModules -swift-version 5 -enforce-exclusivity\=checked -Onone -D SWIFT_PACKAGE -D DEBUG -D SWIFT_MODULE_RESOURCE_BUNDLE_AVAILABLE -D Xcode -serialize-debugging-options -const-gather-protocols-file /Users/admin/builder/spi-builder-workspace/.derivedData/Build/Intermediates.noindex/CalendarKit.build/Debug-watchos/CalendarKit.build/Objects-normal/arm64_32/CalendarKit_const_extract_protocols.json -enable-experimental-feature DebugDescriptionMacro -empty-abi-descriptor -validate-clang-modules-once -clang-build-session-file /Users/admin/builder/spi-builder-workspace/.derivedData/ModuleCache.noindex/Session.modulevalidation -Xcc -working-directory -Xcc /Users/admin/builder/spi-builder-workspace/.swiftpm/xcode -enable-anonymous-context-mangled-names -file-compilation-dir /Users/admin/builder/spi-builder-workspace/.swiftpm/xcode -Xcc -D_LIBCPP_HARDENING_MODE\=_LIBCPP_HARDENING_MODE_DEBUG -Xcc -ivfsstatcache -Xcc /Users/admin/builder/spi-builder-workspace/.derivedData/SDKStatCaches.noindex/watchos26.2-23S303-dc75598d0054f22ec865fa860f139d721753b489057de6bda919edfa1c59a62b.sdkstatcache -Xcc -I/Users/admin/builder/spi-builder-workspace/.derivedData/Build/Intermediates.noindex/CalendarKit.build/Debug-watchos/CalendarKit.build/swift-overrides.hmap -Xcc -I/Users/admin/builder/spi-builder-workspace/.derivedData/Build/Products/Debug-watchos/include -Xcc -I/Users/admin/builder/spi-builder-workspace/.derivedData/Build/Intermediates.noindex/CalendarKit.build/Debug-watchos/CalendarKit.build/DerivedSources-normal/arm64_32 -Xcc -I/Users/admin/builder/spi-builder-workspace/.derivedData/Build/Intermediates.noindex/CalendarKit.build/Debug-watchos/CalendarKit.build/DerivedSources/arm64_32 -Xcc -I/Users/admin/builder/spi-builder-workspace/.derivedData/Build/Intermediates.noindex/CalendarKit.build/Debug-watchos/CalendarKit.build/DerivedSources -Xcc -DSWIFT_PACKAGE -Xcc -DDEBUG\=1 -no-auto-bridging-header-chaining -module-name CalendarKit -frontend-parseable-output -disable-clang-spi -target-sdk-version 26.2 -target-sdk-name watchos26.2 -clang-target arm64_32-apple-watchos26.2 -in-process-plugin-server-path /Applications/Xcode-26.3.0.app/Contents/Developer/Toolchains/XcodeDefault.xctoolchain/usr/lib/swift/host/libSwiftInProcPluginServer.dylib -emit-module-doc-path /Users/admin/builder/spi-builder-workspace/.derivedData/Build/Intermediates.noindex/CalendarKit.build/Debug-watchos/CalendarKit.build/Objects-normal/arm64_32/CalendarKit.swiftdoc -emit-module-source-info-path /Users/admin/builder/spi-builder-workspace/.derivedData/Build/Intermediates.noindex/CalendarKit.build/Debug-watchos/CalendarKit.build/Objects-normal/arm64_32/CalendarKit.swiftsourceinfo -emit-objc-header-path /Users/admin/builder/spi-builder-workspace/.derivedData/Build/Intermediates.noindex/CalendarKit.build/Debug-watchos/CalendarKit.build/Objects-normal/arm64_32/CalendarKit-Swift.h -serialize-diagnostics-path /Users/admin/builder/spi-builder-workspace/.derivedData/Build/Intermediates.noindex/CalendarKit.build/Debug-watchos/CalendarKit.build/Objects-normal/arm64_32/CalendarKit-primary-emit-module.dia -emit-dependencies-path /Users/admin/builder/spi-builder-workspace/.derivedData/Build/Intermediates.noindex/CalendarKit.build/Debug-watchos/CalendarKit.build/Objects-normal/arm64_32/CalendarKit-primary-emit-module.d -o /Users/admin/builder/spi-builder-workspace/.derivedData/Build/Intermediates.noindex/CalendarKit.build/Debug-watchos/CalendarKit.build/Objects-normal/arm64_32/CalendarKit.swiftmodule -emit-abi-descriptor-path /Users/admin/builder/spi-builder-workspace/.derivedData/Build/Intermediates.noindex/CalendarKit.build/Debug-watchos/CalendarKit.build/Objects-normal/arm64_32/CalendarKit.abi.json
SwiftCompile normal arm64_32 Compiling\ resource_bundle_accessor.swift,\ CalendarStyle.swift,\ DayView.swift,\ DayViewController.swift /Users/admin/builder/spi-builder-workspace/.derivedData/Build/Intermediates.noindex/CalendarKit.build/Debug-watchos/CalendarKit.build/DerivedSources/resource_bundle_accessor.swift /Users/admin/builder/spi-builder-workspace/Sources/CalendarStyle.swift /Users/admin/builder/spi-builder-workspace/Sources/DayView.swift /Users/admin/builder/spi-builder-workspace/Sources/DayViewController.swift (in target 'CalendarKit' from project 'CalendarKit')
SwiftCompile normal arm64_32 /Users/admin/builder/spi-builder-workspace/.derivedData/Build/Intermediates.noindex/CalendarKit.build/Debug-watchos/CalendarKit.build/DerivedSources/resource_bundle_accessor.swift (in target 'CalendarKit' from project 'CalendarKit')
cd /Users/admin/builder/spi-builder-workspace/.swiftpm/xcode
SwiftCompile normal arm64_32 /Users/admin/builder/spi-builder-workspace/Sources/CalendarStyle.swift (in target 'CalendarKit' from project 'CalendarKit')
cd /Users/admin/builder/spi-builder-workspace/.swiftpm/xcode
SwiftCompile normal arm64_32 /Users/admin/builder/spi-builder-workspace/Sources/DayView.swift (in target 'CalendarKit' from project 'CalendarKit')
cd /Users/admin/builder/spi-builder-workspace/.swiftpm/xcode
SwiftCompile normal arm64_32 /Users/admin/builder/spi-builder-workspace/Sources/DayViewController.swift (in target 'CalendarKit' from project 'CalendarKit')
cd /Users/admin/builder/spi-builder-workspace/.swiftpm/xcode
SwiftCompile normal arm64_32 Compiling\ DayViewState.swift,\ EventDataSource.swift,\ Array+Shift.swift,\ Date+DateOnly.swift /Users/admin/builder/spi-builder-workspace/Sources/DayViewState.swift /Users/admin/builder/spi-builder-workspace/Sources/EventDataSource.swift /Users/admin/builder/spi-builder-workspace/Sources/Extensions/Array+Shift.swift /Users/admin/builder/spi-builder-workspace/Sources/Extensions/Date+DateOnly.swift (in target 'CalendarKit' from project 'CalendarKit')
SwiftCompile normal arm64_32 /Users/admin/builder/spi-builder-workspace/Sources/DayViewState.swift (in target 'CalendarKit' from project 'CalendarKit')
cd /Users/admin/builder/spi-builder-workspace/.swiftpm/xcode
SwiftCompile normal arm64_32 /Users/admin/builder/spi-builder-workspace/Sources/EventDataSource.swift (in target 'CalendarKit' from project 'CalendarKit')
cd /Users/admin/builder/spi-builder-workspace/.swiftpm/xcode
SwiftCompile normal arm64_32 /Users/admin/builder/spi-builder-workspace/Sources/Extensions/Array+Shift.swift (in target 'CalendarKit' from project 'CalendarKit')
cd /Users/admin/builder/spi-builder-workspace/.swiftpm/xcode
SwiftCompile normal arm64_32 /Users/admin/builder/spi-builder-workspace/Sources/Extensions/Date+DateOnly.swift (in target 'CalendarKit' from project 'CalendarKit')
cd /Users/admin/builder/spi-builder-workspace/.swiftpm/xcode
SwiftCompile normal arm64_32 Compiling\ DaySelectorController.swift,\ DaySymbolsView.swift,\ SwipeLabelView.swift,\ Localization.swift /Users/admin/builder/spi-builder-workspace/Sources/Header/DaySelector/DaySelectorController.swift /Users/admin/builder/spi-builder-workspace/Sources/Header/DaySymbolsView.swift /Users/admin/builder/spi-builder-workspace/Sources/Header/SwipeLabelView.swift /Users/admin/builder/spi-builder-workspace/Sources/Localization.swift (in target 'CalendarKit' from project 'CalendarKit')
SwiftCompile normal arm64_32 /Users/admin/builder/spi-builder-workspace/Sources/Header/DaySelector/DaySelectorController.swift (in target 'CalendarKit' from project 'CalendarKit')
cd /Users/admin/builder/spi-builder-workspace/.swiftpm/xcode
SwiftCompile normal arm64_32 /Users/admin/builder/spi-builder-workspace/Sources/Header/DaySymbolsView.swift (in target 'CalendarKit' from project 'CalendarKit')
cd /Users/admin/builder/spi-builder-workspace/.swiftpm/xcode
SwiftCompile normal arm64_32 /Users/admin/builder/spi-builder-workspace/Sources/Header/SwipeLabelView.swift (in target 'CalendarKit' from project 'CalendarKit')
cd /Users/admin/builder/spi-builder-workspace/.swiftpm/xcode
SwiftCompile normal arm64_32 /Users/admin/builder/spi-builder-workspace/Sources/Localization.swift (in target 'CalendarKit' from project 'CalendarKit')
cd /Users/admin/builder/spi-builder-workspace/.swiftpm/xcode
SwiftCompile normal arm64_32 Compiling\ Locale+24Hour.swift,\ UIColor+SystemColors.swift,\ Value+Clamped.swift,\ View+StackView.swift /Users/admin/builder/spi-builder-workspace/Sources/Extensions/Locale+24Hour.swift /Users/admin/builder/spi-builder-workspace/Sources/Extensions/UIColor+SystemColors.swift /Users/admin/builder/spi-builder-workspace/Sources/Extensions/Value+Clamped.swift /Users/admin/builder/spi-builder-workspace/Sources/Extensions/View+StackView.swift (in target 'CalendarKit' from project 'CalendarKit')
SwiftCompile normal arm64_32 /Users/admin/builder/spi-builder-workspace/Sources/Extensions/Locale+24Hour.swift (in target 'CalendarKit' from project 'CalendarKit')
cd /Users/admin/builder/spi-builder-workspace/.swiftpm/xcode
SwiftCompile normal arm64_32 /Users/admin/builder/spi-builder-workspace/Sources/Extensions/UIColor+SystemColors.swift (in target 'CalendarKit' from project 'CalendarKit')
cd /Users/admin/builder/spi-builder-workspace/.swiftpm/xcode
SwiftCompile normal arm64_32 /Users/admin/builder/spi-builder-workspace/Sources/Extensions/Value+Clamped.swift (in target 'CalendarKit' from project 'CalendarKit')
cd /Users/admin/builder/spi-builder-workspace/.swiftpm/xcode
SwiftCompile normal arm64_32 /Users/admin/builder/spi-builder-workspace/Sources/Extensions/View+StackView.swift (in target 'CalendarKit' from project 'CalendarKit')
cd /Users/admin/builder/spi-builder-workspace/.swiftpm/xcode
SwiftCompile normal arm64_32 Compiling\ DayHeaderView.swift,\ DateLabel.swift,\ DayDateCell.swift,\ DaySelector.swift /Users/admin/builder/spi-builder-workspace/Sources/Header/DayHeaderView.swift /Users/admin/builder/spi-builder-workspace/Sources/Header/DaySelector/DateLabel.swift /Users/admin/builder/spi-builder-workspace/Sources/Header/DaySelector/DayDateCell.swift /Users/admin/builder/spi-builder-workspace/Sources/Header/DaySelector/DaySelector.swift (in target 'CalendarKit' from project 'CalendarKit')
SwiftCompile normal arm64_32 /Users/admin/builder/spi-builder-workspace/Sources/Header/DayHeaderView.swift (in target 'CalendarKit' from project 'CalendarKit')
cd /Users/admin/builder/spi-builder-workspace/.swiftpm/xcode
SwiftCompile normal arm64_32 /Users/admin/builder/spi-builder-workspace/Sources/Header/DaySelector/DateLabel.swift (in target 'CalendarKit' from project 'CalendarKit')
cd /Users/admin/builder/spi-builder-workspace/.swiftpm/xcode
SwiftCompile normal arm64_32 /Users/admin/builder/spi-builder-workspace/Sources/Header/DaySelector/DayDateCell.swift (in target 'CalendarKit' from project 'CalendarKit')
cd /Users/admin/builder/spi-builder-workspace/.swiftpm/xcode
SwiftCompile normal arm64_32 /Users/admin/builder/spi-builder-workspace/Sources/Header/DaySelector/DaySelector.swift (in target 'CalendarKit' from project 'CalendarKit')
cd /Users/admin/builder/spi-builder-workspace/.swiftpm/xcode
SwiftCompile normal arm64_32 Compiling\ AllDayView.swift,\ CurrentTimeIndicator.swift,\ Event.swift,\ EventDescriptor.swift /Users/admin/builder/spi-builder-workspace/Sources/Timeline/AllDayView.swift /Users/admin/builder/spi-builder-workspace/Sources/Timeline/CurrentTimeIndicator.swift /Users/admin/builder/spi-builder-workspace/Sources/Timeline/Event.swift /Users/admin/builder/spi-builder-workspace/Sources/Timeline/EventDescriptor.swift (in target 'CalendarKit' from project 'CalendarKit')
SwiftCompile normal arm64_32 /Users/admin/builder/spi-builder-workspace/Sources/Timeline/AllDayView.swift (in target 'CalendarKit' from project 'CalendarKit')
cd /Users/admin/builder/spi-builder-workspace/.swiftpm/xcode
SwiftCompile normal arm64_32 /Users/admin/builder/spi-builder-workspace/Sources/Timeline/CurrentTimeIndicator.swift (in target 'CalendarKit' from project 'CalendarKit')
cd /Users/admin/builder/spi-builder-workspace/.swiftpm/xcode
SwiftCompile normal arm64_32 /Users/admin/builder/spi-builder-workspace/Sources/Timeline/Event.swift (in target 'CalendarKit' from project 'CalendarKit')
cd /Users/admin/builder/spi-builder-workspace/.swiftpm/xcode
SwiftCompile normal arm64_32 /Users/admin/builder/spi-builder-workspace/Sources/Timeline/EventDescriptor.swift (in target 'CalendarKit' from project 'CalendarKit')
cd /Users/admin/builder/spi-builder-workspace/.swiftpm/xcode
SwiftCompile normal arm64_32 Compiling\ EventResizeHandleView.swift,\ EventView.swift,\ ReusePool.swift /Users/admin/builder/spi-builder-workspace/Sources/Timeline/EventResizeHandleView.swift /Users/admin/builder/spi-builder-workspace/Sources/Timeline/EventView.swift /Users/admin/builder/spi-builder-workspace/Sources/Timeline/ReusePool.swift (in target 'CalendarKit' from project 'CalendarKit')
SwiftCompile normal arm64_32 /Users/admin/builder/spi-builder-workspace/Sources/Timeline/EventResizeHandleView.swift (in target 'CalendarKit' from project 'CalendarKit')
cd /Users/admin/builder/spi-builder-workspace/.swiftpm/xcode
SwiftCompile normal arm64_32 /Users/admin/builder/spi-builder-workspace/Sources/Timeline/EventView.swift (in target 'CalendarKit' from project 'CalendarKit')
cd /Users/admin/builder/spi-builder-workspace/.swiftpm/xcode
SwiftCompile normal arm64_32 /Users/admin/builder/spi-builder-workspace/Sources/Timeline/ReusePool.swift (in target 'CalendarKit' from project 'CalendarKit')
cd /Users/admin/builder/spi-builder-workspace/.swiftpm/xcode
SwiftEmitModule normal armv7k Emitting\ module\ for\ CalendarKit (in target 'CalendarKit' from project 'CalendarKit')
Failed frontend command:
/Applications/Xcode-26.3.0.app/Contents/Developer/Toolchains/XcodeDefault.xctoolchain/usr/bin/swift-frontend -frontend -emit-module -experimental-skip-non-inlinable-function-bodies-without-types /Users/admin/builder/spi-builder-workspace/.derivedData/Build/Intermediates.noindex/CalendarKit.build/Debug-watchos/CalendarKit.build/DerivedSources/resource_bundle_accessor.swift /Users/admin/builder/spi-builder-workspace/Sources/CalendarStyle.swift /Users/admin/builder/spi-builder-workspace/Sources/DayView.swift /Users/admin/builder/spi-builder-workspace/Sources/DayViewController.swift /Users/admin/builder/spi-builder-workspace/Sources/DayViewState.swift /Users/admin/builder/spi-builder-workspace/Sources/EventDataSource.swift /Users/admin/builder/spi-builder-workspace/Sources/Extensions/Array+Shift.swift /Users/admin/builder/spi-builder-workspace/Sources/Extensions/Date+DateOnly.swift /Users/admin/builder/spi-builder-workspace/Sources/Extensions/Locale+24Hour.swift /Users/admin/builder/spi-builder-workspace/Sources/Extensions/UIColor+SystemColors.swift /Users/admin/builder/spi-builder-workspace/Sources/Extensions/Value+Clamped.swift /Users/admin/builder/spi-builder-workspace/Sources/Extensions/View+StackView.swift /Users/admin/builder/spi-builder-workspace/Sources/Header/DayHeaderView.swift /Users/admin/builder/spi-builder-workspace/Sources/Header/DaySelector/DateLabel.swift /Users/admin/builder/spi-builder-workspace/Sources/Header/DaySelector/DayDateCell.swift /Users/admin/builder/spi-builder-workspace/Sources/Header/DaySelector/DaySelector.swift /Users/admin/builder/spi-builder-workspace/Sources/Header/DaySelector/DaySelectorController.swift /Users/admin/builder/spi-builder-workspace/Sources/Header/DaySymbolsView.swift /Users/admin/builder/spi-builder-workspace/Sources/Header/SwipeLabelView.swift /Users/admin/builder/spi-builder-workspace/Sources/Localization.swift /Users/admin/builder/spi-builder-workspace/Sources/Timeline/AllDayView.swift /Users/admin/builder/spi-builder-workspace/Sources/Timeline/CurrentTimeIndicator.swift /Users/admin/builder/spi-builder-workspace/Sources/Timeline/Event.swift /Users/admin/builder/spi-builder-workspace/Sources/Timeline/EventDescriptor.swift /Users/admin/builder/spi-builder-workspace/Sources/Timeline/EventEditingSnappingBehavior.swift /Users/admin/builder/spi-builder-workspace/Sources/Timeline/EventLayoutAttributes.swift /Users/admin/builder/spi-builder-workspace/Sources/Timeline/EventResizeHandleDotView.swift /Users/admin/builder/spi-builder-workspace/Sources/Timeline/EventResizeHandleView.swift /Users/admin/builder/spi-builder-workspace/Sources/Timeline/EventView.swift /Users/admin/builder/spi-builder-workspace/Sources/Timeline/ReusePool.swift /Users/admin/builder/spi-builder-workspace/Sources/Timeline/SnapTo15MinuteIntervals.swift /Users/admin/builder/spi-builder-workspace/Sources/Timeline/TimeStringsFactory.swift /Users/admin/builder/spi-builder-workspace/Sources/Timeline/TimelineContainer.swift /Users/admin/builder/spi-builder-workspace/Sources/Timeline/TimelineContainerController.swift /Users/admin/builder/spi-builder-workspace/Sources/Timeline/TimelinePagerView.swift /Users/admin/builder/spi-builder-workspace/Sources/Timeline/TimelineView.swift -target armv7k-apple-watchos5.0 -load-resolved-plugin /Applications/Xcode-26.3.0.app/Contents/Developer/Platforms/WatchOS.platform/Developer/usr/lib/swift/host/plugins/libFoundationMacros.dylib\#/Applications/Xcode-26.3.0.app/Contents/Developer/Platforms/WatchOS.platform/Developer/usr/bin/swift-plugin-server\#FoundationMacros -load-resolved-plugin /Applications/Xcode-26.3.0.app/Contents/Developer/Platforms/WatchOS.platform/Developer/usr/lib/swift/host/plugins/libObservationMacros.dylib\#/Applications/Xcode-26.3.0.app/Contents/Developer/Platforms/WatchOS.platform/Developer/usr/bin/swift-plugin-server\#ObservationMacros -load-resolved-plugin /Applications/Xcode-26.3.0.app/Contents/Developer/Platforms/WatchOS.platform/Developer/usr/lib/swift/host/plugins/libSwiftMacros.dylib\#/Applications/Xcode-26.3.0.app/Contents/Developer/Platforms/WatchOS.platform/Developer/usr/bin/swift-plugin-server\#SwiftMacros -load-resolved-plugin /Applications/Xcode-26.3.0.app/Contents/Developer/Platforms/WatchOS.platform/Developer/usr/lib/swift/host/plugins/libSwiftUIMacros.dylib\#/Applications/Xcode-26.3.0.app/Contents/Developer/Platforms/WatchOS.platform/Developer/usr/bin/swift-plugin-server\#SwiftUIMacros -disable-implicit-swift-modules -Xcc -fno-implicit-modules -Xcc -fno-implicit-module-maps -explicit-swift-module-map-file /Users/admin/builder/spi-builder-workspace/.derivedData/Build/Intermediates.noindex/CalendarKit.build/Debug-watchos/CalendarKit.build/Objects-normal/armv7k/CalendarKit-dependencies-3.json -enable-objc-interop -sdk /Applications/Xcode-26.3.0.app/Contents/Developer/Platforms/WatchOS.platform/Developer/SDKs/WatchOS26.2.sdk -I /Users/admin/builder/spi-builder-workspace/.derivedData/Build/Products/Debug-watchos -Isystem /Applications/Xcode-26.3.0.app/Contents/Developer/Platforms/WatchOS.platform/Developer/usr/lib -F /Users/admin/builder/spi-builder-workspace/.derivedData/Build/Products/Debug-watchos -F /Applications/Xcode-26.3.0.app/Contents/Developer/Platforms/WatchOS.platform/Developer/Library/Frameworks -F /Applications/Xcode-26.3.0.app/Contents/Developer/Platforms/WatchOS.platform/Developer/SDKs/WatchOS26.2.sdk/Developer/Library/Frameworks -no-color-diagnostics -Xcc -fno-color-diagnostics -enable-testing -g -debug-info-format\=dwarf -dwarf-version\=4 -module-cache-path /Users/admin/builder/spi-builder-workspace/.derivedData/Build/Intermediates.noindex/SwiftExplicitPrecompiledModules -swift-version 5 -enforce-exclusivity\=checked -Onone -D SWIFT_PACKAGE -D DEBUG -D SWIFT_MODULE_RESOURCE_BUNDLE_AVAILABLE -D Xcode -serialize-debugging-options -const-gather-protocols-file /Users/admin/builder/spi-builder-workspace/.derivedData/Build/Intermediates.noindex/CalendarKit.build/Debug-watchos/CalendarKit.build/Objects-normal/armv7k/CalendarKit_const_extract_protocols.json -enable-experimental-feature DebugDescriptionMacro -empty-abi-descriptor -validate-clang-modules-once -clang-build-session-file /Users/admin/builder/spi-builder-workspace/.derivedData/ModuleCache.noindex/Session.modulevalidation -Xcc -working-directory -Xcc /Users/admin/builder/spi-builder-workspace/.swiftpm/xcode -enable-anonymous-context-mangled-names -file-compilation-dir /Users/admin/builder/spi-builder-workspace/.swiftpm/xcode -Xcc -D_LIBCPP_HARDENING_MODE\=_LIBCPP_HARDENING_MODE_DEBUG -Xcc -ivfsstatcache -Xcc /Users/admin/builder/spi-builder-workspace/.derivedData/SDKStatCaches.noindex/watchos26.2-23S303-dc75598d0054f22ec865fa860f139d721753b489057de6bda919edfa1c59a62b.sdkstatcache -Xcc -I/Users/admin/builder/spi-builder-workspace/.derivedData/Build/Intermediates.noindex/CalendarKit.build/Debug-watchos/CalendarKit.build/swift-overrides.hmap -Xcc -I/Users/admin/builder/spi-builder-workspace/.derivedData/Build/Products/Debug-watchos/include -Xcc -I/Users/admin/builder/spi-builder-workspace/.derivedData/Build/Intermediates.noindex/CalendarKit.build/Debug-watchos/CalendarKit.build/DerivedSources-normal/armv7k -Xcc -I/Users/admin/builder/spi-builder-workspace/.derivedData/Build/Intermediates.noindex/CalendarKit.build/Debug-watchos/CalendarKit.build/DerivedSources/armv7k -Xcc -I/Users/admin/builder/spi-builder-workspace/.derivedData/Build/Intermediates.noindex/CalendarKit.build/Debug-watchos/CalendarKit.build/DerivedSources -Xcc -DSWIFT_PACKAGE -Xcc -DDEBUG\=1 -no-auto-bridging-header-chaining -module-name CalendarKit -frontend-parseable-output -disable-clang-spi -target-sdk-version 26.2 -target-sdk-name watchos26.2 -clang-target armv7k-apple-watchos26.2 -in-process-plugin-server-path /Applications/Xcode-26.3.0.app/Contents/Developer/Toolchains/XcodeDefault.xctoolchain/usr/lib/swift/host/libSwiftInProcPluginServer.dylib -emit-module-doc-path /Users/admin/builder/spi-builder-workspace/.derivedData/Build/Intermediates.noindex/CalendarKit.build/Debug-watchos/CalendarKit.build/Objects-normal/armv7k/CalendarKit.swiftdoc -emit-module-source-info-path /Users/admin/builder/spi-builder-workspace/.derivedData/Build/Intermediates.noindex/CalendarKit.build/Debug-watchos/CalendarKit.build/Objects-normal/armv7k/CalendarKit.swiftsourceinfo -emit-objc-header-path /Users/admin/builder/spi-builder-workspace/.derivedData/Build/Intermediates.noindex/CalendarKit.build/Debug-watchos/CalendarKit.build/Objects-normal/armv7k/CalendarKit-Swift.h -serialize-diagnostics-path /Users/admin/builder/spi-builder-workspace/.derivedData/Build/Intermediates.noindex/CalendarKit.build/Debug-watchos/CalendarKit.build/Objects-normal/armv7k/CalendarKit-primary-emit-module.dia -emit-dependencies-path /Users/admin/builder/spi-builder-workspace/.derivedData/Build/Intermediates.noindex/CalendarKit.build/Debug-watchos/CalendarKit.build/Objects-normal/armv7k/CalendarKit-primary-emit-module.d -o /Users/admin/builder/spi-builder-workspace/.derivedData/Build/Intermediates.noindex/CalendarKit.build/Debug-watchos/CalendarKit.build/Objects-normal/armv7k/CalendarKit.swiftmodule -emit-abi-descriptor-path /Users/admin/builder/spi-builder-workspace/.derivedData/Build/Intermediates.noindex/CalendarKit.build/Debug-watchos/CalendarKit.build/Objects-normal/armv7k/CalendarKit.abi.json
EmitSwiftModule normal armv7k (in target 'CalendarKit' from project 'CalendarKit')
cd /Users/admin/builder/spi-builder-workspace/.swiftpm/xcode
/Users/admin/builder/spi-builder-workspace/Sources/DayView.swift:134:59: error: 'UIGestureRecognizer' is unavailable in watchOS
public func timelinePanGestureRequire(toFail gesture: UIGestureRecognizer) {
^~~~~~~~~~~~~~~~~~~
/Applications/Xcode-26.3.0.app/Contents/Developer/Platforms/WatchOS.platform/Developer/SDKs/WatchOS26.2.sdk/System/Library/Frameworks/UIKit.framework/Headers/UIGestureRecognizer.h:35:12: note: 'UIGestureRecognizer' has been explicitly marked unavailable here
@interface UIGestureRecognizer : NSObject
^
/Users/admin/builder/spi-builder-workspace/Sources/DayView.swift:154:62: error: 'UIUserInterfaceSizeClass' is unavailable in watchOS
public func transitionToHorizontalSizeClass(_ sizeClass: UIUserInterfaceSizeClass) {
^~~~~~~~~~~~~~~~~~~~~~~~
/Applications/Xcode-26.3.0.app/Contents/Developer/Platforms/WatchOS.platform/Developer/SDKs/WatchOS26.2.sdk/System/Library/Frameworks/UIKit.framework/Headers/UIInterface.h:26:28: note: 'UIUserInterfaceSizeClass' has been explicitly marked unavailable here
typedef NS_ENUM(NSInteger, UIUserInterfaceSizeClass) {
^
/Users/admin/builder/spi-builder-workspace/Sources/DayView.swift:15:23: error: 'UIView' is unavailable in watchOS
public class DayView: UIView, TimelinePagerViewDelegate {
^~~~~~
/Applications/Xcode-26.3.0.app/Contents/Developer/Platforms/WatchOS.platform/Developer/SDKs/WatchOS26.2.sdk/System/Library/Frameworks/UIKit.framework/Headers/UIView.h:148:12: note: 'UIView' has been explicitly marked unavailable here
@interface UIView : UIResponder <NSCoding, UIAppearance, UIAppearanceContainer, UIDynamicItem, UITraitEnvironment, UICoordinateSpace, UIFocusItem, UIFocusItemContainer, CALayerDelegate>
^
/Users/admin/builder/spi-builder-workspace/Sources/DayViewController.swift:59:57: error: 'UITraitCollection' is unavailable in watchOS
open override func willTransition(to newCollection: UITraitCollection, with coordinator: UIViewControllerTransitionCoordinator) {
^~~~~~~~~~~~~~~~~
/Applications/Xcode-26.3.0.app/Contents/Developer/Platforms/WatchOS.platform/Developer/SDKs/WatchOS26.2.sdk/System/Library/Frameworks/UIKit.framework/Headers/UITraitCollection.h:23:12: note: 'UITraitCollection' has been explicitly marked unavailable here
@interface UITraitCollection : NSObject <NSCopying, NSSecureCoding>
^
/Users/admin/builder/spi-builder-workspace/Sources/DayViewController.swift:59:94: error: 'UIViewControllerTransitionCoordinator' is unavailable in watchOS
open override func willTransition(to newCollection: UITraitCollection, with coordinator: UIViewControllerTransitionCoordinator) {
^~~~~~~~~~~~~~~~~~~~~~~~~~~~~~~~~~~~~
/Applications/Xcode-26.3.0.app/Contents/Developer/Platforms/WatchOS.platform/Developer/SDKs/WatchOS26.2.sdk/System/Library/Frameworks/UIKit.framework/Headers/UIViewControllerTransitionCoordinator.h:81:11: note: 'UIViewControllerTransitionCoordinator' has been explicitly marked unavailable here
@protocol UIViewControllerTransitionCoordinator <UIViewControllerTransitionCoordinatorContext>
^
/Users/admin/builder/spi-builder-workspace/Sources/DayViewController.swift:64:73: error: 'UIUserInterfaceSizeClass' is unavailable in watchOS
open func configureDayViewLayoutForHorizontalSizeClass(_ sizeClass: UIUserInterfaceSizeClass) {
^~~~~~~~~~~~~~~~~~~~~~~~
/Applications/Xcode-26.3.0.app/Contents/Developer/Platforms/WatchOS.platform/Developer/SDKs/WatchOS26.2.sdk/System/Library/Frameworks/UIKit.framework/Headers/UIInterface.h:26:28: note: 'UIUserInterfaceSizeClass' has been explicitly marked unavailable here
typedef NS_ENUM(NSInteger, UIUserInterfaceSizeClass) {
^
/Users/admin/builder/spi-builder-workspace/Sources/DayViewController.swift:3:31: error: 'UIViewController' is unavailable in watchOS
open class DayViewController: UIViewController, EventDataSource, DayViewDelegate {
^~~~~~~~~~~~~~~~
/Applications/Xcode-26.3.0.app/Contents/Developer/Platforms/WatchOS.platform/Developer/SDKs/WatchOS26.2.sdk/System/Library/Frameworks/UIKit.framework/Headers/UIViewController.h:102:12: note: 'UIViewController' has been explicitly marked unavailable here
@interface UIViewController : UIResponder <NSCoding, UIAppearanceContainer, UITraitEnvironment, UIContentContainer, UIFocusEnvironment>
^
/Users/admin/builder/spi-builder-workspace/Sources/Extensions/View+StackView.swift:11:28: error: 'NSLayoutConstraint' is unavailable in watchOS
convenience init(axis: NSLayoutConstraint.Axis = .vertical,
^~~~~~~~~~~~~~~~~~
/Applications/Xcode-26.3.0.app/Contents/Developer/Platforms/WatchOS.platform/Developer/SDKs/WatchOS26.2.sdk/System/Library/Frameworks/UIKit.framework/Headers/NSLayoutConstraint.h:126:12: note: 'NSLayoutConstraint' has been explicitly marked unavailable here
@interface NSLayoutConstraint : NSObject
^
/Users/admin/builder/spi-builder-workspace/Sources/Extensions/View+StackView.swift:12:36: error: 'UIStackView' is unavailable in watchOS
distribution: UIStackView.Distribution = .fill,
^~~~~~~~~~~
/Applications/Xcode-26.3.0.app/Contents/Developer/Platforms/WatchOS.platform/Developer/SDKs/WatchOS26.2.sdk/System/Library/Frameworks/UIKit.framework/Headers/UIStackView.h:124:12: note: 'UIStackView' has been explicitly marked unavailable here
@interface UIStackView : UIView
^
/Users/admin/builder/spi-builder-workspace/Sources/Extensions/View+StackView.swift:13:33: error: 'UIStackView' is unavailable in watchOS
alignment: UIStackView.Alignment = .fill,
^~~~~~~~~~~
/Applications/Xcode-26.3.0.app/Contents/Developer/Platforms/WatchOS.platform/Developer/SDKs/WatchOS26.2.sdk/System/Library/Frameworks/UIKit.framework/Headers/UIStackView.h:124:12: note: 'UIStackView' has been explicitly marked unavailable here
@interface UIStackView : UIView
^
/Users/admin/builder/spi-builder-workspace/Sources/Extensions/View+StackView.swift:15:33: error: 'UIView' is unavailable in watchOS
subviews: [UIView] = []) {
^~~~~~
/Applications/Xcode-26.3.0.app/Contents/Developer/Platforms/WatchOS.platform/Developer/SDKs/WatchOS26.2.sdk/System/Library/Frameworks/UIKit.framework/Headers/UIView.h:148:12: note: 'UIView' has been explicitly marked unavailable here
@interface UIView : UIResponder <NSCoding, UIAppearance, UIAppearanceContainer, UIDynamicItem, UITraitEnvironment, UICoordinateSpace, UIFocusItem, UIFocusItemContainer, CALayerDelegate>
^
/Users/admin/builder/spi-builder-workspace/Sources/Extensions/View+StackView.swift:10:11: error: 'UIStackView' is unavailable in watchOS
extension UIStackView {
^~~~~~~~~~~
/Applications/Xcode-26.3.0.app/Contents/Developer/Platforms/WatchOS.platform/Developer/SDKs/WatchOS26.2.sdk/System/Library/Frameworks/UIKit.framework/Headers/UIStackView.h:124:12: note: 'UIStackView' has been explicitly marked unavailable here
@interface UIStackView : UIView
^
/Users/admin/builder/spi-builder-workspace/Sources/Header/DayHeaderView.swift:8:36: error: 'UIUserInterfaceSizeClass' is unavailable in watchOS
private var currentSizeClass = UIUserInterfaceSizeClass.compact
^~~~~~~~~~~~~~~~~~~~~~~~
/Applications/Xcode-26.3.0.app/Contents/Developer/Platforms/WatchOS.platform/Developer/SDKs/WatchOS26.2.sdk/System/Library/Frameworks/UIKit.framework/Headers/UIInterface.h:26:28: note: 'UIUserInterfaceSizeClass' has been explicitly marked unavailable here
typedef NS_ENUM(NSInteger, UIUserInterfaceSizeClass) {
^
/Users/admin/builder/spi-builder-workspace/Sources/Header/DayHeaderView.swift:27:40: error: 'UIPageViewController' is unavailable in watchOS
private var pagingViewController = UIPageViewController(transitionStyle: .scroll,
^~~~~~~~~~~~~~~~~~~~
/Applications/Xcode-26.3.0.app/Contents/Developer/Platforms/WatchOS.platform/Developer/SDKs/WatchOS26.2.sdk/System/Library/Frameworks/UIKit.framework/Headers/UIPageViewController.h:51:12: note: 'UIPageViewController' has been explicitly marked unavailable here
@interface UIPageViewController : UIViewController {
^
/Users/admin/builder/spi-builder-workspace/Sources/Header/DayHeaderView.swift:31:33: error: 'UIView' is unavailable in watchOS
private lazy var separator: UIView = {
^~~~~~
/Applications/Xcode-26.3.0.app/Contents/Developer/Platforms/WatchOS.platform/Developer/SDKs/WatchOS26.2.sdk/System/Library/Frameworks/UIKit.framework/Headers/UIView.h:148:12: note: 'UIView' has been explicitly marked unavailable here
@interface UIView : UIResponder <NSCoding, UIAppearance, UIAppearanceContainer, UIDynamicItem, UITraitEnvironment, UICoordinateSpace, UIFocusItem, UIFocusItemContainer, CALayerDelegate>
^
/Users/admin/builder/spi-builder-workspace/Sources/Header/DayHeaderView.swift:32:25: error: 'UIView' is unavailable in watchOS
let separator = UIView()
^~~~~~
/Applications/Xcode-26.3.0.app/Contents/Developer/Platforms/WatchOS.platform/Developer/SDKs/WatchOS26.2.sdk/System/Library/Frameworks/UIKit.framework/Headers/UIView.h:148:12: note: 'UIView' has been explicitly marked unavailable here
@interface UIView : UIResponder <NSCoding, UIAppearance, UIAppearanceContainer, UIDynamicItem, UITraitEnvironment, UICoordinateSpace, UIFocusItem, UIFocusItemContainer, CALayerDelegate>
^
/Users/admin/builder/spi-builder-workspace/Sources/Header/DayHeaderView.swift:32:25: error: 'init()' is unavailable in watchOS
let separator = UIView()
^~~~~~
/Applications/Xcode-26.3.0.app/Contents/Developer/Platforms/WatchOS.platform/Developer/SDKs/WatchOS26.2.sdk/System/Library/Frameworks/UIKit.framework/Headers/UIView.h:154:1: note: 'init()' has been explicitly marked unavailable here
- (instancetype)init API_AVAILABLE(ios(2.0), tvos(9.0), visionos(1.0)) API_UNAVAILABLE(watchos);
^
/Users/admin/builder/spi-builder-workspace/Sources/Header/DayHeaderView.swift:119:62: error: 'UIUserInterfaceSizeClass' is unavailable in watchOS
public func transitionToHorizontalSizeClass(_ sizeClass: UIUserInterfaceSizeClass) {
^~~~~~~~~~~~~~~~~~~~~~~~
/Applications/Xcode-26.3.0.app/Contents/Developer/Platforms/WatchOS.platform/Developer/SDKs/WatchOS26.2.sdk/System/Library/Frameworks/UIKit.framework/Headers/UIInterface.h:26:28: note: 'UIUserInterfaceSizeClass' has been explicitly marked unavailable here
typedef NS_ENUM(NSInteger, UIUserInterfaceSizeClass) {
^
/Users/admin/builder/spi-builder-workspace/Sources/Header/DayHeaderView.swift:169:58: error: 'UIPageViewController' is unavailable in watchOS
public func pageViewController(_ pageViewController: UIPageViewController, viewControllerBefore viewController: UIViewController) -> UIViewController? {
^~~~~~~~~~~~~~~~~~~~
/Applications/Xcode-26.3.0.app/Contents/Developer/Platforms/WatchOS.platform/Developer/SDKs/WatchOS26.2.sdk/System/Library/Frameworks/UIKit.framework/Headers/UIPageViewController.h:51:12: note: 'UIPageViewController' has been explicitly marked unavailable here
@interface UIPageViewController : UIViewController {
^
/Users/admin/builder/spi-builder-workspace/Sources/Header/DayHeaderView.swift:169:117: error: 'UIViewController' is unavailable in watchOS
public func pageViewController(_ pageViewController: UIPageViewController, viewControllerBefore viewController: UIViewController) -> UIViewController? {
^~~~~~~~~~~~~~~~
/Applications/Xcode-26.3.0.app/Contents/Developer/Platforms/WatchOS.platform/Developer/SDKs/WatchOS26.2.sdk/System/Library/Frameworks/UIKit.framework/Headers/UIViewController.h:102:12: note: 'UIViewController' has been explicitly marked unavailable here
@interface UIViewController : UIResponder <NSCoding, UIAppearanceContainer, UITraitEnvironment, UIContentContainer, UIFocusEnvironment>
^
/Users/admin/builder/spi-builder-workspace/Sources/Header/DayHeaderView.swift:169:138: error: 'UIViewController' is unavailable in watchOS
public func pageViewController(_ pageViewController: UIPageViewController, viewControllerBefore viewController: UIViewController) -> UIViewController? {
^~~~~~~~~~~~~~~~
/Applications/Xcode-26.3.0.app/Contents/Developer/Platforms/WatchOS.platform/Developer/SDKs/WatchOS26.2.sdk/System/Library/Frameworks/UIKit.framework/Headers/UIViewController.h:102:12: note: 'UIViewController' has been explicitly marked unavailable here
@interface UIViewController : UIResponder <NSCoding, UIAppearanceContainer, UITraitEnvironment, UIContentContainer, UIFocusEnvironment>
^
/Users/admin/builder/spi-builder-workspace/Sources/Header/DayHeaderView.swift:177:58: error: 'UIPageViewController' is unavailable in watchOS
public func pageViewController(_ pageViewController: UIPageViewController, viewControllerAfter viewController: UIViewController) -> UIViewController? {
^~~~~~~~~~~~~~~~~~~~
/Applications/Xcode-26.3.0.app/Contents/Developer/Platforms/WatchOS.platform/Developer/SDKs/WatchOS26.2.sdk/System/Library/Frameworks/UIKit.framework/Headers/UIPageViewController.h:51:12: note: 'UIPageViewController' has been explicitly marked unavailable here
@interface UIPageViewController : UIViewController {
^
/Users/admin/builder/spi-builder-workspace/Sources/Header/DayHeaderView.swift:177:116: error: 'UIViewController' is unavailable in watchOS
public func pageViewController(_ pageViewController: UIPageViewController, viewControllerAfter viewController: UIViewController) -> UIViewController? {
^~~~~~~~~~~~~~~~
/Applications/Xcode-26.3.0.app/Contents/Developer/Platforms/WatchOS.platform/Developer/SDKs/WatchOS26.2.sdk/System/Library/Frameworks/UIKit.framework/Headers/UIViewController.h:102:12: note: 'UIViewController' has been explicitly marked unavailable here
@interface UIViewController : UIResponder <NSCoding, UIAppearanceContainer, UITraitEnvironment, UIContentContainer, UIFocusEnvironment>
^
/Users/admin/builder/spi-builder-workspace/Sources/Header/DayHeaderView.swift:177:137: error: 'UIViewController' is unavailable in watchOS
public func pageViewController(_ pageViewController: UIPageViewController, viewControllerAfter viewController: UIViewController) -> UIViewController? {
^~~~~~~~~~~~~~~~
/Applications/Xcode-26.3.0.app/Contents/Developer/Platforms/WatchOS.platform/Developer/SDKs/WatchOS26.2.sdk/System/Library/Frameworks/UIKit.framework/Headers/UIViewController.h:102:12: note: 'UIViewController' has been explicitly marked unavailable here
@interface UIViewController : UIResponder <NSCoding, UIAppearanceContainer, UITraitEnvironment, UIContentContainer, UIFocusEnvironment>
^
/Users/admin/builder/spi-builder-workspace/Sources/Header/DayHeaderView.swift:187:58: error: 'UIPageViewController' is unavailable in watchOS
public func pageViewController(_ pageViewController: UIPageViewController, didFinishAnimating finished: Bool, previousViewControllers: [UIViewController], transitionCompleted completed: Bool) {
^~~~~~~~~~~~~~~~~~~~
/Applications/Xcode-26.3.0.app/Contents/Developer/Platforms/WatchOS.platform/Developer/SDKs/WatchOS26.2.sdk/System/Library/Frameworks/UIKit.framework/Headers/UIPageViewController.h:51:12: note: 'UIPageViewController' has been explicitly marked unavailable here
@interface UIPageViewController : UIViewController {
^
/Users/admin/builder/spi-builder-workspace/Sources/Header/DayHeaderView.swift:187:141: error: 'UIViewController' is unavailable in watchOS
public func pageViewController(_ pageViewController: UIPageViewController, didFinishAnimating finished: Bool, previousViewControllers: [UIViewController], transitionCompleted completed: Bool) {
^~~~~~~~~~~~~~~~
/Applications/Xcode-26.3.0.app/Contents/Developer/Platforms/WatchOS.platform/Developer/SDKs/WatchOS26.2.sdk/System/Library/Frameworks/UIKit.framework/Headers/UIViewController.h:102:12: note: 'UIViewController' has been explicitly marked unavailable here
@interface UIViewController : UIResponder <NSCoding, UIAppearanceContainer, UITraitEnvironment, UIContentContainer, UIFocusEnvironment>
^
/Users/admin/builder/spi-builder-workspace/Sources/Header/DayHeaderView.swift:199:58: error: 'UIPageViewController' is unavailable in watchOS
public func pageViewController(_ pageViewController: UIPageViewController, willTransitionTo pendingViewControllers: [UIViewController]) {
^~~~~~~~~~~~~~~~~~~~
/Applications/Xcode-26.3.0.app/Contents/Developer/Platforms/WatchOS.platform/Developer/SDKs/WatchOS26.2.sdk/System/Library/Frameworks/UIKit.framework/Headers/UIPageViewController.h:51:12: note: 'UIPageViewController' has been explicitly marked unavailable here
@interface UIPageViewController : UIViewController {
^
/Users/admin/builder/spi-builder-workspace/Sources/Header/DayHeaderView.swift:199:122: error: 'UIViewController' is unavailable in watchOS
public func pageViewController(_ pageViewController: UIPageViewController, willTransitionTo pendingViewControllers: [UIViewController]) {
^~~~~~~~~~~~~~~~
/Applications/Xcode-26.3.0.app/Contents/Developer/Platforms/WatchOS.platform/Developer/SDKs/WatchOS26.2.sdk/System/Library/Frameworks/UIKit.framework/Headers/UIViewController.h:102:12: note: 'UIViewController' has been explicitly marked unavailable here
@interface UIViewController : UIResponder <NSCoding, UIAppearanceContainer, UITraitEnvironment, UIContentContainer, UIFocusEnvironment>
^
/Users/admin/builder/spi-builder-workspace/Sources/Header/DayHeaderView.swift:3:35: error: 'UIView' is unavailable in watchOS
public final class DayHeaderView: UIView, DaySelectorDelegate, DayViewStateUpdating, UIPageViewControllerDataSource, UIPageViewControllerDelegate {
^~~~~~
/Applications/Xcode-26.3.0.app/Contents/Developer/Platforms/WatchOS.platform/Developer/SDKs/WatchOS26.2.sdk/System/Library/Frameworks/UIKit.framework/Headers/UIView.h:148:12: note: 'UIView' has been explicitly marked unavailable here
@interface UIView : UIResponder <NSCoding, UIAppearance, UIAppearanceContainer, UIDynamicItem, UITraitEnvironment, UICoordinateSpace, UIFocusItem, UIFocusItemContainer, CALayerDelegate>
^
/Users/admin/builder/spi-builder-workspace/Sources/Header/DayHeaderView.swift:3:86: error: 'UIPageViewControllerDataSource' is unavailable in watchOS
public final class DayHeaderView: UIView, DaySelectorDelegate, DayViewStateUpdating, UIPageViewControllerDataSource, UIPageViewControllerDelegate {
^~~~~~~~~~~~~~~~~~~~~~~~~~~~~~
/Applications/Xcode-26.3.0.app/Contents/Developer/Platforms/WatchOS.platform/Developer/SDKs/WatchOS26.2.sdk/System/Library/Frameworks/UIKit.framework/Headers/UIPageViewController.h:100:11: note: 'UIPageViewControllerDataSource' has been explicitly marked unavailable here
@protocol UIPageViewControllerDataSource <NSObject>
^
/Users/admin/builder/spi-builder-workspace/Sources/Header/DayHeaderView.swift:3:118: error: 'UIPageViewControllerDelegate' is unavailable in watchOS
public final class DayHeaderView: UIView, DaySelectorDelegate, DayViewStateUpdating, UIPageViewControllerDataSource, UIPageViewControllerDelegate {
^~~~~~~~~~~~~~~~~~~~~~~~~~~~
/Applications/Xcode-26.3.0.app/Contents/Developer/Platforms/WatchOS.platform/Developer/SDKs/WatchOS26.2.sdk/System/Library/Frameworks/UIKit.framework/Headers/UIPageViewController.h:80:11: note: 'UIPageViewControllerDelegate' has been explicitly marked unavailable here
@protocol UIPageViewControllerDelegate <NSObject>
^
/Users/admin/builder/spi-builder-workspace/Sources/Header/DaySelector/DateLabel.swift:3:31: error: 'UILabel' is unavailable in watchOS
public final class DateLabel: UILabel, DaySelectorItemProtocol {
^~~~~~~
/Applications/Xcode-26.3.0.app/Contents/Developer/Platforms/WatchOS.platform/Developer/SDKs/WatchOS26.2.sdk/System/Library/Frameworks/UIKit.framework/Headers/UILabel.h:33:12: note: 'UILabel' has been explicitly marked unavailable here
@interface UILabel : UIView <NSCoding, UIContentSizeCategoryAdjusting, UILetterformAwareAdjusting>
^
/Users/admin/builder/spi-builder-workspace/Sources/Header/DaySelector/DayDateCell.swift:5:29: error: 'init()' is unavailable in watchOS
private let dateLabel = DateLabel()
^~~~~~~~~
/Applications/Xcode-26.3.0.app/Contents/Developer/Platforms/WatchOS.platform/Developer/SDKs/WatchOS26.2.sdk/System/Library/Frameworks/UIKit.framework/Headers/UIView.h:154:1: note: 'init()' has been explicitly marked unavailable here
- (instancetype)init API_AVAILABLE(ios(2.0), tvos(9.0), visionos(1.0)) API_UNAVAILABLE(watchos);
^
/Users/admin/builder/spi-builder-workspace/Sources/Header/DaySelector/DayDateCell.swift:6:28: error: 'UILabel' is unavailable in watchOS
private let dayLabel = UILabel()
^~~~~~~
/Applications/Xcode-26.3.0.app/Contents/Developer/Platforms/WatchOS.platform/Developer/SDKs/WatchOS26.2.sdk/System/Library/Frameworks/UIKit.framework/Headers/UILabel.h:33:12: note: 'UILabel' has been explicitly marked unavailable here
@interface UILabel : UIView <NSCoding, UIContentSizeCategoryAdjusting, UILetterformAwareAdjusting>
^
/Users/admin/builder/spi-builder-workspace/Sources/Header/DaySelector/DayDateCell.swift:6:28: error: 'init()' is unavailable in watchOS
private let dayLabel = UILabel()
^~~~~~~
/Applications/Xcode-26.3.0.app/Contents/Developer/Platforms/WatchOS.platform/Developer/SDKs/WatchOS26.2.sdk/System/Library/Frameworks/UIKit.framework/Headers/UIView.h:154:1: note: 'init()' has been explicitly marked unavailable here
- (instancetype)init API_AVAILABLE(ios(2.0), tvos(9.0), visionos(1.0)) API_UNAVAILABLE(watchos);
^
/Users/admin/builder/spi-builder-workspace/Sources/Header/DaySelector/DayDateCell.swift:3:33: error: 'UIView' is unavailable in watchOS
public final class DayDateCell: UIView, DaySelectorItemProtocol {
^~~~~~
/Applications/Xcode-26.3.0.app/Contents/Developer/Platforms/WatchOS.platform/Developer/SDKs/WatchOS26.2.sdk/System/Library/Frameworks/UIKit.framework/Headers/UIView.h:148:12: note: 'UIView' has been explicitly marked unavailable here
@interface UIView : UIResponder <NSCoding, UIAppearance, UIAppearanceContainer, UIDynamicItem, UITraitEnvironment, UICoordinateSpace, UIFocusItem, UIFocusItemContainer, CALayerDelegate>
^
/Users/admin/builder/spi-builder-workspace/Sources/Header/DaySelector/DaySelector.swift:60:26: error: 'UIView' is unavailable in watchOS
private var items = [UIView & DaySelectorItemProtocol]()
^~~~~~
/Applications/Xcode-26.3.0.app/Contents/Developer/Platforms/WatchOS.platform/Developer/SDKs/WatchOS26.2.sdk/System/Library/Frameworks/UIKit.framework/Headers/UIView.h:148:12: note: 'UIView' has been explicitly marked unavailable here
@interface UIView : UIResponder <NSCoding, UIAppearance, UIAppearanceContainer, UIDynamicItem, UITraitEnvironment, UICoordinateSpace, UIFocusItem, UIFocusItemContainer, CALayerDelegate>
^
/Users/admin/builder/spi-builder-workspace/Sources/Header/DaySelector/DaySelector.swift:82:37: error: 'UIView' is unavailable in watchOS
private func initializeViews<T: UIView>(viewType: T.Type) where T: DaySelectorItemProtocol {
^~~~~~
/Applications/Xcode-26.3.0.app/Contents/Developer/Platforms/WatchOS.platform/Developer/SDKs/WatchOS26.2.sdk/System/Library/Frameworks/UIKit.framework/Headers/UIView.h:148:12: note: 'UIView' has been explicitly marked unavailable here
@interface UIView : UIResponder <NSCoding, UIAppearance, UIAppearanceContainer, UIDynamicItem, UITraitEnvironment, UICoordinateSpace, UIFocusItem, UIFocusItemContainer, CALayerDelegate>
^
/Users/admin/builder/spi-builder-workspace/Sources/Header/DaySelector/DaySelector.swift:150:62: error: 'UIUserInterfaceSizeClass' is unavailable in watchOS
public func transitionToHorizontalSizeClass(_ sizeClass: UIUserInterfaceSizeClass) {
^~~~~~~~~~~~~~~~~~~~~~~~
/Applications/Xcode-26.3.0.app/Contents/Developer/Platforms/WatchOS.platform/Developer/SDKs/WatchOS26.2.sdk/System/Library/Frameworks/UIKit.framework/Headers/UIInterface.h:26:28: note: 'UIUserInterfaceSizeClass' has been explicitly marked unavailable here
typedef NS_ENUM(NSInteger, UIUserInterfaceSizeClass) {
^
/Users/admin/builder/spi-builder-workspace/Sources/Header/DaySelector/DaySelector.swift:159:50: error: 'UITapGestureRecognizer' is unavailable in watchOS
@objc private func dateLabelDidTap(_ sender: UITapGestureRecognizer) {
^~~~~~~~~~~~~~~~~~~~~~
/Applications/Xcode-26.3.0.app/Contents/Developer/Platforms/WatchOS.platform/Developer/SDKs/WatchOS26.2.sdk/System/Library/Frameworks/UIKit.framework/Headers/UITapGestureRecognizer.h:23:12: note: 'UITapGestureRecognizer' has been explicitly marked unavailable here
@interface UITapGestureRecognizer : UIGestureRecognizer
^
/Users/admin/builder/spi-builder-workspace/Sources/Header/DaySelector/DaySelector.swift:14:33: error: 'UIView' is unavailable in watchOS
public final class DaySelector: UIView {
^~~~~~
/Applications/Xcode-26.3.0.app/Contents/Developer/Platforms/WatchOS.platform/Developer/SDKs/WatchOS26.2.sdk/System/Library/Frameworks/UIKit.framework/Headers/UIView.h:148:12: note: 'UIView' has been explicitly marked unavailable here
@interface UIView : UIResponder <NSCoding, UIAppearance, UIAppearanceContainer, UIDynamicItem, UITraitEnvironment, UICoordinateSpace, UIFocusItem, UIFocusItemContainer, CALayerDelegate>
^
/Users/admin/builder/spi-builder-workspace/Sources/Header/DaySelector/DaySelectorController.swift:55:55: error: 'UIUserInterfaceSizeClass' is unavailable in watchOS
func transitionToHorizontalSizeClass(_ sizeClass: UIUserInterfaceSizeClass) {
^~~~~~~~~~~~~~~~~~~~~~~~
/Applications/Xcode-26.3.0.app/Contents/Developer/Platforms/WatchOS.platform/Developer/SDKs/WatchOS26.2.sdk/System/Library/Frameworks/UIKit.framework/Headers/UIInterface.h:26:28: note: 'UIUserInterfaceSizeClass' has been explicitly marked unavailable here
typedef NS_ENUM(NSInteger, UIUserInterfaceSizeClass) {
^
/Users/admin/builder/spi-builder-workspace/Sources/Header/DaySelector/DaySelectorController.swift:3:43: error: 'UIViewController' is unavailable in watchOS
public final class DaySelectorController: UIViewController {
^~~~~~~~~~~~~~~~
/Applications/Xcode-26.3.0.app/Contents/Developer/Platforms/WatchOS.platform/Developer/SDKs/WatchOS26.2.sdk/System/Library/Frameworks/UIKit.framework/Headers/UIViewController.h:102:12: note: 'UIViewController' has been explicitly marked unavailable here
@interface UIViewController : UIResponder <NSCoding, UIAppearanceContainer, UITraitEnvironment, UIContentContainer, UIFocusEnvironment>
^
/Users/admin/builder/spi-builder-workspace/Sources/Header/DaySymbolsView.swift:6:27: error: 'UILabel' is unavailable in watchOS
private var labels = [UILabel]()
^~~~~~~
/Applications/Xcode-26.3.0.app/Contents/Developer/Platforms/WatchOS.platform/Developer/SDKs/WatchOS26.2.sdk/System/Library/Frameworks/UIKit.framework/Headers/UILabel.h:33:12: note: 'UILabel' has been explicitly marked unavailable here
@interface UILabel : UIView <NSCoding, UIContentSizeCategoryAdjusting, UILetterformAwareAdjusting>
^
/Users/admin/builder/spi-builder-workspace/Sources/Header/DaySymbolsView.swift:3:36: error: 'UIView' is unavailable in watchOS
public final class DaySymbolsView: UIView {
^~~~~~
/Applications/Xcode-26.3.0.app/Contents/Developer/Platforms/WatchOS.platform/Developer/SDKs/WatchOS26.2.sdk/System/Library/Frameworks/UIKit.framework/Headers/UIView.h:148:12: note: 'UIView' has been explicitly marked unavailable here
@interface UIView : UIResponder <NSCoding, UIAppearance, UIAppearanceContainer, UIDynamicItem, UITraitEnvironment, UICoordinateSpace, UIFocusItem, UIFocusItemContainer, CALayerDelegate>
^
/Users/admin/builder/spi-builder-workspace/Sources/Header/SwipeLabelView.swift:33:29: error: 'UILabel' is unavailable in watchOS
private var firstLabel: UILabel {
^~~~~~~
/Applications/Xcode-26.3.0.app/Contents/Developer/Platforms/WatchOS.platform/Developer/SDKs/WatchOS26.2.sdk/System/Library/Frameworks/UIKit.framework/Headers/UILabel.h:33:12: note: 'UILabel' has been explicitly marked unavailable here
@interface UILabel : UIView <NSCoding, UIContentSizeCategoryAdjusting, UILetterformAwareAdjusting>
^
/Users/admin/builder/spi-builder-workspace/Sources/Header/SwipeLabelView.swift:37:30: error: 'UILabel' is unavailable in watchOS
private var secondLabel: UILabel {
^~~~~~~
/Applications/Xcode-26.3.0.app/Contents/Developer/Platforms/WatchOS.platform/Developer/SDKs/WatchOS26.2.sdk/System/Library/Frameworks/UIKit.framework/Headers/UILabel.h:33:12: note: 'UILabel' has been explicitly marked unavailable here
@interface UILabel : UIView <NSCoding, UIContentSizeCategoryAdjusting, UILetterformAwareAdjusting>
^
/Users/admin/builder/spi-builder-workspace/Sources/Header/SwipeLabelView.swift:41:27: error: 'UILabel' is unavailable in watchOS
private var labels = [UILabel]()
^~~~~~~
/Applications/Xcode-26.3.0.app/Contents/Developer/Platforms/WatchOS.platform/Developer/SDKs/WatchOS26.2.sdk/System/Library/Frameworks/UIKit.framework/Headers/UILabel.h:33:12: note: 'UILabel' has been explicitly marked unavailable here
@interface UILabel : UIView <NSCoding, UIContentSizeCategoryAdjusting, UILetterformAwareAdjusting>
^
/Users/admin/builder/spi-builder-workspace/Sources/Header/SwipeLabelView.swift:3:36: error: 'UIView' is unavailable in watchOS
public final class SwipeLabelView: UIView, DayViewStateUpdating {
^~~~~~
/Applications/Xcode-26.3.0.app/Contents/Developer/Platforms/WatchOS.platform/Developer/SDKs/WatchOS26.2.sdk/System/Library/Frameworks/UIKit.framework/Headers/UIView.h:148:12: note: 'UIView' has been explicitly marked unavailable here
@interface UIView : UIResponder <NSCoding, UIAppearance, UIAppearanceContainer, UIDynamicItem, UITraitEnvironment, UICoordinateSpace, UIFocusItem, UIFocusItemContainer, CALayerDelegate>
^
/Users/admin/builder/spi-builder-workspace/Sources/Timeline/AllDayView.swift:16:33: error: 'UILabel' is unavailable in watchOS
private lazy var textLabel: UILabel = {
^~~~~~~
/Applications/Xcode-26.3.0.app/Contents/Developer/Platforms/WatchOS.platform/Developer/SDKs/WatchOS26.2.sdk/System/Library/Frameworks/UIKit.framework/Headers/UILabel.h:33:12: note: 'UILabel' has been explicitly marked unavailable here
@interface UILabel : UIView <NSCoding, UIContentSizeCategoryAdjusting, UILetterformAwareAdjusting>
^
/Users/admin/builder/spi-builder-workspace/Sources/Timeline/AllDayView.swift:17:21: error: 'UILabel' is unavailable in watchOS
let label = UILabel()
^~~~~~~
/Applications/Xcode-26.3.0.app/Contents/Developer/Platforms/WatchOS.platform/Developer/SDKs/WatchOS26.2.sdk/System/Library/Frameworks/UIKit.framework/Headers/UILabel.h:33:12: note: 'UILabel' has been explicitly marked unavailable here
@interface UILabel : UIView <NSCoding, UIContentSizeCategoryAdjusting, UILetterformAwareAdjusting>
^
/Users/admin/builder/spi-builder-workspace/Sources/Timeline/AllDayView.swift:17:21: error: 'init()' is unavailable in watchOS
let label = UILabel()
^~~~~~~
/Applications/Xcode-26.3.0.app/Contents/Developer/Platforms/WatchOS.platform/Developer/SDKs/WatchOS26.2.sdk/System/Library/Frameworks/UIKit.framework/Headers/UIView.h:154:1: note: 'init()' has been explicitly marked unavailable here
- (instancetype)init API_AVAILABLE(ios(2.0), tvos(9.0), visionos(1.0)) API_UNAVAILABLE(watchos);
^
/Users/admin/builder/spi-builder-workspace/Sources/Timeline/AllDayView.swift:20:56: error: 'required' is unavailable in watchOS
label.setContentCompressionResistancePriority(.required, for: .horizontal)
^~~~~~~~
/Applications/Xcode-26.3.0.app/Contents/Developer/Platforms/WatchOS.platform/Developer/SDKs/WatchOS26.2.sdk/System/Library/Frameworks/UIKit.framework/Headers/NSLayoutConstraint.h:18:31: note: 'required' has been explicitly marked unavailable here
static const UILayoutPriority UILayoutPriorityRequired API_AVAILABLE(ios(6.0)) API_UNAVAILABLE(watchos) = 1000; // A required constraint. Do not exceed this.
^
/Users/admin/builder/spi-builder-workspace/Sources/Timeline/AllDayView.swift:28:39: error: 'UIScrollView' is unavailable in watchOS
private(set) lazy var scrollView: UIScrollView = {
^~~~~~~~~~~~
/Applications/Xcode-26.3.0.app/Contents/Developer/Platforms/WatchOS.platform/Developer/SDKs/WatchOS26.2.sdk/System/Library/Frameworks/UIKit.framework/Headers/UIScrollView.h:87:12: note: 'UIScrollView' has been explicitly marked unavailable here
@interface UIScrollView : UIView <NSCoding, UIFocusItemScrollableContainer>
^
/Users/admin/builder/spi-builder-workspace/Sources/Timeline/AllDayView.swift:29:18: error: 'UIScrollView' is unavailable in watchOS
let sv = UIScrollView()
^~~~~~~~~~~~
/Applications/Xcode-26.3.0.app/Contents/Developer/Platforms/WatchOS.platform/Developer/SDKs/WatchOS26.2.sdk/System/Library/Frameworks/UIKit.framework/Headers/UIScrollView.h:87:12: note: 'UIScrollView' has been explicitly marked unavailable here
@interface UIScrollView : UIView <NSCoding, UIFocusItemScrollableContainer>
^
/Users/admin/builder/spi-builder-workspace/Sources/Timeline/AllDayView.swift:29:18: error: 'init()' is unavailable in watchOS
let sv = UIScrollView()
^~~~~~~~~~~~
/Applications/Xcode-26.3.0.app/Contents/Developer/Platforms/WatchOS.platform/Developer/SDKs/WatchOS26.2.sdk/System/Library/Frameworks/UIKit.framework/Headers/UIView.h:154:1: note: 'init()' has been explicitly marked unavailable here
- (instancetype)init API_AVAILABLE(ios(2.0), tvos(9.0), visionos(1.0)) API_UNAVAILABLE(watchos);
^
/Users/admin/builder/spi-builder-workspace/Sources/Timeline/AllDayView.swift:3:32: error: 'UIView' is unavailable in watchOS
public final class AllDayView: UIView {
^~~~~~
/Applications/Xcode-26.3.0.app/Contents/Developer/Platforms/WatchOS.platform/Developer/SDKs/WatchOS26.2.sdk/System/Library/Frameworks/UIKit.framework/Headers/UIView.h:148:12: note: 'UIView' has been explicitly marked unavailable here
@interface UIView : UIResponder <NSCoding, UIAppearance, UIAppearanceContainer, UIDynamicItem, UITraitEnvironment, UICoordinateSpace, UIFocusItem, UIFocusItemContainer, CALayerDelegate>
^
/Users/admin/builder/spi-builder-workspace/Sources/Timeline/CurrentTimeIndicator.swift:26:29: error: 'UILabel' is unavailable in watchOS
private var timeLabel = UILabel()
^~~~~~~
/Applications/Xcode-26.3.0.app/Contents/Developer/Platforms/WatchOS.platform/Developer/SDKs/WatchOS26.2.sdk/System/Library/Frameworks/UIKit.framework/Headers/UILabel.h:33:12: note: 'UILabel' has been explicitly marked unavailable here
@interface UILabel : UIView <NSCoding, UIContentSizeCategoryAdjusting, UILetterformAwareAdjusting>
^
/Users/admin/builder/spi-builder-workspace/Sources/Timeline/CurrentTimeIndicator.swift:26:29: error: 'init()' is unavailable in watchOS
private var timeLabel = UILabel()
^~~~~~~
/Applications/Xcode-26.3.0.app/Contents/Developer/Platforms/WatchOS.platform/Developer/SDKs/WatchOS26.2.sdk/System/Library/Frameworks/UIKit.framework/Headers/UIView.h:154:1: note: 'init()' has been explicitly marked unavailable here
- (instancetype)init API_AVAILABLE(ios(2.0), tvos(9.0), visionos(1.0)) API_UNAVAILABLE(watchos);
^
/Users/admin/builder/spi-builder-workspace/Sources/Timeline/CurrentTimeIndicator.swift:27:26: error: 'UIView' is unavailable in watchOS
private var circle = UIView()
^~~~~~
/Applications/Xcode-26.3.0.app/Contents/Developer/Platforms/WatchOS.platform/Developer/SDKs/WatchOS26.2.sdk/System/Library/Frameworks/UIKit.framework/Headers/UIView.h:148:12: note: 'UIView' has been explicitly marked unavailable here
@interface UIView : UIResponder <NSCoding, UIAppearance, UIAppearanceContainer, UIDynamicItem, UITraitEnvironment, UICoordinateSpace, UIFocusItem, UIFocusItemContainer, CALayerDelegate>
^
/Users/admin/builder/spi-builder-workspace/Sources/Timeline/CurrentTimeIndicator.swift:27:26: error: 'init()' is unavailable in watchOS
private var circle = UIView()
^~~~~~
/Applications/Xcode-26.3.0.app/Contents/Developer/Platforms/WatchOS.platform/Developer/SDKs/WatchOS26.2.sdk/System/Library/Frameworks/UIKit.framework/Headers/UIView.h:154:1: note: 'init()' has been explicitly marked unavailable here
- (instancetype)init API_AVAILABLE(ios(2.0), tvos(9.0), visionos(1.0)) API_UNAVAILABLE(watchos);
^
/Users/admin/builder/spi-builder-workspace/Sources/Timeline/CurrentTimeIndicator.swift:28:24: error: 'UIView' is unavailable in watchOS
private var line = UIView()
^~~~~~
/Applications/Xcode-26.3.0.app/Contents/Developer/Platforms/WatchOS.platform/Developer/SDKs/WatchOS26.2.sdk/System/Library/Frameworks/UIKit.framework/Headers/UIView.h:148:12: note: 'UIView' has been explicitly marked unavailable here
@interface UIView : UIResponder <NSCoding, UIAppearance, UIAppearanceContainer, UIDynamicItem, UITraitEnvironment, UICoordinateSpace, UIFocusItem, UIFocusItemContainer, CALayerDelegate>
^
/Users/admin/builder/spi-builder-workspace/Sources/Timeline/CurrentTimeIndicator.swift:28:24: error: 'init()' is unavailable in watchOS
private var line = UIView()
^~~~~~
/Applications/Xcode-26.3.0.app/Contents/Developer/Platforms/WatchOS.platform/Developer/SDKs/WatchOS26.2.sdk/System/Library/Frameworks/UIKit.framework/Headers/UIView.h:154:1: note: 'init()' has been explicitly marked unavailable here
- (instancetype)init API_AVAILABLE(ios(2.0), tvos(9.0), visionos(1.0)) API_UNAVAILABLE(watchos);
^
/Users/admin/builder/spi-builder-workspace/Sources/Timeline/CurrentTimeIndicator.swift:3:48: error: 'UIView' is unavailable in watchOS
@objc public final class CurrentTimeIndicator: UIView {
^~~~~~
/Applications/Xcode-26.3.0.app/Contents/Developer/Platforms/WatchOS.platform/Developer/SDKs/WatchOS26.2.sdk/System/Library/Frameworks/UIKit.framework/Headers/UIView.h:148:12: note: 'UIView' has been explicitly marked unavailable here
@interface UIView : UIResponder <NSCoding, UIAppearance, UIAppearanceContainer, UIDynamicItem, UITraitEnvironment, UICoordinateSpace, UIFocusItem, UIFocusItemContainer, CALayerDelegate>
^
/Users/admin/builder/spi-builder-workspace/Sources/Timeline/EventResizeHandleDotView.swift:4:46: error: 'UIView' is unavailable in watchOS
public final class EventResizeHandleDotView: UIView {
^~~~~~
/Applications/Xcode-26.3.0.app/Contents/Developer/Platforms/WatchOS.platform/Developer/SDKs/WatchOS26.2.sdk/System/Library/Frameworks/UIKit.framework/Headers/UIView.h:148:12: note: 'UIView' has been explicitly marked unavailable here
@interface UIView : UIResponder <NSCoding, UIAppearance, UIAppearanceContainer, UIDynamicItem, UITraitEnvironment, UICoordinateSpace, UIFocusItem, UIFocusItemContainer, CALayerDelegate>
^
/Users/admin/builder/spi-builder-workspace/Sources/Timeline/EventResizeHandleView.swift:5:57: error: 'UIPanGestureRecognizer' is unavailable in watchOS
public private(set) lazy var panGestureRecognizer = UIPanGestureRecognizer()
^~~~~~~~~~~~~~~~~~~~~~
/Applications/Xcode-26.3.0.app/Contents/Developer/Platforms/WatchOS.platform/Developer/SDKs/WatchOS26.2.sdk/System/Library/Frameworks/UIKit.framework/Headers/UIPanGestureRecognizer.h:31:12: note: 'UIPanGestureRecognizer' has been explicitly marked unavailable here
@interface UIPanGestureRecognizer : UIGestureRecognizer
^
/Users/admin/builder/spi-builder-workspace/Sources/Timeline/EventResizeHandleView.swift:6:44: error: 'init()' is unavailable in watchOS
public private(set) lazy var dotView = EventResizeHandleDotView()
^~~~~~~~~~~~~~~~~~~~~~~~
/Applications/Xcode-26.3.0.app/Contents/Developer/Platforms/WatchOS.platform/Developer/SDKs/WatchOS26.2.sdk/System/Library/Frameworks/UIKit.framework/Headers/UIView.h:154:1: note: 'init()' has been explicitly marked unavailable here
- (instancetype)init API_AVAILABLE(ios(2.0), tvos(9.0), visionos(1.0)) API_UNAVAILABLE(watchos);
^
/Users/admin/builder/spi-builder-workspace/Sources/Timeline/EventResizeHandleView.swift:4:43: error: 'UIView' is unavailable in watchOS
public final class EventResizeHandleView: UIView {
^~~~~~
/Applications/Xcode-26.3.0.app/Contents/Developer/Platforms/WatchOS.platform/Developer/SDKs/WatchOS26.2.sdk/System/Library/Frameworks/UIKit.framework/Headers/UIView.h:148:12: note: 'UIView' has been explicitly marked unavailable here
@interface UIView : UIResponder <NSCoding, UIAppearance, UIAppearanceContainer, UIDynamicItem, UITraitEnvironment, UICoordinateSpace, UIFocusItem, UIFocusItemContainer, CALayerDelegate>
^
/Users/admin/builder/spi-builder-workspace/Sources/Timeline/EventView.swift:22:56: error: 'init()' is unavailable in watchOS
public private(set) lazy var eventResizeHandles = [EventResizeHandleView(), EventResizeHandleView()]
^~~~~~~~~~~~~~~~~~~~~
/Applications/Xcode-26.3.0.app/Contents/Developer/Platforms/WatchOS.platform/Developer/SDKs/WatchOS26.2.sdk/System/Library/Frameworks/UIKit.framework/Headers/UIView.h:154:1: note: 'init()' has been explicitly marked unavailable here
- (instancetype)init API_AVAILABLE(ios(2.0), tvos(9.0), visionos(1.0)) API_UNAVAILABLE(watchos);
^
/Users/admin/builder/spi-builder-workspace/Sources/Timeline/EventView.swift:22:81: error: 'init()' is unavailable in watchOS
public private(set) lazy var eventResizeHandles = [EventResizeHandleView(), EventResizeHandleView()]
^~~~~~~~~~~~~~~~~~~~~
/Applications/Xcode-26.3.0.app/Contents/Developer/Platforms/WatchOS.platform/Developer/SDKs/WatchOS26.2.sdk/System/Library/Frameworks/UIKit.framework/Headers/UIView.h:154:1: note: 'init()' has been explicitly marked unavailable here
- (instancetype)init API_AVAILABLE(ios(2.0), tvos(9.0), visionos(1.0)) API_UNAVAILABLE(watchos);
^
/Users/admin/builder/spi-builder-workspace/Sources/Timeline/EventView.swift:11:44: error: 'UITextView' is unavailable in watchOS
public private(set) lazy var textView: UITextView = {
^~~~~~~~~~
/Applications/Xcode-26.3.0.app/Contents/Developer/Platforms/WatchOS.platform/Developer/SDKs/WatchOS26.2.sdk/System/Library/Frameworks/UIKit.framework/Headers/UITextView.h:219:12: note: 'UITextView' has been explicitly marked unavailable here
@interface UITextView : UIScrollView <UITextInput, UIContentSizeCategoryAdjusting, UILetterformAwareAdjusting>
^
/Users/admin/builder/spi-builder-workspace/Sources/Timeline/EventView.swift:12:20: error: 'UITextView' is unavailable in watchOS
let view = UITextView()
^~~~~~~~~~
/Applications/Xcode-26.3.0.app/Contents/Developer/Platforms/WatchOS.platform/Developer/SDKs/WatchOS26.2.sdk/System/Library/Frameworks/UIKit.framework/Headers/UITextView.h:219:12: note: 'UITextView' has been explicitly marked unavailable here
@interface UITextView : UIScrollView <UITextInput, UIContentSizeCategoryAdjusting, UILetterformAwareAdjusting>
^
/Users/admin/builder/spi-builder-workspace/Sources/Timeline/EventView.swift:12:20: error: 'init()' is unavailable in watchOS
let view = UITextView()
^~~~~~~~~~
/Applications/Xcode-26.3.0.app/Contents/Developer/Platforms/WatchOS.platform/Developer/SDKs/WatchOS26.2.sdk/System/Library/Frameworks/UIKit.framework/Headers/UIView.h:154:1: note: 'init()' has been explicitly marked unavailable here
- (instancetype)init API_AVAILABLE(ios(2.0), tvos(9.0), visionos(1.0)) API_UNAVAILABLE(watchos);
^
/Users/admin/builder/spi-builder-workspace/Sources/Timeline/EventView.swift:93:64: error: 'UIEvent' is unavailable in watchOS
public override func hitTest(_ point: CGPoint, with event: UIEvent?) -> UIView? {
^~~~~~~
/Applications/Xcode-26.3.0.app/Contents/Developer/Platforms/WatchOS.platform/Developer/SDKs/WatchOS26.2.sdk/System/Library/Frameworks/UIKit.framework/Headers/UIEvent.h:62:12: note: 'UIEvent' has been explicitly marked unavailable here
@interface UIEvent : NSObject
^
/Users/admin/builder/spi-builder-workspace/Sources/Timeline/EventView.swift:93:77: error: 'UIView' is unavailable in watchOS
public override func hitTest(_ point: CGPoint, with event: UIEvent?) -> UIView? {
^~~~~~
/Applications/Xcode-26.3.0.app/Contents/Developer/Platforms/WatchOS.platform/Developer/SDKs/WatchOS26.2.sdk/System/Library/Frameworks/UIKit.framework/Headers/UIView.h:148:12: note: 'UIView' has been explicitly marked unavailable here
@interface UIView : UIResponder <NSCoding, UIAppearance, UIAppearanceContainer, UIDynamicItem, UITraitEnvironment, UICoordinateSpace, UIFocusItem, UIFocusItemContainer, CALayerDelegate>
^
/Users/admin/builder/spi-builder-workspace/Sources/Timeline/EventView.swift:3:23: error: 'UIView' is unavailable in watchOS
open class EventView: UIView {
^~~~~~
/Applications/Xcode-26.3.0.app/Contents/Developer/Platforms/WatchOS.platform/Developer/SDKs/WatchOS26.2.sdk/System/Library/Frameworks/UIKit.framework/Headers/UIView.h:148:12: note: 'UIView' has been explicitly marked unavailable here
@interface UIView : UIResponder <NSCoding, UIAppearance, UIAppearanceContainer, UIDynamicItem, UITraitEnvironment, UICoordinateSpace, UIFocusItem, UIFocusItemContainer, CALayerDelegate>
^
/Users/admin/builder/spi-builder-workspace/Sources/Timeline/ReusePool.swift:3:26: error: 'UIView' is unavailable in watchOS
final class ReusePool<T: UIView> {
^~~~~~
/Applications/Xcode-26.3.0.app/Contents/Developer/Platforms/WatchOS.platform/Developer/SDKs/WatchOS26.2.sdk/System/Library/Frameworks/UIKit.framework/Headers/UIView.h:148:12: note: 'UIView' has been explicitly marked unavailable here
@interface UIView : UIResponder <NSCoding, UIAppearance, UIAppearanceContainer, UIDynamicItem, UITraitEnvironment, UICoordinateSpace, UIFocusItem, UIFocusItemContainer, CALayerDelegate>
^
/Users/admin/builder/spi-builder-workspace/Sources/Timeline/TimelineContainer.swift:3:39: error: 'UIScrollView' is unavailable in watchOS
public final class TimelineContainer: UIScrollView {
^~~~~~~~~~~~
/Applications/Xcode-26.3.0.app/Contents/Developer/Platforms/WatchOS.platform/Developer/SDKs/WatchOS26.2.sdk/System/Library/Frameworks/UIKit.framework/Headers/UIScrollView.h:87:12: note: 'UIScrollView' has been explicitly marked unavailable here
@interface UIScrollView : UIView <NSCoding, UIFocusItemScrollableContainer>
^
/Users/admin/builder/spi-builder-workspace/Sources/Timeline/TimelineContainerController.swift:3:49: error: 'UIViewController' is unavailable in watchOS
public final class TimelineContainerController: UIViewController {
^~~~~~~~~~~~~~~~
/Applications/Xcode-26.3.0.app/Contents/Developer/Platforms/WatchOS.platform/Developer/SDKs/WatchOS26.2.sdk/System/Library/Frameworks/UIKit.framework/Headers/UIViewController.h:102:12: note: 'UIViewController' has been explicitly marked unavailable here
@interface UIViewController : UIResponder <NSCoding, UIAppearanceContainer, UITraitEnvironment, UIContentContainer, UIFocusEnvironment>
^
/Users/admin/builder/spi-builder-workspace/Sources/Timeline/TimelinePagerView.swift:46:45: error: 'UIPanGestureRecognizer' is unavailable in watchOS
private lazy var panGestureRecognizer = UIPanGestureRecognizer(target: self,
^~~~~~~~~~~~~~~~~~~~~~
/Applications/Xcode-26.3.0.app/Contents/Developer/Platforms/WatchOS.platform/Developer/SDKs/WatchOS26.2.sdk/System/Library/Frameworks/UIKit.framework/Headers/UIPanGestureRecognizer.h:31:12: note: 'UIPanGestureRecognizer' has been explicitly marked unavailable here
@interface UIPanGestureRecognizer : UIGestureRecognizer
^
/Users/admin/builder/spi-builder-workspace/Sources/Timeline/TimelinePagerView.swift:41:40: error: 'UIPageViewController' is unavailable in watchOS
private var pagingViewController = UIPageViewController(transitionStyle: .scroll,
^~~~~~~~~~~~~~~~~~~~
/Applications/Xcode-26.3.0.app/Contents/Developer/Platforms/WatchOS.platform/Developer/SDKs/WatchOS26.2.sdk/System/Library/Frameworks/UIKit.framework/Headers/UIPageViewController.h:51:12: note: 'UIPageViewController' has been explicitly marked unavailable here
@interface UIPageViewController : UIViewController {
^
/Users/admin/builder/spi-builder-workspace/Sources/Timeline/TimelinePagerView.swift:49:56: error: 'UIGestureRecognizer' is unavailable in watchOS
public func gestureRecognizer(_ gestureRecognizer: UIGestureRecognizer,
^~~~~~~~~~~~~~~~~~~
/Applications/Xcode-26.3.0.app/Contents/Developer/Platforms/WatchOS.platform/Developer/SDKs/WatchOS26.2.sdk/System/Library/Frameworks/UIKit.framework/Headers/UIGestureRecognizer.h:35:12: note: 'UIGestureRecognizer' has been explicitly marked unavailable here
@interface UIGestureRecognizer : NSObject
^
/Users/admin/builder/spi-builder-workspace/Sources/Timeline/TimelinePagerView.swift:50:93: error: 'UIGestureRecognizer' is unavailable in watchOS
shouldRecognizeSimultaneouslyWith otherGestureRecognizer: UIGestureRecognizer) -> Bool {
^~~~~~~~~~~~~~~~~~~
/Applications/Xcode-26.3.0.app/Contents/Developer/Platforms/WatchOS.platform/Developer/SDKs/WatchOS26.2.sdk/System/Library/Frameworks/UIKit.framework/Headers/UIGestureRecognizer.h:35:12: note: 'UIGestureRecognizer' has been explicitly marked unavailable here
@interface UIGestureRecognizer : NSObject
^
/Users/admin/builder/spi-builder-workspace/Sources/Timeline/TimelinePagerView.swift:57:76: error: 'UIGestureRecognizer' is unavailable in watchOS
public override func gestureRecognizerShouldBegin(_ gestureRecognizer: UIGestureRecognizer) -> Bool {
^~~~~~~~~~~~~~~~~~~
/Applications/Xcode-26.3.0.app/Contents/Developer/Platforms/WatchOS.platform/Developer/SDKs/WatchOS26.2.sdk/System/Library/Frameworks/UIKit.framework/Headers/UIGestureRecognizer.h:35:12: note: 'UIGestureRecognizer' has been explicitly marked unavailable here
@interface UIGestureRecognizer : NSObject
^
/Users/admin/builder/spi-builder-workspace/Sources/Timeline/TimelinePagerView.swift:131:59: error: 'UIGestureRecognizer' is unavailable in watchOS
public func timelinePanGestureRequire(toFail gesture: UIGestureRecognizer) {
^~~~~~~~~~~~~~~~~~~
/Applications/Xcode-26.3.0.app/Contents/Developer/Platforms/WatchOS.platform/Developer/SDKs/WatchOS26.2.sdk/System/Library/Frameworks/UIKit.framework/Headers/UIGestureRecognizer.h:35:12: note: 'UIGestureRecognizer' has been explicitly marked unavailable here
@interface UIGestureRecognizer : NSObject
^
/Users/admin/builder/spi-builder-workspace/Sources/Timeline/TimelinePagerView.swift:162:59: error: 'UIScrollView' is unavailable in watchOS
public func scrollViewWillBeginDragging(_ scrollView: UIScrollView) {
^~~~~~~~~~~~
/Applications/Xcode-26.3.0.app/Contents/Developer/Platforms/WatchOS.platform/Developer/SDKs/WatchOS26.2.sdk/System/Library/Frameworks/UIKit.framework/Headers/UIScrollView.h:87:12: note: 'UIScrollView' has been explicitly marked unavailable here
@interface UIScrollView : UIView <NSCoding, UIFocusItemScrollableContainer>
^
/Users/admin/builder/spi-builder-workspace/Sources/Timeline/TimelinePagerView.swift:166:51: error: 'UIScrollView' is unavailable in watchOS
public func scrollViewDidScroll(_ scrollView: UIScrollView) {
^~~~~~~~~~~~
/Applications/Xcode-26.3.0.app/Contents/Developer/Platforms/WatchOS.platform/Developer/SDKs/WatchOS26.2.sdk/System/Library/Frameworks/UIKit.framework/Headers/UIScrollView.h:87:12: note: 'UIScrollView' has been explicitly marked unavailable here
@interface UIScrollView : UIView <NSCoding, UIFocusItemScrollableContainer>
^
/Users/admin/builder/spi-builder-workspace/Sources/Timeline/TimelinePagerView.swift:268:43: error: 'UIPanGestureRecognizer' is unavailable in watchOS
@objc func handlePanGesture(_ sender: UIPanGestureRecognizer) {
^~~~~~~~~~~~~~~~~~~~~~
/Applications/Xcode-26.3.0.app/Contents/Developer/Platforms/WatchOS.platform/Developer/SDKs/WatchOS26.2.sdk/System/Library/Frameworks/UIKit.framework/Headers/UIPanGestureRecognizer.h:31:12: note: 'UIPanGestureRecognizer' has been explicitly marked unavailable here
@interface UIPanGestureRecognizer : UIGestureRecognizer
^
/Users/admin/builder/spi-builder-workspace/Sources/Timeline/TimelinePagerView.swift:288:55: error: 'UIPanGestureRecognizer' is unavailable in watchOS
@objc func handleResizeHandlePanGesture(_ sender: UIPanGestureRecognizer) {
^~~~~~~~~~~~~~~~~~~~~~
/Applications/Xcode-26.3.0.app/Contents/Developer/Platforms/WatchOS.platform/Developer/SDKs/WatchOS26.2.sdk/System/Library/Frameworks/UIKit.framework/Headers/UIPanGestureRecognizer.h:31:12: note: 'UIPanGestureRecognizer' has been explicitly marked unavailable here
@interface UIPanGestureRecognizer : UIGestureRecognizer
^
/Users/admin/builder/spi-builder-workspace/Sources/Timeline/TimelinePagerView.swift:398:55: error: 'UILongPressGestureRecognizer' is unavailable in watchOS
@objc private func timelineDidLongPress(_ sender: UILongPressGestureRecognizer) {
^~~~~~~~~~~~~~~~~~~~~~~~~~~~
/Applications/Xcode-26.3.0.app/Contents/Developer/Platforms/WatchOS.platform/Developer/SDKs/WatchOS26.2.sdk/System/Library/Frameworks/UIKit.framework/Headers/UILongPressGestureRecognizer.h:22:12: note: 'UILongPressGestureRecognizer' has been explicitly marked unavailable here
@interface UILongPressGestureRecognizer : UIGestureRecognizer
^
/Users/admin/builder/spi-builder-workspace/Sources/Timeline/TimelinePagerView.swift:470:58: error: 'UIPageViewController' is unavailable in watchOS
public func pageViewController(_ pageViewController: UIPageViewController, viewControllerBefore viewController: UIViewController) -> UIViewController? {
^~~~~~~~~~~~~~~~~~~~
/Applications/Xcode-26.3.0.app/Contents/Developer/Platforms/WatchOS.platform/Developer/SDKs/WatchOS26.2.sdk/System/Library/Frameworks/UIKit.framework/Headers/UIPageViewController.h:51:12: note: 'UIPageViewController' has been explicitly marked unavailable here
@interface UIPageViewController : UIViewController {
^
/Users/admin/builder/spi-builder-workspace/Sources/Timeline/TimelinePagerView.swift:470:117: error: 'UIViewController' is unavailable in watchOS
public func pageViewController(_ pageViewController: UIPageViewController, viewControllerBefore viewController: UIViewController) -> UIViewController? {
^~~~~~~~~~~~~~~~
/Applications/Xcode-26.3.0.app/Contents/Developer/Platforms/WatchOS.platform/Developer/SDKs/WatchOS26.2.sdk/System/Library/Frameworks/UIKit.framework/Headers/UIViewController.h:102:12: note: 'UIViewController' has been explicitly marked unavailable here
@interface UIViewController : UIResponder <NSCoding, UIAppearanceContainer, UITraitEnvironment, UIContentContainer, UIFocusEnvironment>
^
/Users/admin/builder/spi-builder-workspace/Sources/Timeline/TimelinePagerView.swift:470:138: error: 'UIViewController' is unavailable in watchOS
public func pageViewController(_ pageViewController: UIPageViewController, viewControllerBefore viewController: UIViewController) -> UIViewController? {
^~~~~~~~~~~~~~~~
/Applications/Xcode-26.3.0.app/Contents/Developer/Platforms/WatchOS.platform/Developer/SDKs/WatchOS26.2.sdk/System/Library/Frameworks/UIKit.framework/Headers/UIViewController.h:102:12: note: 'UIViewController' has been explicitly marked unavailable here
@interface UIViewController : UIResponder <NSCoding, UIAppearanceContainer, UITraitEnvironment, UIContentContainer, UIFocusEnvironment>
^
/Users/admin/builder/spi-builder-workspace/Sources/Timeline/TimelinePagerView.swift:479:58: error: 'UIPageViewController' is unavailable in watchOS
public func pageViewController(_ pageViewController: UIPageViewController, viewControllerAfter viewController: UIViewController) -> UIViewController? {
^~~~~~~~~~~~~~~~~~~~
/Applications/Xcode-26.3.0.app/Contents/Developer/Platforms/WatchOS.platform/Developer/SDKs/WatchOS26.2.sdk/System/Library/Frameworks/UIKit.framework/Headers/UIPageViewController.h:51:12: note: 'UIPageViewController' has been explicitly marked unavailable here
@interface UIPageViewController : UIViewController {
^
/Users/admin/builder/spi-builder-workspace/Sources/Timeline/TimelinePagerView.swift:479:116: error: 'UIViewController' is unavailable in watchOS
public func pageViewController(_ pageViewController: UIPageViewController, viewControllerAfter viewController: UIViewController) -> UIViewController? {
^~~~~~~~~~~~~~~~
/Applications/Xcode-26.3.0.app/Contents/Developer/Platforms/WatchOS.platform/Developer/SDKs/WatchOS26.2.sdk/System/Library/Frameworks/UIKit.framework/Headers/UIViewController.h:102:12: note: 'UIViewController' has been explicitly marked unavailable here
@interface UIViewController : UIResponder <NSCoding, UIAppearanceContainer, UITraitEnvironment, UIContentContainer, UIFocusEnvironment>
^
/Users/admin/builder/spi-builder-workspace/Sources/Timeline/TimelinePagerView.swift:479:137: error: 'UIViewController' is unavailable in watchOS
public func pageViewController(_ pageViewController: UIPageViewController, viewControllerAfter viewController: UIViewController) -> UIViewController? {
^~~~~~~~~~~~~~~~
/Applications/Xcode-26.3.0.app/Contents/Developer/Platforms/WatchOS.platform/Developer/SDKs/WatchOS26.2.sdk/System/Library/Frameworks/UIKit.framework/Headers/UIViewController.h:102:12: note: 'UIViewController' has been explicitly marked unavailable here
@interface UIViewController : UIResponder <NSCoding, UIAppearanceContainer, UITraitEnvironment, UIContentContainer, UIFocusEnvironment>
^
/Users/admin/builder/spi-builder-workspace/Sources/Timeline/TimelinePagerView.swift:490:58: error: 'UIPageViewController' is unavailable in watchOS
public func pageViewController(_ pageViewController: UIPageViewController, didFinishAnimating finished: Bool, previousViewControllers: [UIViewController], transitionCompleted completed: Bool) {
^~~~~~~~~~~~~~~~~~~~
/Applications/Xcode-26.3.0.app/Contents/Developer/Platforms/WatchOS.platform/Developer/SDKs/WatchOS26.2.sdk/System/Library/Frameworks/UIKit.framework/Headers/UIPageViewController.h:51:12: note: 'UIPageViewController' has been explicitly marked unavailable here
@interface UIPageViewController : UIViewController {
^
/Users/admin/builder/spi-builder-workspace/Sources/Timeline/TimelinePagerView.swift:490:141: error: 'UIViewController' is unavailable in watchOS
public func pageViewController(_ pageViewController: UIPageViewController, didFinishAnimating finished: Bool, previousViewControllers: [UIViewController], transitionCompleted completed: Bool) {
^~~~~~~~~~~~~~~~
/Applications/Xcode-26.3.0.app/Contents/Developer/Platforms/WatchOS.platform/Developer/SDKs/WatchOS26.2.sdk/System/Library/Frameworks/UIKit.framework/Headers/UIViewController.h:102:12: note: 'UIViewController' has been explicitly marked unavailable here
@interface UIViewController : UIResponder <NSCoding, UIAppearanceContainer, UITraitEnvironment, UIContentContainer, UIFocusEnvironment>
^
/Users/admin/builder/spi-builder-workspace/Sources/Timeline/TimelinePagerView.swift:504:58: error: 'UIPageViewController' is unavailable in watchOS
public func pageViewController(_ pageViewController: UIPageViewController, willTransitionTo pendingViewControllers: [UIViewController]) {
^~~~~~~~~~~~~~~~~~~~
/Applications/Xcode-26.3.0.app/Contents/Developer/Platforms/WatchOS.platform/Developer/SDKs/WatchOS26.2.sdk/System/Library/Frameworks/UIKit.framework/Headers/UIPageViewController.h:51:12: note: 'UIPageViewController' has been explicitly marked unavailable here
@interface UIPageViewController : UIViewController {
^
/Users/admin/builder/spi-builder-workspace/Sources/Timeline/TimelinePagerView.swift:504:122: error: 'UIViewController' is unavailable in watchOS
public func pageViewController(_ pageViewController: UIPageViewController, willTransitionTo pendingViewControllers: [UIViewController]) {
^~~~~~~~~~~~~~~~
/Applications/Xcode-26.3.0.app/Contents/Developer/Platforms/WatchOS.platform/Developer/SDKs/WatchOS26.2.sdk/System/Library/Frameworks/UIKit.framework/Headers/UIViewController.h:102:12: note: 'UIViewController' has been explicitly marked unavailable here
@interface UIViewController : UIResponder <NSCoding, UIAppearanceContainer, UITraitEnvironment, UIContentContainer, UIFocusEnvironment>
^
/Users/admin/builder/spi-builder-workspace/Sources/Timeline/TimelinePagerView.swift:17:39: error: 'UIView' is unavailable in watchOS
public final class TimelinePagerView: UIView, UIGestureRecognizerDelegate, UIScrollViewDelegate, DayViewStateUpdating, UIPageViewControllerDataSource, UIPageViewControllerDelegate, TimelineViewDelegate {
^~~~~~
/Applications/Xcode-26.3.0.app/Contents/Developer/Platforms/WatchOS.platform/Developer/SDKs/WatchOS26.2.sdk/System/Library/Frameworks/UIKit.framework/Headers/UIView.h:148:12: note: 'UIView' has been explicitly marked unavailable here
@interface UIView : UIResponder <NSCoding, UIAppearance, UIAppearanceContainer, UIDynamicItem, UITraitEnvironment, UICoordinateSpace, UIFocusItem, UIFocusItemContainer, CALayerDelegate>
^
/Users/admin/builder/spi-builder-workspace/Sources/Timeline/TimelinePagerView.swift:17:47: error: 'UIGestureRecognizerDelegate' is unavailable in watchOS
public final class TimelinePagerView: UIView, UIGestureRecognizerDelegate, UIScrollViewDelegate, DayViewStateUpdating, UIPageViewControllerDataSource, UIPageViewControllerDelegate, TimelineViewDelegate {
^~~~~~~~~~~~~~~~~~~~~~~~~~~
/Applications/Xcode-26.3.0.app/Contents/Developer/Platforms/WatchOS.platform/Developer/SDKs/WatchOS26.2.sdk/System/Library/Frameworks/UIKit.framework/Headers/UIGestureRecognizer.h:91:11: note: 'UIGestureRecognizerDelegate' has been explicitly marked unavailable here
@protocol UIGestureRecognizerDelegate <NSObject>
^
/Users/admin/builder/spi-builder-workspace/Sources/Timeline/TimelinePagerView.swift:17:76: error: 'UIScrollViewDelegate' is unavailable in watchOS
public final class TimelinePagerView: UIView, UIGestureRecognizerDelegate, UIScrollViewDelegate, DayViewStateUpdating, UIPageViewControllerDataSource, UIPageViewControllerDelegate, TimelineViewDelegate {
^~~~~~~~~~~~~~~~~~~~
/Applications/Xcode-26.3.0.app/Contents/Developer/Platforms/WatchOS.platform/Developer/SDKs/WatchOS26.2.sdk/System/Library/Frameworks/UIKit.framework/Headers/UIScrollView.h:299:11: note: 'UIScrollViewDelegate' has been explicitly marked unavailable here
@protocol UIScrollViewDelegate<NSObject>
^
/Users/admin/builder/spi-builder-workspace/Sources/Timeline/TimelinePagerView.swift:17:120: error: 'UIPageViewControllerDataSource' is unavailable in watchOS
public final class TimelinePagerView: UIView, UIGestureRecognizerDelegate, UIScrollViewDelegate, DayViewStateUpdating, UIPageViewControllerDataSource, UIPageViewControllerDelegate, TimelineViewDelegate {
^~~~~~~~~~~~~~~~~~~~~~~~~~~~~~
/Applications/Xcode-26.3.0.app/Contents/Developer/Platforms/WatchOS.platform/Developer/SDKs/WatchOS26.2.sdk/System/Library/Frameworks/UIKit.framework/Headers/UIPageViewController.h:100:11: note: 'UIPageViewControllerDataSource' has been explicitly marked unavailable here
@protocol UIPageViewControllerDataSource <NSObject>
^
/Users/admin/builder/spi-builder-workspace/Sources/Timeline/TimelinePagerView.swift:17:152: error: 'UIPageViewControllerDelegate' is unavailable in watchOS
public final class TimelinePagerView: UIView, UIGestureRecognizerDelegate, UIScrollViewDelegate, DayViewStateUpdating, UIPageViewControllerDataSource, UIPageViewControllerDelegate, TimelineViewDelegate {
^~~~~~~~~~~~~~~~~~~~~~~~~~~~
/Applications/Xcode-26.3.0.app/Contents/Developer/Platforms/WatchOS.platform/Developer/SDKs/WatchOS26.2.sdk/System/Library/Frameworks/UIKit.framework/Headers/UIPageViewController.h:80:11: note: 'UIPageViewControllerDelegate' has been explicitly marked unavailable here
@protocol UIPageViewControllerDelegate <NSObject>
^
/Users/admin/builder/spi-builder-workspace/Sources/Timeline/TimelineView.swift:152:63: error: 'UILongPressGestureRecognizer' is unavailable in watchOS
public lazy private(set) var longPressGestureRecognizer = UILongPressGestureRecognizer(target: self,
^~~~~~~~~~~~~~~~~~~~~~~~~~~~
/Applications/Xcode-26.3.0.app/Contents/Developer/Platforms/WatchOS.platform/Developer/SDKs/WatchOS26.2.sdk/System/Library/Frameworks/UIKit.framework/Headers/UILongPressGestureRecognizer.h:22:12: note: 'UILongPressGestureRecognizer' has been explicitly marked unavailable here
@interface UILongPressGestureRecognizer : UIGestureRecognizer
^
/Users/admin/builder/spi-builder-workspace/Sources/Timeline/TimelineView.swift:155:57: error: 'UITapGestureRecognizer' is unavailable in watchOS
public lazy private(set) var tapGestureRecognizer = UITapGestureRecognizer(target: self,
^~~~~~~~~~~~~~~~~~~~~~
/Applications/Xcode-26.3.0.app/Contents/Developer/Platforms/WatchOS.platform/Developer/SDKs/WatchOS26.2.sdk/System/Library/Frameworks/UIKit.framework/Headers/UITapGestureRecognizer.h:23:12: note: 'UITapGestureRecognizer' has been explicitly marked unavailable here
@interface UITapGestureRecognizer : UIGestureRecognizer
^
/Users/admin/builder/spi-builder-workspace/Sources/Timeline/TimelineView.swift:66:54: error: 'init()' is unavailable in watchOS
private lazy var nowLine: CurrentTimeIndicator = CurrentTimeIndicator()
^~~~~~~~~~~~~~~~~~~~
/Applications/Xcode-26.3.0.app/Contents/Developer/Platforms/WatchOS.platform/Developer/SDKs/WatchOS26.2.sdk/System/Library/Frameworks/UIKit.framework/Headers/UIView.h:154:1: note: 'init()' has been explicitly marked unavailable here
- (instancetype)init API_AVAILABLE(ios(2.0), tvos(9.0), visionos(1.0)) API_UNAVAILABLE(watchos);
^
/Users/admin/builder/spi-builder-workspace/Sources/Timeline/TimelineView.swift:68:42: error: 'NSLayoutConstraint' is unavailable in watchOS
private var allDayViewTopConstraint: NSLayoutConstraint?
^~~~~~~~~~~~~~~~~~
/Applications/Xcode-26.3.0.app/Contents/Developer/Platforms/WatchOS.platform/Developer/SDKs/WatchOS26.2.sdk/System/Library/Frameworks/UIKit.framework/Headers/NSLayoutConstraint.h:126:12: note: 'NSLayoutConstraint' has been explicitly marked unavailable here
@interface NSLayoutConstraint : NSObject
^
/Users/admin/builder/spi-builder-workspace/Sources/Timeline/TimelineView.swift:215:55: error: 'UILongPressGestureRecognizer' is unavailable in watchOS
@objc private func longPress(_ gestureRecognizer: UILongPressGestureRecognizer) {
^~~~~~~~~~~~~~~~~~~~~~~~~~~~
/Applications/Xcode-26.3.0.app/Contents/Developer/Platforms/WatchOS.platform/Developer/SDKs/WatchOS26.2.sdk/System/Library/Frameworks/UIKit.framework/Headers/UILongPressGestureRecognizer.h:22:12: note: 'UILongPressGestureRecognizer' has been explicitly marked unavailable here
@interface UILongPressGestureRecognizer : UIGestureRecognizer
^
/Users/admin/builder/spi-builder-workspace/Sources/Timeline/TimelineView.swift:227:38: error: 'UITapGestureRecognizer' is unavailable in watchOS
@objc private func tap(_ sender: UITapGestureRecognizer) {
^~~~~~~~~~~~~~~~~~~~~~
/Applications/Xcode-26.3.0.app/Contents/Developer/Platforms/WatchOS.platform/Developer/SDKs/WatchOS26.2.sdk/System/Library/Frameworks/UIKit.framework/Headers/UITapGestureRecognizer.h:23:12: note: 'UITapGestureRecognizer' has been explicitly marked unavailable here
@interface UITapGestureRecognizer : UIGestureRecognizer
^
/Users/admin/builder/spi-builder-workspace/Sources/Timeline/TimelineView.swift:262:64: error: 'UIEvent' is unavailable in watchOS
public override func hitTest(_ point: CGPoint, with event: UIEvent?) -> UIView? {
^~~~~~~
/Applications/Xcode-26.3.0.app/Contents/Developer/Platforms/WatchOS.platform/Developer/SDKs/WatchOS26.2.sdk/System/Library/Frameworks/UIKit.framework/Headers/UIEvent.h:62:12: note: 'UIEvent' has been explicitly marked unavailable here
@interface UIEvent : NSObject
^
/Users/admin/builder/spi-builder-workspace/Sources/Timeline/TimelineView.swift:262:77: error: 'UIView' is unavailable in watchOS
public override func hitTest(_ point: CGPoint, with event: UIEvent?) -> UIView? {
^~~~~~
/Applications/Xcode-26.3.0.app/Contents/Developer/Platforms/WatchOS.platform/Developer/SDKs/WatchOS26.2.sdk/System/Library/Frameworks/UIKit.framework/Headers/UIView.h:148:12: note: 'UIView' has been explicitly marked unavailable here
@interface UIView : UIResponder <NSCoding, UIAppearance, UIAppearanceContainer, UIDynamicItem, UITraitEnvironment, UICoordinateSpace, UIFocusItem, UIFocusItemContainer, CALayerDelegate>
^
/Users/admin/builder/spi-builder-workspace/Sources/Timeline/TimelineView.swift:616:61: error: 'UIView' is unavailable in watchOS
public override func willMove(toSuperview newSuperview: UIView?) {
^~~~~~
/Applications/Xcode-26.3.0.app/Contents/Developer/Platforms/WatchOS.platform/Developer/SDKs/WatchOS26.2.sdk/System/Library/Frameworks/UIKit.framework/Headers/UIView.h:148:12: note: 'UIView' has been explicitly marked unavailable here
@interface UIView : UIResponder <NSCoding, UIAppearance, UIAppearanceContainer, UIDynamicItem, UITraitEnvironment, UICoordinateSpace, UIFocusItem, UIFocusItemContainer, CALayerDelegate>
^
/Users/admin/builder/spi-builder-workspace/Sources/Timeline/TimelineView.swift:10:34: error: 'UIView' is unavailable in watchOS
public final class TimelineView: UIView {
^~~~~~
/Applications/Xcode-26.3.0.app/Contents/Developer/Platforms/WatchOS.platform/Developer/SDKs/WatchOS26.2.sdk/System/Library/Frameworks/UIKit.framework/Headers/UIView.h:148:12: note: 'UIView' has been explicitly marked unavailable here
@interface UIView : UIResponder <NSCoding, UIAppearance, UIAppearanceContainer, UIDynamicItem, UITraitEnvironment, UICoordinateSpace, UIFocusItem, UIFocusItemContainer, CALayerDelegate>
^
SwiftCompile normal armv7k Compiling\ Locale+24Hour.swift,\ UIColor+SystemColors.swift,\ Value+Clamped.swift,\ View+StackView.swift /Users/admin/builder/spi-builder-workspace/Sources/Extensions/Locale+24Hour.swift /Users/admin/builder/spi-builder-workspace/Sources/Extensions/UIColor+SystemColors.swift /Users/admin/builder/spi-builder-workspace/Sources/Extensions/Value+Clamped.swift /Users/admin/builder/spi-builder-workspace/Sources/Extensions/View+StackView.swift (in target 'CalendarKit' from project 'CalendarKit')
SwiftCompile normal armv7k /Users/admin/builder/spi-builder-workspace/Sources/Extensions/Locale+24Hour.swift (in target 'CalendarKit' from project 'CalendarKit')
cd /Users/admin/builder/spi-builder-workspace/.swiftpm/xcode
SwiftCompile normal armv7k /Users/admin/builder/spi-builder-workspace/Sources/Extensions/UIColor+SystemColors.swift (in target 'CalendarKit' from project 'CalendarKit')
cd /Users/admin/builder/spi-builder-workspace/.swiftpm/xcode
SwiftCompile normal armv7k /Users/admin/builder/spi-builder-workspace/Sources/Extensions/Value+Clamped.swift (in target 'CalendarKit' from project 'CalendarKit')
cd /Users/admin/builder/spi-builder-workspace/.swiftpm/xcode
SwiftCompile normal armv7k /Users/admin/builder/spi-builder-workspace/Sources/Extensions/View+StackView.swift (in target 'CalendarKit' from project 'CalendarKit')
cd /Users/admin/builder/spi-builder-workspace/.swiftpm/xcode
2026-09-15 01:08:29.834 xcodebuild[850:5062] [MT] IDERunDestination: Supported platforms for the buildables in the current scheme is empty.
** BUILD FAILED **
The following build commands failed:
EmitSwiftModule normal arm64_32 (in target 'CalendarKit' from project 'CalendarKit')
SwiftEmitModule normal arm64_32 Emitting\ module\ for\ CalendarKit (in target 'CalendarKit' from project 'CalendarKit')
SwiftEmitModule normal armv7k Emitting\ module\ for\ CalendarKit (in target 'CalendarKit' from project 'CalendarKit')
EmitSwiftModule normal armv7k (in target 'CalendarKit' from project 'CalendarKit')
Building workspace spi-builder-workspace with scheme CalendarKit
(5 failures)
BUILD FAILURE 6.2 watchOS