The Swift Package Index logo.Swift Package Index

Build Information

Failed to build HackMan, reference master (0ef756), with Swift 6.4 for Linux on 16 Sep 2026 20:07:36 UTC.

Build Command

bash -c docker run --pull=always --rm -v "checkouts-54344847-0":/host -w "$PWD" -e JAVA_HOME="/root/.sdkman/candidates/java/current" -e SPI_BUILD="1" -e SPI_PROCESSING="1" registry.gitlab.com/saguaro1/spi-images:basic-6.4-latest swift build --triple x86_64-unknown-linux-gnu 2>&1

Build Log

========================================
RunAll
========================================
Builder version: 5.1.0
Interrupt handler set up.
========================================
Checkout
========================================
Clone URL: https://github.com/Cosmo/HackMan.git
Reference: master
Initialized empty Git repository in /host/spi-builder-workspace/.git/
hint: Using 'master' as the name for the initial branch. This default branch name
hint: is subject to change. To configure the initial branch name to use in all
hint: of your new repositories, which will suppress this warning, call:
hint:
hint: 	git config --global init.defaultBranch <name>
hint:
hint: Names commonly chosen instead of 'master' are 'main', 'trunk' and
hint: 'development'. The just-created branch can be renamed via this command:
hint:
hint: 	git branch -m <name>
From https://github.com/Cosmo/HackMan
 * branch            master     -> FETCH_HEAD
 * [new branch]      master     -> origin/master
HEAD is now at 0ef7561 Merge pull request #16 from Cosmo/development
Cloned https://github.com/Cosmo/HackMan.git
Revision (git rev-parse @):
0ef75616e99a1212f2c136e9dc470f9610e9d639
SUCCESS checkout https://github.com/Cosmo/HackMan.git at master
========================================
Build
========================================
Selected platform:         linux
Swift version:             6.4
Building package at path:  $PWD
https://github.com/Cosmo/HackMan.git
Running build ...
bash -c docker run --pull=always --rm -v "checkouts-54344847-0":/host -w "$PWD" -e JAVA_HOME="/root/.sdkman/candidates/java/current" -e SPI_BUILD="1" -e SPI_PROCESSING="1" registry.gitlab.com/saguaro1/spi-images:basic-6.4-latest swift build --triple x86_64-unknown-linux-gnu 2>&1
basic-6.4-latest: Pulling from saguaro1/spi-images
Digest: sha256:c77fcce225e223ac0fafed844619173fc6de8d62dd560eeb28db3182af6a282b
Status: Image is up to date for registry.gitlab.com/saguaro1/spi-images:basic-6.4-latest
Fetching https://github.com/stencilproject/Stencil.git
[1/5284] Fetching stencil
Fetched https://github.com/stencilproject/Stencil.git (0.52s)
Fetching https://github.com/kylef/PathKit.git
Fetching https://github.com/Cosmo/StringCase.git
Fetching https://github.com/kylef/Spectre.git
Fetching https://github.com/Cosmo/GrammaticalNumber.git
[1/1021] Fetching spectre
[165/2481] Fetching spectre, pathkit
[2482/2564] Fetching spectre, pathkit, grammaticalnumber
Fetched https://github.com/kylef/PathKit.git (0.44s)
[1055/1104] Fetching spectre, grammaticalnumber
Fetched https://github.com/Cosmo/GrammaticalNumber.git (0.45s)
[1/77] Fetching stringcase
Fetched https://github.com/Cosmo/StringCase.git (1.49s)
Fetched https://github.com/kylef/Spectre.git (1.49s)
Computing version for https://github.com/kylef/Spectre.git
Computed https://github.com/kylef/Spectre.git at 0.10.1 (1.67s)
Computing version for https://github.com/kylef/PathKit.git
Computed https://github.com/kylef/PathKit.git at 1.0.1 (1.05s)
Computing version for https://github.com/Cosmo/StringCase.git
Computed https://github.com/Cosmo/StringCase.git at 1.0.1 (0.18s)
Computing version for https://github.com/Cosmo/GrammaticalNumber.git
Computed https://github.com/Cosmo/GrammaticalNumber.git at 0.0.3 (0.17s)
Creating working copy for https://github.com/Cosmo/StringCase.git
Working copy of https://github.com/Cosmo/StringCase.git resolved at 1.0.1
Creating working copy for https://github.com/Cosmo/GrammaticalNumber.git
Working copy of https://github.com/Cosmo/GrammaticalNumber.git resolved at 0.0.3
Creating working copy for https://github.com/kylef/Spectre.git
Working copy of https://github.com/kylef/Spectre.git resolved at 0.10.1
Creating working copy for https://github.com/stencilproject/Stencil.git
Working copy of https://github.com/stencilproject/Stencil.git resolved at master (17af3ba)
Creating working copy for https://github.com/kylef/PathKit.git
Working copy of https://github.com/kylef/PathKit.git resolved at 1.0.1
Building for debugging...
[Computing dependencies]
[Pre-planning 1 / 215]
[56 / 96] GrammaticalNumber
[71 / 106] Stencil
[72 / 106] StringCase
[82 / 106] Stencil
[84 / 106] Stencil
[85 / 106] Stencil
[91 / 110] HackManLib
[96 / 118] StringCase
error: SwiftCompile normal x86_64 /host/spi-builder-workspace/Sources/HackManLib/Generators/ViewController/ViewController.swift failed with a nonzero exit code. Command line:     cd /host
    builtin-SwiftPerFileCompile ViewController.swift
error: SwiftCompile normal x86_64 /host/spi-builder-workspace/Sources/HackManLib/Generators/ViewControllerCollection/ViewControllerCollection.swift failed with a nonzero exit code. Command line:     cd /host
    builtin-SwiftPerFileCompile ViewControllerCollection.swift
error: SwiftCompile normal x86_64 /host/spi-builder-workspace/Sources/HackManLib/Generators/ViewControllerDetail/ViewControllerDetail.swift failed with a nonzero exit code. Command line:     cd /host
    builtin-SwiftPerFileCompile ViewControllerDetail.swift
/host/spi-builder-workspace/Sources/HackManLib/Generators/ViewController/ViewController.swift:5:2: error: Objective-C interoperability is disabled
 3 | import GrammaticalNumber
 4 |
 5 | @objc(ViewController)
   |  `- error: Objective-C interoperability is disabled
 6 | class ViewController: NSObject, Generator {
 7 |     required override init() {}
/host/spi-builder-workspace/Sources/HackManLib/Generators/ViewControllerCollection/ViewControllerCollection.swift:4:2: error: Objective-C interoperability is disabled
 2 | import Stencil
 3 |
 4 | @objc(ViewControllerCollection)
   |  `- error: Objective-C interoperability is disabled
 5 | class ViewControllerCollection: NSObject, Generator {
 6 |     required override init() {}
/host/spi-builder-workspace/Sources/HackManLib/Generators/ViewControllerDetail/ViewControllerDetail.swift:5:2: error: Objective-C interoperability is disabled
 3 | import GrammaticalNumber
 4 |
 5 | @objc(ViewControllerDetail)
   |  `- error: Objective-C interoperability is disabled
 6 | class ViewControllerDetail: NSObject, Generator {
 7 |     required override init() {}
Failed frontend command:
/usr/bin/swift-frontend -frontend -c /host/spi-builder-workspace/Sources/HackManLib/CommandLineRunner.swift /host/spi-builder-workspace/Sources/HackManLib/Extensions/StringColorExtensions.swift /host/spi-builder-workspace/Sources/HackManLib/Generator.swift /host/spi-builder-workspace/Sources/HackManLib/Generators/AppDelegate/AppDelegate.swift /host/spi-builder-workspace/Sources/HackManLib/Generators/AssetCatalog/AssetCatalog.swift /host/spi-builder-workspace/Sources/HackManLib/Generators/CollectionViewCell/CollectionViewCell.swift /host/spi-builder-workspace/Sources/HackManLib/Generators/Coordinator/Coordinator.swift /host/spi-builder-workspace/Sources/HackManLib/Generators/CoordinatorChild/CoordinatorChild.swift /host/spi-builder-workspace/Sources/HackManLib/Generators/CoordinatorMain/CoordinatorMain.swift /host/spi-builder-workspace/Sources/HackManLib/Generators/DataSourceTableView/DataSourceTableView.swift /host/spi-builder-workspace/Sources/HackManLib/Generators/DataSourceTableViewSearchResults/DataSourceTableViewSearchResults.swift /host/spi-builder-workspace/Sources/HackManLib/Generators/LaunchScreen/LaunchScreen.swift /host/spi-builder-workspace/Sources/HackManLib/Generators/Localization/Localization.swift /host/spi-builder-workspace/Sources/HackManLib/Generators/Model/Model.swift /host/spi-builder-workspace/Sources/HackManLib/Generators/NewProject/NewProject.swift /host/spi-builder-workspace/Sources/HackManLib/Generators/ReusableView/ReusableView.swift /host/spi-builder-workspace/Sources/HackManLib/Generators/Scaffold/Scaffold.swift /host/spi-builder-workspace/Sources/HackManLib/Generators/SearchResultsController/SearchResultsController.swift /host/spi-builder-workspace/Sources/HackManLib/Generators/TableViewCell/TableViewCell.swift -primary-file /host/spi-builder-workspace/Sources/HackManLib/Generators/ViewController/ViewController.swift -primary-file /host/spi-builder-workspace/Sources/HackManLib/Generators/ViewControllerCollection/ViewControllerCollection.swift -primary-file /host/spi-builder-workspace/Sources/HackManLib/Generators/ViewControllerDetail/ViewControllerDetail.swift /host/spi-builder-workspace/Sources/HackManLib/Generators/ViewControllerInformation/ViewControllerInformation.swift /host/spi-builder-workspace/Sources/HackManLib/Generators/ViewControllerTable/ViewControllerTable.swift /host/spi-builder-workspace/Sources/HackManLib/Generators/ViewControllerWeb/ViewControllerWeb.swift /host/spi-builder-workspace/Sources/HackManLib/Model/Property.swift /host/spi-builder-workspace/Sources/HackManLib/Model/Resource.swift /host/spi-builder-workspace/Sources/HackManLib/Writer.swift -supplementary-output-file-map /host/spi-builder-workspace/.build/out/Intermediates.noindex/HackMan.build/Debug-linux-x86_64/HackManLib-t.build/Objects-normal/x86_64/supplementaryOutputs-13 -target x86_64-unknown-linux-gnu -disable-objc-interop -I /host/spi-builder-workspace/.build/out/Products/Debug-linux-x86_64 -module-cache-path /host/spi-builder-workspace/.build/out/ModuleCache.noindex -color-diagnostics -Xcc -fcolor-diagnostics -enable-testing -g -debug-info-format\=dwarf -dwarf-version\=4 -swift-version 5 -Onone -D SWIFT_PACKAGE -D DEBUG -D SWIFT_MODULE_RESOURCE_BUNDLE_UNAVAILABLE -D Xcode -serialize-debugging-options -enable-experimental-feature DebugDescriptionMacro -empty-abi-descriptor -external-plugin-path /usr/lib/swift/host/plugins/testing\#/usr/bin/swift-plugin-server -validate-clang-modules-once -clang-build-session-file /host/spi-builder-workspace/.build/out/ModuleCache.noindex/Session.modulevalidation -Xcc -working-directory -Xcc /host -enable-anonymous-context-mangled-names -file-compilation-dir /host -Xcc -fno-omit-frame-pointer -Xcc -D_LIBCPP_HARDENING_MODE\=_LIBCPP_HARDENING_MODE_DEBUG -Xcc -fmodules-prune-interval\=86400 -Xcc -fmodules-prune-after\=345600 -Xcc -I/host/spi-builder-workspace/.build/out/Products/Debug-linux-x86_64/include -Xcc -I/host/spi-builder-workspace/.build/out/Intermediates.noindex/HackMan.build/Debug-linux-x86_64/HackManLib-t.build/DerivedSources-normal/x86_64 -Xcc -I/host/spi-builder-workspace/.build/out/Intermediates.noindex/HackMan.build/Debug-linux-x86_64/HackManLib-t.build/DerivedSources/x86_64 -Xcc -I/host/spi-builder-workspace/.build/out/Intermediates.noindex/HackMan.build/Debug-linux-x86_64/HackManLib-t.build/DerivedSources -Xcc -DSWIFT_PACKAGE -Xcc -DDEBUG\=1 -no-auto-bridging-header-chaining -module-name HackManLib -const-gather-protocols-file /host/spi-builder-workspace/.build/out/Intermediates.noindex/HackMan.build/Debug-linux-x86_64/HackManLib-t.build/Objects-normal/x86_64/HackManLib_const_extract_protocols.json -in-process-plugin-server-path /usr/lib/swift/host/libSwiftInProcPluginServer.so -plugin-path /usr/lib/swift/host/plugins -plugin-path /usr/local/lib/swift/host/plugins -parse-as-library -o /host/spi-builder-workspace/.build/out/Intermediates.noindex/HackMan.build/Debug-linux-x86_64/HackManLib-t.build/Objects-normal/x86_64/ViewController.o -o /host/spi-builder-workspace/.build/out/Intermediates.noindex/HackMan.build/Debug-linux-x86_64/HackManLib-t.build/Objects-normal/x86_64/ViewControllerCollection.o -o /host/spi-builder-workspace/.build/out/Intermediates.noindex/HackMan.build/Debug-linux-x86_64/HackManLib-t.build/Objects-normal/x86_64/ViewControllerDetail.o -index-unit-output-path /HackMan.build/Debug-linux-x86_64/HackManLib-t.build/Objects-normal/x86_64/ViewController.o -index-unit-output-path /HackMan.build/Debug-linux-x86_64/HackManLib-t.build/Objects-normal/x86_64/ViewControllerCollection.o -index-unit-output-path /HackMan.build/Debug-linux-x86_64/HackManLib-t.build/Objects-normal/x86_64/ViewControllerDetail.o -index-store-path /host/spi-builder-workspace/.build/out -index-system-modules
error: Build failed
BUILD FAILURE 6.4 linux