Build Information
Failed to build RectangleSelector, reference 0.1.0 (d6d702), with Swift 6.4 for tvOS using Xcode 27.0 on 21 Sep 2026 05:14:15 UTC.
Build Command
env DEVELOPER_DIR=/Applications/Xcode-27.0.0-Release.Candidate.app xcrun xcodebuild -IDEClonedSourcePackagesDirPathOverride=$PWD/.dependencies -skipMacroValidation -skipPackagePluginValidation -derivedDataPath $PWD/.derivedData build -scheme RectangleSelector -destination generic/platform=tvOSBuild Log
========================================
RunAll
========================================
Builder version: 5.1.0
Interrupt handler set up.
========================================
Checkout
========================================
Clone URL: https://github.com/p-x9/swift-rectangle-selector.git
Reference: 0.1.0
Initialized empty Git repository in /Users/admin/builder/spi-builder-workspace/.git/
From https://github.com/p-x9/swift-rectangle-selector
* tag 0.1.0 -> FETCH_HEAD
HEAD is now at d6d702a Create LICENSE
Cloned https://github.com/p-x9/swift-rectangle-selector.git
Revision (git rev-parse @):
d6d702a6b08b6cef92054d4b8ada2427a27c4cda
SUCCESS checkout https://github.com/p-x9/swift-rectangle-selector.git at 0.1.0
========================================
Build
========================================
Selected platform: tvOS
Swift version: 6.4
Building package at path: $PWD
https://github.com/p-x9/swift-rectangle-selector.git
Command line invocation:
/Applications/Xcode-27.0.0-Release.Candidate.app/Contents/Developer/usr/bin/xcodebuild -IDEClonedSourcePackagesDirPathOverride=/Users/admin/builder/spi-builder-workspace/.dependencies -resolvePackageDependencies
Resolve Package Graph
Resolve Package Graph
Resolved source packages:
RectangleSelector: /Users/admin/builder/spi-builder-workspace
resolved source packages: RectangleSelector
2026-09-21 01:13:28.961 xcodebuild[529:3025] [MT] IDERunDestination: Supported platforms for the buildables in the current scheme is empty.
{
"dependencies" : [
],
"manifest_display_name" : "RectangleSelector",
"name" : "RectangleSelector",
"path" : "/Users/admin/builder/spi-builder-workspace",
"platforms" : [
],
"products" : [
{
"name" : "RectangleSelector",
"targets" : [
"RectangleSelector"
],
"type" : {
"library" : [
"automatic"
]
}
}
],
"targets" : [
{
"c99name" : "RectangleSelectorTests",
"module_type" : "SwiftTarget",
"name" : "RectangleSelectorTests",
"path" : "Tests/RectangleSelectorTests",
"sources" : [
"RectangleSelectorTests.swift"
],
"target_dependencies" : [
"RectangleSelector"
],
"type" : "test"
},
{
"c99name" : "RectangleSelector",
"module_type" : "SwiftTarget",
"name" : "RectangleSelector",
"path" : "Sources/RectangleSelector",
"product_memberships" : [
"RectangleSelector"
],
"sources" : [
"Extension/CATransaction+.swift",
"Extension/UIColor+.swift",
"Extension/UIView+.swift",
"GridView.swift",
"GuideView.swift",
"HandleView.swift",
"Layer/EdgeHandleShapeLayer.swift",
"Model/AspectMode.swift",
"Model/Config/Config.swift",
"Model/Config/GridConfig.swift",
"Model/Config/GuideConfig.swift",
"Model/Config/HandleConfig.swift",
"Model/Config/HandleConfigs.swift",
"Model/HandlePosition.swift",
"Model/HandleStyle.swift",
"OverlayView.swift",
"RectangleSelectorView.swift"
],
"type" : "library"
}
],
"tools_version" : "5.9"
}
{
"workspace" : {
"name" : "RectangleSelector",
"schemes" : [
"RectangleSelector"
]
}
}
2026-09-21 01:14:00.949 xcodebuild[626:3863] [MT] IDERunDestination: Supported platforms for the buildables in the current scheme is empty.
Running build ...
env DEVELOPER_DIR=/Applications/Xcode-27.0.0-Release.Candidate.app xcrun xcodebuild -IDEClonedSourcePackagesDirPathOverride=$PWD/.dependencies -skipMacroValidation -skipPackagePluginValidation -derivedDataPath $PWD/.derivedData build -scheme RectangleSelector -destination generic/platform=tvOS
Command line invocation:
/Applications/Xcode-27.0.0-Release.Candidate.app/Contents/Developer/usr/bin/xcodebuild -IDEClonedSourcePackagesDirPathOverride=/Users/admin/builder/spi-builder-workspace/.dependencies -skipMacroValidation -skipPackagePluginValidation -derivedDataPath /Users/admin/builder/spi-builder-workspace/.derivedData build -scheme RectangleSelector -destination generic/platform=tvOS
Resolve Package Graph
Resolved source packages:
RectangleSelector: /Users/admin/builder/spi-builder-workspace
ComputePackagePrebuildTargetDependencyGraph
Prepare packages
CreateBuildRequest
SendProjectDescription
CreateBuildOperation
ComputeTargetDependencyGraph
note: Building targets in dependency order
note: Target dependency graph (2 targets)
Target 'RectangleSelector-product' in project 'RectangleSelector'
➜ Explicit dependency on target 'RectangleSelector' in project 'RectangleSelector'
Target 'RectangleSelector' in project 'RectangleSelector' (no dependencies)
GatherProvisioningInputs
CreateBuildDescription
ExecuteExternalTool /Applications/Xcode-27.0.0-Release.Candidate.app/Contents/Developer/Toolchains/XcodeDefault.xctoolchain/usr/bin/clang -v -E -dM -isysroot /Applications/Xcode-27.0.0-Release.Candidate.app/Contents/Developer/Platforms/AppleTVOS.platform/Developer/SDKs/AppleTVOS27.0.sdk -x c -c /dev/null
ExecuteExternalTool /Applications/Xcode-27.0.0-Release.Candidate.app/Contents/Developer/Toolchains/XcodeDefault.xctoolchain/usr/bin/swiftc --version
ExecuteExternalTool /Applications/Xcode-27.0.0-Release.Candidate.app/Contents/Developer/Toolchains/XcodeDefault.xctoolchain/usr/bin/ld -version_details
Build description signature: c4416f127cbad401158d4a181a2d021f
Build description path: /Users/admin/builder/spi-builder-workspace/.derivedData/Build/Intermediates.noindex/XCBuildData/c4416f127cbad401158d4a181a2d021f.xcbuilddata
CreateBuildDirectory /Users/admin/builder/spi-builder-workspace/.derivedData/SDKExplicitPrecompiledModules
cd /Users/admin/builder/spi-builder-workspace/.swiftpm/xcode
builtin-create-build-directory /Users/admin/builder/spi-builder-workspace/.derivedData/SDKExplicitPrecompiledModules
CreateBuildDirectory /Users/admin/builder/spi-builder-workspace/.derivedData/ModuleCache.noindex
cd /Users/admin/builder/spi-builder-workspace/.swiftpm/xcode
builtin-create-build-directory /Users/admin/builder/spi-builder-workspace/.derivedData/ModuleCache.noindex
CreateBuildDirectory /Users/admin/builder/spi-builder-workspace/.derivedData/CompilationCache.noindex
cd /Users/admin/builder/spi-builder-workspace/.swiftpm/xcode
builtin-create-build-directory /Users/admin/builder/spi-builder-workspace/.derivedData/CompilationCache.noindex
CreateBuildDirectory /Users/admin/builder/spi-builder-workspace/.derivedData/Build/Intermediates.noindex
cd /Users/admin/builder/spi-builder-workspace/.swiftpm/xcode
builtin-create-build-directory /Users/admin/builder/spi-builder-workspace/.derivedData/Build/Intermediates.noindex
CreateBuildDirectory /Users/admin/builder/spi-builder-workspace/.derivedData/Build/Products
cd /Users/admin/builder/spi-builder-workspace/.swiftpm/xcode
builtin-create-build-directory /Users/admin/builder/spi-builder-workspace/.derivedData/Build/Products
ClangStatCache /Applications/Xcode-27.0.0-Release.Candidate.app/Contents/Developer/Toolchains/XcodeDefault.xctoolchain/usr/bin/clang-stat-cache /Applications/Xcode-27.0.0-Release.Candidate.app/Contents/Developer/Platforms/AppleTVOS.platform/Developer/SDKs/AppleTVOS27.0.sdk /Users/admin/builder/spi-builder-workspace/.derivedData/SDKStatCaches.noindex/appletvos27.0-24J360-e829b21a6f8c9b70876ba0858053c044b32bfd8d43560033f8d89884cdb90028.sdkstatcache
cd /Users/admin/builder/spi-builder-workspace/.swiftpm/xcode
/Applications/Xcode-27.0.0-Release.Candidate.app/Contents/Developer/Toolchains/XcodeDefault.xctoolchain/usr/bin/clang-stat-cache /Applications/Xcode-27.0.0-Release.Candidate.app/Contents/Developer/Platforms/AppleTVOS.platform/Developer/SDKs/AppleTVOS27.0.sdk -o /Users/admin/builder/spi-builder-workspace/.derivedData/SDKStatCaches.noindex/appletvos27.0-24J360-e829b21a6f8c9b70876ba0858053c044b32bfd8d43560033f8d89884cdb90028.sdkstatcache
CreateBuildDirectory /Users/admin/builder/spi-builder-workspace/.derivedData/Build/Intermediates.noindex/SwiftExplicitPrecompiledModules
cd /Users/admin/builder/spi-builder-workspace/.swiftpm/xcode
builtin-create-build-directory /Users/admin/builder/spi-builder-workspace/.derivedData/Build/Intermediates.noindex/SwiftExplicitPrecompiledModules
CreateBuildDirectory /Users/admin/builder/spi-builder-workspace/.derivedData/Build/Intermediates.noindex/PrecompiledHeaders
cd /Users/admin/builder/spi-builder-workspace/.swiftpm/xcode
builtin-create-build-directory /Users/admin/builder/spi-builder-workspace/.derivedData/Build/Intermediates.noindex/PrecompiledHeaders
CreateBuildDirectory /Users/admin/builder/spi-builder-workspace/.derivedData/Build/Intermediates.noindex/ExplicitPrecompiledModules
cd /Users/admin/builder/spi-builder-workspace/.swiftpm/xcode
builtin-create-build-directory /Users/admin/builder/spi-builder-workspace/.derivedData/Build/Intermediates.noindex/ExplicitPrecompiledModules
CreateBuildDirectory /Users/admin/builder/spi-builder-workspace/.derivedData/Build/Intermediates.noindex/EagerLinkingTBDs/Debug-appletvos
cd /Users/admin/builder/spi-builder-workspace/.swiftpm/xcode
builtin-create-build-directory /Users/admin/builder/spi-builder-workspace/.derivedData/Build/Intermediates.noindex/EagerLinkingTBDs/Debug-appletvos
CreateBuildDirectory /Users/admin/builder/spi-builder-workspace/.derivedData/Build/Products/Debug-appletvos
cd /Users/admin/builder/spi-builder-workspace/.swiftpm/xcode
builtin-create-build-directory /Users/admin/builder/spi-builder-workspace/.derivedData/Build/Products/Debug-appletvos
CreateBuildDirectory /Users/admin/builder/spi-builder-workspace/.derivedData/Build/Products/Debug-appletvos/PackageFrameworks
cd /Users/admin/builder/spi-builder-workspace/.swiftpm/xcode
builtin-create-build-directory /Users/admin/builder/spi-builder-workspace/.derivedData/Build/Products/Debug-appletvos/PackageFrameworks
WriteAuxiliaryFile /Users/admin/builder/spi-builder-workspace/.derivedData/Build/Intermediates.noindex/RectangleSelector.build/Debug-appletvos/RectangleSelector-t.build/RectangleSelector.DependencyMetadataFileList (in target 'RectangleSelector' from project 'RectangleSelector')
cd /Users/admin/builder/spi-builder-workspace
write-file /Users/admin/builder/spi-builder-workspace/.derivedData/Build/Intermediates.noindex/RectangleSelector.build/Debug-appletvos/RectangleSelector-t.build/RectangleSelector.DependencyMetadataFileList
WriteAuxiliaryFile /Users/admin/builder/spi-builder-workspace/.derivedData/Build/Intermediates.noindex/RectangleSelector.build/Debug-appletvos/RectangleSelector-t.build/RectangleSelector.modulemap (in target 'RectangleSelector' from project 'RectangleSelector')
cd /Users/admin/builder/spi-builder-workspace
write-file /Users/admin/builder/spi-builder-workspace/.derivedData/Build/Intermediates.noindex/RectangleSelector.build/Debug-appletvos/RectangleSelector-t.build/RectangleSelector.modulemap
WriteAuxiliaryFile /Users/admin/builder/spi-builder-workspace/.derivedData/Build/Intermediates.noindex/RectangleSelector.build/Debug-appletvos/RectangleSelector-t.build/RectangleSelector.DependencyStaticMetadataFileList (in target 'RectangleSelector' from project 'RectangleSelector')
cd /Users/admin/builder/spi-builder-workspace
write-file /Users/admin/builder/spi-builder-workspace/.derivedData/Build/Intermediates.noindex/RectangleSelector.build/Debug-appletvos/RectangleSelector-t.build/RectangleSelector.DependencyStaticMetadataFileList
WriteAuxiliaryFile /Users/admin/builder/spi-builder-workspace/.derivedData/Build/Intermediates.noindex/RectangleSelector.build/Debug-appletvos/RectangleSelector-t.build/Objects-normal/arm64/RectangleSelector.SwiftConstValuesFileList (in target 'RectangleSelector' from project 'RectangleSelector')
cd /Users/admin/builder/spi-builder-workspace
write-file /Users/admin/builder/spi-builder-workspace/.derivedData/Build/Intermediates.noindex/RectangleSelector.build/Debug-appletvos/RectangleSelector-t.build/Objects-normal/arm64/RectangleSelector.SwiftConstValuesFileList
WriteAuxiliaryFile /Users/admin/builder/spi-builder-workspace/.derivedData/Build/Intermediates.noindex/RectangleSelector.build/Debug-appletvos/RectangleSelector-t.build/Objects-normal/arm64/RectangleSelector-OutputFileMap.json (in target 'RectangleSelector' from project 'RectangleSelector')
cd /Users/admin/builder/spi-builder-workspace
write-file /Users/admin/builder/spi-builder-workspace/.derivedData/Build/Intermediates.noindex/RectangleSelector.build/Debug-appletvos/RectangleSelector-t.build/Objects-normal/arm64/RectangleSelector-OutputFileMap.json
WriteAuxiliaryFile /Users/admin/builder/spi-builder-workspace/.derivedData/Build/Intermediates.noindex/RectangleSelector.build/Debug-appletvos/RectangleSelector-t.build/Objects-normal/arm64/RectangleSelector.SwiftFileList (in target 'RectangleSelector' from project 'RectangleSelector')
cd /Users/admin/builder/spi-builder-workspace
write-file /Users/admin/builder/spi-builder-workspace/.derivedData/Build/Intermediates.noindex/RectangleSelector.build/Debug-appletvos/RectangleSelector-t.build/Objects-normal/arm64/RectangleSelector.SwiftFileList
WriteAuxiliaryFile /Users/admin/builder/spi-builder-workspace/.derivedData/Build/Intermediates.noindex/RectangleSelector.build/Debug-appletvos/RectangleSelector-t.build/Objects-normal/arm64/RectangleSelector_const_extract_protocols.json (in target 'RectangleSelector' from project 'RectangleSelector')
cd /Users/admin/builder/spi-builder-workspace
write-file /Users/admin/builder/spi-builder-workspace/.derivedData/Build/Intermediates.noindex/RectangleSelector.build/Debug-appletvos/RectangleSelector-t.build/Objects-normal/arm64/RectangleSelector_const_extract_protocols.json
WriteAuxiliaryFile /Users/admin/builder/spi-builder-workspace/.derivedData/Build/Intermediates.noindex/RectangleSelector.build/Debug-appletvos/RectangleSelector-t.build/Objects-normal/arm64/RectangleSelector.LinkFileList (in target 'RectangleSelector' from project 'RectangleSelector')
cd /Users/admin/builder/spi-builder-workspace
write-file /Users/admin/builder/spi-builder-workspace/.derivedData/Build/Intermediates.noindex/RectangleSelector.build/Debug-appletvos/RectangleSelector-t.build/Objects-normal/arm64/RectangleSelector.LinkFileList
Copy /Users/admin/builder/spi-builder-workspace/.derivedData/Build/Intermediates.noindex/GeneratedModuleMaps-appletvos/RectangleSelector.modulemap /Users/admin/builder/spi-builder-workspace/.derivedData/Build/Intermediates.noindex/RectangleSelector.build/Debug-appletvos/RectangleSelector-t.build/RectangleSelector.modulemap (in target 'RectangleSelector' from project 'RectangleSelector')
cd /Users/admin/builder/spi-builder-workspace
builtin-copy -exclude .DS_Store -exclude CVS -exclude .svn -exclude .git -exclude .hg -resolve-src-symlinks /Users/admin/builder/spi-builder-workspace/.derivedData/Build/Intermediates.noindex/RectangleSelector.build/Debug-appletvos/RectangleSelector-t.build/RectangleSelector.modulemap /Users/admin/builder/spi-builder-workspace/.derivedData/Build/Intermediates.noindex/GeneratedModuleMaps-appletvos
SwiftDriver RectangleSelector normal arm64 com.apple.xcode.tools.swift.compiler (in target 'RectangleSelector' from project 'RectangleSelector')
cd /Users/admin/builder/spi-builder-workspace/.swiftpm/xcode
builtin-SwiftDriver -- /Applications/Xcode-27.0.0-Release.Candidate.app/Contents/Developer/Toolchains/XcodeDefault.xctoolchain/usr/bin/swiftc -parse-as-library -module-name RectangleSelector -Onone @/Users/admin/builder/spi-builder-workspace/.derivedData/Build/Intermediates.noindex/RectangleSelector.build/Debug-appletvos/RectangleSelector-t.build/Objects-normal/arm64/RectangleSelector.SwiftFileList -DSWIFT_PACKAGE -DDEBUG -DSWIFT_MODULE_RESOURCE_BUNDLE_UNAVAILABLE -DXcode -plugin-path /Applications/Xcode-27.0.0-Release.Candidate.app/Contents/Developer/Toolchains/XcodeDefault.xctoolchain/usr/lib/swift/host/plugins/testing -enable-experimental-feature DebugDescriptionMacro -sdk /Applications/Xcode-27.0.0-Release.Candidate.app/Contents/Developer/Platforms/AppleTVOS.platform/Developer/SDKs/AppleTVOS27.0.sdk -target arm64-apple-tvos15.0 -g -module-cache-path /Users/admin/builder/spi-builder-workspace/.derivedData/ModuleCache.noindex -Xfrontend -serialize-debugging-options -profile-coverage-mapping -profile-generate -enable-testing -index-store-path /Users/admin/builder/spi-builder-workspace/.derivedData/Index.noindex/DataStore -Xcc -D_LIBCPP_HARDENING_MODE\=_LIBCPP_HARDENING_MODE_DEBUG -swift-version 5 -I /Users/admin/builder/spi-builder-workspace/.derivedData/Build/Products/Debug-appletvos -Isystem /Applications/Xcode-27.0.0-Release.Candidate.app/Contents/Developer/Platforms/AppleTVOS.platform/Developer/usr/lib -F /Users/admin/builder/spi-builder-workspace/.derivedData/Build/Products/Debug-appletvos -F /Applications/Xcode-27.0.0-Release.Candidate.app/Contents/Developer/Platforms/AppleTVOS.platform/Developer/Library/Frameworks -F /Applications/Xcode-27.0.0-Release.Candidate.app/Contents/Developer/Platforms/AppleTVOS.platform/Developer/SDKs/AppleTVOS27.0.sdk/Developer/Library/Frameworks -c -j10 -enable-batch-mode -incremental -Xcc -ivfsstatcache -Xcc /Users/admin/builder/spi-builder-workspace/.derivedData/SDKStatCaches.noindex/appletvos27.0-24J360-e829b21a6f8c9b70876ba0858053c044b32bfd8d43560033f8d89884cdb90028.sdkstatcache -output-file-map /Users/admin/builder/spi-builder-workspace/.derivedData/Build/Intermediates.noindex/RectangleSelector.build/Debug-appletvos/RectangleSelector-t.build/Objects-normal/arm64/RectangleSelector-OutputFileMap.json -save-temps -no-color-diagnostics -explicit-module-build -module-cache-path /Users/admin/builder/spi-builder-workspace/.derivedData/Build/Intermediates.noindex/SwiftExplicitPrecompiledModules -clang-scanner-module-cache-path /Users/admin/builder/spi-builder-workspace/.derivedData/ModuleCache.noindex -sdk-module-cache-path /Users/admin/builder/spi-builder-workspace/.derivedData/SDKExplicitPrecompiledModules -emit-dependencies -emit-module -emit-module-path /Users/admin/builder/spi-builder-workspace/.derivedData/Build/Intermediates.noindex/RectangleSelector.build/Debug-appletvos/RectangleSelector-t.build/Objects-normal/arm64/RectangleSelector.swiftmodule -serialize-diagnostics -dependency-scan-serialize-diagnostics-path /Users/admin/builder/spi-builder-workspace/.derivedData/Build/Intermediates.noindex/RectangleSelector.build/Debug-appletvos/RectangleSelector-t.build/Objects-normal/arm64/RectangleSelector-dependency-scan.dia -validate-clang-modules-once -clang-build-session-file /Users/admin/builder/spi-builder-workspace/.derivedData/ModuleCache.noindex/Session.modulevalidation -Xcc -fmodules-prune-interval\=86400 -Xcc -fmodules-prune-after\=345600 -package-name spi_builder_workspace -emit-const-values -const-gather-protocols-list /Users/admin/builder/spi-builder-workspace/.derivedData/Build/Intermediates.noindex/RectangleSelector.build/Debug-appletvos/RectangleSelector-t.build/Objects-normal/arm64/RectangleSelector_const_extract_protocols.json -Xcc -I/Users/admin/builder/spi-builder-workspace/.derivedData/Build/Products/Debug-appletvos/include -Xcc -I/Users/admin/builder/spi-builder-workspace/.derivedData/Build/Intermediates.noindex/RectangleSelector.build/Debug-appletvos/RectangleSelector-t.build/DerivedSources-normal/arm64 -Xcc -I/Users/admin/builder/spi-builder-workspace/.derivedData/Build/Intermediates.noindex/RectangleSelector.build/Debug-appletvos/RectangleSelector-t.build/DerivedSources/arm64 -Xcc -I/Users/admin/builder/spi-builder-workspace/.derivedData/Build/Intermediates.noindex/RectangleSelector.build/Debug-appletvos/RectangleSelector-t.build/DerivedSources -Xcc -DSWIFT_PACKAGE -Xcc -DDEBUG\=1 -emit-objc-header -emit-objc-header-path /Users/admin/builder/spi-builder-workspace/.derivedData/Build/Intermediates.noindex/RectangleSelector.build/Debug-appletvos/RectangleSelector-t.build/Objects-normal/arm64/RectangleSelector-Swift.h -working-directory /Users/admin/builder/spi-builder-workspace/.swiftpm/xcode -experimental-emit-module-separately -disable-cmo
SwiftExplicitDependencyGeneratePcm arm64 /Users/admin/builder/spi-builder-workspace/.derivedData/SDKExplicitPrecompiledModules/_AvailabilityInternal-BV2EDDP0MI5QJDDPEEV4D9D3V.pcm
SwiftExplicitDependencyGeneratePcm arm64 /Users/admin/builder/spi-builder-workspace/.derivedData/SDKExplicitPrecompiledModules/_SwiftConcurrencyShims-BY5PD8KF1L5KF6F4Q69HE3TJ4.pcm
SwiftExplicitDependencyGeneratePcm arm64 /Users/admin/builder/spi-builder-workspace/.derivedData/SDKExplicitPrecompiledModules/_Builtin_stdbool-AHRDH5EKLY6D04C5E42F3VCQI.pcm
SwiftExplicitDependencyGeneratePcm arm64 /Users/admin/builder/spi-builder-workspace/.derivedData/SDKExplicitPrecompiledModules/ptrcheck-2AZ6B5IBYD3RRRTFWN2ONASY3.pcm
SwiftExplicitDependencyGeneratePcm arm64 /Users/admin/builder/spi-builder-workspace/.derivedData/SDKExplicitPrecompiledModules/_Builtin_float-8ZJAYZ85YBOAOP52Y9H6IUNP3.pcm
SwiftExplicitDependencyGeneratePcm arm64 /Users/admin/builder/spi-builder-workspace/.derivedData/SDKExplicitPrecompiledModules/_Builtin_stdarg-BO2OCAUYVAXDRVQWQ8ISKGNUQ.pcm
SwiftExplicitDependencyGeneratePcm arm64 /Users/admin/builder/spi-builder-workspace/.derivedData/SDKExplicitPrecompiledModules/SwiftShims-8N4EXJ4RUJTR8K9OO3CMOH1EP.pcm
SwiftExplicitDependencyGeneratePcm arm64 /Users/admin/builder/spi-builder-workspace/.derivedData/SDKExplicitPrecompiledModules/_Builtin_stddef-9ZJZ6FDEZNKTZU8YLPMFT9RAQ.pcm
SwiftExplicitDependencyGeneratePcm arm64 /Users/admin/builder/spi-builder-workspace/.derivedData/SDKExplicitPrecompiledModules/ptrauth-8X2KEPL7CTRPS40TUB9APHPK6.pcm
SwiftExplicitDependencyGeneratePcm arm64 /Users/admin/builder/spi-builder-workspace/.derivedData/SDKExplicitPrecompiledModules/DeveloperToolsSupport-B1X8RI63V48AJRTH2RK6JAARV.pcm
SwiftExplicitDependencyGeneratePcm arm64 /Users/admin/builder/spi-builder-workspace/.derivedData/SDKExplicitPrecompiledModules/_DarwinFoundation1-JOTYMOA1YZCIJ2NON6FQ848O.pcm
SwiftExplicitDependencyGeneratePcm arm64 /Users/admin/builder/spi-builder-workspace/.derivedData/SDKExplicitPrecompiledModules/_Builtin_limits-7JU2HP127LIT1X9E2V3D8WZ1.pcm
SwiftExplicitDependencyGeneratePcm arm64 /Users/admin/builder/spi-builder-workspace/.derivedData/SDKExplicitPrecompiledModules/_DarwinFoundation2-AOGAN1O02NKXRJN5V73AV3V3M.pcm
SwiftExplicitDependencyGeneratePcm arm64 /Users/admin/builder/spi-builder-workspace/.derivedData/SDKExplicitPrecompiledModules/_Builtin_stdint-6NFTB6IBKS143IVPGT1EKB7HO.pcm
SwiftExplicitDependencyGeneratePcm arm64 /Users/admin/builder/spi-builder-workspace/.derivedData/SDKExplicitPrecompiledModules/string_h-6EVHP7A717OUS5DMC78F79HWO.pcm
SwiftExplicitDependencyGeneratePcm arm64 /Users/admin/builder/spi-builder-workspace/.derivedData/SDKExplicitPrecompiledModules/_Builtin_tgmath-7ULT1EUHDHW4OZPSTT33H6QGE.pcm
SwiftExplicitDependencyGeneratePcm arm64 /Users/admin/builder/spi-builder-workspace/.derivedData/SDKExplicitPrecompiledModules/sys_types-8GCAV1YMG5UUGHUID3CA20TCH.pcm
SwiftExplicitDependencyGeneratePcm arm64 /Users/admin/builder/spi-builder-workspace/.derivedData/SDKExplicitPrecompiledModules/_DarwinFoundation3-8SR3855WDFHQPR6G9GHOI2C07.pcm
SwiftExplicitDependencyGeneratePcm arm64 /Users/admin/builder/spi-builder-workspace/.derivedData/SDKExplicitPrecompiledModules/_Builtin_stdatomic-3YXHN678NGYM3NL9POJ2HVEIF.pcm
SwiftExplicitDependencyGeneratePcm arm64 /Users/admin/builder/spi-builder-workspace/.derivedData/SDKExplicitPrecompiledModules/_Builtin_intrinsics-437O2R2NID4WAQVENR63GR82C.pcm
SwiftExplicitDependencyGeneratePcm arm64 /Users/admin/builder/spi-builder-workspace/.derivedData/SDKExplicitPrecompiledModules/_Builtin_inttypes-6X1IQ3QK9KEVKXOK9Y79EW7J3.pcm
SwiftExplicitDependencyGeneratePcm arm64 /Users/admin/builder/spi-builder-workspace/.derivedData/SDKExplicitPrecompiledModules/Darwin-DBSQAVBBPC3D2OMU5ZI2RXMST.pcm
SwiftExplicitDependencyGeneratePcm arm64 /Users/admin/builder/spi-builder-workspace/.derivedData/SDKExplicitPrecompiledModules/simd-117QUXEUT3Z7UQCUYWV2UA228.pcm
SwiftExplicitDependencyGeneratePcm arm64 /Users/admin/builder/spi-builder-workspace/.derivedData/SDKExplicitPrecompiledModules/MachO-EH3F5PJCIZG05NO51CEFSZYPW.pcm
SwiftExplicitDependencyGeneratePcm arm64 /Users/admin/builder/spi-builder-workspace/.derivedData/SDKExplicitPrecompiledModules/ObjectiveC-5250FDCE56N8508OR6XUYDKZM.pcm
SwiftExplicitDependencyGeneratePcm arm64 /Users/admin/builder/spi-builder-workspace/.derivedData/SDKExplicitPrecompiledModules/os_object-E2DGZ0SX0TULQHULZRPO6OKNW.pcm
SwiftExplicitDependencyGeneratePcm arm64 /Users/admin/builder/spi-builder-workspace/.derivedData/SDKExplicitPrecompiledModules/os_workgroup-DBUFF7811DKMX7VPBOJPGGF1U.pcm
SwiftExplicitDependencyGeneratePcm arm64 /Users/admin/builder/spi-builder-workspace/.derivedData/SDKExplicitPrecompiledModules/Dispatch-1QL58A0V50C39KVAIC6C38SHL.pcm
SwiftExplicitDependencyGeneratePcm arm64 /Users/admin/builder/spi-builder-workspace/.derivedData/SDKExplicitPrecompiledModules/Spatial-7U8NLEFXSB8BR7PJQGVMF5A4Q.pcm
SwiftExplicitDependencyGeneratePcm arm64 /Users/admin/builder/spi-builder-workspace/.derivedData/SDKExplicitPrecompiledModules/XPC-6O2DJFT3QUJ7QKTD3SNUB6PCR.pcm
SwiftExplicitDependencyGeneratePcm arm64 /Users/admin/builder/spi-builder-workspace/.derivedData/SDKExplicitPrecompiledModules/CoreFoundation-7TPJ7ENDC4L1A1ESHYI9TXS0D.pcm
SwiftExplicitDependencyGeneratePcm arm64 /Users/admin/builder/spi-builder-workspace/.derivedData/SDKExplicitPrecompiledModules/os-3GJI8H0BNAEZPQPQ1V0VVY3FY.pcm
SwiftExplicitDependencyGeneratePcm arm64 /Users/admin/builder/spi-builder-workspace/.derivedData/SDKExplicitPrecompiledModules/Security-8VMXEKVDA3MHUH9AOTP905DID.pcm
SwiftExplicitDependencyGeneratePcm arm64 /Users/admin/builder/spi-builder-workspace/.derivedData/SDKExplicitPrecompiledModules/CFNetwork-2CUR2VK9S3S3WPFXPNXNUWYGN.pcm
SwiftExplicitDependencyGeneratePcm arm64 /Users/admin/builder/spi-builder-workspace/.derivedData/SDKExplicitPrecompiledModules/CoreGraphics-CWSP3J98S2658BYCVL6RP99T3.pcm
SwiftExplicitDependencyGeneratePcm arm64 /Users/admin/builder/spi-builder-workspace/.derivedData/SDKExplicitPrecompiledModules/Foundation-BSSIP64DIGUKMAYJOG1WPQ78X.pcm
SwiftExplicitDependencyGeneratePcm arm64 /Users/admin/builder/spi-builder-workspace/.derivedData/SDKExplicitPrecompiledModules/ImageIO-88D4CLEBD4CLWQKT78PZ6H1O8.pcm
SwiftExplicitDependencyGeneratePcm arm64 /Users/admin/builder/spi-builder-workspace/.derivedData/SDKExplicitPrecompiledModules/CoreText-59NY7PABM0I4V978161FOC04A.pcm
SwiftExplicitDependencyGeneratePcm arm64 /Users/admin/builder/spi-builder-workspace/.derivedData/SDKExplicitPrecompiledModules/CoreTransferable-7V4O8DATEQ9F7SDNTCW8YWLG3.pcm
SwiftExplicitDependencyGeneratePcm arm64 /Users/admin/builder/spi-builder-workspace/.derivedData/SDKExplicitPrecompiledModules/_LocationEssentials-ETSJ65FELPWR8WH8G49R1DF2E.pcm
SwiftExplicitDependencyGeneratePcm arm64 /Users/admin/builder/spi-builder-workspace/.derivedData/SDKExplicitPrecompiledModules/UIUtilities-6ZFJ1AK4H8IBGEBMYQBWGBYLK.pcm
SwiftExplicitDependencyGeneratePcm arm64 /Users/admin/builder/spi-builder-workspace/.derivedData/SDKExplicitPrecompiledModules/IOSurface-38FJ1CKX9FV2RD97O64Z7QB17.pcm
SwiftExplicitDependencyGeneratePcm arm64 /Users/admin/builder/spi-builder-workspace/.derivedData/SDKExplicitPrecompiledModules/OSLog-7OT6HHTMY0ZFEQJ095LJZ6NLC.pcm
SwiftExplicitDependencyGeneratePcm arm64 /Users/admin/builder/spi-builder-workspace/.derivedData/SDKExplicitPrecompiledModules/Symbols-B5AU9VM9Y7NU79RLMH13Z4IFM.pcm
SwiftExplicitDependencyGeneratePcm arm64 /Users/admin/builder/spi-builder-workspace/.derivedData/SDKExplicitPrecompiledModules/Accessibility-B6BODGZ4MQQTY0PBC4SHRP009.pcm
SwiftExplicitDependencyGeneratePcm arm64 /Users/admin/builder/spi-builder-workspace/.derivedData/SDKExplicitPrecompiledModules/UniformTypeIdentifiers-95CC8U42ZA9STP5K6GP9ZVJS5.pcm
SwiftExplicitDependencyGeneratePcm arm64 /Users/admin/builder/spi-builder-workspace/.derivedData/SDKExplicitPrecompiledModules/DataDetection-37JIYZ2GWDA1L166PP1D9JKAF.pcm
SwiftExplicitDependencyGeneratePcm arm64 /Users/admin/builder/spi-builder-workspace/.derivedData/SDKExplicitPrecompiledModules/UserNotifications-E9ZW5TH066WIJWH9080RC5NG4.pcm
SwiftExplicitDependencyGeneratePcm arm64 /Users/admin/builder/spi-builder-workspace/.derivedData/SDKExplicitPrecompiledModules/CoreLocation-YVXXAOMVX0JH2KO1XTTKTY51.pcm
SwiftExplicitDependencyGeneratePcm arm64 /Users/admin/builder/spi-builder-workspace/.derivedData/SDKExplicitPrecompiledModules/OpenGLES-4NY99CNDU9WUNUYEIXSS1QFGE.pcm
SwiftExplicitDependencyGeneratePcm arm64 /Users/admin/builder/spi-builder-workspace/.derivedData/SDKExplicitPrecompiledModules/Metal-2KYBS7IML1SD788M91YV7Q0CC.pcm
SwiftExplicitDependencyGeneratePcm arm64 /Users/admin/builder/spi-builder-workspace/.derivedData/SDKExplicitPrecompiledModules/CoreVideo-DPU0PB5X0XLSVA2ETRGI6FJBM.pcm
SwiftExplicitDependencyGeneratePcm arm64 /Users/admin/builder/spi-builder-workspace/.derivedData/SDKExplicitPrecompiledModules/CoreImage-7S2AFJ8EIY3DUFYLEAX1JR1QV.pcm
SwiftExplicitDependencyGeneratePcm arm64 /Users/admin/builder/spi-builder-workspace/.derivedData/SDKExplicitPrecompiledModules/QuartzCore-DJSYAWKXFGVSAK5CQMOB3JSR.pcm
SwiftExplicitDependencyGeneratePcm arm64 /Users/admin/builder/spi-builder-workspace/.derivedData/SDKExplicitPrecompiledModules/SwiftUICore-543QU5V2NHKUFCYFJDKUJ7NYG.pcm
SwiftExplicitDependencyGeneratePcm arm64 /Users/admin/builder/spi-builder-workspace/.derivedData/SDKExplicitPrecompiledModules/UIKit-1TKWN7VC2X6N3ITMRVA2G0EB2.pcm
SwiftEmitModule normal arm64 Emitting\ module\ for\ RectangleSelector (in target 'RectangleSelector' from project 'RectangleSelector')
SwiftCompile normal arm64 (in target 'RectangleSelector' from project 'RectangleSelector')
cd /Users/admin/builder/spi-builder-workspace/.swiftpm/xcode
SwiftCompile normal arm64 Compiling\ GuideView.swift,\ HandleView.swift /Users/admin/builder/spi-builder-workspace/Sources/RectangleSelector/GuideView.swift /Users/admin/builder/spi-builder-workspace/Sources/RectangleSelector/HandleView.swift (in target 'RectangleSelector' from project 'RectangleSelector')
/Users/admin/builder/spi-builder-workspace/Sources/RectangleSelector/HandleView.swift:55:9: error: 'isExclusiveTouch' is unavailable in tvOS
53 | extension HandleView {
54 | private func setup() {
55 | isExclusiveTouch = true
| `- error: 'isExclusiveTouch' is unavailable in tvOS
56 | translatesAutoresizingMaskIntoConstraints = false
57 | visualView.translatesAutoresizingMaskIntoConstraints = false
/Applications/Xcode-27.0.0-Release.Candidate.app/Contents/Developer/Platforms/AppleTVOS.platform/Developer/SDKs/AppleTVOS27.0.sdk/System/Library/Frameworks/UIKit.framework/Headers/UIView.h:209:57: note: 'isExclusiveTouch' has been explicitly marked unavailable here
207 |
208 | @property(nonatomic,getter=isMultipleTouchEnabled) BOOL multipleTouchEnabled API_UNAVAILABLE(tvos); // default is NO
209 | @property(nonatomic,getter=isExclusiveTouch) BOOL exclusiveTouch API_UNAVAILABLE(tvos); // default is NO
| `- note: 'isExclusiveTouch' has been explicitly marked unavailable here
210 |
211 | - (nullable UIView *)hitTest:(CGPoint)point withEvent:(nullable UIEvent *)event; // recursively calls -pointInside:withEvent:. point is in the receiver's coordinate system
/Users/admin/builder/spi-builder-workspace/Sources/RectangleSelector/HandleView.swift:59:20: error: 'isExclusiveTouch' is unavailable in tvOS
57 | visualView.translatesAutoresizingMaskIntoConstraints = false
58 | visualView.isUserInteractionEnabled = false
59 | visualView.isExclusiveTouch = true
| `- error: 'isExclusiveTouch' is unavailable in tvOS
60 | visualView.layer.addSublayer(normalShapeLayer)
61 | visualView.layer.addSublayer(edgeShapeLayer)
/Applications/Xcode-27.0.0-Release.Candidate.app/Contents/Developer/Platforms/AppleTVOS.platform/Developer/SDKs/AppleTVOS27.0.sdk/System/Library/Frameworks/UIKit.framework/Headers/UIView.h:209:57: note: 'isExclusiveTouch' has been explicitly marked unavailable here
207 |
208 | @property(nonatomic,getter=isMultipleTouchEnabled) BOOL multipleTouchEnabled API_UNAVAILABLE(tvos); // default is NO
209 | @property(nonatomic,getter=isExclusiveTouch) BOOL exclusiveTouch API_UNAVAILABLE(tvos); // default is NO
| `- note: 'isExclusiveTouch' has been explicitly marked unavailable here
210 |
211 | - (nullable UIView *)hitTest:(CGPoint)point withEvent:(nullable UIEvent *)event; // recursively calls -pointInside:withEvent:. point is in the receiver's coordinate system
Failed frontend command:
SwiftCompile normal arm64 /Users/admin/builder/spi-builder-workspace/Sources/RectangleSelector/GuideView.swift (in target 'RectangleSelector' from project 'RectangleSelector')
cd /Users/admin/builder/spi-builder-workspace/.swiftpm/xcode
builtin-SwiftPerFileCompile GuideView.swift
SwiftCompile normal arm64 /Users/admin/builder/spi-builder-workspace/Sources/RectangleSelector/HandleView.swift (in target 'RectangleSelector' from project 'RectangleSelector')
cd /Users/admin/builder/spi-builder-workspace/.swiftpm/xcode
builtin-SwiftPerFileCompile HandleView.swift
/Applications/Xcode-27.0.0-Release.Candidate.app/Contents/Developer/Toolchains/XcodeDefault.xctoolchain/usr/bin/swift-frontend -frontend -c /Users/admin/builder/spi-builder-workspace/Sources/RectangleSelector/Extension/CATransaction+.swift /Users/admin/builder/spi-builder-workspace/Sources/RectangleSelector/Extension/UIColor+.swift /Users/admin/builder/spi-builder-workspace/Sources/RectangleSelector/Extension/UIView+.swift /Users/admin/builder/spi-builder-workspace/Sources/RectangleSelector/GridView.swift -primary-file /Users/admin/builder/spi-builder-workspace/Sources/RectangleSelector/GuideView.swift -primary-file /Users/admin/builder/spi-builder-workspace/Sources/RectangleSelector/HandleView.swift /Users/admin/builder/spi-builder-workspace/Sources/RectangleSelector/Layer/EdgeHandleShapeLayer.swift /Users/admin/builder/spi-builder-workspace/Sources/RectangleSelector/Model/AspectMode.swift /Users/admin/builder/spi-builder-workspace/Sources/RectangleSelector/Model/Config/Config.swift /Users/admin/builder/spi-builder-workspace/Sources/RectangleSelector/Model/Config/GridConfig.swift /Users/admin/builder/spi-builder-workspace/Sources/RectangleSelector/Model/Config/GuideConfig.swift /Users/admin/builder/spi-builder-workspace/Sources/RectangleSelector/Model/Config/HandleConfig.swift /Users/admin/builder/spi-builder-workspace/Sources/RectangleSelector/Model/Config/HandleConfigs.swift /Users/admin/builder/spi-builder-workspace/Sources/RectangleSelector/Model/HandlePosition.swift /Users/admin/builder/spi-builder-workspace/Sources/RectangleSelector/Model/HandleStyle.swift /Users/admin/builder/spi-builder-workspace/Sources/RectangleSelector/OverlayView.swift /Users/admin/builder/spi-builder-workspace/Sources/RectangleSelector/RectangleSelectorView.swift -emit-dependencies-path /Users/admin/builder/spi-builder-workspace/.derivedData/Build/Intermediates.noindex/RectangleSelector.build/Debug-appletvos/RectangleSelector-t.build/Objects-normal/arm64/GuideView.d -emit-const-values-path /Users/admin/builder/spi-builder-workspace/.derivedData/Build/Intermediates.noindex/RectangleSelector.build/Debug-appletvos/RectangleSelector-t.build/Objects-normal/arm64/GuideView.swiftconstvalues -emit-reference-dependencies-path /Users/admin/builder/spi-builder-workspace/.derivedData/Build/Intermediates.noindex/RectangleSelector.build/Debug-appletvos/RectangleSelector-t.build/Objects-normal/arm64/GuideView.swiftdeps -serialize-diagnostics-path /Users/admin/builder/spi-builder-workspace/.derivedData/Build/Intermediates.noindex/RectangleSelector.build/Debug-appletvos/RectangleSelector-t.build/Objects-normal/arm64/GuideView.dia -emit-dependencies-path /Users/admin/builder/spi-builder-workspace/.derivedData/Build/Intermediates.noindex/RectangleSelector.build/Debug-appletvos/RectangleSelector-t.build/Objects-normal/arm64/HandleView.d -emit-const-values-path /Users/admin/builder/spi-builder-workspace/.derivedData/Build/Intermediates.noindex/RectangleSelector.build/Debug-appletvos/RectangleSelector-t.build/Objects-normal/arm64/HandleView.swiftconstvalues -emit-reference-dependencies-path /Users/admin/builder/spi-builder-workspace/.derivedData/Build/Intermediates.noindex/RectangleSelector.build/Debug-appletvos/RectangleSelector-t.build/Objects-normal/arm64/HandleView.swiftdeps -serialize-diagnostics-path /Users/admin/builder/spi-builder-workspace/.derivedData/Build/Intermediates.noindex/RectangleSelector.build/Debug-appletvos/RectangleSelector-t.build/Objects-normal/arm64/HandleView.dia -target arm64-apple-tvos15.0 -disable-cross-import-overlay-search -load-resolved-plugin /Applications/Xcode-27.0.0-Release.Candidate.app/Contents/Developer/Platforms/AppleTVOS.platform/Developer/usr/lib/swift/host/plugins/libFoundationMacros.dylib\#/Applications/Xcode-27.0.0-Release.Candidate.app/Contents/Developer/Platforms/AppleTVOS.platform/Developer/usr/bin/swift-plugin-server\#FoundationMacros -load-resolved-plugin /Applications/Xcode-27.0.0-Release.Candidate.app/Contents/Developer/Platforms/AppleTVOS.platform/Developer/usr/lib/swift/host/plugins/libObservationMacros.dylib\#/Applications/Xcode-27.0.0-Release.Candidate.app/Contents/Developer/Platforms/AppleTVOS.platform/Developer/usr/bin/swift-plugin-server\#ObservationMacros -load-resolved-plugin /Applications/Xcode-27.0.0-Release.Candidate.app/Contents/Developer/Platforms/AppleTVOS.platform/Developer/usr/lib/swift/host/plugins/libPreviewsMacros.dylib\#/Applications/Xcode-27.0.0-Release.Candidate.app/Contents/Developer/Platforms/AppleTVOS.platform/Developer/usr/bin/swift-plugin-server\#PreviewsMacros -load-resolved-plugin /Applications/Xcode-27.0.0-Release.Candidate.app/Contents/Developer/Platforms/AppleTVOS.platform/Developer/usr/lib/swift/host/plugins/libSwiftMacros.dylib\#/Applications/Xcode-27.0.0-Release.Candidate.app/Contents/Developer/Platforms/AppleTVOS.platform/Developer/usr/bin/swift-plugin-server\#SwiftMacros -load-resolved-plugin /Applications/Xcode-27.0.0-Release.Candidate.app/Contents/Developer/Platforms/AppleTVOS.platform/Developer/usr/lib/swift/host/plugins/libSwiftUIMacros.dylib\#/Applications/Xcode-27.0.0-Release.Candidate.app/Contents/Developer/Platforms/AppleTVOS.platform/Developer/usr/bin/swift-plugin-server\#SwiftUIMacros -disable-implicit-swift-modules -Xcc -fno-implicit-modules -Xcc -fno-implicit-module-maps -explicit-swift-module-map-file /Users/admin/builder/spi-builder-workspace/.derivedData/Build/Intermediates.noindex/RectangleSelector.build/Debug-appletvos/RectangleSelector-t.build/Objects-normal/arm64/RectangleSelector-dependencies-1.json -Xllvm -aarch64-use-tbi -enable-objc-interop -stack-check -sdk /Applications/Xcode-27.0.0-Release.Candidate.app/Contents/Developer/Platforms/AppleTVOS.platform/Developer/SDKs/AppleTVOS27.0.sdk -I /Users/admin/builder/spi-builder-workspace/.derivedData/Build/Products/Debug-appletvos -Isystem /Applications/Xcode-27.0.0-Release.Candidate.app/Contents/Developer/Platforms/AppleTVOS.platform/Developer/usr/lib -F /Users/admin/builder/spi-builder-workspace/.derivedData/Build/Products/Debug-appletvos -F /Applications/Xcode-27.0.0-Release.Candidate.app/Contents/Developer/Platforms/AppleTVOS.platform/Developer/Library/Frameworks -F /Applications/Xcode-27.0.0-Release.Candidate.app/Contents/Developer/Platforms/AppleTVOS.platform/Developer/SDKs/AppleTVOS27.0.sdk/Developer/Library/Frameworks -module-cache-path /Users/admin/builder/spi-builder-workspace/.derivedData/Build/Intermediates.noindex/SwiftExplicitPrecompiledModules -no-color-diagnostics -Xcc -fno-color-diagnostics -enable-testing -g -debug-info-format\=dwarf -dwarf-version\=4 -profile-generate -profile-coverage-mapping -swift-version 5 -Onone -D SWIFT_PACKAGE -D DEBUG -D SWIFT_MODULE_RESOURCE_BUNDLE_UNAVAILABLE -D Xcode -serialize-debugging-options -enable-experimental-feature DebugDescriptionMacro -empty-abi-descriptor -validate-clang-modules-once -clang-build-session-file /Users/admin/builder/spi-builder-workspace/.derivedData/ModuleCache.noindex/Session.modulevalidation -Xcc -working-directory -Xcc /Users/admin/builder/spi-builder-workspace/.swiftpm/xcode -enable-anonymous-context-mangled-names -file-compilation-dir /Users/admin/builder/spi-builder-workspace/.swiftpm/xcode -Xcc -D_LIBCPP_HARDENING_MODE\=_LIBCPP_HARDENING_MODE_DEBUG -Xcc -ivfsstatcache -Xcc /Users/admin/builder/spi-builder-workspace/.derivedData/SDKStatCaches.noindex/appletvos27.0-24J360-e829b21a6f8c9b70876ba0858053c044b32bfd8d43560033f8d89884cdb90028.sdkstatcache -Xcc -fmodules-prune-interval\=86400 -Xcc -fmodules-prune-after\=345600 -Xcc -I/Users/admin/builder/spi-builder-workspace/.derivedData/Build/Products/Debug-appletvos/include -Xcc -I/Users/admin/builder/spi-builder-workspace/.derivedData/Build/Intermediates.noindex/RectangleSelector.build/Debug-appletvos/RectangleSelector-t.build/DerivedSources-normal/arm64 -Xcc -I/Users/admin/builder/spi-builder-workspace/.derivedData/Build/Intermediates.noindex/RectangleSelector.build/Debug-appletvos/RectangleSelector-t.build/DerivedSources/arm64 -Xcc -I/Users/admin/builder/spi-builder-workspace/.derivedData/Build/Intermediates.noindex/RectangleSelector.build/Debug-appletvos/RectangleSelector-t.build/DerivedSources -Xcc -DSWIFT_PACKAGE -Xcc -DDEBUG\=1 -no-auto-bridging-header-chaining -module-name RectangleSelector -package-name spi_builder_workspace -const-gather-protocols-file /Users/admin/builder/spi-builder-workspace/.derivedData/Build/Intermediates.noindex/RectangleSelector.build/Debug-appletvos/RectangleSelector-t.build/Objects-normal/arm64/RectangleSelector_const_extract_protocols.json -disable-clang-spi -clang-target arm64-apple-tvos27.0 -target-sdk-version 27.0 -target-sdk-name appletvos27.0 -in-process-plugin-server-path /Applications/Xcode-27.0.0-Release.Candidate.app/Contents/Developer/Toolchains/XcodeDefault.xctoolchain/usr/lib/swift/host/libSwiftInProcPluginServer.dylib -parse-as-library -o /Users/admin/builder/spi-builder-workspace/.derivedData/Build/Intermediates.noindex/RectangleSelector.build/Debug-appletvos/RectangleSelector-t.build/Objects-normal/arm64/GuideView.o -o /Users/admin/builder/spi-builder-workspace/.derivedData/Build/Intermediates.noindex/RectangleSelector.build/Debug-appletvos/RectangleSelector-t.build/Objects-normal/arm64/HandleView.o -debug-module-path /Users/admin/builder/spi-builder-workspace/.derivedData/Build/Intermediates.noindex/RectangleSelector.build/Debug-appletvos/RectangleSelector-t.build/Objects-normal/arm64/RectangleSelector.swiftmodule -index-unit-output-path /RectangleSelector.build/Debug-appletvos/RectangleSelector-t.build/Objects-normal/arm64/GuideView.o -index-unit-output-path /RectangleSelector.build/Debug-appletvos/RectangleSelector-t.build/Objects-normal/arm64/HandleView.o -index-store-path /Users/admin/builder/spi-builder-workspace/.derivedData/Index.noindex/DataStore -index-system-modules
SwiftCompile normal arm64 Compiling\ HandleConfigs.swift,\ HandlePosition.swift /Users/admin/builder/spi-builder-workspace/Sources/RectangleSelector/Model/Config/HandleConfigs.swift /Users/admin/builder/spi-builder-workspace/Sources/RectangleSelector/Model/HandlePosition.swift (in target 'RectangleSelector' from project 'RectangleSelector')
SwiftCompile normal arm64 /Users/admin/builder/spi-builder-workspace/Sources/RectangleSelector/Model/Config/HandleConfigs.swift (in target 'RectangleSelector' from project 'RectangleSelector')
cd /Users/admin/builder/spi-builder-workspace/.swiftpm/xcode
builtin-SwiftPerFileCompile HandleConfigs.swift
SwiftCompile normal arm64 /Users/admin/builder/spi-builder-workspace/Sources/RectangleSelector/Model/HandlePosition.swift (in target 'RectangleSelector' from project 'RectangleSelector')
cd /Users/admin/builder/spi-builder-workspace/.swiftpm/xcode
builtin-SwiftPerFileCompile HandlePosition.swift
SwiftCompile normal arm64 Compiling\ CATransaction+.swift,\ UIColor+.swift /Users/admin/builder/spi-builder-workspace/Sources/RectangleSelector/Extension/CATransaction+.swift /Users/admin/builder/spi-builder-workspace/Sources/RectangleSelector/Extension/UIColor+.swift (in target 'RectangleSelector' from project 'RectangleSelector')
SwiftCompile normal arm64 /Users/admin/builder/spi-builder-workspace/Sources/RectangleSelector/Extension/CATransaction+.swift (in target 'RectangleSelector' from project 'RectangleSelector')
cd /Users/admin/builder/spi-builder-workspace/.swiftpm/xcode
builtin-SwiftPerFileCompile CATransaction+.swift
SwiftCompile normal arm64 /Users/admin/builder/spi-builder-workspace/Sources/RectangleSelector/Extension/UIColor+.swift (in target 'RectangleSelector' from project 'RectangleSelector')
cd /Users/admin/builder/spi-builder-workspace/.swiftpm/xcode
builtin-SwiftPerFileCompile UIColor+.swift
SwiftCompile normal arm64 Compiling\ EdgeHandleShapeLayer.swift,\ AspectMode.swift /Users/admin/builder/spi-builder-workspace/Sources/RectangleSelector/Layer/EdgeHandleShapeLayer.swift /Users/admin/builder/spi-builder-workspace/Sources/RectangleSelector/Model/AspectMode.swift (in target 'RectangleSelector' from project 'RectangleSelector')
SwiftCompile normal arm64 /Users/admin/builder/spi-builder-workspace/Sources/RectangleSelector/Layer/EdgeHandleShapeLayer.swift (in target 'RectangleSelector' from project 'RectangleSelector')
cd /Users/admin/builder/spi-builder-workspace/.swiftpm/xcode
builtin-SwiftPerFileCompile EdgeHandleShapeLayer.swift
SwiftCompile normal arm64 /Users/admin/builder/spi-builder-workspace/Sources/RectangleSelector/Model/AspectMode.swift (in target 'RectangleSelector' from project 'RectangleSelector')
cd /Users/admin/builder/spi-builder-workspace/.swiftpm/xcode
builtin-SwiftPerFileCompile AspectMode.swift
SwiftCompile normal arm64 Compiling\ GuideConfig.swift,\ HandleConfig.swift /Users/admin/builder/spi-builder-workspace/Sources/RectangleSelector/Model/Config/GuideConfig.swift /Users/admin/builder/spi-builder-workspace/Sources/RectangleSelector/Model/Config/HandleConfig.swift (in target 'RectangleSelector' from project 'RectangleSelector')
SwiftCompile normal arm64 /Users/admin/builder/spi-builder-workspace/Sources/RectangleSelector/Model/Config/GuideConfig.swift (in target 'RectangleSelector' from project 'RectangleSelector')
cd /Users/admin/builder/spi-builder-workspace/.swiftpm/xcode
builtin-SwiftPerFileCompile GuideConfig.swift
SwiftCompile normal arm64 /Users/admin/builder/spi-builder-workspace/Sources/RectangleSelector/Model/Config/HandleConfig.swift (in target 'RectangleSelector' from project 'RectangleSelector')
cd /Users/admin/builder/spi-builder-workspace/.swiftpm/xcode
builtin-SwiftPerFileCompile HandleConfig.swift
SwiftCompile normal arm64 Compiling\ OverlayView.swift /Users/admin/builder/spi-builder-workspace/Sources/RectangleSelector/OverlayView.swift (in target 'RectangleSelector' from project 'RectangleSelector')
SwiftCompile normal arm64 /Users/admin/builder/spi-builder-workspace/Sources/RectangleSelector/OverlayView.swift (in target 'RectangleSelector' from project 'RectangleSelector')
cd /Users/admin/builder/spi-builder-workspace/.swiftpm/xcode
builtin-SwiftPerFileCompile OverlayView.swift
SwiftCompile normal arm64 Compiling\ RectangleSelectorView.swift /Users/admin/builder/spi-builder-workspace/Sources/RectangleSelector/RectangleSelectorView.swift (in target 'RectangleSelector' from project 'RectangleSelector')
SwiftCompile normal arm64 /Users/admin/builder/spi-builder-workspace/Sources/RectangleSelector/RectangleSelectorView.swift (in target 'RectangleSelector' from project 'RectangleSelector')
cd /Users/admin/builder/spi-builder-workspace/.swiftpm/xcode
builtin-SwiftPerFileCompile RectangleSelectorView.swift
SwiftCompile normal arm64 Compiling\ Config.swift,\ GridConfig.swift /Users/admin/builder/spi-builder-workspace/Sources/RectangleSelector/Model/Config/Config.swift /Users/admin/builder/spi-builder-workspace/Sources/RectangleSelector/Model/Config/GridConfig.swift (in target 'RectangleSelector' from project 'RectangleSelector')
SwiftCompile normal arm64 /Users/admin/builder/spi-builder-workspace/Sources/RectangleSelector/Model/Config/Config.swift (in target 'RectangleSelector' from project 'RectangleSelector')
cd /Users/admin/builder/spi-builder-workspace/.swiftpm/xcode
builtin-SwiftPerFileCompile Config.swift
SwiftCompile normal arm64 /Users/admin/builder/spi-builder-workspace/Sources/RectangleSelector/Model/Config/GridConfig.swift (in target 'RectangleSelector' from project 'RectangleSelector')
cd /Users/admin/builder/spi-builder-workspace/.swiftpm/xcode
builtin-SwiftPerFileCompile GridConfig.swift
SwiftCompile normal arm64 Compiling\ HandleStyle.swift /Users/admin/builder/spi-builder-workspace/Sources/RectangleSelector/Model/HandleStyle.swift (in target 'RectangleSelector' from project 'RectangleSelector')
SwiftCompile normal arm64 /Users/admin/builder/spi-builder-workspace/Sources/RectangleSelector/Model/HandleStyle.swift (in target 'RectangleSelector' from project 'RectangleSelector')
cd /Users/admin/builder/spi-builder-workspace/.swiftpm/xcode
builtin-SwiftPerFileCompile HandleStyle.swift
SwiftCompile normal arm64 Compiling\ UIView+.swift,\ GridView.swift /Users/admin/builder/spi-builder-workspace/Sources/RectangleSelector/Extension/UIView+.swift /Users/admin/builder/spi-builder-workspace/Sources/RectangleSelector/GridView.swift (in target 'RectangleSelector' from project 'RectangleSelector')
SwiftCompile normal arm64 /Users/admin/builder/spi-builder-workspace/Sources/RectangleSelector/Extension/UIView+.swift (in target 'RectangleSelector' from project 'RectangleSelector')
cd /Users/admin/builder/spi-builder-workspace/.swiftpm/xcode
builtin-SwiftPerFileCompile UIView+.swift
SwiftCompile normal arm64 /Users/admin/builder/spi-builder-workspace/Sources/RectangleSelector/GridView.swift (in target 'RectangleSelector' from project 'RectangleSelector')
cd /Users/admin/builder/spi-builder-workspace/.swiftpm/xcode
builtin-SwiftPerFileCompile GridView.swift
SwiftDriverJobDiscovery normal arm64 Emitting module for RectangleSelector (in target 'RectangleSelector' from project 'RectangleSelector')
SwiftDriver\ Compilation\ Requirements RectangleSelector normal arm64 com.apple.xcode.tools.swift.compiler (in target 'RectangleSelector' from project 'RectangleSelector')
cd /Users/admin/builder/spi-builder-workspace/.swiftpm/xcode
builtin-Swift-Compilation-Requirements -- /Applications/Xcode-27.0.0-Release.Candidate.app/Contents/Developer/Toolchains/XcodeDefault.xctoolchain/usr/bin/swiftc -parse-as-library -module-name RectangleSelector -Onone @/Users/admin/builder/spi-builder-workspace/.derivedData/Build/Intermediates.noindex/RectangleSelector.build/Debug-appletvos/RectangleSelector-t.build/Objects-normal/arm64/RectangleSelector.SwiftFileList -DSWIFT_PACKAGE -DDEBUG -DSWIFT_MODULE_RESOURCE_BUNDLE_UNAVAILABLE -DXcode -plugin-path /Applications/Xcode-27.0.0-Release.Candidate.app/Contents/Developer/Toolchains/XcodeDefault.xctoolchain/usr/lib/swift/host/plugins/testing -enable-experimental-feature DebugDescriptionMacro -sdk /Applications/Xcode-27.0.0-Release.Candidate.app/Contents/Developer/Platforms/AppleTVOS.platform/Developer/SDKs/AppleTVOS27.0.sdk -target arm64-apple-tvos15.0 -g -module-cache-path /Users/admin/builder/spi-builder-workspace/.derivedData/ModuleCache.noindex -Xfrontend -serialize-debugging-options -profile-coverage-mapping -profile-generate -enable-testing -index-store-path /Users/admin/builder/spi-builder-workspace/.derivedData/Index.noindex/DataStore -Xcc -D_LIBCPP_HARDENING_MODE\=_LIBCPP_HARDENING_MODE_DEBUG -swift-version 5 -I /Users/admin/builder/spi-builder-workspace/.derivedData/Build/Products/Debug-appletvos -Isystem /Applications/Xcode-27.0.0-Release.Candidate.app/Contents/Developer/Platforms/AppleTVOS.platform/Developer/usr/lib -F /Users/admin/builder/spi-builder-workspace/.derivedData/Build/Products/Debug-appletvos -F /Applications/Xcode-27.0.0-Release.Candidate.app/Contents/Developer/Platforms/AppleTVOS.platform/Developer/Library/Frameworks -F /Applications/Xcode-27.0.0-Release.Candidate.app/Contents/Developer/Platforms/AppleTVOS.platform/Developer/SDKs/AppleTVOS27.0.sdk/Developer/Library/Frameworks -c -j10 -enable-batch-mode -incremental -Xcc -ivfsstatcache -Xcc /Users/admin/builder/spi-builder-workspace/.derivedData/SDKStatCaches.noindex/appletvos27.0-24J360-e829b21a6f8c9b70876ba0858053c044b32bfd8d43560033f8d89884cdb90028.sdkstatcache -output-file-map /Users/admin/builder/spi-builder-workspace/.derivedData/Build/Intermediates.noindex/RectangleSelector.build/Debug-appletvos/RectangleSelector-t.build/Objects-normal/arm64/RectangleSelector-OutputFileMap.json -save-temps -no-color-diagnostics -explicit-module-build -module-cache-path /Users/admin/builder/spi-builder-workspace/.derivedData/Build/Intermediates.noindex/SwiftExplicitPrecompiledModules -clang-scanner-module-cache-path /Users/admin/builder/spi-builder-workspace/.derivedData/ModuleCache.noindex -sdk-module-cache-path /Users/admin/builder/spi-builder-workspace/.derivedData/SDKExplicitPrecompiledModules -emit-dependencies -emit-module -emit-module-path /Users/admin/builder/spi-builder-workspace/.derivedData/Build/Intermediates.noindex/RectangleSelector.build/Debug-appletvos/RectangleSelector-t.build/Objects-normal/arm64/RectangleSelector.swiftmodule -serialize-diagnostics -dependency-scan-serialize-diagnostics-path /Users/admin/builder/spi-builder-workspace/.derivedData/Build/Intermediates.noindex/RectangleSelector.build/Debug-appletvos/RectangleSelector-t.build/Objects-normal/arm64/RectangleSelector-dependency-scan.dia -validate-clang-modules-once -clang-build-session-file /Users/admin/builder/spi-builder-workspace/.derivedData/ModuleCache.noindex/Session.modulevalidation -Xcc -fmodules-prune-interval\=86400 -Xcc -fmodules-prune-after\=345600 -package-name spi_builder_workspace -emit-const-values -const-gather-protocols-list /Users/admin/builder/spi-builder-workspace/.derivedData/Build/Intermediates.noindex/RectangleSelector.build/Debug-appletvos/RectangleSelector-t.build/Objects-normal/arm64/RectangleSelector_const_extract_protocols.json -Xcc -I/Users/admin/builder/spi-builder-workspace/.derivedData/Build/Products/Debug-appletvos/include -Xcc -I/Users/admin/builder/spi-builder-workspace/.derivedData/Build/Intermediates.noindex/RectangleSelector.build/Debug-appletvos/RectangleSelector-t.build/DerivedSources-normal/arm64 -Xcc -I/Users/admin/builder/spi-builder-workspace/.derivedData/Build/Intermediates.noindex/RectangleSelector.build/Debug-appletvos/RectangleSelector-t.build/DerivedSources/arm64 -Xcc -I/Users/admin/builder/spi-builder-workspace/.derivedData/Build/Intermediates.noindex/RectangleSelector.build/Debug-appletvos/RectangleSelector-t.build/DerivedSources -Xcc -DSWIFT_PACKAGE -Xcc -DDEBUG\=1 -emit-objc-header -emit-objc-header-path /Users/admin/builder/spi-builder-workspace/.derivedData/Build/Intermediates.noindex/RectangleSelector.build/Debug-appletvos/RectangleSelector-t.build/Objects-normal/arm64/RectangleSelector-Swift.h -working-directory /Users/admin/builder/spi-builder-workspace/.swiftpm/xcode -experimental-emit-module-separately -disable-cmo
SwiftDriverJobDiscovery normal arm64 Compiling HandleConfigs.swift, HandlePosition.swift (in target 'RectangleSelector' from project 'RectangleSelector')
SwiftDriverJobDiscovery normal arm64 Compiling HandleStyle.swift (in target 'RectangleSelector' from project 'RectangleSelector')
SwiftMergeGeneratedHeaders /Users/admin/builder/spi-builder-workspace/.derivedData/Build/Intermediates.noindex/GeneratedModuleMaps-appletvos/RectangleSelector-Swift.h /Users/admin/builder/spi-builder-workspace/.derivedData/Build/Intermediates.noindex/RectangleSelector.build/Debug-appletvos/RectangleSelector-t.build/Objects-normal/arm64/RectangleSelector-Swift.h (in target 'RectangleSelector' from project 'RectangleSelector')
cd /Users/admin/builder/spi-builder-workspace
builtin-swiftHeaderTool -arch arm64 /Users/admin/builder/spi-builder-workspace/.derivedData/Build/Intermediates.noindex/RectangleSelector.build/Debug-appletvos/RectangleSelector-t.build/Objects-normal/arm64/RectangleSelector-Swift.h -o /Users/admin/builder/spi-builder-workspace/.derivedData/Build/Intermediates.noindex/GeneratedModuleMaps-appletvos/RectangleSelector-Swift.h
Copy /Users/admin/builder/spi-builder-workspace/.derivedData/Build/Products/Debug-appletvos/RectangleSelector.swiftmodule/arm64-apple-tvos.swiftmodule /Users/admin/builder/spi-builder-workspace/.derivedData/Build/Intermediates.noindex/RectangleSelector.build/Debug-appletvos/RectangleSelector-t.build/Objects-normal/arm64/RectangleSelector.swiftmodule (in target 'RectangleSelector' from project 'RectangleSelector')
cd /Users/admin/builder/spi-builder-workspace
builtin-copy -exclude .DS_Store -exclude CVS -exclude .svn -exclude .git -exclude .hg -resolve-src-symlinks -rename /Users/admin/builder/spi-builder-workspace/.derivedData/Build/Intermediates.noindex/RectangleSelector.build/Debug-appletvos/RectangleSelector-t.build/Objects-normal/arm64/RectangleSelector.swiftmodule /Users/admin/builder/spi-builder-workspace/.derivedData/Build/Products/Debug-appletvos/RectangleSelector.swiftmodule/arm64-apple-tvos.swiftmodule
Copy /Users/admin/builder/spi-builder-workspace/.derivedData/Build/Products/Debug-appletvos/RectangleSelector.swiftmodule/arm64-apple-tvos.swiftdoc /Users/admin/builder/spi-builder-workspace/.derivedData/Build/Intermediates.noindex/RectangleSelector.build/Debug-appletvos/RectangleSelector-t.build/Objects-normal/arm64/RectangleSelector.swiftdoc (in target 'RectangleSelector' from project 'RectangleSelector')
cd /Users/admin/builder/spi-builder-workspace
builtin-copy -exclude .DS_Store -exclude CVS -exclude .svn -exclude .git -exclude .hg -resolve-src-symlinks -rename /Users/admin/builder/spi-builder-workspace/.derivedData/Build/Intermediates.noindex/RectangleSelector.build/Debug-appletvos/RectangleSelector-t.build/Objects-normal/arm64/RectangleSelector.swiftdoc /Users/admin/builder/spi-builder-workspace/.derivedData/Build/Products/Debug-appletvos/RectangleSelector.swiftmodule/arm64-apple-tvos.swiftdoc
Copy /Users/admin/builder/spi-builder-workspace/.derivedData/Build/Products/Debug-appletvos/RectangleSelector.swiftmodule/arm64-apple-tvos.abi.json /Users/admin/builder/spi-builder-workspace/.derivedData/Build/Intermediates.noindex/RectangleSelector.build/Debug-appletvos/RectangleSelector-t.build/Objects-normal/arm64/RectangleSelector.abi.json (in target 'RectangleSelector' from project 'RectangleSelector')
cd /Users/admin/builder/spi-builder-workspace
builtin-copy -exclude .DS_Store -exclude CVS -exclude .svn -exclude .git -exclude .hg -resolve-src-symlinks -rename /Users/admin/builder/spi-builder-workspace/.derivedData/Build/Intermediates.noindex/RectangleSelector.build/Debug-appletvos/RectangleSelector-t.build/Objects-normal/arm64/RectangleSelector.abi.json /Users/admin/builder/spi-builder-workspace/.derivedData/Build/Products/Debug-appletvos/RectangleSelector.swiftmodule/arm64-apple-tvos.abi.json
Copy /Users/admin/builder/spi-builder-workspace/.derivedData/Build/Products/Debug-appletvos/RectangleSelector.swiftmodule/Project/arm64-apple-tvos.swiftsourceinfo /Users/admin/builder/spi-builder-workspace/.derivedData/Build/Intermediates.noindex/RectangleSelector.build/Debug-appletvos/RectangleSelector-t.build/Objects-normal/arm64/RectangleSelector.swiftsourceinfo (in target 'RectangleSelector' from project 'RectangleSelector')
cd /Users/admin/builder/spi-builder-workspace
builtin-copy -exclude .DS_Store -exclude CVS -exclude .svn -exclude .git -exclude .hg -resolve-src-symlinks -rename /Users/admin/builder/spi-builder-workspace/.derivedData/Build/Intermediates.noindex/RectangleSelector.build/Debug-appletvos/RectangleSelector-t.build/Objects-normal/arm64/RectangleSelector.swiftsourceinfo /Users/admin/builder/spi-builder-workspace/.derivedData/Build/Products/Debug-appletvos/RectangleSelector.swiftmodule/Project/arm64-apple-tvos.swiftsourceinfo
SwiftDriverJobDiscovery normal arm64 Compiling GuideConfig.swift, HandleConfig.swift (in target 'RectangleSelector' from project 'RectangleSelector')
PruneExplicitPrecompiledModules /Users/admin/builder/spi-builder-workspace/.derivedData/Build/Intermediates.noindex/ExplicitPrecompiledModules
PruneExplicitPrecompiledModules /Users/admin/builder/spi-builder-workspace/.derivedData/Build/Intermediates.noindex/SwiftExplicitPrecompiledModules
PruneExplicitPrecompiledModules /Users/admin/builder/spi-builder-workspace/.derivedData/SDKExplicitPrecompiledModules
2026-09-21 01:14:02.495 xcodebuild[627:3912] [MT] IDERunDestination: Supported platforms for the buildables in the current scheme is empty.
** BUILD FAILED **
The following build commands failed:
SwiftCompile normal arm64 /Users/admin/builder/spi-builder-workspace/Sources/RectangleSelector/HandleView.swift (in target 'RectangleSelector' from project 'RectangleSelector')
SwiftCompile normal arm64 Compiling\ GuideView.swift,\ HandleView.swift /Users/admin/builder/spi-builder-workspace/Sources/RectangleSelector/GuideView.swift /Users/admin/builder/spi-builder-workspace/Sources/RectangleSelector/HandleView.swift (in target 'RectangleSelector' from project 'RectangleSelector')
Building workspace RectangleSelector with scheme RectangleSelector
(3 failures)
Command line invocation:
/Applications/Xcode-27.0.0-Release.Candidate.app/Contents/Developer/usr/bin/xcodebuild -IDEClonedSourcePackagesDirPathOverride=/Users/admin/builder/spi-builder-workspace/.dependencies -resolvePackageDependencies
Resolve Package Graph
Resolved source packages:
RectangleSelector: /Users/admin/builder/spi-builder-workspace
resolved source packages: RectangleSelector
2026-09-21 01:14:11.800 xcodebuild[730:4452] [MT] IDERunDestination: Supported platforms for the buildables in the current scheme is empty.
{
"dependencies" : [
],
"manifest_display_name" : "RectangleSelector",
"name" : "RectangleSelector",
"path" : "/Users/admin/builder/spi-builder-workspace",
"platforms" : [
],
"products" : [
{
"name" : "RectangleSelector",
"targets" : [
"RectangleSelector"
],
"type" : {
"library" : [
"automatic"
]
}
}
],
"targets" : [
{
"c99name" : "RectangleSelectorTests",
"module_type" : "SwiftTarget",
"name" : "RectangleSelectorTests",
"path" : "Tests/RectangleSelectorTests",
"sources" : [
"RectangleSelectorTests.swift"
],
"target_dependencies" : [
"RectangleSelector"
],
"type" : "test"
},
{
"c99name" : "RectangleSelector",
"module_type" : "SwiftTarget",
"name" : "RectangleSelector",
"path" : "Sources/RectangleSelector",
"product_memberships" : [
"RectangleSelector"
],
"sources" : [
"Extension/CATransaction+.swift",
"Extension/UIColor+.swift",
"Extension/UIView+.swift",
"GridView.swift",
"GuideView.swift",
"HandleView.swift",
"Layer/EdgeHandleShapeLayer.swift",
"Model/AspectMode.swift",
"Model/Config/Config.swift",
"Model/Config/GridConfig.swift",
"Model/Config/GuideConfig.swift",
"Model/Config/HandleConfig.swift",
"Model/Config/HandleConfigs.swift",
"Model/HandlePosition.swift",
"Model/HandleStyle.swift",
"OverlayView.swift",
"RectangleSelectorView.swift"
],
"type" : "library"
}
],
"tools_version" : "5.9"
}
{
"workspace" : {
"name" : "RectangleSelector",
"schemes" : [
"RectangleSelector"
]
}
}
2026-09-21 01:14:13.063 xcodebuild[738:4520] [MT] IDERunDestination: Supported platforms for the buildables in the current scheme is empty.
Running build ...
env DEVELOPER_DIR=/Applications/Xcode-27.0.0-Release.Candidate.app xcrun xcodebuild -IDEClonedSourcePackagesDirPathOverride=$PWD/.dependencies -skipMacroValidation -skipPackagePluginValidation -derivedDataPath $PWD/.derivedData build -scheme RectangleSelector -destination generic/platform=tvOS
Command line invocation:
/Applications/Xcode-27.0.0-Release.Candidate.app/Contents/Developer/usr/bin/xcodebuild -IDEClonedSourcePackagesDirPathOverride=/Users/admin/builder/spi-builder-workspace/.dependencies -skipMacroValidation -skipPackagePluginValidation -derivedDataPath /Users/admin/builder/spi-builder-workspace/.derivedData build -scheme RectangleSelector -destination generic/platform=tvOS
Resolve Package Graph
Resolved source packages:
RectangleSelector: /Users/admin/builder/spi-builder-workspace
ComputePackagePrebuildTargetDependencyGraph
Prepare packages
CreateBuildRequest
SendProjectDescription
CreateBuildOperation
ComputeTargetDependencyGraph
note: Building targets in dependency order
note: Target dependency graph (2 targets)
Target 'RectangleSelector-product' in project 'RectangleSelector'
➜ Explicit dependency on target 'RectangleSelector' in project 'RectangleSelector'
Target 'RectangleSelector' in project 'RectangleSelector' (no dependencies)
GatherProvisioningInputs
CreateBuildDescription
ClangStatCache /Applications/Xcode-27.0.0-Release.Candidate.app/Contents/Developer/Toolchains/XcodeDefault.xctoolchain/usr/bin/clang-stat-cache /Applications/Xcode-27.0.0-Release.Candidate.app/Contents/Developer/Platforms/AppleTVOS.platform/Developer/SDKs/AppleTVOS27.0.sdk /Users/admin/builder/spi-builder-workspace/.derivedData/SDKStatCaches.noindex/appletvos27.0-24J360-e829b21a6f8c9b70876ba0858053c044b32bfd8d43560033f8d89884cdb90028.sdkstatcache
cd /Users/admin/builder/spi-builder-workspace/.swiftpm/xcode
/Applications/Xcode-27.0.0-Release.Candidate.app/Contents/Developer/Toolchains/XcodeDefault.xctoolchain/usr/bin/clang-stat-cache /Applications/Xcode-27.0.0-Release.Candidate.app/Contents/Developer/Platforms/AppleTVOS.platform/Developer/SDKs/AppleTVOS27.0.sdk -o /Users/admin/builder/spi-builder-workspace/.derivedData/SDKStatCaches.noindex/appletvos27.0-24J360-e829b21a6f8c9b70876ba0858053c044b32bfd8d43560033f8d89884cdb90028.sdkstatcache
SwiftDriver RectangleSelector normal arm64 com.apple.xcode.tools.swift.compiler (in target 'RectangleSelector' from project 'RectangleSelector')
cd /Users/admin/builder/spi-builder-workspace/.swiftpm/xcode
builtin-SwiftDriver -- /Applications/Xcode-27.0.0-Release.Candidate.app/Contents/Developer/Toolchains/XcodeDefault.xctoolchain/usr/bin/swiftc -parse-as-library -module-name RectangleSelector -Onone @/Users/admin/builder/spi-builder-workspace/.derivedData/Build/Intermediates.noindex/RectangleSelector.build/Debug-appletvos/RectangleSelector-t.build/Objects-normal/arm64/RectangleSelector.SwiftFileList -DSWIFT_PACKAGE -DDEBUG -DSWIFT_MODULE_RESOURCE_BUNDLE_UNAVAILABLE -DXcode -plugin-path /Applications/Xcode-27.0.0-Release.Candidate.app/Contents/Developer/Toolchains/XcodeDefault.xctoolchain/usr/lib/swift/host/plugins/testing -enable-experimental-feature DebugDescriptionMacro -sdk /Applications/Xcode-27.0.0-Release.Candidate.app/Contents/Developer/Platforms/AppleTVOS.platform/Developer/SDKs/AppleTVOS27.0.sdk -target arm64-apple-tvos15.0 -g -module-cache-path /Users/admin/builder/spi-builder-workspace/.derivedData/ModuleCache.noindex -Xfrontend -serialize-debugging-options -profile-coverage-mapping -profile-generate -enable-testing -index-store-path /Users/admin/builder/spi-builder-workspace/.derivedData/Index.noindex/DataStore -Xcc -D_LIBCPP_HARDENING_MODE\=_LIBCPP_HARDENING_MODE_DEBUG -swift-version 5 -I /Users/admin/builder/spi-builder-workspace/.derivedData/Build/Products/Debug-appletvos -Isystem /Applications/Xcode-27.0.0-Release.Candidate.app/Contents/Developer/Platforms/AppleTVOS.platform/Developer/usr/lib -F /Users/admin/builder/spi-builder-workspace/.derivedData/Build/Products/Debug-appletvos -F /Applications/Xcode-27.0.0-Release.Candidate.app/Contents/Developer/Platforms/AppleTVOS.platform/Developer/Library/Frameworks -F /Applications/Xcode-27.0.0-Release.Candidate.app/Contents/Developer/Platforms/AppleTVOS.platform/Developer/SDKs/AppleTVOS27.0.sdk/Developer/Library/Frameworks -c -j10 -enable-batch-mode -incremental -Xcc -ivfsstatcache -Xcc /Users/admin/builder/spi-builder-workspace/.derivedData/SDKStatCaches.noindex/appletvos27.0-24J360-e829b21a6f8c9b70876ba0858053c044b32bfd8d43560033f8d89884cdb90028.sdkstatcache -output-file-map /Users/admin/builder/spi-builder-workspace/.derivedData/Build/Intermediates.noindex/RectangleSelector.build/Debug-appletvos/RectangleSelector-t.build/Objects-normal/arm64/RectangleSelector-OutputFileMap.json -save-temps -no-color-diagnostics -explicit-module-build -module-cache-path /Users/admin/builder/spi-builder-workspace/.derivedData/Build/Intermediates.noindex/SwiftExplicitPrecompiledModules -clang-scanner-module-cache-path /Users/admin/builder/spi-builder-workspace/.derivedData/ModuleCache.noindex -sdk-module-cache-path /Users/admin/builder/spi-builder-workspace/.derivedData/SDKExplicitPrecompiledModules -emit-dependencies -emit-module -emit-module-path /Users/admin/builder/spi-builder-workspace/.derivedData/Build/Intermediates.noindex/RectangleSelector.build/Debug-appletvos/RectangleSelector-t.build/Objects-normal/arm64/RectangleSelector.swiftmodule -serialize-diagnostics -dependency-scan-serialize-diagnostics-path /Users/admin/builder/spi-builder-workspace/.derivedData/Build/Intermediates.noindex/RectangleSelector.build/Debug-appletvos/RectangleSelector-t.build/Objects-normal/arm64/RectangleSelector-dependency-scan.dia -validate-clang-modules-once -clang-build-session-file /Users/admin/builder/spi-builder-workspace/.derivedData/ModuleCache.noindex/Session.modulevalidation -Xcc -fmodules-prune-interval\=86400 -Xcc -fmodules-prune-after\=345600 -package-name spi_builder_workspace -emit-const-values -const-gather-protocols-list /Users/admin/builder/spi-builder-workspace/.derivedData/Build/Intermediates.noindex/RectangleSelector.build/Debug-appletvos/RectangleSelector-t.build/Objects-normal/arm64/RectangleSelector_const_extract_protocols.json -Xcc -I/Users/admin/builder/spi-builder-workspace/.derivedData/Build/Products/Debug-appletvos/include -Xcc -I/Users/admin/builder/spi-builder-workspace/.derivedData/Build/Intermediates.noindex/RectangleSelector.build/Debug-appletvos/RectangleSelector-t.build/DerivedSources-normal/arm64 -Xcc -I/Users/admin/builder/spi-builder-workspace/.derivedData/Build/Intermediates.noindex/RectangleSelector.build/Debug-appletvos/RectangleSelector-t.build/DerivedSources/arm64 -Xcc -I/Users/admin/builder/spi-builder-workspace/.derivedData/Build/Intermediates.noindex/RectangleSelector.build/Debug-appletvos/RectangleSelector-t.build/DerivedSources -Xcc -DSWIFT_PACKAGE -Xcc -DDEBUG\=1 -emit-objc-header -emit-objc-header-path /Users/admin/builder/spi-builder-workspace/.derivedData/Build/Intermediates.noindex/RectangleSelector.build/Debug-appletvos/RectangleSelector-t.build/Objects-normal/arm64/RectangleSelector-Swift.h -working-directory /Users/admin/builder/spi-builder-workspace/.swiftpm/xcode -experimental-emit-module-separately -disable-cmo
SwiftCompile normal arm64 Compiling\ Config.swift /Users/admin/builder/spi-builder-workspace/Sources/RectangleSelector/Model/Config/Config.swift (in target 'RectangleSelector' from project 'RectangleSelector')
SwiftCompile normal arm64 /Users/admin/builder/spi-builder-workspace/Sources/RectangleSelector/Model/Config/Config.swift (in target 'RectangleSelector' from project 'RectangleSelector')
cd /Users/admin/builder/spi-builder-workspace/.swiftpm/xcode
builtin-SwiftPerFileCompile Config.swift
SwiftCompile normal arm64 Compiling\ CATransaction+.swift,\ UIColor+.swift /Users/admin/builder/spi-builder-workspace/Sources/RectangleSelector/Extension/CATransaction+.swift /Users/admin/builder/spi-builder-workspace/Sources/RectangleSelector/Extension/UIColor+.swift (in target 'RectangleSelector' from project 'RectangleSelector')
SwiftCompile normal arm64 /Users/admin/builder/spi-builder-workspace/Sources/RectangleSelector/Extension/CATransaction+.swift (in target 'RectangleSelector' from project 'RectangleSelector')
cd /Users/admin/builder/spi-builder-workspace/.swiftpm/xcode
builtin-SwiftPerFileCompile CATransaction+.swift
SwiftCompile normal arm64 /Users/admin/builder/spi-builder-workspace/Sources/RectangleSelector/Extension/UIColor+.swift (in target 'RectangleSelector' from project 'RectangleSelector')
cd /Users/admin/builder/spi-builder-workspace/.swiftpm/xcode
builtin-SwiftPerFileCompile UIColor+.swift
SwiftCompile normal arm64 Compiling\ AspectMode.swift /Users/admin/builder/spi-builder-workspace/Sources/RectangleSelector/Model/AspectMode.swift (in target 'RectangleSelector' from project 'RectangleSelector')
SwiftCompile normal arm64 /Users/admin/builder/spi-builder-workspace/Sources/RectangleSelector/Model/AspectMode.swift (in target 'RectangleSelector' from project 'RectangleSelector')
cd /Users/admin/builder/spi-builder-workspace/.swiftpm/xcode
builtin-SwiftPerFileCompile AspectMode.swift
SwiftCompile normal arm64 Compiling\ HandleView.swift /Users/admin/builder/spi-builder-workspace/Sources/RectangleSelector/HandleView.swift (in target 'RectangleSelector' from project 'RectangleSelector')
/Users/admin/builder/spi-builder-workspace/Sources/RectangleSelector/HandleView.swift:55:9: error: 'isExclusiveTouch' is unavailable in tvOS
53 | extension HandleView {
54 | private func setup() {
55 | isExclusiveTouch = true
| `- error: 'isExclusiveTouch' is unavailable in tvOS
56 | translatesAutoresizingMaskIntoConstraints = false
57 | visualView.translatesAutoresizingMaskIntoConstraints = false
/Applications/Xcode-27.0.0-Release.Candidate.app/Contents/Developer/Platforms/AppleTVOS.platform/Developer/SDKs/AppleTVOS27.0.sdk/System/Library/Frameworks/UIKit.framework/Headers/UIView.h:209:57: note: 'isExclusiveTouch' has been explicitly marked unavailable here
207 |
208 | @property(nonatomic,getter=isMultipleTouchEnabled) BOOL multipleTouchEnabled API_UNAVAILABLE(tvos); // default is NO
209 | @property(nonatomic,getter=isExclusiveTouch) BOOL exclusiveTouch API_UNAVAILABLE(tvos); // default is NO
| `- note: 'isExclusiveTouch' has been explicitly marked unavailable here
210 |
211 | - (nullable UIView *)hitTest:(CGPoint)point withEvent:(nullable UIEvent *)event; // recursively calls -pointInside:withEvent:. point is in the receiver's coordinate system
/Users/admin/builder/spi-builder-workspace/Sources/RectangleSelector/HandleView.swift:59:20: error: 'isExclusiveTouch' is unavailable in tvOS
57 | visualView.translatesAutoresizingMaskIntoConstraints = false
58 | visualView.isUserInteractionEnabled = false
59 | visualView.isExclusiveTouch = true
| `- error: 'isExclusiveTouch' is unavailable in tvOS
60 | visualView.layer.addSublayer(normalShapeLayer)
61 | visualView.layer.addSublayer(edgeShapeLayer)
/Applications/Xcode-27.0.0-Release.Candidate.app/Contents/Developer/Platforms/AppleTVOS.platform/Developer/SDKs/AppleTVOS27.0.sdk/System/Library/Frameworks/UIKit.framework/Headers/UIView.h:209:57: note: 'isExclusiveTouch' has been explicitly marked unavailable here
207 |
208 | @property(nonatomic,getter=isMultipleTouchEnabled) BOOL multipleTouchEnabled API_UNAVAILABLE(tvos); // default is NO
209 | @property(nonatomic,getter=isExclusiveTouch) BOOL exclusiveTouch API_UNAVAILABLE(tvos); // default is NO
| `- note: 'isExclusiveTouch' has been explicitly marked unavailable here
210 |
211 | - (nullable UIView *)hitTest:(CGPoint)point withEvent:(nullable UIEvent *)event; // recursively calls -pointInside:withEvent:. point is in the receiver's coordinate system
Failed frontend command:
SwiftCompile normal arm64 /Users/admin/builder/spi-builder-workspace/Sources/RectangleSelector/HandleView.swift (in target 'RectangleSelector' from project 'RectangleSelector')
cd /Users/admin/builder/spi-builder-workspace/.swiftpm/xcode
builtin-SwiftPerFileCompile HandleView.swift
/Applications/Xcode-27.0.0-Release.Candidate.app/Contents/Developer/Toolchains/XcodeDefault.xctoolchain/usr/bin/swift-frontend -frontend -c /Users/admin/builder/spi-builder-workspace/Sources/RectangleSelector/Extension/CATransaction+.swift /Users/admin/builder/spi-builder-workspace/Sources/RectangleSelector/Extension/UIColor+.swift /Users/admin/builder/spi-builder-workspace/Sources/RectangleSelector/Extension/UIView+.swift /Users/admin/builder/spi-builder-workspace/Sources/RectangleSelector/GridView.swift /Users/admin/builder/spi-builder-workspace/Sources/RectangleSelector/GuideView.swift -primary-file /Users/admin/builder/spi-builder-workspace/Sources/RectangleSelector/HandleView.swift /Users/admin/builder/spi-builder-workspace/Sources/RectangleSelector/Layer/EdgeHandleShapeLayer.swift /Users/admin/builder/spi-builder-workspace/Sources/RectangleSelector/Model/AspectMode.swift /Users/admin/builder/spi-builder-workspace/Sources/RectangleSelector/Model/Config/Config.swift /Users/admin/builder/spi-builder-workspace/Sources/RectangleSelector/Model/Config/GridConfig.swift /Users/admin/builder/spi-builder-workspace/Sources/RectangleSelector/Model/Config/GuideConfig.swift /Users/admin/builder/spi-builder-workspace/Sources/RectangleSelector/Model/Config/HandleConfig.swift /Users/admin/builder/spi-builder-workspace/Sources/RectangleSelector/Model/Config/HandleConfigs.swift /Users/admin/builder/spi-builder-workspace/Sources/RectangleSelector/Model/HandlePosition.swift /Users/admin/builder/spi-builder-workspace/Sources/RectangleSelector/Model/HandleStyle.swift /Users/admin/builder/spi-builder-workspace/Sources/RectangleSelector/OverlayView.swift /Users/admin/builder/spi-builder-workspace/Sources/RectangleSelector/RectangleSelectorView.swift -emit-dependencies-path /Users/admin/builder/spi-builder-workspace/.derivedData/Build/Intermediates.noindex/RectangleSelector.build/Debug-appletvos/RectangleSelector-t.build/Objects-normal/arm64/HandleView.d -emit-const-values-path /Users/admin/builder/spi-builder-workspace/.derivedData/Build/Intermediates.noindex/RectangleSelector.build/Debug-appletvos/RectangleSelector-t.build/Objects-normal/arm64/HandleView.swiftconstvalues -emit-reference-dependencies-path /Users/admin/builder/spi-builder-workspace/.derivedData/Build/Intermediates.noindex/RectangleSelector.build/Debug-appletvos/RectangleSelector-t.build/Objects-normal/arm64/HandleView.swiftdeps -serialize-diagnostics-path /Users/admin/builder/spi-builder-workspace/.derivedData/Build/Intermediates.noindex/RectangleSelector.build/Debug-appletvos/RectangleSelector-t.build/Objects-normal/arm64/HandleView.dia -target arm64-apple-tvos15.0 -disable-cross-import-overlay-search -load-resolved-plugin /Applications/Xcode-27.0.0-Release.Candidate.app/Contents/Developer/Platforms/AppleTVOS.platform/Developer/usr/lib/swift/host/plugins/libFoundationMacros.dylib\#/Applications/Xcode-27.0.0-Release.Candidate.app/Contents/Developer/Platforms/AppleTVOS.platform/Developer/usr/bin/swift-plugin-server\#FoundationMacros -load-resolved-plugin /Applications/Xcode-27.0.0-Release.Candidate.app/Contents/Developer/Platforms/AppleTVOS.platform/Developer/usr/lib/swift/host/plugins/libObservationMacros.dylib\#/Applications/Xcode-27.0.0-Release.Candidate.app/Contents/Developer/Platforms/AppleTVOS.platform/Developer/usr/bin/swift-plugin-server\#ObservationMacros -load-resolved-plugin /Applications/Xcode-27.0.0-Release.Candidate.app/Contents/Developer/Platforms/AppleTVOS.platform/Developer/usr/lib/swift/host/plugins/libPreviewsMacros.dylib\#/Applications/Xcode-27.0.0-Release.Candidate.app/Contents/Developer/Platforms/AppleTVOS.platform/Developer/usr/bin/swift-plugin-server\#PreviewsMacros -load-resolved-plugin /Applications/Xcode-27.0.0-Release.Candidate.app/Contents/Developer/Platforms/AppleTVOS.platform/Developer/usr/lib/swift/host/plugins/libSwiftMacros.dylib\#/Applications/Xcode-27.0.0-Release.Candidate.app/Contents/Developer/Platforms/AppleTVOS.platform/Developer/usr/bin/swift-plugin-server\#SwiftMacros -load-resolved-plugin /Applications/Xcode-27.0.0-Release.Candidate.app/Contents/Developer/Platforms/AppleTVOS.platform/Developer/usr/lib/swift/host/plugins/libSwiftUIMacros.dylib\#/Applications/Xcode-27.0.0-Release.Candidate.app/Contents/Developer/Platforms/AppleTVOS.platform/Developer/usr/bin/swift-plugin-server\#SwiftUIMacros -disable-implicit-swift-modules -Xcc -fno-implicit-modules -Xcc -fno-implicit-module-maps -explicit-swift-module-map-file /Users/admin/builder/spi-builder-workspace/.derivedData/Build/Intermediates.noindex/RectangleSelector.build/Debug-appletvos/RectangleSelector-t.build/Objects-normal/arm64/RectangleSelector-dependencies-1.json -Xllvm -aarch64-use-tbi -enable-objc-interop -stack-check -sdk /Applications/Xcode-27.0.0-Release.Candidate.app/Contents/Developer/Platforms/AppleTVOS.platform/Developer/SDKs/AppleTVOS27.0.sdk -I /Users/admin/builder/spi-builder-workspace/.derivedData/Build/Products/Debug-appletvos -Isystem /Applications/Xcode-27.0.0-Release.Candidate.app/Contents/Developer/Platforms/AppleTVOS.platform/Developer/usr/lib -F /Users/admin/builder/spi-builder-workspace/.derivedData/Build/Products/Debug-appletvos -F /Applications/Xcode-27.0.0-Release.Candidate.app/Contents/Developer/Platforms/AppleTVOS.platform/Developer/Library/Frameworks -F /Applications/Xcode-27.0.0-Release.Candidate.app/Contents/Developer/Platforms/AppleTVOS.platform/Developer/SDKs/AppleTVOS27.0.sdk/Developer/Library/Frameworks -module-cache-path /Users/admin/builder/spi-builder-workspace/.derivedData/Build/Intermediates.noindex/SwiftExplicitPrecompiledModules -no-color-diagnostics -Xcc -fno-color-diagnostics -enable-testing -g -debug-info-format\=dwarf -dwarf-version\=4 -profile-generate -profile-coverage-mapping -swift-version 5 -Onone -D SWIFT_PACKAGE -D DEBUG -D SWIFT_MODULE_RESOURCE_BUNDLE_UNAVAILABLE -D Xcode -serialize-debugging-options -enable-experimental-feature DebugDescriptionMacro -empty-abi-descriptor -validate-clang-modules-once -clang-build-session-file /Users/admin/builder/spi-builder-workspace/.derivedData/ModuleCache.noindex/Session.modulevalidation -Xcc -working-directory -Xcc /Users/admin/builder/spi-builder-workspace/.swiftpm/xcode -enable-anonymous-context-mangled-names -file-compilation-dir /Users/admin/builder/spi-builder-workspace/.swiftpm/xcode -Xcc -D_LIBCPP_HARDENING_MODE\=_LIBCPP_HARDENING_MODE_DEBUG -Xcc -ivfsstatcache -Xcc /Users/admin/builder/spi-builder-workspace/.derivedData/SDKStatCaches.noindex/appletvos27.0-24J360-e829b21a6f8c9b70876ba0858053c044b32bfd8d43560033f8d89884cdb90028.sdkstatcache -Xcc -fmodules-prune-interval\=86400 -Xcc -fmodules-prune-after\=345600 -Xcc -I/Users/admin/builder/spi-builder-workspace/.derivedData/Build/Products/Debug-appletvos/include -Xcc -I/Users/admin/builder/spi-builder-workspace/.derivedData/Build/Intermediates.noindex/RectangleSelector.build/Debug-appletvos/RectangleSelector-t.build/DerivedSources-normal/arm64 -Xcc -I/Users/admin/builder/spi-builder-workspace/.derivedData/Build/Intermediates.noindex/RectangleSelector.build/Debug-appletvos/RectangleSelector-t.build/DerivedSources/arm64 -Xcc -I/Users/admin/builder/spi-builder-workspace/.derivedData/Build/Intermediates.noindex/RectangleSelector.build/Debug-appletvos/RectangleSelector-t.build/DerivedSources -Xcc -DSWIFT_PACKAGE -Xcc -DDEBUG\=1 -no-auto-bridging-header-chaining -module-name RectangleSelector -package-name spi_builder_workspace -const-gather-protocols-file /Users/admin/builder/spi-builder-workspace/.derivedData/Build/Intermediates.noindex/RectangleSelector.build/Debug-appletvos/RectangleSelector-t.build/Objects-normal/arm64/RectangleSelector_const_extract_protocols.json -disable-clang-spi -clang-target arm64-apple-tvos27.0 -target-sdk-version 27.0 -target-sdk-name appletvos27.0 -in-process-plugin-server-path /Applications/Xcode-27.0.0-Release.Candidate.app/Contents/Developer/Toolchains/XcodeDefault.xctoolchain/usr/lib/swift/host/libSwiftInProcPluginServer.dylib -parse-as-library -o /Users/admin/builder/spi-builder-workspace/.derivedData/Build/Intermediates.noindex/RectangleSelector.build/Debug-appletvos/RectangleSelector-t.build/Objects-normal/arm64/HandleView.o -debug-module-path /Users/admin/builder/spi-builder-workspace/.derivedData/Build/Intermediates.noindex/RectangleSelector.build/Debug-appletvos/RectangleSelector-t.build/Objects-normal/arm64/RectangleSelector.swiftmodule -index-unit-output-path /RectangleSelector.build/Debug-appletvos/RectangleSelector-t.build/Objects-normal/arm64/HandleView.o -index-store-path /Users/admin/builder/spi-builder-workspace/.derivedData/Index.noindex/DataStore -index-system-modules
SwiftCompile normal arm64 Compiling\ EdgeHandleShapeLayer.swift /Users/admin/builder/spi-builder-workspace/Sources/RectangleSelector/Layer/EdgeHandleShapeLayer.swift (in target 'RectangleSelector' from project 'RectangleSelector')
SwiftCompile normal arm64 /Users/admin/builder/spi-builder-workspace/Sources/RectangleSelector/Layer/EdgeHandleShapeLayer.swift (in target 'RectangleSelector' from project 'RectangleSelector')
cd /Users/admin/builder/spi-builder-workspace/.swiftpm/xcode
builtin-SwiftPerFileCompile EdgeHandleShapeLayer.swift
SwiftCompile normal arm64 Compiling\ GridConfig.swift /Users/admin/builder/spi-builder-workspace/Sources/RectangleSelector/Model/Config/GridConfig.swift (in target 'RectangleSelector' from project 'RectangleSelector')
SwiftCompile normal arm64 /Users/admin/builder/spi-builder-workspace/Sources/RectangleSelector/Model/Config/GridConfig.swift (in target 'RectangleSelector' from project 'RectangleSelector')
cd /Users/admin/builder/spi-builder-workspace/.swiftpm/xcode
builtin-SwiftPerFileCompile GridConfig.swift
SwiftCompile normal arm64 Compiling\ GuideView.swift /Users/admin/builder/spi-builder-workspace/Sources/RectangleSelector/GuideView.swift (in target 'RectangleSelector' from project 'RectangleSelector')
SwiftCompile normal arm64 /Users/admin/builder/spi-builder-workspace/Sources/RectangleSelector/GuideView.swift (in target 'RectangleSelector' from project 'RectangleSelector')
cd /Users/admin/builder/spi-builder-workspace/.swiftpm/xcode
builtin-SwiftPerFileCompile GuideView.swift
SwiftCompile normal arm64 Compiling\ RectangleSelectorView.swift /Users/admin/builder/spi-builder-workspace/Sources/RectangleSelector/RectangleSelectorView.swift (in target 'RectangleSelector' from project 'RectangleSelector')
SwiftCompile normal arm64 /Users/admin/builder/spi-builder-workspace/Sources/RectangleSelector/RectangleSelectorView.swift (in target 'RectangleSelector' from project 'RectangleSelector')
cd /Users/admin/builder/spi-builder-workspace/.swiftpm/xcode
builtin-SwiftPerFileCompile RectangleSelectorView.swift
SwiftEmitModule normal arm64 Emitting\ module\ for\ RectangleSelector (in target 'RectangleSelector' from project 'RectangleSelector')
SwiftCompile normal arm64 (in target 'RectangleSelector' from project 'RectangleSelector')
cd /Users/admin/builder/spi-builder-workspace/.swiftpm/xcode
SwiftCompile normal arm64 Compiling\ UIView+.swift,\ GridView.swift /Users/admin/builder/spi-builder-workspace/Sources/RectangleSelector/Extension/UIView+.swift /Users/admin/builder/spi-builder-workspace/Sources/RectangleSelector/GridView.swift (in target 'RectangleSelector' from project 'RectangleSelector')
SwiftCompile normal arm64 /Users/admin/builder/spi-builder-workspace/Sources/RectangleSelector/Extension/UIView+.swift (in target 'RectangleSelector' from project 'RectangleSelector')
cd /Users/admin/builder/spi-builder-workspace/.swiftpm/xcode
builtin-SwiftPerFileCompile UIView+.swift
SwiftCompile normal arm64 /Users/admin/builder/spi-builder-workspace/Sources/RectangleSelector/GridView.swift (in target 'RectangleSelector' from project 'RectangleSelector')
cd /Users/admin/builder/spi-builder-workspace/.swiftpm/xcode
builtin-SwiftPerFileCompile GridView.swift
SwiftCompile normal arm64 Compiling\ OverlayView.swift /Users/admin/builder/spi-builder-workspace/Sources/RectangleSelector/OverlayView.swift (in target 'RectangleSelector' from project 'RectangleSelector')
SwiftCompile normal arm64 /Users/admin/builder/spi-builder-workspace/Sources/RectangleSelector/OverlayView.swift (in target 'RectangleSelector' from project 'RectangleSelector')
cd /Users/admin/builder/spi-builder-workspace/.swiftpm/xcode
builtin-SwiftPerFileCompile OverlayView.swift
SwiftDriverJobDiscovery normal arm64 Compiling AspectMode.swift (in target 'RectangleSelector' from project 'RectangleSelector')
SwiftDriverJobDiscovery normal arm64 Compiling Config.swift (in target 'RectangleSelector' from project 'RectangleSelector')
SwiftDriverJobDiscovery normal arm64 Compiling GridConfig.swift (in target 'RectangleSelector' from project 'RectangleSelector')
SwiftDriverJobDiscovery normal arm64 Compiling CATransaction+.swift, UIColor+.swift (in target 'RectangleSelector' from project 'RectangleSelector')
SwiftCompile normal arm64 Compiling\ HandleConfig.swift /Users/admin/builder/spi-builder-workspace/Sources/RectangleSelector/Model/Config/HandleConfig.swift (in target 'RectangleSelector' from project 'RectangleSelector')
SwiftCompile normal arm64 /Users/admin/builder/spi-builder-workspace/Sources/RectangleSelector/Model/Config/HandleConfig.swift (in target 'RectangleSelector' from project 'RectangleSelector')
cd /Users/admin/builder/spi-builder-workspace/.swiftpm/xcode
builtin-SwiftPerFileCompile HandleConfig.swift
SwiftCompile normal arm64 Compiling\ GuideConfig.swift /Users/admin/builder/spi-builder-workspace/Sources/RectangleSelector/Model/Config/GuideConfig.swift (in target 'RectangleSelector' from project 'RectangleSelector')
SwiftCompile normal arm64 /Users/admin/builder/spi-builder-workspace/Sources/RectangleSelector/Model/Config/GuideConfig.swift (in target 'RectangleSelector' from project 'RectangleSelector')
cd /Users/admin/builder/spi-builder-workspace/.swiftpm/xcode
builtin-SwiftPerFileCompile GuideConfig.swift
SwiftDriverJobDiscovery normal arm64 Compiling GuideView.swift (in target 'RectangleSelector' from project 'RectangleSelector')
PruneExplicitPrecompiledModules /Users/admin/builder/spi-builder-workspace/.derivedData/SDKExplicitPrecompiledModules
PruneExplicitPrecompiledModules /Users/admin/builder/spi-builder-workspace/.derivedData/Build/Intermediates.noindex/ExplicitPrecompiledModules
PruneExplicitPrecompiledModules /Users/admin/builder/spi-builder-workspace/.derivedData/Build/Intermediates.noindex/SwiftExplicitPrecompiledModules
2026-09-21 01:14:14.053 xcodebuild[739:4544] [MT] IDERunDestination: Supported platforms for the buildables in the current scheme is empty.
** BUILD FAILED **
The following build commands failed:
SwiftCompile normal arm64 /Users/admin/builder/spi-builder-workspace/Sources/RectangleSelector/HandleView.swift (in target 'RectangleSelector' from project 'RectangleSelector')
SwiftCompile normal arm64 Compiling\ HandleView.swift /Users/admin/builder/spi-builder-workspace/Sources/RectangleSelector/HandleView.swift (in target 'RectangleSelector' from project 'RectangleSelector')
Building workspace RectangleSelector with scheme RectangleSelector
(3 failures)
BUILD FAILURE 6.4 tvOS