Build Information
Failed to build AssetLib, reference 0.2.1 (8f3d57), with Swift 6.4 for Wasm on 21 Sep 2026 22:30:37 UTC.
Build Command
bash -c docker run --pull=always --rm -v "checkouts-54344843-0":/host -w "$PWD" -e JAVA_HOME="/root/.sdkman/candidates/java/current" -e SPI_BUILD="1" -e SPI_PROCESSING="1" registry.gitlab.com/saguaro1/spi-images:wasm-6.4-latest swift build --swift-sdk swift-6.4.x-DEVELOPMENT-SNAPSHOT-2026-09-04-a_wasm 2>&1Build Log
========================================
RunAll
========================================
Builder version: 5.1.0
Interrupt handler set up.
========================================
Checkout
========================================
Clone URL: https://github.com/brightdigit/AssetLib.git
Reference: 0.2.1
Initialized empty Git repository in /host/spi-builder-workspace/.git/
hint: Using 'master' as the name for the initial branch. This default branch name
hint: is subject to change. To configure the initial branch name to use in all
hint: of your new repositories, which will suppress this warning, call:
hint:
hint: git config --global init.defaultBranch <name>
hint:
hint: Names commonly chosen instead of 'master' are 'main', 'trunk' and
hint: 'development'. The just-created branch can be renamed via this command:
hint:
hint: git branch -m <name>
From https://github.com/brightdigit/AssetLib
* tag 0.2.1 -> FETCH_HEAD
HEAD is now at 8f3d572 Make AssetSpecificationBuilder public as well as its init
Cloned https://github.com/brightdigit/AssetLib.git
Revision (git rev-parse @):
8f3d5727b77aaa0dcf8c0d05e1a01660f13816a1
SUCCESS checkout https://github.com/brightdigit/AssetLib.git at 0.2.1
========================================
Build
========================================
Selected platform: wasm
Swift version: 6.4
Building package at path: $PWD
https://github.com/brightdigit/AssetLib.git
Running build ...
bash -c docker run --pull=always --rm -v "checkouts-54344843-0":/host -w "$PWD" -e JAVA_HOME="/root/.sdkman/candidates/java/current" -e SPI_BUILD="1" -e SPI_PROCESSING="1" registry.gitlab.com/saguaro1/spi-images:wasm-6.4-latest swift build --swift-sdk swift-6.4.x-DEVELOPMENT-SNAPSHOT-2026-09-04-a_wasm 2>&1
wasm-6.4-latest: Pulling from saguaro1/spi-images
Digest: sha256:4328fdb43c680d205c1d6761b1e3267aa38277eefdda9ddfb17b6a0f1a77857a
Status: Image is up to date for registry.gitlab.com/saguaro1/spi-images:wasm-6.4-latest
Fetching https://github.com/realm/SwiftLint
Fetching https://github.com/shibapm/Komondor
Fetching https://github.com/nicklockwood/SwiftFormat
Fetching https://github.com/shibapm/Rocket
Fetching https://github.com/apple/swift-argument-parser
Fetching https://github.com/brightdigit/swift-test-codecov
[1/1386] Fetching rocket
[29/1895] Fetching rocket, komondor
[121/2225] Fetching rocket, komondor, swift-test-codecov
Fetched https://github.com/brightdigit/swift-test-codecov (0.47s)
Fetched https://github.com/shibapm/Rocket (0.47s)
[1/18918] Fetching swift-argument-parser
[18919/77756] Fetching swift-argument-parser, swiftformat
Fetched https://github.com/shibapm/Komondor (0.87s)
Fetched https://github.com/apple/swift-argument-parser (0.87s)
[3531/58838] Fetching swiftformat
[4709/224662] Fetching swiftformat, swiftlint
Fetched https://github.com/nicklockwood/SwiftFormat (16.67s)
Fetched https://github.com/realm/SwiftLint (23.85s)
Computing version for https://github.com/brightdigit/swift-test-codecov
Computed https://github.com/brightdigit/swift-test-codecov at 1.0.0 (0.18s)
Computing version for https://github.com/apple/swift-argument-parser
Computed https://github.com/apple/swift-argument-parser at 0.3.2 (0.19s)
Computing version for https://github.com/shibapm/Rocket
Computed https://github.com/shibapm/Rocket at 1.3.0 (0.18s)
Fetching https://github.com/shibapm/PackageConfig.git
Fetching https://github.com/jpsim/Yams
Fetching https://github.com/kareman/SwiftShell
Fetching https://github.com/shibapm/Logger
[1/580] Fetching packageconfig
[262/5471] Fetching packageconfig, swiftshell
[605/17332] Fetching packageconfig, swiftshell, yams
[14487/17448] Fetching packageconfig, swiftshell, yams, logger
Fetched https://github.com/shibapm/Logger (0.85s)
Fetched https://github.com/kareman/SwiftShell (0.85s)
[9951/12441] Fetching packageconfig, yams
Fetched https://github.com/shibapm/PackageConfig.git (1.07s)
Fetched https://github.com/jpsim/Yams (1.08s)
Computing version for https://github.com/kareman/SwiftShell
Computed https://github.com/kareman/SwiftShell at 5.1.1 (1.27s)
Computing version for https://github.com/shibapm/Logger
Computed https://github.com/shibapm/Logger at 0.2.3 (1.04s)
Computing version for https://github.com/shibapm/Komondor
Computed https://github.com/shibapm/Komondor at 1.1.4 (0.18s)
Fetching https://github.com/JohnSundell/ShellOut.git
[1/980] Fetching shellout
Fetched https://github.com/JohnSundell/ShellOut.git (0.90s)
Computing version for https://github.com/JohnSundell/ShellOut.git
Computed https://github.com/JohnSundell/ShellOut.git at 2.3.0 (1.08s)
Computing version for https://github.com/shibapm/PackageConfig.git
Computed https://github.com/shibapm/PackageConfig.git at 1.1.3 (0.18s)
Computing version for https://github.com/jpsim/Yams
Computed https://github.com/jpsim/Yams at 5.4.0 (0.18s)
Computing version for https://github.com/realm/SwiftLint
Computed https://github.com/brightdigit/swift-test-codecov at 1.0.0 (0.00s)
Computed https://github.com/apple/swift-argument-parser at 0.3.2 (0.00s)
Computed https://github.com/shibapm/Rocket at 1.2.1 (0.18s)
Computed https://github.com/shibapm/Logger at 0.2.3 (0.00s)
Computed https://github.com/jpsim/Yams.git at 4.0.6 (0.17s)
Computed https://github.com/shibapm/Komondor at 1.1.4 (0.00s)
Computed https://github.com/JohnSundell/ShellOut.git at 2.3.0 (0.00s)
Computed https://github.com/shibapm/PackageConfig.git at 1.1.3 (0.00s)
Computed https://github.com/realm/SwiftLint at 0.44.0 (0.00s)
Fetching https://github.com/jpsim/SourceKitten.git
Fetching https://github.com/krzyzanowskim/CryptoSwift.git
Fetching https://github.com/scottrhoyt/SwiftyTextTable.git
[1/929] Fetching swiftytexttable
[262/17282] Fetching swiftytexttable, sourcekitten
[760/30721] Fetching swiftytexttable, sourcekitten, cryptoswift
Fetched https://github.com/scottrhoyt/SwiftyTextTable.git (1.03s)
Fetched https://github.com/jpsim/SourceKitten.git (1.04s)
Fetched https://github.com/krzyzanowskim/CryptoSwift.git (1.04s)
Computing version for https://github.com/scottrhoyt/SwiftyTextTable.git
Computed https://github.com/scottrhoyt/SwiftyTextTable.git at 0.9.0 (2.09s)
Computing version for https://github.com/jpsim/SourceKitten.git
Computed https://github.com/jpsim/SourceKitten.git at 0.31.0 (0.18s)
Fetching https://github.com/drmohundro/SWXMLHash.git
[1/2876] Fetching swxmlhash
Fetched https://github.com/drmohundro/SWXMLHash.git (0.53s)
Computing version for https://github.com/drmohundro/SWXMLHash.git
Computed https://github.com/drmohundro/SWXMLHash.git at 5.0.2 (0.93s)
Computing version for https://github.com/krzyzanowskim/CryptoSwift.git
Computed https://github.com/krzyzanowskim/CryptoSwift.git at 1.3.8 (0.75s)
Computing version for https://github.com/nicklockwood/SwiftFormat
Computed https://github.com/nicklockwood/SwiftFormat at 0.63.0 (0.86s)
Computed https://github.com/kareman/SwiftShell at 5.1.0-beta.1 (0.81s)
Creating working copy for https://github.com/scottrhoyt/SwiftyTextTable.git
Working copy of https://github.com/scottrhoyt/SwiftyTextTable.git resolved at 0.9.0
Creating working copy for https://github.com/shibapm/Komondor
Working copy of https://github.com/shibapm/Komondor resolved at 1.1.4
Creating working copy for https://github.com/drmohundro/SWXMLHash.git
Working copy of https://github.com/drmohundro/SWXMLHash.git resolved at 5.0.2
Creating working copy for https://github.com/JohnSundell/ShellOut.git
Working copy of https://github.com/JohnSundell/ShellOut.git resolved at 2.3.0
Creating working copy for https://github.com/shibapm/PackageConfig.git
Working copy of https://github.com/shibapm/PackageConfig.git resolved at 1.1.3
Creating working copy for https://github.com/realm/SwiftLint
Working copy of https://github.com/realm/SwiftLint resolved at 0.44.0
Creating working copy for https://github.com/brightdigit/swift-test-codecov
Working copy of https://github.com/brightdigit/swift-test-codecov resolved at 1.0.0
Creating working copy for https://github.com/kareman/SwiftShell
Working copy of https://github.com/kareman/SwiftShell resolved at 5.1.0-beta.1
Creating working copy for https://github.com/jpsim/Yams
Working copy of https://github.com/jpsim/Yams resolved at 4.0.6
Creating working copy for https://github.com/shibapm/Rocket
Working copy of https://github.com/shibapm/Rocket resolved at 1.2.1
Creating working copy for https://github.com/shibapm/Logger
Working copy of https://github.com/shibapm/Logger resolved at 0.2.3
Creating working copy for https://github.com/apple/swift-argument-parser
Working copy of https://github.com/apple/swift-argument-parser resolved at 0.3.2
Creating working copy for https://github.com/krzyzanowskim/CryptoSwift.git
Working copy of https://github.com/krzyzanowskim/CryptoSwift.git resolved at 1.3.8
Creating working copy for https://github.com/nicklockwood/SwiftFormat
Working copy of https://github.com/nicklockwood/SwiftFormat resolved at 0.63.0
Creating working copy for https://github.com/jpsim/SourceKitten.git
Working copy of https://github.com/jpsim/SourceKitten.git resolved at 0.31.0
warning: 'komondor': Conflicting identity for rocket: dependency 'github.com/f-meloni/rocket' and dependency 'github.com/shibapm/rocket' both point to the same package identity 'rocket'. The dependencies are introduced through the following chains: (A) /host/spi-builder-workspace->github.com/shibapm/komondor->github.com/f-meloni/rocket (B) /host/spi-builder-workspace->github.com/shibapm/rocket. If there are multiple chains that lead to the same dependency, only the first chain is shown here. To see all chains use debug output option. To resolve the conflict, coordinate with the maintainer of the package that introduces the conflicting dependency. This will be escalated to an error in future versions of SwiftPM.
warning: 'komondor': Conflicting identity for rocket: dependency 'github.com/f-meloni/rocket' and dependency 'github.com/shibapm/rocket' both point to the same package identity 'rocket'. The dependencies are introduced through the following chains: (A) /host/spi-builder-workspace->github.com/shibapm/komondor->github.com/f-meloni/rocket (B) /host/spi-builder-workspace->github.com/shibapm/rocket. If there are multiple chains that lead to the same dependency, only the first chain is shown here. To see all chains use debug output option. To resolve the conflict, coordinate with the maintainer of the package that introduces the conflicting dependency. This will be escalated to an error in future versions of SwiftPM.
Building for debugging...
[Constructing description]
[Planning deferred tasks]
[28 / 47] ArgumentParser
error: SwiftCompile normal wasm32 failed with a nonzero exit code. Command line: cd /host
[37 / 64] AssetLib
/host/spi-builder-workspace/.build/checkouts/swift-argument-parser/Sources/ArgumentParser/Parsable Properties/Errors.swift:61:40: [1;31merror: [1;39mcannot find 'EXIT_SUCCESS' in scope[0;0m
[0;36m59 |[0;0m
[0;36m60 |[0;0m /// An exit code that indicates successful completion of a command.
[0;36m61 |[0;0m public static let success = ExitCode([4;39mEXIT_SUCCESS[0;0m)
[0;36m|[0;0m `- [1;31merror: [1;39mcannot find 'EXIT_SUCCESS' in scope[0;0m
[0;36m62 |[0;0m
[0;36m63 |[0;0m /// An exit code that indicates that the command failed.
/host/spi-builder-workspace/.build/checkouts/swift-argument-parser/Sources/ArgumentParser/Parsable Properties/Errors.swift:64:40: [1;31merror: [1;39mcannot find 'EXIT_FAILURE' in scope[0;0m
[0;36m62 |[0;0m
[0;36m63 |[0;0m /// An exit code that indicates that the command failed.
[0;36m64 |[0;0m public static let failure = ExitCode([4;39mEXIT_FAILURE[0;0m)
[0;36m|[0;0m `- [1;31merror: [1;39mcannot find 'EXIT_FAILURE' in scope[0;0m
[0;36m65 |[0;0m
[0;36m66 |[0;0m /// An exit code that indicates that the user provided invalid input.
/host/spi-builder-workspace/.build/checkouts/swift-argument-parser/Sources/ArgumentParser/Parsable Properties/Errors.swift:70:50: [1;31merror: [1;39mcannot find 'EX_USAGE' in scope[0;0m
[0;36m68 |[0;0m public static let validationFailure = ExitCode(ERROR_BAD_ARGUMENTS)
[0;36m69 |[0;0m #else
[0;36m70 |[0;0m public static let validationFailure = ExitCode([4;39mEX_USAGE[0;0m)
[0;36m|[0;0m `- [1;31merror: [1;39mcannot find 'EX_USAGE' in scope[0;0m
[0;36m71 |[0;0m #endif
[0;36m72 |[0;0m
Failed frontend command:
/usr/bin/swift-frontend -frontend -emit-module -experimental-skip-non-inlinable-function-bodies-without-types /host/spi-builder-workspace/.build/checkouts/swift-argument-parser/Sources/ArgumentParser/Completions/BashCompletionsGenerator.swift /host/spi-builder-workspace/.build/checkouts/swift-argument-parser/Sources/ArgumentParser/Completions/CompletionsGenerator.swift /host/spi-builder-workspace/.build/checkouts/swift-argument-parser/Sources/ArgumentParser/Completions/FishCompletionsGenerator.swift /host/spi-builder-workspace/.build/checkouts/swift-argument-parser/Sources/ArgumentParser/Completions/ZshCompletionsGenerator.swift /host/spi-builder-workspace/.build/checkouts/swift-argument-parser/Sources/ArgumentParser/Parsable\ Properties/Argument.swift /host/spi-builder-workspace/.build/checkouts/swift-argument-parser/Sources/ArgumentParser/Parsable\ Properties/ArgumentHelp.swift /host/spi-builder-workspace/.build/checkouts/swift-argument-parser/Sources/ArgumentParser/Parsable\ Properties/CompletionKind.swift /host/spi-builder-workspace/.build/checkouts/swift-argument-parser/Sources/ArgumentParser/Parsable\ Properties/Errors.swift /host/spi-builder-workspace/.build/checkouts/swift-argument-parser/Sources/ArgumentParser/Parsable\ Properties/Flag.swift /host/spi-builder-workspace/.build/checkouts/swift-argument-parser/Sources/ArgumentParser/Parsable\ Properties/NameSpecification.swift /host/spi-builder-workspace/.build/checkouts/swift-argument-parser/Sources/ArgumentParser/Parsable\ Properties/Option.swift /host/spi-builder-workspace/.build/checkouts/swift-argument-parser/Sources/ArgumentParser/Parsable\ Properties/OptionGroup.swift /host/spi-builder-workspace/.build/checkouts/swift-argument-parser/Sources/ArgumentParser/Parsable\ Types/CommandConfiguration.swift /host/spi-builder-workspace/.build/checkouts/swift-argument-parser/Sources/ArgumentParser/Parsable\ Types/EnumerableFlag.swift /host/spi-builder-workspace/.build/checkouts/swift-argument-parser/Sources/ArgumentParser/Parsable\ Types/ExpressibleByArgument.swift /host/spi-builder-workspace/.build/checkouts/swift-argument-parser/Sources/ArgumentParser/Parsable\ Types/ParsableArguments.swift /host/spi-builder-workspace/.build/checkouts/swift-argument-parser/Sources/ArgumentParser/Parsable\ Types/ParsableArgumentsValidation.swift /host/spi-builder-workspace/.build/checkouts/swift-argument-parser/Sources/ArgumentParser/Parsable\ Types/ParsableCommand.swift /host/spi-builder-workspace/.build/checkouts/swift-argument-parser/Sources/ArgumentParser/Parsing/ArgumentDecoder.swift /host/spi-builder-workspace/.build/checkouts/swift-argument-parser/Sources/ArgumentParser/Parsing/ArgumentDefinition.swift /host/spi-builder-workspace/.build/checkouts/swift-argument-parser/Sources/ArgumentParser/Parsing/ArgumentSet.swift /host/spi-builder-workspace/.build/checkouts/swift-argument-parser/Sources/ArgumentParser/Parsing/CommandParser.swift /host/spi-builder-workspace/.build/checkouts/swift-argument-parser/Sources/ArgumentParser/Parsing/InputOrigin.swift /host/spi-builder-workspace/.build/checkouts/swift-argument-parser/Sources/ArgumentParser/Parsing/Name.swift /host/spi-builder-workspace/.build/checkouts/swift-argument-parser/Sources/ArgumentParser/Parsing/Parsed.swift /host/spi-builder-workspace/.build/checkouts/swift-argument-parser/Sources/ArgumentParser/Parsing/ParsedValues.swift /host/spi-builder-workspace/.build/checkouts/swift-argument-parser/Sources/ArgumentParser/Parsing/ParserError.swift /host/spi-builder-workspace/.build/checkouts/swift-argument-parser/Sources/ArgumentParser/Parsing/SplitArguments.swift /host/spi-builder-workspace/.build/checkouts/swift-argument-parser/Sources/ArgumentParser/Usage/HelpCommand.swift /host/spi-builder-workspace/.build/checkouts/swift-argument-parser/Sources/ArgumentParser/Usage/HelpGenerator.swift /host/spi-builder-workspace/.build/checkouts/swift-argument-parser/Sources/ArgumentParser/Usage/MessageInfo.swift /host/spi-builder-workspace/.build/checkouts/swift-argument-parser/Sources/ArgumentParser/Usage/UsageGenerator.swift /host/spi-builder-workspace/.build/checkouts/swift-argument-parser/Sources/ArgumentParser/Utilities/SequenceExtensions.swift /host/spi-builder-workspace/.build/checkouts/swift-argument-parser/Sources/ArgumentParser/Utilities/StringExtensions.swift /host/spi-builder-workspace/.build/checkouts/swift-argument-parser/Sources/ArgumentParser/Utilities/Tree.swift -target wasm32-unknown-wasip1 -disable-objc-interop -sdk /root/.swiftpm/swift-sdks/swift-6.4.x-DEVELOPMENT-SNAPSHOT-2026-09-04-a_wasm.artifactbundle/swift-6.4.x-DEVELOPMENT-SNAPSHOT-2026-09-04-a_wasm/wasm32-unknown-wasip1/WASI.sdk -sysroot /root/.swiftpm/swift-sdks/swift-6.4.x-DEVELOPMENT-SNAPSHOT-2026-09-04-a_wasm.artifactbundle/swift-6.4.x-DEVELOPMENT-SNAPSHOT-2026-09-04-a_wasm/wasm32-unknown-wasip1/WASI.sdk -I /host/spi-builder-workspace/.build/out/Products/Debug-webassembly-wasm32 -module-cache-path /host/spi-builder-workspace/.build/out/ModuleCache.noindex -color-diagnostics -Xcc -fcolor-diagnostics -enable-testing -g -debug-info-format\=dwarf -dwarf-version\=4 -suppress-warnings -swift-version 5 -Onone -D SWIFT_PACKAGE -D DEBUG -D SWIFT_MODULE_RESOURCE_BUNDLE_UNAVAILABLE -D Xcode -serialize-debugging-options -enable-experimental-feature DebugDescriptionMacro -empty-abi-descriptor -external-plugin-path /usr/lib/swift/host/plugins/testing\#/usr/bin/swift-plugin-server -validate-clang-modules-once -clang-build-session-file /host/spi-builder-workspace/.build/out/ModuleCache.noindex/Session.modulevalidation -Xcc -working-directory -Xcc /host -resource-dir /root/.swiftpm/swift-sdks/swift-6.4.x-DEVELOPMENT-SNAPSHOT-2026-09-04-a_wasm.artifactbundle/swift-6.4.x-DEVELOPMENT-SNAPSHOT-2026-09-04-a_wasm/wasm32-unknown-wasip1/swift.xctoolchain/usr/lib/swift_static -use-static-resource-dir -enable-anonymous-context-mangled-names -file-compilation-dir /host -Xcc -resource-dir -Xcc /root/.swiftpm/swift-sdks/swift-6.4.x-DEVELOPMENT-SNAPSHOT-2026-09-04-a_wasm.artifactbundle/swift-6.4.x-DEVELOPMENT-SNAPSHOT-2026-09-04-a_wasm/wasm32-unknown-wasip1/swift.xctoolchain/usr/lib/swift_static/clang -Xcc -D_LIBCPP_HARDENING_MODE\=_LIBCPP_HARDENING_MODE_DEBUG -Xcc -fmodules-prune-interval\=86400 -Xcc -fmodules-prune-after\=345600 -Xcc -I/host/spi-builder-workspace/.build/out/Products/Debug-webassembly-wasm32/include -Xcc -I/host/spi-builder-workspace/.build/out/Intermediates.noindex/swift-argument-parser.build/Debug-webassembly-wasm32/ArgumentParser-t.build/DerivedSources-normal/wasm32 -Xcc -I/host/spi-builder-workspace/.build/out/Intermediates.noindex/swift-argument-parser.build/Debug-webassembly-wasm32/ArgumentParser-t.build/DerivedSources/wasm32 -Xcc -I/host/spi-builder-workspace/.build/out/Intermediates.noindex/swift-argument-parser.build/Debug-webassembly-wasm32/ArgumentParser-t.build/DerivedSources -Xcc -DSWIFT_PACKAGE -Xcc -DDEBUG\=1 -no-auto-bridging-header-chaining -module-name ArgumentParser -const-gather-protocols-file /host/spi-builder-workspace/.build/out/Intermediates.noindex/swift-argument-parser.build/Debug-webassembly-wasm32/ArgumentParser-t.build/Objects-normal/wasm32/ArgumentParser_const_extract_protocols.json -in-process-plugin-server-path /usr/lib/swift/host/libSwiftInProcPluginServer.so -plugin-path /usr/lib/swift/host/plugins -plugin-path /usr/local/lib/swift/host/plugins -emit-module-doc-path /host/spi-builder-workspace/.build/out/Intermediates.noindex/swift-argument-parser.build/Debug-webassembly-wasm32/ArgumentParser-t.build/Objects-normal/wasm32/Modules/ArgumentParser.swiftdoc -emit-module-source-info-path /host/spi-builder-workspace/.build/out/Intermediates.noindex/swift-argument-parser.build/Debug-webassembly-wasm32/ArgumentParser-t.build/Objects-normal/wasm32/Modules/ArgumentParser.swiftsourceinfo -emit-objc-header-path /host/spi-builder-workspace/.build/out/Intermediates.noindex/swift-argument-parser.build/Debug-webassembly-wasm32/ArgumentParser-t.build/Objects-normal/wasm32/ArgumentParser-Swift.h -serialize-diagnostics-path /host/spi-builder-workspace/.build/out/Intermediates.noindex/swift-argument-parser.build/Debug-webassembly-wasm32/ArgumentParser-t.build/Objects-normal/wasm32/ArgumentParser-primary-emit-module.dia -emit-dependencies-path /host/spi-builder-workspace/.build/out/Intermediates.noindex/swift-argument-parser.build/Debug-webassembly-wasm32/ArgumentParser-t.build/Objects-normal/wasm32/ArgumentParser-primary-emit-module.d -parse-as-library -o /host/spi-builder-workspace/.build/out/Intermediates.noindex/swift-argument-parser.build/Debug-webassembly-wasm32/ArgumentParser-t.build/Objects-normal/wasm32/Modules/ArgumentParser.swiftmodule
error: Build failed
BUILD FAILURE 6.4 wasm